Tk-Zinc v3.306 Perl 5 v5.34.0 x86_64-linux
- Status
- Fail
- From
- Slaven Rezić
- Dist
-
Tk-Zinc v3.306
- Platform
- Perl 5 v5.34.0 x86_64-linux
- Date
- 2022-05-01 20:45:03
- ID
- 939b38ba-c98f-11ec-822f-e65f1f24ea8f
This distribution has been tested as part of the CPAN Testers
project, supporting the Perl programming language. See
http://wiki.cpantesters.org/ for more information or email
questions to cpan-testers-discuss@perl.org
--
Dear Alexander Becker,
This is a computer-generated report for Tk-Zinc-3.306
on perl 5.34.0, created by CPAN-Reporter-1.2018.
Thank you for uploading your work to CPAN. However, there was a problem
testing your distribution.
If you think this report is invalid, please consult the CPAN Testers Wiki
for suggestions on how to avoid getting FAIL reports for missing library
or binary dependencies, unsupported operating systems, and so on:
http://wiki.cpantesters.org/wiki/CPANAuthorNotes
Sections of this report:
* Tester comments
* Program output
* Prerequisites
* Environment and other context
------------------------------
TESTER COMMENTS
------------------------------
Additional comments from tester:
none provided
------------------------------
PROGRAM OUTPUT
------------------------------
Output from '/usr/bin/make test':
"/opt/perl-5.34.0/bin/perl" -MExtUtils::Command::MM -e 'cp_nonempty' -- Zinc.bs blib/arch/auto/Tk/Zinc/Zinc.bs 644
make[1]: Entering directory '/home/cpansand/.cpan/build/2022050100/Tk-Zinc-3.306-1/demos'
Manifying 1 pod document
make[1]: Leaving directory '/home/cpansand/.cpan/build/2022050100/Tk-Zinc-3.306-1/demos'
make[1]: Entering directory '/home/cpansand/.cpan/build/2022050100/Tk-Zinc-3.306-1/demos'
"/opt/perl-5.34.0/bin/perl" "-MExtUtils::Command::MM" "-MTest::Harness" "-e" "undef *Test::Harness::Switches; test_harness(0, '../blib/lib', '../blib/arch')" t/*.t
t/no-test.t .. ok
All tests successful.
Files=1, Tests=1, 0 wallclock secs ( 0.03 usr + 0.00 sys = 0.03 CPU)
Result: PASS
make[1]: Leaving directory '/home/cpansand/.cpan/build/2022050100/Tk-Zinc-3.306-1/demos'
"/opt/perl-5.34.0/bin/perl" "-MExtUtils::Command::MM" "-MTest::Harness" "-e" "undef *Test::Harness::Switches; test_harness(0, 'blib/lib', 'blib/arch')" t/*.t
couldn't connect to display ":0" at /opt/perl-5.34.0/lib/site_perl/5.34.0/x86_64-linux/Tk/MainWindow.pm line 53.
MainWindow->new() at t/AnimatedGradient.t line 37.
# Looks like your test exited with 111 before it could output anything.
t/AnimatedGradient.t ..........
Dubious, test returned 111 (wstat 28416, 0x6f00)
Failed 11/11 subtests
couldn't connect to display ":0" at /opt/perl-5.34.0/lib/site_perl/5.34.0/x86_64-linux/Tk/MainWindow.pm line 53.
MainWindow->new() at t/Bbox-curve-multi-contour.t line 36.
# Looks like your test exited with 111 before it could output anything.
t/Bbox-curve-multi-contour.t ..
Dubious, test returned 111 (wstat 28416, 0x6f00)
Failed 4/4 subtests
# No tests run!
t/Bbox.t ......................
Dubious, test returned 255 (wstat 65280, 0xff00)
Failed 11/12 subtests
# No tests run!
t/Coords.t ....................
Dubious, test returned 255 (wstat 65280, 0xff00)
Failed 25/26 subtests
# No tests run!
t/find.t ......................
Dubious, test returned 255 (wstat 65280, 0xff00)
Failed 21/22 subtests
# No tests run!
t/Images.t ....................
Dubious, test returned 255 (wstat 65280, 0xff00)
Failed 35/36 subtests
# ############## all imports
t/Import.t .................... ok
couldn't connect to display ":0" at /opt/perl-5.34.0/lib/site_perl/5.34.0/x86_64-linux/Tk/MainWindow.pm line 53.
MainWindow->new() at t/Maps.t line 36.
# Looks like your test exited with 111 before it could output anything.
t/Maps.t ......................
Dubious, test returned 111 (wstat 28416, 0x6f00)
Failed 2/2 subtests
# No tests run!
t/PreviousKnownBugs.t .........
Dubious, test returned 255 (wstat 65280, 0xff00)
Failed 1/2 subtests
couldn't connect to display ":0" at /opt/perl-5.34.0/lib/site_perl/5.34.0/x86_64-linux/Tk/MainWindow.pm line 53.
MainWindow->new() at t/Scale_clipped_group.t line 35.
# Looks like your test exited with 111 before it could output anything.
t/Scale_clipped_group.t .......
Dubious, test returned 111 (wstat 28416, 0x6f00)
Failed 1/1 subtests
# No tests run!
t/Text.t ......................
Dubious, test returned 255 (wstat 65280, 0xff00)
Failed 4/5 subtests
# No tests run!
t/Text2.t .....................
Dubious, test returned 255 (wstat 65280, 0xff00)
Failed 50/51 subtests
# ############## Tk::Zinc::TraceUtils test
t/traceutils.t ................ ok
# No tests run!
t/Transformations.t ...........
Dubious, test returned 255 (wstat 65280, 0xff00)
Failed 20/21 subtests
Test Summary Report
-------------------
t/AnimatedGradient.t (Wstat: 28416 (exited 111) Tests: 0 Failed: 0)
Non-zero exit status: 111
Parse errors: Bad plan. You planned 11 tests but ran 0.
t/Bbox-curve-multi-contour.t (Wstat: 28416 (exited 111) Tests: 0 Failed: 0)
Non-zero exit status: 111
Parse errors: Bad plan. You planned 4 tests but ran 0.
t/Bbox.t (Wstat: 65280 (exited 255) Tests: 1 Failed: 0)
Non-zero exit status: 255
Parse errors: More than one plan found in TAP output
Bad plan. You planned 12 tests but ran 1.
t/Coords.t (Wstat: 65280 (exited 255) Tests: 1 Failed: 0)
Non-zero exit status: 255
Parse errors: More than one plan found in TAP output
Bad plan. You planned 26 tests but ran 1.
t/find.t (Wstat: 65280 (exited 255) Tests: 1 Failed: 0)
Non-zero exit status: 255
Parse errors: More than one plan found in TAP output
Bad plan. You planned 22 tests but ran 1.
t/Images.t (Wstat: 65280 (exited 255) Tests: 1 Failed: 0)
Non-zero exit status: 255
Parse errors: More than one plan found in TAP output
Bad plan. You planned 36 tests but ran 1.
t/Maps.t (Wstat: 28416 (exited 111) Tests: 0 Failed: 0)
Non-zero exit status: 111
Parse errors: Bad plan. You planned 2 tests but ran 0.
t/PreviousKnownBugs.t (Wstat: 65280 (exited 255) Tests: 1 Failed: 0)
Non-zero exit status: 255
Parse errors: More than one plan found in TAP output
Bad plan. You planned 2 tests but ran 1.
t/Scale_clipped_group.t (Wstat: 28416 (exited 111) Tests: 0 Failed: 0)
Non-zero exit status: 111
Parse errors: Bad plan. You planned 1 tests but ran 0.
t/Text.t (Wstat: 65280 (exited 255) Tests: 1 Failed: 0)
Non-zero exit status: 255
Parse errors: More than one plan found in TAP output
Bad plan. You planned 5 tests but ran 1.
t/Text2.t (Wstat: 65280 (exited 255) Tests: 1 Failed: 0)
Non-zero exit status: 255
Parse errors: More than one plan found in TAP output
Bad plan. You planned 51 tests but ran 1.
t/Transformations.t (Wstat: 65280 (exited 255) Tests: 1 Failed: 0)
Non-zero exit status: 255
Parse errors: More than one plan found in TAP output
Bad plan. You planned 21 tests but ran 1.
Files=14, Tests=29, 2 wallclock secs ( 0.07 usr 0.02 sys + 1.61 cusr 0.42 csys = 2.12 CPU)
Result: FAIL
Failed 12/14 test programs. 0/29 subtests failed.
make: *** [Makefile:1161: test_dynamic] Error 255
------------------------------
PREREQUISITES
------------------------------
Prerequisite modules loaded:
requires:
Module Need Have
------------------- ------- --------
ExtUtils::MakeMaker 6.98 7.64
perl 5.006 5.034000
Tk 800.004 804.036
build_requires:
Module Need Have
------------------- ------- --------
ExtUtils::MakeMaker 0 7.64
Test::More 0.98 1.302190
configure_requires:
Module Need Have
------------------- ------- --------
ExtUtils::MakeMaker 0 7.64
Tk 0 804.036
------------------------------
ENVIRONMENT AND OTHER CONTEXT
------------------------------
Environment variables:
LANG = en_US.UTF-8
PATH = /usr/local/bin:/usr/bin:/bin:/usr/local/sbin:/usr/sbin:/sbin:/home/cpansand/bin/linux-gnu:/home/cpansand/bin/sh:/home/cpansand/bin:/usr/games:/home/cpansand/devel:/home/eserte/src/srezic-misc/scripts
PERL5LIB = /home/cpansand/.cpan/build/2022050100/Template-Alloy-XS-1.004-1/blib/arch:/home/cpansand/.cpan/build/2022050100/Template-Alloy-XS-1.004-1/blib/lib:/home/cpansand/.cpan/build/2022050100/Taint-Runtime-0.03-1/blib/arch:/home/cpansand/.cpan/build/2022050100/Taint-Runtime-0.03-1/blib/lib:/home/cpansand/.cpan/build/2022050100/String-TT-0.03-0/blib/arch:/home/cpansand/.cpan/build/2022050100/String-TT-0.03-0/blib/lib:/home/cpansand/.cpan/build/2022050100/Test-TableDriven-0.02-0/blib/arch:/home/cpansand/.cpan/build/2022050100/Test-TableDriven-0.02-0/blib/lib:/home/cpansand/.cpan/build/2022050100/Array-Unique-0.08-0/blib/arch:/home/cpansand/.cpan/build/2022050100/Array-Unique-0.08-0/blib/lib:/home/cpansand/.cpan/build/2022050100/Net-Random-2.32-0/blib/arch:/home/cpansand/.cpan/build/2022050100/Net-Random-2.32-0/blib/lib:/home/cpansand/.cpan/build/2022050100/Math-Polynom-0.13-0/blib/arch:/home/cpansand/.cpan/build/2022050100/Math-Polynom-0.13-0/blib/lib:/home/cpansand/.cpan/build/2022050100/accessors-1.01-1/blib/arch:/home/cpansand/.cpan/build/2022050100/accessors-1.01-1/blib/lib:/home/cpansand/.cpan/build/2022050100/Crypt-HSXKPasswd-v3.6-0/blib/arch:/home/cpansand/.cpan/build/2022050100/Crypt-HSXKPasswd-v3.6-0/blib/lib:/home/cpansand/.cpan/build/2022050100/Convert-Bencode_XS-0.06-0/blib/arch:/home/cpansand/.cpan/build/2022050100/Convert-Bencode_XS-0.06-0/blib/lib
PERL5OPT =
PERL5_CPANPLUS_IS_RUNNING = 902750
PERL5_CPAN_IS_RUNNING = 902750
PERL5_CPAN_IS_RUNNING_IN_RECURSION = 842998,902750
PERLDOC = -MPod::Perldoc::ToTextOverstrike
PERL_BATCH = yes
PERL_CANARY_STABILITY_NOPROMPT = 1
PERL_CPAN_REPORTER_CONFIG = /var/tmp/cpansmoker-1023/2022043023/cpanreporter_000_config.ini
PERL_EXTUTILS_AUTOINSTALL = --defaultdeps
PERL_USE_UNSAFE_INC = 1
SHELL = /usr/bin/zsh
TERM = screen
TMPDIR = /var/tmp/cpansmoker-1023/2022043023
Perl special variables (and OS-specific diagnostics, for MSWin32):
$^X = /opt/perl-5.34.0/bin/perl
$UID/$EUID = 1023 / 1023
$GID = 1023 1023
$EGID = 1023 1023
Perl module toolchain versions installed:
Module Have
------------------- --------
CPAN 2.34
CPAN::Meta 2.150010
Cwd 3.80
ExtUtils::CBuilder 0.280236
ExtUtils::Command 7.64
ExtUtils::Install 2.20
ExtUtils::MakeMaker 7.64
ExtUtils::Manifest 1.73
ExtUtils::ParseXS 3.44
File::Spec 3.80
JSON 4.05
JSON::PP 4.08
Module::Build 0.4231
Module::Signature 0.88
Parse::CPAN::Meta 2.150010
Test::Harness 3.44
Test::More 1.302190
YAML 1.30
YAML::Syck 1.34
version 0.9928
--
Summary of my perl5 (revision 5 version 34 subversion 0) configuration:
Platform:
osname=linux
osvers=5.10.0-8-amd64
archname=x86_64-linux
uname='linux cloud7.bbbike.org 5.10.0-8-amd64 #1 smp debian 5.10.46-4 (2021-08-03) x86_64 gnulinux '
config_args='-ds -e -Dprefix=/opt/perl-5.34.0 -Dcf_email=srezic@cpan.org'
hint=recommended
useposix=true
d_sigaction=define
useithreads=undef
usemultiplicity=undef
use64bitint=define
use64bitall=define
uselongdouble=undef
usemymalloc=n
default_inc_excludes_dot=define
Compiler:
cc='cc'
ccflags ='-fwrapv -fno-strict-aliasing -pipe -fstack-protector-strong -I/usr/local/include -D_LARGEFILE_SOURCE -D_FILE_OFFSET_BITS=64 -D_FORTIFY_SOURCE=2'
optimize='-O2'
cppflags='-fwrapv -fno-strict-aliasing -pipe -fstack-protector-strong -I/usr/local/include'
ccversion=''
gccversion='10.2.1 20210110'
gccosandvers=''
intsize=4
longsize=8
ptrsize=8
doublesize=8
byteorder=12345678
doublekind=3
d_longlong=define
longlongsize=8
d_longdbl=define
longdblsize=16
longdblkind=3
ivtype='long'
ivsize=8
nvtype='double'
nvsize=8
Off_t='off_t'
lseeksize=8
alignbytes=8
prototype=define
Linker and Libraries:
ld='cc'
ldflags =' -fstack-protector-strong -L/usr/local/lib'
libpth=/usr/local/lib /usr/lib/x86_64-linux-gnu /usr/lib /usr/lib64
libs=-lpthread -lnsl -lgdbm -ldb -ldl -lm -lcrypt -lutil -lc
perllibs=-lpthread -lnsl -ldl -lm -lcrypt -lutil -lc
libc=libc-2.31.so
so=so
useshrplib=false
libperl=libperl.a
gnulibc_version='2.31'
Dynamic Linking:
dlsrc=dl_dlopen.xs
dlext=so
d_dlsymun=undef
ccdlflags='-Wl,-E'
cccdlflags='-fPIC'
lddlflags='-shared -O2 -L/usr/local/lib -fstack-protector-strong'
Characteristics of this binary (from libperl):
Compile-time options:
HAS_TIMES
PERLIO_LAYERS
PERL_COPY_ON_WRITE
PERL_DONT_CREATE_GVSV
PERL_MALLOC_WRAP
PERL_OP_PARENT
PERL_PRESERVE_IVUV
USE_64_BIT_ALL
USE_64_BIT_INT
USE_LARGE_FILES
USE_LOCALE
USE_LOCALE_COLLATE
USE_LOCALE_CTYPE
USE_LOCALE_NUMERIC
USE_LOCALE_TIME
USE_PERLIO
USE_PERL_ATOF
Built under linux
Compiled at Sep 5 2021 11:53:28
%ENV:
PERL5LIB="/home/cpansand/.cpan/build/2022050100/Template-Alloy-XS-1.004-1/blib/arch:/home/cpansand/.cpan/build/2022050100/Template-Alloy-XS-1.004-1/blib/lib:/home/cpansand/.cpan/build/2022050100/Taint-Runtime-0.03-1/blib/arch:/home/cpansand/.cpan/build/2022050100/Taint-Runtime-0.03-1/blib/lib:/home/cpansand/.cpan/build/2022050100/String-TT-0.03-0/blib/arch:/home/cpansand/.cpan/build/2022050100/String-TT-0.03-0/blib/lib:/home/cpansand/.cpan/build/2022050100/Test-TableDriven-0.02-0/blib/arch:/home/cpansand/.cpan/build/2022050100/Test-TableDriven-0.02-0/blib/lib:/home/cpansand/.cpan/build/2022050100/Array-Unique-0.08-0/blib/arch:/home/cpansand/.cpan/build/2022050100/Array-Unique-0.08-0/blib/lib:/home/cpansand/.cpan/build/2022050100/Net-Random-2.32-0/blib/arch:/home/cpansand/.cpan/build/2022050100/Net-Random-2.32-0/blib/lib:/home/cpansand/.cpan/build/2022050100/Math-Polynom-0.13-0/blib/arch:/home/cpansand/.cpan/build/2022050100/Math-Polynom-0.13-0/blib/lib:/home/cpansand/.cpan/build/2022050100/accessors-1.01-1/blib/arch:/home/cpansand/.cpan/build/2022050100/accessors-1.01-1/blib/lib:/home/cpansand/.cpan/build/2022050100/Crypt-HSXKPasswd-v3.6-0/blib/arch:/home/cpansand/.cpan/build/2022050100/Crypt-HSXKPasswd-v3.6-0/blib/lib:/home/cpansand/.cpan/build/2022050100/Convert-Bencode_XS-0.06-0/blib/arch:/home/cpansand/.cpan/build/2022050100/Convert-Bencode_XS-0.06-0/blib/lib"
PERL5OPT=""
PERL5_CPANPLUS_IS_RUNNING="902750"
PERL5_CPAN_IS_RUNNING="902750"
PERL5_CPAN_IS_RUNNING_IN_RECURSION="842998,902750"
PERLDOC="-MPod::Perldoc::ToTextOverstrike"
PERL_BATCH="yes"
PERL_CANARY_STABILITY_NOPROMPT="1"
PERL_CPAN_REPORTER_CONFIG="/var/tmp/cpansmoker-1023/2022043023/cpanreporter_000_config.ini"
PERL_EXTUTILS_AUTOINSTALL="--defaultdeps"
PERL_USE_UNSAFE_INC="1"
@INC:
/home/cpansand/.cpan/build/2022050100/Template-Alloy-XS-1.004-1/blib/arch
/home/cpansand/.cpan/build/2022050100/Template-Alloy-XS-1.004-1/blib/lib
/home/cpansand/.cpan/build/2022050100/Taint-Runtime-0.03-1/blib/arch
/home/cpansand/.cpan/build/2022050100/Taint-Runtime-0.03-1/blib/lib
/home/cpansand/.cpan/build/2022050100/String-TT-0.03-0/blib/arch
/home/cpansand/.cpan/build/2022050100/String-TT-0.03-0/blib/lib
/home/cpansand/.cpan/build/2022050100/Test-TableDriven-0.02-0/blib/arch
/home/cpansand/.cpan/build/2022050100/Test-TableDriven-0.02-0/blib/lib
/home/cpansand/.cpan/build/2022050100/Array-Unique-0.08-0/blib/arch
/home/cpansand/.cpan/build/2022050100/Array-Unique-0.08-0/blib/lib
/home/cpansand/.cpan/build/2022050100/Net-Random-2.32-0/blib/arch
/home/cpansand/.cpan/build/2022050100/Net-Random-2.32-0/blib/lib
/home/cpansand/.cpan/build/2022050100/Math-Polynom-0.13-0/blib/arch
/home/cpansand/.cpan/build/2022050100/Math-Polynom-0.13-0/blib/lib
/home/cpansand/.cpan/build/2022050100/accessors-1.01-1/blib/arch
/home/cpansand/.cpan/build/2022050100/accessors-1.01-1/blib/lib
/home/cpansand/.cpan/build/2022050100/Crypt-HSXKPasswd-v3.6-0/blib/arch
/home/cpansand/.cpan/build/2022050100/Crypt-HSXKPasswd-v3.6-0/blib/lib
/home/cpansand/.cpan/build/2022050100/Convert-Bencode_XS-0.06-0/blib/arch
/home/cpansand/.cpan/build/2022050100/Convert-Bencode_XS-0.06-0/blib/lib
/opt/perl-5.34.0/lib/site_perl/5.34.0/x86_64-linux
/opt/perl-5.34.0/lib/site_perl/5.34.0
/opt/perl-5.34.0/lib/5.34.0/x86_64-linux
/opt/perl-5.34.0/lib/5.34.0
.