Report for AnyEvent-SIP-0.002

Back
From: metabase:user:5cdeb204-f309-11e2-bd07-4d68c2968487
Subject: FAIL AnyEvent-SIP-0.002 v5.18.0 GNU/Linux
Date: 2013-08-11T08:46:55Z

This distribution has been tested as part of the CPAN Testers
project, supporting the Perl programming language.  See
http://wiki.cpantesters.org/ for more information or email
questions to cpan-testers-discuss@perl.org


--
Dear Sawyer X,

This is a computer-generated report for AnyEvent-SIP-0.002
on perl 5.18.0, created by CPAN-Reporter-1.2010.

Thank you for uploading your work to CPAN.  However, there was a problem
testing your distribution.

If you think this report is invalid, please consult the CPAN Testers Wiki
for suggestions on how to avoid getting FAIL reports for missing library
or binary dependencies, unsupported operating systems, and so on:

http://wiki.cpantesters.org/wiki/CPANAuthorNotes

Sections of this report:

    * Tester comments
    * Program output
    * Prerequisites
    * Environment and other context

------------------------------
TESTER COMMENTS
------------------------------

Additional comments from tester:

this report is from an automated smoke testing program
and was not reviewed by a human for accuracy

------------------------------
PROGRAM OUTPUT
------------------------------

Output from './Build test':

t/00-compile.t .......................... ok
# call created
# got ringing
# call established
# call cleaned up
t/02_listen_and_invite-anyevent.t ....... ok
# call created
# got ringing
# call established
# call cleaned up
t/02_listen_and_invite.t ................ ok
t/03_forward_stateless.t ................ ok
# UAS on 127.0.0.1:40110
# UAC on 127.0.0.1:5060
# call created
# call established
# call cleaned up
# received 100/100 packets
t/04_call_with_rtp.t .................... ok
# UAS on 127.0.0.1:44961 
# UAC on 127.0.0.1:57058 
# PROXY on 127.0.0.1:54617 127.0.0.1:60975 
# proxy >> OK
# <<
# uas >> OK
# <<
# proxy >> ready
# <<
# uas >> ready
# <<
# uac >> OK
# <<
# uac >> ready
# <<
# uac >> O> udp:127.0.0.1:54617 REQ(INVITE) SDP: audio=127.0.0.1:2558/2
# <<
# proxy >> I< 127.0.0.1:57058 REQ(INVITE) SDP: audio=127.0.0.1:2558/2
# <<
# proxy >> O> udp:127.0.0.1:44961 REQ(INVITE) SDP: audio=127.0.0.1:2558/2
# <<
# uas >> I< 127.0.0.1:60975 REQ(INVITE) SDP: audio=127.0.0.1:2558/2
# <<
# uas >> O> 127.0.0.1:60975 RSP(INVITE,100) NO SDP
# <<
# uas >> call created
# <<
# uas >> INVITE you.uas@example.com SIP/2.0
# Via: SIP/2.0/UDP 127.0.0.1:60975;branch=z9hG4bK1e94b35b43138a3f69e500b844fa9df0e469f727be44c1e7f77173b8541fc4eb
# Record-route: <sip:127.0.0.1:60975;lr>
# Via: SIP/2.0/UDP 127.0.0.1:54617;branch=z9hG4bK3ce2b1300cd6ba458c500b47874298eee469f727be44c1e7f77173b8541fc4eb
# Record-route: <sip:127.0.0.1:54617;lr>
# Supported: 
# Allow: INVITE, ACK, OPTIONS, CANCEL, BYE
# Via: SIP/2.0/UDP 127.0.0.1:57058;branch=z9hG4bK5aae45575967868fa436784aef544967e469f727be44c1e7f77173b8541fc4eb
# Call-id: de349cbb97640fb054bb0f95496ecac3
# Cseq: 1 INVITE
# From: me.uac@example.com;tag=cbf08244bb36e98ae0cb42901368df19
# Content-type: application/sdp
# Content-length: 175
# Max-forwards: 69
# Contact: sip:r5b56174059012555070f4b554a051b005e5056560c0e7f2366722430@127.0.0.1:60975
# To: you.uas@example.com;tag=2fee9609e79277c7ae6b7a21dc0faade
# 
# v=0
# o=anonymous 1376210759 1376210759 IN IP4 127.0.0.1
# s=session
# c=IN IP4 127.0.0.1
# t=0 0
# m=audio 2558 RTP/AVP 0 101
# a=rtpmap:101 telephone-event/8000
# a=fmtp:101 0-16
# <<
# uac >> I< 127.0.0.1:54617 RSP(INVITE,100) NO SDP
# <<
# uac >> I< 127.0.0.1:54617 RSP(INVITE,200) SDP: audio=127.0.0.1:10152/2
# <<
# uac >> O> 127.0.0.1:54617 REQ(ACK) NO SDP
# <<
# uac >> call established
# <<
# uac >> RTP done
# <<
# uas >> O> 127.0.0.1:60975 RSP(INVITE,200) SDP: audio=127.0.0.1:10152/2
# I< 127.0.0.1:60975 REQ(ACK) NO SDP
# call established
# <<
# uas >> I< 127.0.0.1:60975 REQ(BYE) NO SDP
# <<
# uas >> O> 127.0.0.1:60975 RSP(BYE,200) NO SDP
# <<
# uas >> call cleaned up
# <<
# uas >> received 100/100 packets
# RTP ok
# END
# <<
# uac >> O> udp:127.0.0.1:54617 REQ(BYE) NO SDP
# I< 127.0.0.1:54617 RSP(BYE,200) NO SDP
# <<
# uac >> END
# <<
# proxy >> OK
# <<
# uas >> OK
# <<
# proxy >> ready
# <<
# uas >> ready
# <<
# uac >> OK
# <<
# uac >> ready
# <<
# uac >> O> udp:127.0.0.1:54617 REQ(INVITE) SDP: audio=127.0.0.1:7756/2
# <<
# proxy >> I< 127.0.0.1:57058 REQ(INVITE) SDP: audio=127.0.0.1:7756/2
# <<
# proxy >> O> udp:127.0.0.1:44961 REQ(INVITE) SDP: audio=127.0.0.1:2466/2
# <<
# uas >> I< 127.0.0.1:60975 REQ(INVITE) SDP: audio=127.0.0.1:2466/2
# <<
# uas >> O> 127.0.0.1:60975 RSP(INVITE,100) NO SDP
# <<
# uas >> call created
# <<
# uas >> INVITE you.uas@example.com SIP/2.0
# Via: SIP/2.0/UDP 127.0.0.1:60975;branch=z9hG4bK1e94b35b43138a3f69e500b844fa9df09f75e462a7be3ab57819d1df1f565161
# Record-route: <sip:127.0.0.1:60975;lr>
# Via: SIP/2.0/UDP 127.0.0.1:54617;branch=z9hG4bK3ce2b1300cd6ba458c500b47874298ee9f75e462a7be3ab57819d1df1f565161
# Record-route: <sip:127.0.0.1:54617;lr>
# Supported: 
# Allow: INVITE, ACK, OPTIONS, CANCEL, BYE
# Via: SIP/2.0/UDP 127.0.0.1:57058;branch=z9hG4bK5aae45575967868fa436784aef5449679f75e462a7be3ab57819d1df1f565161
# Call-id: ef126d5137bf9ca7d84e9f349ac96782
# Cseq: 1 INVITE
# From: me.uac@example.com;tag=317deafbc4d8bdb1cc0afb646891ba06
# Content-type: application/sdp
# Content-length: 175
# Max-forwards: 69
# Contact: sip:r5b56174059012555070f4b554a051b005e5056560c0e7f2366722430@127.0.0.1:60975
# To: you.uas@example.com;tag=39ad599f0b0fd470e4eb20d6cf7def07
# 
# v=0
# o=anonymous 1376210761 1376210761 IN IP4 127.0.0.1
# s=session
# c=IN IP4 127.0.0.1
# t=0 0
# m=audio 2466 RTP/AVP 0 101
# a=rtpmap:101 telephone-event/8000
# a=fmtp:101 0-16
# <<
# uac >> I< 127.0.0.1:54617 RSP(INVITE,100) NO SDP
# <<
# uac >> I< 127.0.0.1:54617 RSP(INVITE,200) SDP: audio=127.0.0.1:7564/2
# <<
# uac >> O> 127.0.0.1:54617 REQ(ACK) NO SDP
# <<
# uac >> call established
# <<
# uac >> RTP done
# <<
# uas >> O> 127.0.0.1:60975 RSP(INVITE,200) SDP: audio=127.0.0.1:8270/2
# I< 127.0.0.1:60975 REQ(ACK) NO SDP
# call established
# <<
# uas >> I< 127.0.0.1:60975 REQ(BYE) NO SDP
# <<
# uas >> O> 127.0.0.1:60975 RSP(BYE,200) NO SDP
# <<
# uas >> call cleaned up
# <<
# uas >> received 100/100 packets
# RTP ok
# END
# <<
# uac >> O> udp:127.0.0.1:54617 REQ(BYE) NO SDP
# I< 127.0.0.1:54617 RSP(BYE,200) NO SDP
# <<
# uac >> END
# <<
# nathelper >> OK
# <<
# proxy >> OK
# <<
# uas >> OK
# <<
# proxy >> ready
# <<
# uas >> ready
# <<
# uac >> OK
# <<
# uac >> ready
# <<
# uac >> O> udp:127.0.0.1:54617 REQ(INVITE) SDP: audio=127.0.0.1:8548/2
# <<
# proxy >> I< 127.0.0.1:57058 REQ(INVITE) SDP: audio=127.0.0.1:8548/2
# <<
# proxy >> O> udp:127.0.0.1:44961 REQ(INVITE) SDP: audio=127.0.0.1:9202/2
# <<
# uas >> I< 127.0.0.1:60975 REQ(INVITE) SDP: audio=127.0.0.1:9202/2
# <<
# uas >> O> 127.0.0.1:60975 RSP(INVITE,100) NO SDP
# <<
# uas >> call created
# <<
# uas >> INVITE you.uas@example.com SIP/2.0
# Via: SIP/2.0/UDP 127.0.0.1:60975;branch=z9hG4bK1e94b35b43138a3f69e500b844fa9df0476a6fbef64cf76f6cf4946e3bdd5f31
# Record-route: <sip:127.0.0.1:60975;lr>
# Via: SIP/2.0/UDP 127.0.0.1:54617;branch=z9hG4bK3ce2b1300cd6ba458c500b47874298ee476a6fbef64cf76f6cf4946e3bdd5f31
# Record-route: <sip:127.0.0.1:54617;lr>
# Supported: 
# Allow: INVITE, ACK, OPTIONS, CANCEL, BYE
# Via: SIP/2.0/UDP 127.0.0.1:57058;branch=z9hG4bK5aae45575967868fa436784aef544967476a6fbef64cf76f6cf4946e3bdd5f31
# Call-id: 28398d5ac0b1536df7917b84165b19bb
# Cseq: 1 INVITE
# From: me.uac@example.com;tag=9a22bfe71942a7d27a3ab05d6cc772ce
# Content-type: application/sdp
# Content-length: 175
# Max-forwards: 69
# Contact: sip:r5b56174059012555070f4b554a051b005e5056560c0e7f2366722430@127.0.0.1:60975
# To: you.uas@example.com;tag=a53b9283fec39603273a8deaae343c01
# 
# v=0
# o=anonymous 1376210764 1376210764 IN IP4 127.0.0.1
# s=session
# c=IN IP4 127.0.0.1
# t=0 0
# m=audio 9202 RTP/AVP 0 101
# a=rtpmap:101 telephone-event/8000
# a=fmtp:101 0-16
# <<
# uac >> I< 127.0.0.1:54617 RSP(INVITE,100) NO SDP
# <<
# uac >> I< 127.0.0.1:54617 RSP(INVITE,200) SDP: audio=127.0.0.1:7964/2
# <<
# uac >> O> 127.0.0.1:54617 REQ(ACK) NO SDP
# <<
# uac >> call established
# <<
# uac >> RTP done
# <<
# uas >> O> 127.0.0.1:60975 RSP(INVITE,200) SDP: audio=127.0.0.1:5670/2
# I< 127.0.0.1:60975 REQ(ACK) NO SDP
# call established
# <<
# uas >> I< 127.0.0.1:60975 REQ(BYE) NO SDP
# <<
# uas >> O> 127.0.0.1:60975 RSP(BYE,200) NO SDP
# <<
# uas >> call cleaned up
# <<
# uas >> received 100/100 packets
# RTP ok
# END
# <<
# uac >> O> udp:127.0.0.1:54617 REQ(BYE) NO SDP
# I< 127.0.0.1:54617 RSP(BYE,200) NO SDP
# <<
# uac >> END
# <<
t/05_call_with_stateless_proxy.t ........ ok
# uas >> OK
# <<
# uas >> Listening
# <<
# uac >> OK
# <<
# uac >> Started
# <<
# uas >> Call accepted
# <<
# uac >> Start RTP
# <<
# uac >> RTP#50#
# <<
# uas >> got rtp packet#50
# <<
# uas >> Starting ReInvite
# <<
# uac >> Got ReInvite
# <<
# uas >> Start RTP
# <<
# uas >> RTP#50#
# <<
# uac >> got rtp packet#50
# <<
# uac >> Send BYE
# <<
# uas >> Got RTP
# <<
# uas >> Received BYE
# <<
# uac >> BYE done
# <<
t/06_call_with_reinvite.t ............... ok
# uas >> OK
# <<
# uas >> Listening
# <<
# uac >> OK
# <<
# uac >> Started
# <<
# uas >> Call accepted
# <<
# uac >> Start RTP
# <<
# uac >> RTP#50#
# <<
# uas >> got rtp packet#50
# <<
# uas >> Starting ReInvite
# <<
# uac >> Got ReInvite
# <<
# uas >> Start RTP
# <<
# uas >> RTP#50#
# <<
# uac >> got rtp packet#50
# <<
# uac >> Send BYE
# <<
# uas >> Received BYE after 0 bytes read
# <<
# uac >> BYE done
# <<
t/07_call_on_hold.t ..................... ok
# registrar >> OK
# <<
# registrar >> Listening
# <<
# uac >> OK
# <<
# uac >> Started
# <<
# uac >> Registered wolf (REALM.example.com)
# <<
# uac >> Registered 007 (REALM.example.com)
# <<
# uac >> Registered noauth ()
# <<
t/08_register_with_auth.t ............... ok
t/11_invite_timeout.t ................... ok
# call established
# call cleaned up
t/12_maddr.t ............................ ok
t/13_maddr_proxy.t ...................... ok
# UAS   on 127.0.0.1:5062 
# UAC   on 127.0.0.1:5060 
# PROXY on 127.0.0.1:5063 
# proxy >> OK
# <<
# proxy >> Listening
# <<
# uas >> OK
# <<
# uas >> Listening
# <<
# uac >> OK
# <<
# uac >> Started
# <<
# uas >> Call accepted
# <<
# uas >> Starting ReInvite
# <<
# uac >> Got ReInvite
# <<
# uas >> Send BYE
# <<
# uac >> Received BYE
# <<
# uas >> BYE done
# <<
t/14_bugfix_0.51.t ...................... ok
t/15_block_invite.t ..................... ok
Byte order is not compatible at /home/fperrad/perl5/perlbrew/perls/perl-5.18.0/lib/5.18.0/i686-linux/Storable.pm line 380, at /home/fperrad/.cpan/build/Net-SIP-0.682-t8YHDf/blib/lib/Net/SIP/Dropper/ByIPPort.pm line 103.

#   Failed test 'UAS ready'
#   at t/16_drop_invite.t line 96.

#   Failed test 'UAS got INVITE, dropped it and wrote database file'
#   at t/16_drop_invite.t line 69.
# Looks like you failed 2 tests of 9.
t/16_drop_invite.t ...................... 
Dubious, test returned 2 (wstat 512, 0x200)
Failed 2/9 subtests 
# uas >> OK
# <<
# uas >> Listening
# <<
# uac >> OK
# <<
# uac >> Started
# <<
# uas >> Call accepted
# <<
# uac >> Starting ReInvite
# <<
# uas >> ReInvite accepted
# <<
# uac >> ReInvite done
# <<
# uac >> Send BYE
# <<
# uas >> Received BYE
# <<
# uac >> BYE done
# <<
t/17_call_with_reinvite_and_auth.t ...... ok
# registrar >> OK
# <<
# registrar >> Listening
# <<
# uac >> OK
# <<
# uac >> Started
# <<
# uac >> got 401 response
# <<
# uac >> Registered wolf (REALM.example.com)
# <<
# uac >> Registered 007 (REALM.example.com)
# <<
# uac >> Registered noauth ()
# <<
t/18_register_with_auth_step_by_step.t .. ok
# UAS on 127.0.0.1:47270
# UAC on 127.0.0.1:5060
# call created
# call established
# call cleaned up
# received 351/100 packets events=1 2 D # 4 B *
t/19_call_with_dtmf.t ................... ok
# call created
# got ringing
# call established
# call cleaned up
t/anyevent.t ............................ ok
t/release-pod-syntax.t .................. skipped: these tests are for release candidate testing

Test Summary Report
-------------------
t/16_drop_invite.t                    (Wstat: 512 Tests: 9 Failed: 2)
  Failed tests:  6, 9
  Non-zero exit status: 2
Files=20, Tests=224, 62 wallclock secs ( 0.35 usr  0.08 sys + 21.81 cusr  2.20 csys = 24.44 CPU)
Result: FAIL
Failed 1/20 test programs. 2/224 subtests failed.

------------------------------
PREREQUISITES
------------------------------

Prerequisite modules loaded:

requires:

    Module                          Need   Have  
    ------------------------------- ------ ------
    AnyEvent                        0      7.04  
    AnyEvent::AggressiveIdle        0      0.04  
    Net::SIP::Dispatcher::Eventloop 0      0     
    Net::SIP::Util                  0      0     
    strict                          0      1.07  
    warnings                        0      1.18  

build_requires:

    Module                          Need   Have  
    ------------------------------- ------ ------
    base                            0      2.18  
    Cwd                             0      3.40  
    Data::Dumper                    0      2.145 
    Digest::MD5                     0      2.52  
    fields                          0      2.16  
    File::Find                      0      1.23  
    File::Temp                      0      0.23  
    IO::Socket                      0      1.36  
    List::Util                      0      1.27  
    Module::Build                   0.3601 0.4003
    Net::SIP                        0      0.682 
    Net::SIP::Blocker               0      0     
    Net::SIP::Debug                 0      0     
    Net::SIP::Dropper               0      0     
    Net::SIP::Dropper::ByField      0      0     
    Net::SIP::Dropper::ByIPPort     0      0     
    Net::SIP::Leg                   0      0     
    Net::SIP::NATHelper::Client     0      0     
    Net::SIP::NATHelper::Local      0      0     
    Net::SIP::NATHelper::Server     0      0     
    Net::SIP::ReceiveChain          0      0     
    Net::SIP::SDP                   0      0     
    Test::More                      0      0.98  

configure_requires:

    Module                          Need   Have  
    ------------------------------- ------ ------
    ExtUtils::MakeMaker             6.30   6.66  
    Module::Build                   0.3601 0.4003


------------------------------
ENVIRONMENT AND OTHER CONTEXT
------------------------------

Environment variables:

    AUTOMATED_TESTING = 1
    LANG = en_US.UTF-8
    LANGUAGE = en_US:en
    PATH = /home/fperrad/perl5/perlbrew/bin:/home/fperrad/perl5/perlbrew/perls/perl-5.18.0/bin:/usr/local/bin:/usr/bin:/bin:/usr/local/games:/usr/games
    PERL5LIB = /home/fperrad/.cpan/build/AnyEvent-AggressiveIdle-0.04-15N4jz/blib/arch:/home/fperrad/.cpan/build/AnyEvent-AggressiveIdle-0.04-15N4jz/blib/lib:/home/fperrad/.cpan/build/AnyEvent-7.04-W5vekJ/blib/arch:/home/fperrad/.cpan/build/AnyEvent-7.04-W5vekJ/blib/lib:/home/fperrad/.cpan/build/Net-SIP-0.682-t8YHDf/blib/arch:/home/fperrad/.cpan/build/Net-SIP-0.682-t8YHDf/blib/lib:/home/fperrad/.cpan/build/Net-DNS-0.72-HCFMIb/blib/arch:/home/fperrad/.cpan/build/Net-DNS-0.72-HCFMIb/blib/lib:/home/fperrad/.cpan/build/Digest-HMAC-1.03-A1RbqB/blib/arch:/home/fperrad/.cpan/build/Digest-HMAC-1.03-A1RbqB/blib/lib
    PERL5OPT = 
    PERL5_CPANPLUS_IS_RUNNING = 20338
    PERL5_CPAN_IS_RUNNING = 20338
    PERL5_CPAN_IS_RUNNING_IN_RECURSION = 7755,20338
    PERLBREW_BASHRC_VERSION = 0.64
    PERLBREW_HOME = /home/fperrad/.perlbrew
    PERLBREW_MANPATH = /home/fperrad/perl5/perlbrew/perls/perl-5.18.0/man
    PERLBREW_PATH = /home/fperrad/perl5/perlbrew/bin:/home/fperrad/perl5/perlbrew/perls/perl-5.18.0/bin
    PERLBREW_PERL = perl-5.18.0
    PERLBREW_ROOT = /home/fperrad/perl5/perlbrew
    PERLBREW_VERSION = 0.64
    PERL_CR_SMOKER_CURRENT = AnyEvent-SIP-0.002
    PERL_EXTUTILS_AUTOINSTALL = --defaultdeps
    PERL_MM_USE_DEFAULT = 1
    SHELL = /bin/bash
    TERM = linux

Perl special variables (and OS-specific diagnostics, for MSWin32):

    $^X = /home/fperrad/perl5/perlbrew/perls/perl-5.18.0/bin/perl
    $UID/$EUID = 1000 / 1000
    $GID = 1000 24 25 29 30 44 46 1000
    $EGID = 1000 24 25 29 30 44 46 1000

Perl module toolchain versions installed:

    Module              Have    
    ------------------- --------
    CPAN                2.00    
    CPAN::Meta          2.120921
    Cwd                 3.40    
    ExtUtils::CBuilder  0.280210
    ExtUtils::Command   1.17    
    ExtUtils::Install   1.59    
    ExtUtils::MakeMaker 6.66    
    ExtUtils::Manifest  1.63    
    ExtUtils::ParseXS   3.18    
    File::Spec          3.40    
    JSON                2.59    
    JSON::PP            2.27202 
    Module::Build       0.4003  
    Module::Signature   n/a     
    Parse::CPAN::Meta   1.4404  
    Test::Harness       3.26    
    Test::More          0.98    
    YAML                0.84    
    YAML::Syck          1.27    
    version             0.9902  


--

Summary of my perl5 (revision 5 version 18 subversion 0) configuration:
   
  Platform:
    osname=linux, osvers=3.2.0-4-486, archname=i686-linux
    uname='linux etx 3.2.0-4-486 #1 debian 3.2.46-1 i686 gnulinux '
    config_args='-de -Dprefix=/home/fperrad/perl5/perlbrew/perls/perl-5.18.0 -Aeval:scriptdir=/home/fperrad/perl5/perlbrew/perls/perl-5.18.0/bin'
    hint=recommended, useposix=true, d_sigaction=define
    useithreads=undef, usemultiplicity=undef
    useperlio=define, d_sfio=undef, uselargefiles=define, usesocks=undef
    use64bitint=undef, use64bitall=undef, uselongdouble=undef
    usemymalloc=n, bincompat5005=undef
  Compiler:
    cc='cc', ccflags ='-fno-strict-aliasing -pipe -fstack-protector -I/usr/local/include -D_LARGEFILE_SOURCE -D_FILE_OFFSET_BITS=64',
    optimize='-O2',
    cppflags='-fno-strict-aliasing -pipe -fstack-protector -I/usr/local/include'
    ccversion='', gccversion='4.7.2', gccosandvers=''
    intsize=4, longsize=4, ptrsize=4, doublesize=8, byteorder=1234
    d_longlong=define, longlongsize=8, d_longdbl=define, longdblsize=12
    ivtype='long', ivsize=4, nvtype='double', nvsize=8, Off_t='off_t', lseeksize=8
    alignbytes=4, prototype=define
  Linker and Libraries:
    ld='cc', ldflags =' -fstack-protector -L/usr/local/lib'
    libpth=/usr/local/lib /lib/i386-linux-gnu /lib/../lib /usr/lib/i386-linux-gnu /usr/lib/../lib /lib /usr/lib
    libs=-lnsl -lgdbm -ldb -ldl -lm -lcrypt -lutil -lc -lgdbm_compat
    perllibs=-lnsl -ldl -lm -lcrypt -lutil -lc
    libc=, so=so, useshrplib=false, libperl=libperl.a
    gnulibc_version='2.13'
  Dynamic Linking:
    dlsrc=dl_dlopen.xs, dlext=so, d_dlsymun=undef, ccdlflags='-Wl,-E'
    cccdlflags='-fPIC', lddlflags='-shared -O2 -L/usr/local/lib -fstack-protector'


Characteristics of this binary (from libperl): 
  Compile-time options: HAS_TIMES PERLIO_LAYERS PERL_DONT_CREATE_GVSV
                        PERL_HASH_FUNC_ONE_AT_A_TIME_HARD PERL_MALLOC_WRAP
                        PERL_PRESERVE_IVUV PERL_SAWAMPERSAND USE_LARGE_FILES
                        USE_LOCALE USE_LOCALE_COLLATE USE_LOCALE_CTYPE
                        USE_LOCALE_NUMERIC USE_PERLIO USE_PERL_ATOF
  Built under linux
  Compiled at Jul 22 2013 18:13:19
  %ENV:
    PERL5LIB="/home/fperrad/.cpan/build/AnyEvent-AggressiveIdle-0.04-15N4jz/blib/arch:/home/fperrad/.cpan/build/AnyEvent-AggressiveIdle-0.04-15N4jz/blib/lib:/home/fperrad/.cpan/build/AnyEvent-7.04-W5vekJ/blib/arch:/home/fperrad/.cpan/build/AnyEvent-7.04-W5vekJ/blib/lib:/home/fperrad/.cpan/build/Net-SIP-0.682-t8YHDf/blib/arch:/home/fperrad/.cpan/build/Net-SIP-0.682-t8YHDf/blib/lib:/home/fperrad/.cpan/build/Net-DNS-0.72-HCFMIb/blib/arch:/home/fperrad/.cpan/build/Net-DNS-0.72-HCFMIb/blib/lib:/home/fperrad/.cpan/build/Digest-HMAC-1.03-A1RbqB/blib/arch:/home/fperrad/.cpan/build/Digest-HMAC-1.03-A1RbqB/blib/lib"
    PERL5OPT=""
    PERL5_CPANPLUS_IS_RUNNING="20338"
    PERL5_CPAN_IS_RUNNING="20338"
    PERL5_CPAN_IS_RUNNING_IN_RECURSION="7755,20338"
    PERLBREW_BASHRC_VERSION="0.64"
    PERLBREW_HOME="/home/fperrad/.perlbrew"
    PERLBREW_MANPATH="/home/fperrad/perl5/perlbrew/perls/perl-5.18.0/man"
    PERLBREW_PATH="/home/fperrad/perl5/perlbrew/bin:/home/fperrad/perl5/perlbrew/perls/perl-5.18.0/bin"
    PERLBREW_PERL="perl-5.18.0"
    PERLBREW_ROOT="/home/fperrad/perl5/perlbrew"
    PERLBREW_VERSION="0.64"
    PERL_CR_SMOKER_CURRENT="AnyEvent-SIP-0.002"
    PERL_EXTUTILS_AUTOINSTALL="--defaultdeps"
    PERL_MM_USE_DEFAULT="1"
  @INC:
    /home/fperrad/.cpan/build/AnyEvent-AggressiveIdle-0.04-15N4jz/blib/arch
    /home/fperrad/.cpan/build/AnyEvent-AggressiveIdle-0.04-15N4jz/blib/lib
    /home/fperrad/.cpan/build/AnyEvent-7.04-W5vekJ/blib/arch
    /home/fperrad/.cpan/build/AnyEvent-7.04-W5vekJ/blib/lib
    /home/fperrad/.cpan/build/Net-SIP-0.682-t8YHDf/blib/arch
    /home/fperrad/.cpan/build/Net-SIP-0.682-t8YHDf/blib/lib
    /home/fperrad/.cpan/build/Net-DNS-0.72-HCFMIb/blib/arch
    /home/fperrad/.cpan/build/Net-DNS-0.72-HCFMIb/blib/lib
    /home/fperrad/.cpan/build/Digest-HMAC-1.03-A1RbqB/blib/arch
    /home/fperrad/.cpan/build/Digest-HMAC-1.03-A1RbqB/blib/lib
    /home/fperrad/perl5/perlbrew/perls/perl-5.18.0/lib/site_perl/5.18.0/i686-linux
    /home/fperrad/perl5/perlbrew/perls/perl-5.18.0/lib/site_perl/5.18.0
    /home/fperrad/perl5/perlbrew/perls/perl-5.18.0/lib/5.18.0/i686-linux
    /home/fperrad/perl5/perlbrew/perls/perl-5.18.0/lib/5.18.0
    .