XML-Declare v0.06 Perl 5 v5.41.11 i86pc-solaris-64
- Status
- Fail
- From
- Carlos Guevara
- Dist
-
XML-Declare v0.06
- Platform
- Perl 5 v5.41.11 i86pc-solaris-64
- Date
- 2025-03-26 19:57:40
- ID
- 92d6e5ba-0a7c-11f0-b9c3-a5f90b9e293c
This distribution has been tested as part of the CPAN Testers
project, supporting the Perl programming language. See
http://wiki.cpantesters.org/ for more information or email
questions to cpan-testers-discuss@perl.org
--
Dear Mons Anderson,
This is a computer-generated report for XML-Declare-0.06
on perl 5.41.11, created by CPAN-Reporter-1.2020.
Thank you for uploading your work to CPAN. However, there was a problem
testing your distribution.
If you think this report is invalid, please consult the CPAN Testers Wiki
for suggestions on how to avoid getting FAIL reports for missing library
or binary dependencies, unsupported operating systems, and so on:
http://wiki.cpantesters.org/wiki/CPANAuthorNotes
Sections of this report:
* Tester comments
* Program output
* Prerequisites
* Environment and other context
------------------------------
TESTER COMMENTS
------------------------------
Additional comments from tester:
this report is from an automated smoke testing program
and was not reviewed by a human for accuracy
------------------------------
PROGRAM OUTPUT
------------------------------
Output from '/usr/bin/make test':
PERL_DL_NONLAZY=1 "/export/home/cpan/bin/perl/bin/perl5.41.11" "-MExtUtils::Command::MM" "-MTest::Harness" "-e" "undef *Test::Harness::Switches; test_harness(0, 'inc', 'blib/lib', 'blib/arch')" t/00-load.t t/01-basic.t t/02-node-overload.t t/03-namespace-autoclean.t t/pod-coverage.t t/pod.t
# Testing XML::Declare 0.06, XML::LibXML 2.0210, Perl 5.041011, /export/home/cpan/bin/perl/bin/perl5.41.11
t/00-load.t ................. ok
Empty document at t/01-basic.t line 14.
# Failed test 'have warn'
# at t/01-basic.t line 15.
# got: '0'
# expected: '1'
Empty document at t/01-basic.t line 16.
# Failed test 'have warn'
# at t/01-basic.t line 17.
# got: '0'
# expected: '1'
Empty document at t/01-basic.t line 18.
# Failed test 'have warn'
# at t/01-basic.t line 19.
# got: '0'
# expected: '1'
Empty document at t/01-basic.t line 20.
# Failed test 'have warn'
# at t/01-basic.t line 21.
# got: '0'
# expected: '1'
Empty document at t/01-basic.t line 22.
# Failed test 'have warn'
# at t/01-basic.t line 23.
# got: '0'
# expected: '1'
Appending text node not supported on a document node yet! at t/01-basic.t line 101.
Appending text node not supported on a document node yet! at t/01-basic.t line 101.
Appending text node not supported on a document node yet! at t/01-basic.t line 106.
Appending an element to a document node not supported yet! at t/01-basic.t line 106.
Appending text node not supported on a document node yet! at t/01-basic.t line 106.
Appending text node not supported on a document node yet! at t/01-basic.t line 111.
Appending text node not supported on a document node yet! at t/01-basic.t line 111.
# Looks like you failed 5 tests of 26.
t/01-basic.t ................
Dubious, test returned 5 (wstat 1280, 0x500)
Failed 5/26 subtests
# str = <test>test</test>
# bool = 1
# num = 5678008
# str = <test>test</test>
# bool = 1
# num = 5678008
t/02-node-overload.t ........ ok
t/03-namespace-autoclean.t .. ok
t/pod-coverage.t ............ ok
t/pod.t ..................... ok
Test Summary Report
-------------------
t/01-basic.t (Wstat: 1280 (exited 5) Tests: 26 Failed: 5)
Failed tests: 2, 4, 6, 8, 10
Non-zero exit status: 5
Files=6, Tests=38, 0 wallclock secs ( 0.03 usr 0.02 sys + 0.41 cusr 0.10 csys = 0.55 CPU)
Result: FAIL
Failed 1/6 test programs. 5/38 subtests failed.
*** Error code 255
make: Fatal error: Command failed for target `test_dynamic'
------------------------------
PREREQUISITES
------------------------------
Prerequisite modules loaded:
requires:
Module Need Have
------------------- -------- --------
lib::abs 0.90 0.95
perl 5.008008 5.041011
Scalar::Util 0 1.68_01
Test::More 0 1.302209
Test::NoWarnings 0 1.06
XML::LibXML 1.70 2.0210
build_requires:
Module Need Have
------------------- -------- --------
ExtUtils::MakeMaker 6.59 7.72
lib::abs 0.90 0.95
Test::More 0 1.302209
Test::NoWarnings 0 1.06
configure_requires:
Module Need Have
------------------- -------- --------
ExtUtils::MakeMaker 6.59 7.72
------------------------------
ENVIRONMENT AND OTHER CONTEXT
------------------------------
Environment variables:
AUTOMATED_TESTING = 1
DATE_MANIP_TEST_DM5 = 1
LANG = en_US.UTF-8
LC_ALL = C
NONINTERACTIVE_TESTING = 1
NO_NETWORK_TESTING = 1
PATH = /export/home/cpan/bin/perl/bin:/usr/bin:/usr/sbin:/sbin:/opt/ooce/bin:/usr/gnu/bin
PERL5LIB =
PERL5OPT =
PERL5_CPANPLUS_IS_RUNNING = 14107
PERL5_CPAN_IS_RUNNING = 14107
PERL_MM_USE_DEFAULT = 1
PERL_USE_UNSAFE_INC = 1
SHELL = /bin/bash
TERM = screen
Perl special variables (and OS-specific diagnostics, for MSWin32):
$^X = /export/home/cpan/bin/perl/bin/perl5.41.11
$UID/$EUID = 101 / 101
$GID = 1 1
$EGID = 1 1
Perl module toolchain versions installed:
Module Have
------------------- --------
CPAN 2.38
CPAN::Meta 2.150010
Cwd 3.92
ExtUtils::CBuilder 0.280240
ExtUtils::Command 7.72
ExtUtils::Install 2.22
ExtUtils::MakeMaker 7.72
ExtUtils::Manifest 1.75
ExtUtils::ParseXS 3.57
File::Spec 3.93
JSON 4.10
JSON::PP 4.16
Module::Build 0.4234
Module::Signature n/a
Parse::CPAN::Meta 2.150010
Test2 1.302209
Test::Harness 3.50
Test::More 1.302209
YAML 1.31
YAML::Syck 1.34
version 0.9933
--
Summary of my perl5 (revision 5 version 41 subversion 11) configuration:
Commit id: 3e734cb97c84ce17ea5eabf743c16797b853c288
Platform:
osname=solaris
osvers=2.11
archname=i86pc-solaris-64
uname='sunos cjg-omniosce 5.11 omnios-r151050-edfc22bf32 i86pc i386 i86pc '
config_args='-des -Dprefix=/export/home/cpan/bin/perl -Dscriptdir=/export/home/cpan/bin/perl/bin -Dusedevel -Duse64bitall -Dcc=gcc'
hint=recommended
useposix=true
d_sigaction=define
useithreads=undef
usemultiplicity=undef
use64bitint=define
use64bitall=define
uselongdouble=undef
usemymalloc=n
default_inc_excludes_dot=define
Compiler:
cc='gcc'
ccflags ='-m64 -fwrapv -fno-strict-aliasing -pipe -fstack-protector-strong -D_LARGEFILE_SOURCE -D_FILE_OFFSET_BITS=64 -D_FORTIFY_SOURCE=2'
optimize='-O'
cppflags='-m64 -fwrapv -fno-strict-aliasing -pipe -fstack-protector-strong'
ccversion=''
gccversion='13.2.0'
gccosandvers=''
intsize=4
longsize=8
ptrsize=8
doublesize=8
byteorder=12345678
doublekind=3
d_longlong=define
longlongsize=8
d_longdbl=define
longdblsize=16
longdblkind=3
ivtype='long'
ivsize=8
nvtype='double'
nvsize=8
Off_t='off_t'
lseeksize=8
alignbytes=8
prototype=define
Linker and Libraries:
ld='gcc'
ldflags =' -m64 -fstack-protector-strong -L/usr/gnu/lib '
libpth=/opt/gcc-13/lib /usr/lib /usr/gnu/lib /usr/ccs/lib
libs=-lpthread -lsocket -lnsl -ldl -lm -lc
perllibs=-lpthread -lsocket -lnsl -ldl -lm -lc
libc=/lib/libc.so
so=so
useshrplib=true
libperl=libperl.so
gnulibc_version=''
Dynamic Linking:
dlsrc=dl_dlopen.xs
dlext=so
d_dlsymun=undef
ccdlflags=' -R /export/home/cpan/bin/perl/lib/5.41.11/i86pc-solaris-64/CORE'
cccdlflags='-fPIC'
lddlflags=' -shared -m64 -L/usr/gnu/lib -fstack-protector-strong'
Characteristics of this binary (from libperl):
Compile-time options:
HAS_LONG_DOUBLE
HAS_STRTOLD
HAS_TIMES
PERLIO_LAYERS
PERL_COPY_ON_WRITE
PERL_DONT_CREATE_GVSV
PERL_HASH_FUNC_SIPHASH13
PERL_HASH_USE_SBOX32
PERL_MALLOC_WRAP
PERL_OP_PARENT
PERL_PRESERVE_IVUV
PERL_USE_DEVEL
PERL_USE_SAFE_PUTENV
USE_64_BIT_ALL
USE_64_BIT_INT
USE_LARGE_FILES
USE_LOCALE
USE_LOCALE_COLLATE
USE_LOCALE_CTYPE
USE_LOCALE_NUMERIC
USE_LOCALE_TIME
USE_PERLIO
USE_PERL_ATOF
Built under solaris
Compiled at Mar 26 2025 12:18:52
%ENV:
PERL5LIB=""
PERL5OPT=""
PERL5_CPANPLUS_IS_RUNNING="14107"
PERL5_CPAN_IS_RUNNING="14107"
PERL_MM_USE_DEFAULT="1"
PERL_USE_UNSAFE_INC="1"
@INC:
/export/home/cpan/bin/perl/lib/site_perl/5.41.11/i86pc-solaris-64
/export/home/cpan/bin/perl/lib/site_perl/5.41.11
/export/home/cpan/bin/perl/lib/5.41.11/i86pc-solaris-64
/export/home/cpan/bin/perl/lib/5.41.11
.