Report for Import-Base-1.002

Back
From: metabase:user:30ae4450-2aae-11df-837a-5e0a49663a4f
Subject: FAIL Import-Base-1.002 v5.18.0 
Date: 2016-03-05T16:36:07Z

This distribution has been tested as part of the CPAN Testers
project, supporting the Perl programming language.  See
http://wiki.cpantesters.org/ for more information or email
questions to cpan-testers-discuss@perl.org


--
Dear Doug Bell,

This is a computer-generated report for Import-Base-1.002
on perl 5.18.0, created by CPAN-Reporter-1.2014.

Thank you for uploading your work to CPAN.  However, there was a problem
testing your distribution.

If you think this report is invalid, please consult the CPAN Testers Wiki
for suggestions on how to avoid getting FAIL reports for missing library
or binary dependencies, unsupported operating systems, and so on:

http://wiki.cpantesters.org/wiki/CPANAuthorNotes

Sections of this report:

    * Tester comments
    * Program output
    * Prerequisites
    * Environment and other context

------------------------------
TESTER COMMENTS
------------------------------

Additional comments from tester:

this report is from an automated smoke testing program
and was not reviewed by a human for accuracy

------------------------------
PROGRAM OUTPUT
------------------------------

Output from 'C:\strawberry180\c\bin\dmake.exe test':

C:\strawberry180\perl\bin\perl.exe "-MExtUtils::Command::MM" "-e" "test_harness(0, 'blib\lib', 'blib\arch')" t/*.t t/use-case/*.t
t/00-compile.t ......... ok
# 
# Versions for all modules listed in MYMETA.json (including optional ones):
# 
# === Configure Requires ===
# 
#     Module              Want Have
#     ------------------- ---- ----
#     ExtUtils::MakeMaker  any 6.66
# 
# === Build Requires ===
# 
#     Module              Want Have
#     ------------------- ---- ----
#     ExtUtils::MakeMaker  any 6.66
# 
# === Test Requires ===
# 
#     Module              Want Have
#     ------------------- ---- ----
#     Carp                 any 1.29
#     ExtUtils::MakeMaker  any 6.66
#     File::Spec           any 3.40
#     IO::Handle           any 1.34
#     IPC::Open3           any 1.13
#     Test::More           any 0.98
# 
# === Test Recommends ===
# 
#     Module         Want     Have
#     ---------- -------- --------
#     CPAN::Meta 2.120900 2.130880
# 
# === Runtime Requires ===
# 
#     Module              Want     Have
#     --------------- -------- --------
#     Import::Into    1.002005 1.002005
#     Module::Runtime      any    0.013
#     mro                  any     1.11
#     strict               any     1.07
#     warnings             any     1.18
# 
t/00-report-prereqs.t .. ok
Use of uninitialized value $this in pattern match (m//) at t/base.t line 83.
Use of uninitialized value $this in pattern match (m//) at t/base.t line 217.
t/base.t ............... ok
t/exclude.t ............ ok
t/export.t ............. ok
Use of uninitialized value $this in pattern match (m//) at t/order.t line 58.
Use of uninitialized value $this in pattern match (m//) at t/order.t line 115.
t/order.t .............. ok
t/runtime.t ............ ok
Use of uninitialized value $this in pattern match (m//) at t/subrefs.t line 42.
Use of uninitialized value $this in pattern match (m//) at t/subrefs.t line 43.
Use of uninitialized value $this in pattern match (m//) at t/subrefs.t line 100.
Use of uninitialized value $this in pattern match (m//) at t/subrefs.t line 101.
t/subrefs.t ............ ok
Couldn't build importer for 2: syntax error at (eval 118) line 2, at EOF
BEGIN failed--compilation aborted at t/use-case/dancer2.t line 18, <DATA> line 16.
t/use-case/dancer2.t ... 
Dubious, test returned 255 (wstat 65280, 0xff00)
No subtests run 
t/use-case/moo.t ....... ok
t/version.t ............ ok

Test Summary Report
-------------------
t/use-case/dancer2.t (Wstat: 65280 Tests: 0 Failed: 0)
  Non-zero exit status: 255
  Parse errors: No plan found in TAP output
Files=11, Tests=17,  4 wallclock secs ( 0.07 usr +  0.02 sys =  0.09 CPU)
Result: FAIL
Failed 1/11 test programs. 0/17 subtests failed.
dmake.exe:  Error code 255, while making 'test_dynamic'

------------------------------
PREREQUISITES
------------------------------

Prerequisite modules loaded:

requires:

    Module              Need     Have    
    ------------------- -------- --------
    Import::Into        1.002005 1.002005
    Module::Runtime     0        0.013   
    mro                 0        1.11    
    perl                5.010    5.018000
    strict              0        1.07    
    warnings            0        1.18    

build_requires:

    Module              Need     Have    
    ------------------- -------- --------
    Carp                0        1.29    
    ExtUtils::MakeMaker 0        6.66    
    File::Spec          0        3.40    
    IO::Handle          0        1.34    
    IPC::Open3          0        1.13    
    Test::More          0        0.98    

configure_requires:

    Module              Need     Have    
    ------------------- -------- --------
    ExtUtils::MakeMaker 0        6.66    


------------------------------
ENVIRONMENT AND OTHER CONTEXT
------------------------------

Environment variables:

    AUTOMATED_TESTING = 1
    COMSPEC = C:\WINDOWS\system32\cmd.exe
    NUMBER_OF_PROCESSORS = 1
    PATH = C:\WINDOWS\system32;C:\WINDOWS;C:\WINDOWS\System32\Wbem;C:\strawberry180\c\bin;C:\strawberry180\perl\site\bin;C:\strawberry180\perl\bin
    PERL5LIB = C:\strawberry180\cpan\build\Import-Into-1.002005-5nFM5T/blib/arch;C:\strawberry180\cpan\build\Import-Into-1.002005-5nFM5T/blib/lib;C:\strawberry180\cpan\build\Types-Path-Tiny-0.005-yOUGp7/blib/arch;C:\strawberry180\cpan\build\Types-Path-Tiny-0.005-yOUGp7/blib/lib;C:\strawberry180\cpan\build\File-ShareDir-Install-0.10-ZdCZQg/blib/arch;C:\strawberry180\cpan\build\File-ShareDir-Install-0.10-ZdCZQg/blib/lib
    PERL5OPT = 
    PERL5_CPANPLUS_IS_RUNNING = 984
    PERL5_CPAN_IS_RUNNING = 984
    PERL5_CPAN_IS_RUNNING_IN_RECURSION = 124,984
    PERL_CR_SMOKER_CURRENT = Statocles-0.072
    PERL_CR_SMOKER_RUNONCE = 1
    PERL_EXTUTILS_AUTOINSTALL = --defaultdeps
    PERL_MM_USE_DEFAULT = 1
    PROCESSOR_IDENTIFIER = x86 Family 16 Model 5 Stepping 3, AuthenticAMD
    TEMP = C:\DOCUME~1\c\LOCALS~1\Temp
    TERM = dumb

Perl special variables (and OS-specific diagnostics, for MSWin32):

    $^X = C:\strawberry180\perl\bin\perl.exe
    $UID/$EUID = 0 / 0
    $GID = 0
    $EGID = 0
    Win32::GetOSName = WinXP/.Net
    Win32::GetOSVersion = Service Pack 3, 5, 1, 2600, 2, 3, 0, 256, 1
    Win32::FsType = NTFS
    Win32::IsAdminUser = 1

Perl module toolchain versions installed:

    Module              Have    
    ------------------- --------
    CPAN                2.00    
    CPAN::Meta          2.130880
    Cwd                 3.40    
    ExtUtils::CBuilder  0.280210
    ExtUtils::Command   1.17    
    ExtUtils::Install   1.59    
    ExtUtils::MakeMaker 6.66    
    ExtUtils::Manifest  1.63    
    ExtUtils::ParseXS   3.18    
    File::Spec          3.40    
    JSON                2.57    
    JSON::PP            2.27202 
    Module::Build       0.4005  
    Module::Signature   n/a     
    Parse::CPAN::Meta   1.4404  
    Test::Harness       3.28    
    Test::More          0.98    
    YAML                0.84    
    YAML::Syck          1.27    
    version             0.9902  


--

Summary of my perl5 (revision 5 version 18 subversion 0) configuration:
   
  Platform:
    osname=MSWin32, osvers=4.0, archname=MSWin32-x86-multi-thread-64int
    uname='Win32 strawberry-perl 5.18.0.1 #1 Sat May 18 17:46:00 2013 i386'
    config_args='undef'
    hint=recommended, useposix=true, d_sigaction=undef
    useithreads=define, usemultiplicity=define
    useperlio=define, d_sfio=undef, uselargefiles=define, usesocks=undef
    use64bitint=define, use64bitall=undef, uselongdouble=undef
    usemymalloc=n, bincompat5005=undef
  Compiler:
    cc='gcc', ccflags =' -s -O2 -DWIN32  -DPERL_TEXTMODE_SCRIPTS -DPERL_IMPLICIT_CONTEXT -DPERL_IMPLICIT_SYS -DUSE_PERLIO -fno-strict-aliasing -mms-bitfields',
    optimize='-s -O2',
    cppflags='-DWIN32'
    ccversion='', gccversion='4.6.3', gccosandvers=''
    intsize=4, longsize=4, ptrsize=4, doublesize=8, byteorder=12345678
    d_longlong=define, longlongsize=8, d_longdbl=define, longdblsize=12
    ivtype='long long', ivsize=8, nvtype='double', nvsize=8, Off_t='long long', lseeksize=8
    alignbytes=8, prototype=define
  Linker and Libraries:
    ld='g++', ldflags ='-s -L"C:\strawberry180\perl\lib\CORE" -L"C:\strawberry180\c\lib"'
    libpth=C:\strawberry180\c\lib C:\strawberry180\c\i686-w64-mingw32\lib
    libs=-lmoldname -lkernel32 -luser32 -lgdi32 -lwinspool -lcomdlg32 -ladvapi32 -lshell32 -lole32 -loleaut32 -lnetapi32 -luuid -lws2_32 -lmpr -lwinmm -lversion -lodbc32 -lodbccp32 -lcomctl32
    perllibs=-lmoldname -lkernel32 -luser32 -lgdi32 -lwinspool -lcomdlg32 -ladvapi32 -lshell32 -lole32 -loleaut32 -lnetapi32 -luuid -lws2_32 -lmpr -lwinmm -lversion -lodbc32 -lodbccp32 -lcomctl32
    libc=, so=dll, useshrplib=true, libperl=libperl518.a
    gnulibc_version=''
  Dynamic Linking:
    dlsrc=dl_win32.xs, dlext=dll, d_dlsymun=undef, ccdlflags=' '
    cccdlflags=' ', lddlflags='-mdll -s -L"C:\strawberry180\perl\lib\CORE" -L"C:\strawberry180\c\lib"'


Characteristics of this binary (from libperl): 
  Compile-time options: HAS_TIMES HAVE_INTERP_INTERN MULTIPLICITY
                        PERLIO_LAYERS PERL_DONT_CREATE_GVSV
                        PERL_HASH_FUNC_ONE_AT_A_TIME_HARD
                        PERL_IMPLICIT_CONTEXT PERL_IMPLICIT_SYS
                        PERL_MALLOC_WRAP PERL_PRESERVE_IVUV PERL_SAWAMPERSAND
                        USE_64_BIT_INT USE_ITHREADS USE_LARGE_FILES
                        USE_LOCALE USE_LOCALE_COLLATE USE_LOCALE_CTYPE
                        USE_LOCALE_NUMERIC USE_PERLIO USE_PERL_ATOF
  Built under MSWin32
  Compiled at May 18 2013 17:53:14
  %ENV:
    PERL5LIB="C:\strawberry180\cpan\build\Import-Into-1.002005-5nFM5T/blib/arch;C:\strawberry180\cpan\build\Import-Into-1.002005-5nFM5T/blib/lib;C:\strawberry180\cpan\build\Types-Path-Tiny-0.005-yOUGp7/blib/arch;C:\strawberry180\cpan\build\Types-Path-Tiny-0.005-yOUGp7/blib/lib;C:\strawberry180\cpan\build\File-ShareDir-Install-0.10-ZdCZQg/blib/arch;C:\strawberry180\cpan\build\File-ShareDir-Install-0.10-ZdCZQg/blib/lib"
    PERL5_CPANPLUS_IS_RUNNING="984"
    PERL5_CPAN_IS_RUNNING="984"
    PERL5_CPAN_IS_RUNNING_IN_RECURSION="124,984"
    PERL_CR_SMOKER_CURRENT="Statocles-0.072"
    PERL_CR_SMOKER_RUNONCE="1"
    PERL_EXTUTILS_AUTOINSTALL="--defaultdeps"
    PERL_MM_USE_DEFAULT="1"
  @INC:
    C:\strawberry180\cpan\build\Import-Into-1.002005-5nFM5T/blib/arch
    C:\strawberry180\cpan\build\Import-Into-1.002005-5nFM5T/blib/lib
    C:\strawberry180\cpan\build\Types-Path-Tiny-0.005-yOUGp7/blib/arch
    C:\strawberry180\cpan\build\Types-Path-Tiny-0.005-yOUGp7/blib/lib
    C:\strawberry180\cpan\build\File-ShareDir-Install-0.10-ZdCZQg/blib/arch
    C:\strawberry180\cpan\build\File-ShareDir-Install-0.10-ZdCZQg/blib/lib
    C:/strawberry180/perl/site/lib
    C:/strawberry180/perl/vendor/lib
    C:/strawberry180/perl/lib
    .