Module-Setup v0.09 Perl 5 v5.43.4 x86_64-dragonfly
- Status
- Fail
- From
- Carlos Guevara
- Dist
-
Module-Setup v0.09
- Platform
- Perl 5 v5.43.4 x86_64-dragonfly
- Date
- 2025-10-15 13:55:13
- ID
- 92a88372-a9ce-11f0-a5d6-c38d16d9fced
This distribution has been tested as part of the CPAN Testers
project, supporting the Perl programming language. See
http://wiki.cpantesters.org/ for more information or email
questions to cpan-testers-discuss@perl.org
--
Dear Kazuhiro Osawa,
This is a computer-generated report for Module-Setup-0.09
on perl 5.43.4, created by CPAN-Reporter-1.2020.
Thank you for uploading your work to CPAN. However, there was a problem
testing your distribution.
If you think this report is invalid, please consult the CPAN Testers Wiki
for suggestions on how to avoid getting FAIL reports for missing library
or binary dependencies, unsupported operating systems, and so on:
http://wiki.cpantesters.org/wiki/CPANAuthorNotes
Sections of this report:
* Tester comments
* Program output
* Prerequisites
* Environment and other context
------------------------------
TESTER COMMENTS
------------------------------
Additional comments from tester:
this report is from an automated smoke testing program
and was not reviewed by a human for accuracy
------------------------------
PROGRAM OUTPUT
------------------------------
Output from '/usr/bin/make test':
PERL_DL_NONLAZY=1 "/home/cpan/bin/perl/bin/perl5.43.4" "-MExtUtils::Command::MM" "-MTest::Harness" "-e" "undef *Test::Harness::Switches; test_harness(0, 'inc', 'blib/lib', 'blib/arch')" t/*.t t/*/*.t
Possible precedence issue with control flow operator (return) at /home/cpan/.cpan/build/Module-Setup-0.09-0/inc/Test/Builder.pm line 858.
t/00_compile.t .................................... ok
Possible precedence issue with control flow operator (return) at /home/cpan/.cpan/build/Module-Setup-0.09-0/inc/Test/Builder.pm line 858.
t/010_core/detect-flavor-tests-error.t ............ ok
Possible precedence issue with control flow operator (return) at /home/cpan/.cpan/build/Module-Setup-0.09-0/inc/Test/Builder.pm line 858.
t/010_core/detect_module_and_flavor_name_error.t .. ok
Possible precedence issue with control flow operator (return) at /home/cpan/.cpan/build/Module-Setup-0.09-0/inc/Test/Builder.pm line 858.
t/010_core/dialog.t ............................... ok
Possible precedence issue with control flow operator (return) at /home/cpan/.cpan/build/Module-Setup-0.09-0/inc/Test/Builder.pm line 858.
t/010_core/distribute.t ........................... ok
Possible precedence issue with control flow operator (return) at /home/cpan/.cpan/build/Module-Setup-0.09-0/inc/Test/Builder.pm line 858.
t/010_core/flavor.t ............................... ok
Possible precedence issue with control flow operator (return) at /home/cpan/.cpan/build/Module-Setup-0.09-0/inc/Test/Builder.pm line 858.
t/010_core/load_argv.t ............................ ok
Possible precedence issue with control flow operator (return) at /home/cpan/.cpan/build/Module-Setup-0.09-0/inc/Test/Builder.pm line 858.
t/010_core/path.t ................................. ok
Possible precedence issue with control flow operator (return) at /home/cpan/.cpan/build/Module-Setup-0.09-0/inc/Test/Builder.pm line 858.
t/010_core/select-flavor.t ........................ ok
Possible precedence issue with control flow operator (return) at /home/cpan/.cpan/build/Module-Setup-0.09-0/inc/Test/Builder.pm line 858.
t/010_core/setup_base_dir.t ....................... ok
Possible precedence issue with control flow operator (return) at /home/cpan/.cpan/build/Module-Setup-0.09-0/inc/Test/Builder.pm line 858.
Redundant argument in sprintf at /home/cpan/.cpan/build/Module-Setup-0.09-0/inc/Spiffy.pm line 225.
Redundant argument in sprintf at /home/cpan/.cpan/build/Module-Setup-0.09-0/inc/Spiffy.pm line 225.
Redundant argument in sprintf at /home/cpan/.cpan/build/Module-Setup-0.09-0/inc/Spiffy.pm line 225.
Redundant argument in sprintf at /home/cpan/.cpan/build/Module-Setup-0.09-0/inc/Spiffy.pm line 225.
t/010_core/setup_options.t ........................ ok
Possible precedence issue with control flow operator (return) at /home/cpan/.cpan/build/Module-Setup-0.09-0/inc/Test/Builder.pm line 858.
t/010_core/setup_options_code.t ................... ok
Possible precedence issue with control flow operator (return) at /home/cpan/.cpan/build/Module-Setup-0.09-0/inc/Test/Builder.pm line 858.
t/010_core/stdout-log.t ........................... ok
Possible precedence issue with control flow operator (return) at /home/cpan/.cpan/build/Module-Setup-0.09-0/inc/Test/Builder.pm line 858.
t/010_core/system.t ............................... ok
Possible precedence issue with control flow operator (return) at /home/cpan/.cpan/build/Module-Setup-0.09-0/inc/Test/Builder.pm line 858.
t/010_core/test_util.t ............................ ok
Possible precedence issue with control flow operator (return) at /home/cpan/.cpan/build/Module-Setup-0.09-0/inc/Test/Builder.pm line 858.
t/020_run/additional.t ............................ ok
Possible precedence issue with control flow operator (return) at /home/cpan/.cpan/build/Module-Setup-0.09-0/inc/Test/Builder.pm line 858.
t/020_run/binary.t ................................ ok
Possible precedence issue with control flow operator (return) at /home/cpan/.cpan/build/Module-Setup-0.09-0/inc/Test/Builder.pm line 858.
t/020_run/direct.t ................................ ok
Possible precedence issue with control flow operator (return) at /home/cpan/.cpan/build/Module-Setup-0.09-0/inc/Test/Builder.pm line 858.
t/020_run/dupe-flavor.t ........................... ok
Possible precedence issue with control flow operator (return) at /home/cpan/.cpan/build/Module-Setup-0.09-0/inc/Test/Builder.pm line 858.
t/020_run/dupe.t .................................. ok
Possible precedence issue with control flow operator (return) at /home/cpan/.cpan/build/Module-Setup-0.09-0/inc/Test/Builder.pm line 858.
t/020_run/empty_dir.t ............................. ok
Possible precedence issue with control flow operator (return) at /home/cpan/.cpan/build/Module-Setup-0.09-0/inc/Test/Builder.pm line 858.
t/020_run/fail_flavor.t ........................... ok
Possible precedence issue with control flow operator (return) at /home/cpan/.cpan/build/Module-Setup-0.09-0/inc/Test/Builder.pm line 858.
t/020_run/hasnt-flavorclass.t ..................... ok
Possible precedence issue with control flow operator (return) at /home/cpan/.cpan/build/Module-Setup-0.09-0/inc/Test/Builder.pm line 858.
Redundant argument in sprintf at /home/cpan/.cpan/build/Module-Setup-0.09-0/inc/Spiffy.pm line 225.
Redundant argument in sprintf at /home/cpan/.cpan/build/Module-Setup-0.09-0/inc/Spiffy.pm line 225.
Redundant argument in sprintf at /home/cpan/.cpan/build/Module-Setup-0.09-0/inc/Spiffy.pm line 225.
Redundant argument in sprintf at /home/cpan/.cpan/build/Module-Setup-0.09-0/inc/Spiffy.pm line 225.
t/020_run/init.t .................................. ok
Possible precedence issue with control flow operator (return) at /home/cpan/.cpan/build/Module-Setup-0.09-0/inc/Test/Builder.pm line 858.
t/020_run/nullflavors.t ........................... ok
Possible precedence issue with control flow operator (return) at /home/cpan/.cpan/build/Module-Setup-0.09-0/inc/Test/Builder.pm line 858.
t/020_run/pack-additional.t ....................... ok
Possible precedence issue with control flow operator (return) at /home/cpan/.cpan/build/Module-Setup-0.09-0/inc/Test/Builder.pm line 858.
Redundant argument in sprintf at /home/cpan/.cpan/build/Module-Setup-0.09-0/inc/Spiffy.pm line 225.
Redundant argument in sprintf at /home/cpan/.cpan/build/Module-Setup-0.09-0/inc/Spiffy.pm line 225.
Redundant argument in sprintf at /home/cpan/.cpan/build/Module-Setup-0.09-0/inc/Spiffy.pm line 225.
Redundant argument in sprintf at /home/cpan/.cpan/build/Module-Setup-0.09-0/inc/Spiffy.pm line 225.
t/020_run/pack.t .................................. ok
Possible precedence issue with control flow operator (return) at /home/cpan/.cpan/build/Module-Setup-0.09-0/inc/Test/Builder.pm line 858.
Redundant argument in sprintf at /home/cpan/.cpan/build/Module-Setup-0.09-0/inc/Spiffy.pm line 225.
Redundant argument in sprintf at /home/cpan/.cpan/build/Module-Setup-0.09-0/inc/Spiffy.pm line 225.
Redundant argument in sprintf at /home/cpan/.cpan/build/Module-Setup-0.09-0/inc/Spiffy.pm line 225.
Redundant argument in sprintf at /home/cpan/.cpan/build/Module-Setup-0.09-0/inc/Spiffy.pm line 225.
t/020_run/simple.t ................................ ok
Possible precedence issue with control flow operator (return) at /home/cpan/.cpan/build/Module-Setup-0.09-0/inc/Test/Builder.pm line 858.
t/030_plugin/append_template_file.t ............... ok
Possible precedence issue with control flow operator (return) at /home/cpan/.cpan/build/Module-Setup-0.09-0/inc/Test/Builder.pm line 858.
t/030_plugin/append_template_file2.t .............. ok
Possible precedence issue with control flow operator (return) at /home/cpan/.cpan/build/Module-Setup-0.09-0/inc/Test/Builder.pm line 858.
t/030_plugin/illegalplugin.t ...................... ok
Possible precedence issue with control flow operator (return) at /home/cpan/.cpan/build/Module-Setup-0.09-0/inc/Test/Builder.pm line 858.
t/030_plugin/illegalpluginconfig.t ................ ok
Possible precedence issue with control flow operator (return) at /home/cpan/.cpan/build/Module-Setup-0.09-0/inc/Test/Builder.pm line 858.
t/030_plugin/localplugin.t ........................ ok
Possible precedence issue with control flow operator (return) at /home/cpan/.cpan/build/Module-Setup-0.09-0/inc/Test/Builder.pm line 858.
t/030_plugin/plain.t .............................. ok
Possible precedence issue with control flow operator (return) at /home/cpan/.cpan/build/Module-Setup-0.09-0/inc/Test/Builder.pm line 858.
t/030_plugin/site_github.t ........................ ok
Possible precedence issue with control flow operator (return) at /home/cpan/.cpan/build/Module-Setup-0.09-0/inc/Test/Builder.pm line 858.
t/030_plugin/template.t ........................... ok
Possible precedence issue with control flow operator (return) at /home/cpan/.cpan/build/Module-Setup-0.09-0/inc/Test/Builder.pm line 858.
cannot remove path when cwd is /home/cpan/tmp/TJVu6W49F5/Test-Makefile3_3 for /home/cpan/tmp/TJVu6W49F5: at /home/cpan/bin/perl/lib/5.43.4/File/Temp.pm line 2642.
t/030_plugin/test_makefile.t ...................... ok
Possible precedence issue with control flow operator (return) at /home/cpan/.cpan/build/Module-Setup-0.09-0/inc/Test/Builder.pm line 858.
hint: Using 'master' as the name for the initial branch. This default branch name
hint: is subject to change. To configure the initial branch name to use in all
hint: of your new repositories, which will suppress this warning, call:
hint:
hint: git config --global init.defaultBranch <name>
hint:
hint: Names commonly chosen instead of 'master' are 'main', 'trunk' and
hint: 'development'. The just-created branch can be renamed via this command:
hint:
hint: git branch -m <name>
error: pathspec 'commit' did not match any file(s) known to git
cannot remove path when cwd is /home/cpan/tmp/csWWfRy0ZN/VC-Git3_2 for /home/cpan/tmp/csWWfRy0ZN: at /home/cpan/bin/perl/lib/5.43.4/File/Temp.pm line 2642.
t/030_plugin/vc_git.t ............................. ok
Possible precedence issue with control flow operator (return) at /home/cpan/.cpan/build/Module-Setup-0.09-0/inc/Test/Builder.pm line 858.
Name "Module::Setup::Flavor::Default::setup_config" used only once: possible typo at t/030_plugin/vc_svk.t line 17.
t/030_plugin/vc_svk.t ............................. ok
Possible precedence issue with control flow operator (return) at /home/cpan/.cpan/build/Module-Setup-0.09-0/inc/Test/Builder.pm line 858.
t/030_plugin/vc_svn.t ............................. ok
Possible precedence issue with control flow operator (return) at /home/cpan/.cpan/build/Module-Setup-0.09-0/inc/Test/Builder.pm line 858.
t/040_flavor/coderepos.t .......................... ok
Possible precedence issue with control flow operator (return) at /home/cpan/.cpan/build/Module-Setup-0.09-0/inc/Test/Builder.pm line 858.
t/040_flavor/default-setup_config.t ............... ok
Possible precedence issue with control flow operator (return) at /home/cpan/.cpan/build/Module-Setup-0.09-0/inc/Test/Builder.pm line 858.
t/040_flavor/default.t ............................ ok
Possible precedence issue with control flow operator (return) at /home/cpan/.cpan/build/Module-Setup-0.09-0/inc/Test/Builder.pm line 858.
t/040_flavor/github.t ............................. ok
Possible precedence issue with control flow operator (return) at /home/cpan/.cpan/build/Module-Setup-0.09-0/inc/Test/Builder.pm line 858.
Base class package "t::Helper::Basic" is not empty but "t/Helper/Basic.pm" exists in the current directory.
To help avoid security issues, base.pm now refuses to load optional modules
from the current working directory when it is the last entry in @INC.
If your software worked on previous versions of Perl, the best solution
is to use FindBin to detect the path properly and to add that path to
@INC. As a last resort, you can re-enable looking in the current working
directory by adding "use lib '.'" to your code.
at t/Helper/Basic/Callback.pm line 4.
BEGIN failed--compilation aborted at t/Helper/Basic/Callback.pm line 4.
Compilation failed in require at t/050_helper/basic-callback.t line 6.
BEGIN failed--compilation aborted at t/050_helper/basic-callback.t line 6.
# Looks like your test exited with 2 before it could output anything.
t/050_helper/basic-callback.t .....................
Dubious, test returned 2 (wstat 512, 0x200)
Failed 3/3 subtests
Possible precedence issue with control flow operator (return) at /home/cpan/.cpan/build/Module-Setup-0.09-0/inc/Test/Builder.pm line 858.
Base class package "t::Helper::Basic" is not empty but "t/Helper/Basic.pm" exists in the current directory.
To help avoid security issues, base.pm now refuses to load optional modules
from the current working directory when it is the last entry in @INC.
If your software worked on previous versions of Perl, the best solution
is to use FindBin to detect the path properly and to add that path to
@INC. As a last resort, you can re-enable looking in the current working
directory by adding "use lib '.'" to your code.
at t/Helper/Basic/Foo.pm line 4.
BEGIN failed--compilation aborted at t/Helper/Basic/Foo.pm line 4.
Compilation failed in require at t/050_helper/basic-foo.t line 6.
BEGIN failed--compilation aborted at t/050_helper/basic-foo.t line 6.
# Looks like your test exited with 2 before it could output anything.
t/050_helper/basic-foo.t ..........................
Dubious, test returned 2 (wstat 512, 0x200)
Failed 2/2 subtests
Possible precedence issue with control flow operator (return) at /home/cpan/.cpan/build/Module-Setup-0.09-0/inc/Test/Builder.pm line 858.
t/050_helper/basic.t .............................. ok
Test Summary Report
-------------------
t/050_helper/basic-callback.t (Wstat: 512 (exited 2) Tests: 0 Failed: 0)
Non-zero exit status: 2
Parse errors: Bad plan. You planned 3 tests but ran 0.
t/050_helper/basic-foo.t (Wstat: 512 (exited 2) Tests: 0 Failed: 0)
Non-zero exit status: 2
Parse errors: Bad plan. You planned 2 tests but ran 0.
Files=47, Tests=462, 8 wallclock secs ( 0.13 usr 0.12 sys + 6.37 cusr 1.74 csys = 8.37 CPU)
Result: FAIL
Failed 2/47 test programs. 0/462 subtests failed.
*** Error code 255
Stop.
make: stopped in /home/cpan/.cpan/build/Module-Setup-0.09-0
------------------------------
PREREQUISITES
------------------------------
Prerequisite modules loaded:
requires:
Module Need Have
---------------------------- ---- --------
Class::Trigger 0 0.15
Cwd 0 3.94
ExtUtils::MakeMaker 0 7.76
File::Basename 0 2.86
File::Find::Rule 0 0.35
File::HomeDir 0 1.006
File::Path 0 2.18
File::Temp 0.2 0.2312
Filter::Util::Call 0 1.65
Getopt::Long 0 2.58
IO::Scalar 0 2.113
LWP::UserAgent 0 6.80
Module::Collect 0.06 0.06
Module::Install::AuthorTests 0 0.002
Module::Install::Repository 0 0.08
Path::Class 0 0.37
Pod::Usage 0 2.05
Scalar::Util 0 1.70
Storable 0 3.39
Template 2.2 3.102
Test::More 0 1.302214
Test::Requires 0 0.11
Text::Patch 0 1.8
YAML 0 1.31
build_requires:
Module Need Have
---------------------------- ---- --------
ExtUtils::MakeMaker 0 7.76
configure_requires:
Module Need Have
---------------------------- ---- --------
ExtUtils::MakeMaker 6.42 7.76
------------------------------
ENVIRONMENT AND OTHER CONTEXT
------------------------------
Environment variables:
AUTOMATED_TESTING = 1
DATE_MANIP_TEST_DM5 = 1
LC_ALL = C
NONINTERACTIVE_TESTING = 1
NO_NETWORK_TESTING = 1
PATH = /home/cpan/bin/perl/bin:/home/cpan/bin:/sbin:/bin:/usr/sbin:/usr/bin:/usr/games:/usr/local/sbin:/usr/local/bin:/usr/pkg/sbin:/usr/pkg/bin:/home/cpan/bin
PERL5LIB =
PERL5OPT =
PERL5_CPANPLUS_IS_RUNNING = 716481
PERL5_CPAN_IS_RUNNING = 716481
PERL_MM_USE_DEFAULT = 1
PERL_PERTURB_KEYS = 0
PERL_USE_UNSAFE_INC = 1
SHELL = /usr/local/bin/bash
TERM = screen
TMPDIR = /home/cpan/tmp
Perl special variables (and OS-specific diagnostics, for MSWin32):
$^X = /home/cpan/bin/perl/bin/perl5.43.4
$UID/$EUID = 1002 / 1002
$GID = 1002 1002
$EGID = 1002 1002
Perl module toolchain versions installed:
Module Have
------------------- --------
CPAN 2.38
CPAN::Meta 2.150010
Cwd 3.94
ExtUtils::CBuilder 0.280242
ExtUtils::Command 7.76
ExtUtils::Install 2.22
ExtUtils::MakeMaker 7.76
ExtUtils::Manifest 1.75
ExtUtils::ParseXS 3.60
File::Spec 3.94
JSON 4.10
JSON::PP 4.16
Module::Build 0.4234
Module::Signature n/a
Parse::CPAN::Meta 2.150010
Test2 1.302214
Test::Harness 3.52
Test::More 1.302214
YAML 1.31
YAML::Syck 1.36
version 0.9933
--
Summary of my perl5 (revision 5 version 43 subversion 4) configuration:
Commit id: 87a16f665d01ed72959b9a366e8ab74a97f9cb4b
Platform:
osname=dragonfly
osvers=6.4-release
archname=x86_64-dragonfly
uname='dragonfly cjg-dragonfly6 6.4-release dragonfly v6.4.2-release #11: fri may 9 14:08:53 edt 2025 root@www.shiningsilence.com:usrobjhomejustinrelease6_4sysx86_64_generic x86_64 '
config_args='-des -Dprefix=/home/cpan/bin/perl -Dscriptdir=/home/cpan/bin/perl/bin -Dusedevel -Duse64bitall'
hint=recommended
useposix=true
d_sigaction=define
useithreads=undef
usemultiplicity=undef
use64bitint=define
use64bitall=define
uselongdouble=undef
usemymalloc=n
default_inc_excludes_dot=define
Compiler:
cc='cc'
ccflags ='-DHAS_FPSETMASK -DHAS_FLOATINGPOINT_H -DNO_POSIX_2008_LOCALE -fwrapv -fno-strict-aliasing -pipe -fstack-protector-strong -I/usr/local/include -D_FORTIFY_SOURCE=2'
optimize='-O2'
cppflags='-DHAS_FPSETMASK -DHAS_FLOATINGPOINT_H -DNO_POSIX_2008_LOCALE -fwrapv -fno-strict-aliasing -pipe -fstack-protector-strong -I/usr/local/include'
ccversion=''
gccversion='8.3 [DragonFly] Release/2019-02-22'
gccosandvers=''
intsize=4
longsize=8
ptrsize=8
doublesize=8
byteorder=12345678
doublekind=3
d_longlong=define
longlongsize=8
d_longdbl=define
longdblsize=16
longdblkind=3
ivtype='long'
ivsize=8
nvtype='double'
nvsize=8
Off_t='off_t'
lseeksize=8
alignbytes=8
prototype=define
Linker and Libraries:
ld='cc'
ldflags ='-Wl,-E -fstack-protector-strong -L/usr/local/lib'
libpth=/usr/lib /usr/local/lib
libs=-lpthread -lgdbm -ldl -lm -lcrypt -lutil -lc
perllibs=-lpthread -ldl -lm -lcrypt -lutil -lc
libc=
so=so
useshrplib=false
libperl=libperl.a
gnulibc_version=''
Dynamic Linking:
dlsrc=dl_dlopen.xs
dlext=so
d_dlsymun=undef
ccdlflags=' '
cccdlflags='-DPIC -fPIC'
lddlflags='-shared -L/usr/local/lib -fstack-protector-strong'
Characteristics of this binary (from libperl):
Compile-time options:
HAS_LONG_DOUBLE
HAS_STRTOLD
HAS_TIMES
PERLIO_LAYERS
PERL_COPY_ON_WRITE
PERL_DONT_CREATE_GVSV
PERL_HASH_FUNC_SIPHASH13
PERL_HASH_USE_SBOX32
PERL_MALLOC_WRAP
PERL_OP_PARENT
PERL_PRESERVE_IVUV
PERL_USE_DEVEL
PERL_USE_SAFE_PUTENV
USE_64_BIT_ALL
USE_64_BIT_INT
USE_LARGE_FILES
USE_LOCALE
USE_LOCALE_COLLATE
USE_LOCALE_CTYPE
USE_LOCALE_NUMERIC
USE_LOCALE_TIME
USE_PERLIO
USE_PERL_ATOF
Built under dragonfly
Compiled at Oct 13 2025 22:19:50
%ENV:
PERL5LIB=""
PERL5OPT=""
PERL5_CPANPLUS_IS_RUNNING="716481"
PERL5_CPAN_IS_RUNNING="716481"
PERL_MM_USE_DEFAULT="1"
PERL_PERTURB_KEYS="0"
PERL_USE_UNSAFE_INC="1"
@INC:
/home/cpan/bin/perl/lib/site_perl/5.43.4/x86_64-dragonfly
/home/cpan/bin/perl/lib/site_perl/5.43.4
/home/cpan/bin/perl/lib/5.43.4/x86_64-dragonfly
/home/cpan/bin/perl/lib/5.43.4
.