Back
From: metabase:user:321e86e2-2aae-11df-837a-5e0a49663a4f
Subject: FAIL Variable-Strongly-Typed-v1.1.0 v5.12.2 GNU/Linux
Date: 2011-01-23T02:57:53Z
This distribution has been tested as part of the CPAN Testers
project, supporting the Perl programming language. See
http://wiki.cpantesters.org/ for more information or email
questions to cpan-testers-discuss@perl.org
--
Dear METZZO,
This is a computer-generated error report created automatically by
CPANPLUS, version 0.9011. Testers personal comments may appear
at the end of this report.
Thank you for uploading your work to CPAN. However, it appears that
there were some problems testing your distribution.
TEST RESULTS:
Below is the error stack from stage 'make test':
[MSG] [Sat Jan 22 19:57:52 2011] Building Class-Std-Utils
[MSG] [Sat Jan 22 19:57:52 2011] Tests skipped
[MSG] [Sat Jan 22 19:57:52 2011] Sending test report for 'Class-Std-Utils-v0.0.3'
[MSG] [Sat Jan 22 19:57:52 2011] Ok, not sending test report
[MSG] [Sat Jan 22 19:57:52 2011] Building Variable-Strongly-Typed
[ERROR] [Sat Jan 22 19:57:53 2011] MAKE TEST failed:
# Testing Variable::Strongly::Typed 1.1.0
t/00.load.t ......... ok
# Testing Variable::Strongly::Typed 1.1.0
Error handler must be a CODE ref! at /home/cpan/perls/perl_5.12.2_default/lib/5.12.2/Attribute/Handlers.pm line 225
# Looks like you planned 19 tests but ran 1.
# Looks like your test exited with 255 just after 1.
t/01.simple.type.t ..
Dubious, test returned 255 (wstat 65280, 0xff00)
Failed 18/19 subtests
# Testing Variable::Strongly::Typed 1.1.0
Error handler must be a CODE ref! at /home/cpan/perls/perl_5.12.2_default/lib/5.12.2/Attribute/Handlers.pm line 225
# Looks like you planned 4 tests but ran 1.
# Looks like your test exited with 255 just after 1.
t/02.my.type.t ......
Dubious, test returned 255 (wstat 65280, 0xff00)
Failed 3/4 subtests
# Testing Variable::Strongly::Typed 1.1.0
Error handler must be a CODE ref! at /home/cpan/perls/perl_5.12.2_default/lib/5.12.2/Attribute/Handlers.pm line 225
# Looks like you planned 9 tests but ran 1.
# Looks like your test exited with 255 just after 1.
t/03.array.type.t ...
Dubious, test returned 255 (wstat 65280, 0xff00)
Failed 8/9 subtests
# Testing Variable::Strongly::Typed 1.1.0
Error handler must be a CODE ref! at /home/cpan/perls/perl_5.12.2_default/lib/5.12.2/Attribute/Handlers.pm line 225
# Looks like you planned 8 tests but ran 1.
# Looks like your test exited with 255 just after 1.
t/04.hash.type.t ....
Dubious, test returned 255 (wstat 65280, 0xff00)
Failed 7/8 subtests
# Testing Variable::Strongly::Typed 1.1.0
Error handler must be a CODE ref! at /home/cpan/perls/perl_5.12.2_default/lib/5.12.2/Attribute/Handlers.pm line 225
# Looks like you planned 3 tests but ran 1.
# Looks like your test exited with 255 just after 1.
t/05.no.type.t ......
Dubious, test returned 255 (wstat 65280, 0xff00)
Failed 2/3 subtests
Error handler must be a CODE ref! at /home/cpan/perls/perl_5.12.2_default/lib/5.12.2/Attribute/Handlers.pm line 225
CHECK failed--call queue aborted.
# Looks like you planned 4 tests but ran 1.
# Looks like your test exited with 255 just after 1.
t/06.code.t .........
Dubious, test returned 255 (wstat 65280, 0xff00)
Failed 3/4 subtests
t/pod-coverage.t .... skipped: Test::Pod::Coverage 1.04 required for testing POD coverage
t/pod.t ............. skipped: Test::Pod 1.14 required for testing POD
Test Summary Report
-------------------
t/01.simple.type.t (Wstat: 65280 Tests: 1 Failed: 0)
Non-zero exit status: 255
Parse errors: Bad plan. You planned 19 tests but ran 1.
t/02.my.type.t (Wstat: 65280 Tests: 1 Failed: 0)
Non-zero exit status: 255
Parse errors: Bad plan. You planned 4 tests but ran 1.
t/03.array.type.t (Wstat: 65280 Tests: 1 Failed: 0)
Non-zero exit status: 255
Parse errors: Bad plan. You planned 9 tests but ran 1.
t/04.hash.type.t (Wstat: 65280 Tests: 1 Failed: 0)
Non-zero exit status: 255
Parse errors: Bad plan. You planned 8 tests but ran 1.
t/05.no.type.t (Wstat: 65280 Tests: 1 Failed: 0)
Non-zero exit status: 255
Parse errors: Bad plan. You planned 3 tests but ran 1.
t/06.code.t (Wstat: 65280 Tests: 1 Failed: 0)
Non-zero exit status: 255
Parse errors: Bad plan. You planned 4 tests but ran 1.
Files=9, Tests=7, 1 wallclock secs ( 0.00 usr 0.07 sys + 0.11 cusr 0.15 csys = 0.33 CPU)
Result: FAIL
Failed 6/9 test programs. 0/7 subtests failed.
BEGIN failed--compilation aborted at /home/cpan/perls/perl_5.12.2_default/bin/cpanp-run-perl line 8.
[MSG] [Sat Jan 22 19:57:53 2011] DEFAULT 'proceed_on_test_failure' HANDLER RETURNING 'sub return value'
PREREQUISITES:
Here is a list of prerequisites you specified and versions we
managed to load:
Module Name Have Want
Attribute::Handlers 0.87 0
Class::Std::Utils 0.0.3 0
IO::File 1.14 0
Test::More 0.96 0
Tie::Array 1.03 0
Tie::Hash 1.03 0
Tie::Scalar 1.02 0
version 0.88 0
Perl module toolchain versions installed:
Module Name Have
CPANPLUS 0.9011
CPANPLUS::Dist::Build 0.52
Cwd 3.33
ExtUtils::CBuilder 0.2802
ExtUtils::Command 1.16
ExtUtils::Install 1.55
ExtUtils::MakeMaker 6.56
ExtUtils::Manifest 1.58
ExtUtils::ParseXS 2.2206
File::Spec 3.33
Module::Build 0.3607
Test::Harness 3.22
Test::More 0.96
version 0.88
******************************** NOTE ********************************
The comments above are created mechanically, possibly without manual
checking by the sender. As there are many people performing automatic
tests on each upload to CPAN, it is likely that you will receive
identical messages about the same problem.
If you believe that the message is mistaken, please reply to the first
one with correction and/or additional informations, and do not take
it personally. We appreciate your patience. :)
**********************************************************************
Additional comments:
This report was machine-generated by CPANPLUS::Dist::YACSmoke 0.62.
------------------------------
ENVIRONMENT AND OTHER CONTEXT
------------------------------
Environment variables:
AUTOMATED_TESTING = 1
LANG = en_US.UTF-8
PATH = /usr/local/sbin:/usr/local/bin:/usr/sbin:/usr/bin:/sbin:/bin:/usr/games
PERL5LIB = :/home/cpan/cpanp_conf/perl_5.12.2_default/.cpanplus/5.12.2/build/Class-Std-Utils-v0.0.3/blib/lib:/home/cpan/cpanp_conf/perl_5.12.2_default/.cpanplus/5.12.2/build/Class-Std-Utils-v0.0.3/blib/arch:/home/cpan/cpanp_conf/perl_5.12.2_default/.cpanplus/5.12.2/build/Variable-Strongly-Typed-v1.1.0/blib/lib:/home/cpan/cpanp_conf/perl_5.12.2_default/.cpanplus/5.12.2/build/Variable-Strongly-Typed-v1.1.0/blib/arch
PERL5_CPANIDX_URL = http://192.168.0.200:11110/CPANIDX/
PERL5_CPANPLUS_IS_RUNNING = 7158
PERL5_CPANPLUS_IS_VERSION = 0.9011
PERL5_YACSMOKE_BASE = /home/cpan/cpanp_conf/perl_5.12.2_default
PERL_CPANSMOKER_HOST = perl_5.12.2_default / Ubuntu 10.10 server 32bit (192.168.0.201)
PERL_EXTUTILS_AUTOINSTALL = --defaultdeps
PERL_MM_USE_DEFAULT = 1
SHELL = /bin/bash
TERM = xterm
Perl special variables (and OS-specific diagnostics, for MSWin32):
Perl: $^X = /home/cpan/perls/perl_5.12.2_default/bin/perl
UID: $< = 1001
EUID: $> = 1001
GID: $( = 1002 1002
EGID: $) = 1002 1002
-------------------------------
--
Summary of my perl5 (revision 5 version 12 subversion 2) configuration:
Platform:
osname=linux, osvers=2.6.35-22-generic-pae, archname=i686-linux
uname='linux ubuntu32 2.6.35-22-generic-pae #35-ubuntu smp sat oct 16 22:16:51 utc 2010 i686 gnulinux '
config_args='-des -Dprefix=/home/cpan/perls/perl_5.12.2_default'
hint=recommended, useposix=true, d_sigaction=define
useithreads=undef, usemultiplicity=undef
useperlio=define, d_sfio=undef, uselargefiles=define, usesocks=undef
use64bitint=undef, use64bitall=undef, uselongdouble=undef
usemymalloc=n, bincompat5005=undef
Compiler:
cc='cc', ccflags ='-fno-strict-aliasing -pipe -fstack-protector -I/usr/local/include -D_LARGEFILE_SOURCE -D_FILE_OFFSET_BITS=64',
optimize='-O2',
cppflags='-fno-strict-aliasing -pipe -fstack-protector -I/usr/local/include'
ccversion='', gccversion='4.4.5', gccosandvers=''
intsize=4, longsize=4, ptrsize=4, doublesize=8, byteorder=1234
d_longlong=define, longlongsize=8, d_longdbl=define, longdblsize=12
ivtype='long', ivsize=4, nvtype='double', nvsize=8, Off_t='off_t', lseeksize=8
alignbytes=4, prototype=define
Linker and Libraries:
ld='cc', ldflags =' -fstack-protector -L/usr/local/lib'
libpth=/usr/local/lib /lib /usr/lib /usr/lib64
libs=-lnsl -ldl -lm -lcrypt -lutil -lc
perllibs=-lnsl -ldl -lm -lcrypt -lutil -lc
libc=/lib/libc-2.12.1.so, so=so, useshrplib=false, libperl=libperl.a
gnulibc_version='2.12.1'
Dynamic Linking:
dlsrc=dl_dlopen.xs, dlext=so, d_dlsymun=undef, ccdlflags='-Wl,-E'
cccdlflags='-fPIC', lddlflags='-shared -O2 -L/usr/local/lib -fstack-protector'
Characteristics of this binary (from libperl):
Compile-time options: PERL_DONT_CREATE_GVSV PERL_MALLOC_WRAP
USE_LARGE_FILES USE_PERLIO USE_PERL_ATOF
Built under linux
Compiled at Jan 18 2011 13:33:18
%ENV:
PERL5LIB=":/home/cpan/cpanp_conf/perl_5.12.2_default/.cpanplus/5.12.2/build/Class-Std-Utils-v0.0.3/blib/lib:/home/cpan/cpanp_conf/perl_5.12.2_default/.cpanplus/5.12.2/build/Class-Std-Utils-v0.0.3/blib/arch:/home/cpan/cpanp_conf/perl_5.12.2_default/.cpanplus/5.12.2/build/Variable-Strongly-Typed-v1.1.0/blib/lib:/home/cpan/cpanp_conf/perl_5.12.2_default/.cpanplus/5.12.2/build/Variable-Strongly-Typed-v1.1.0/blib/arch"
PERL5_CPANIDX_URL="http://192.168.0.200:11110/CPANIDX/"
PERL5_CPANPLUS_IS_RUNNING="7158"
PERL5_CPANPLUS_IS_VERSION="0.9011"
PERL5_YACSMOKE_BASE="/home/cpan/cpanp_conf/perl_5.12.2_default"
PERL_CPANSMOKER_HOST="perl_5.12.2_default / Ubuntu 10.10 server 32bit (192.168.0.201)"
PERL_EXTUTILS_AUTOINSTALL="--defaultdeps"
PERL_MM_USE_DEFAULT="1"
@INC:
/home/cpan/cpanp_conf/perl_5.12.2_default/.cpanplus/5.12.2/build/Class-Std-Utils-v0.0.3/blib/lib
/home/cpan/cpanp_conf/perl_5.12.2_default/.cpanplus/5.12.2/build/Class-Std-Utils-v0.0.3/blib/arch
/home/cpan/cpanp_conf/perl_5.12.2_default/.cpanplus/5.12.2/build/Variable-Strongly-Typed-v1.1.0/blib/lib
/home/cpan/cpanp_conf/perl_5.12.2_default/.cpanplus/5.12.2/build/Variable-Strongly-Typed-v1.1.0/blib/arch
/home/cpan/perls/perl_5.12.2_default/lib/site_perl/5.12.2/i686-linux
/home/cpan/perls/perl_5.12.2_default/lib/site_perl/5.12.2
/home/cpan/perls/perl_5.12.2_default/lib/5.12.2/i686-linux
/home/cpan/perls/perl_5.12.2_default/lib/5.12.2
.