Report for Parse-Perl-0.007

Back
From: metabase:user:320bfe00-2aae-11df-837a-5e0a49663a4f
Subject: FAIL Parse-Perl-0.007 v5.19.2 GNU/Linux
Date: 2013-07-20T23:17:39Z

This distribution has been tested as part of the CPAN Testers
project, supporting the Perl programming language.  See
http://wiki.cpantesters.org/ for more information or email
questions to cpan-testers-discuss@perl.org


--
Dear Andrew Main (Zefram),

This is a computer-generated report for Parse-Perl-0.007
on perl 5.19.2, created by CPAN-Reporter-1.2010.

Thank you for uploading your work to CPAN.  However, there was a problem
testing your distribution.

If you think this report is invalid, please consult the CPAN Testers Wiki
for suggestions on how to avoid getting FAIL reports for missing library
or binary dependencies, unsupported operating systems, and so on:

http://wiki.cpantesters.org/wiki/CPANAuthorNotes

Sections of this report:

    * Tester comments
    * Program output
    * Prerequisites
    * Environment and other context

------------------------------
TESTER COMMENTS
------------------------------

Additional comments from tester:

this report is from an automated smoke testing program
and was not reviewed by a human for accuracy

------------------------------
PROGRAM OUTPUT
------------------------------

Output from './Build test':

t/args.t .......... 
Failed 24/25 subtests 
t/context.t ....... 
Failed 18/19 subtests 
t/curcop.t ........ 
Failed 1/2 subtests 
t/develdeclare.t .. 
Failed 2/2 subtests 
t/error.t ......... 
Failed 22/23 subtests 
t/except.t ........ 
Failed 5/6 subtests 
t/lex_arybase.t ... 
Failed 12/13 subtests 
t/lex_hinthash.t .. 
Failed 18/19 subtests 
t/lex_package.t ... 
Failed 18/19 subtests 
t/lex_strict.t .... 
Failed 14/15 subtests 
t/lex_variable.t .. 
Failed 133/134 subtests 
t/lex_warnings.t .. 
Failed 46/47 subtests 
t/leximport.t ..... skipped: Lexical::Import unavailable
t/magicblock.t .... 
Failed 4/5 subtests 
t/name.t .......... 
Failed 2/3 subtests 
t/nest_capture.t .. 
Failed 6/7 subtests 
t/nest_sub.t ...... 
Failed 11/12 subtests 
t/phase.t ......... 
Failed 9/10 subtests 
t/pod_cvg.t ....... ok
t/pod_syn.t ....... ok
t/return.t ........ 
Failed 4/5 subtests 
t/stub.t .......... 
Failed 6/7 subtests 

Test Summary Report
-------------------
t/args.t        (Wstat: 139 Tests: 1 Failed: 0)
  Non-zero wait status: 139
  Parse errors: Bad plan.  You planned 25 tests but ran 1.
t/context.t     (Wstat: 139 Tests: 1 Failed: 0)
  Non-zero wait status: 139
  Parse errors: Bad plan.  You planned 19 tests but ran 1.
t/curcop.t      (Wstat: 139 Tests: 1 Failed: 0)
  Non-zero wait status: 139
  Parse errors: Bad plan.  You planned 2 tests but ran 1.
t/develdeclare.t (Wstat: 139 Tests: 0 Failed: 0)
  Non-zero wait status: 139
  Parse errors: Bad plan.  You planned 2 tests but ran 0.
t/error.t       (Wstat: 139 Tests: 1 Failed: 0)
  Non-zero wait status: 139
  Parse errors: Bad plan.  You planned 23 tests but ran 1.
t/except.t      (Wstat: 139 Tests: 1 Failed: 0)
  Non-zero wait status: 139
  Parse errors: Bad plan.  You planned 6 tests but ran 1.
t/lex_arybase.t (Wstat: 139 Tests: 1 Failed: 0)
  Non-zero wait status: 139
  Parse errors: Bad plan.  You planned 13 tests but ran 1.
t/lex_hinthash.t (Wstat: 139 Tests: 1 Failed: 0)
  Non-zero wait status: 139
  Parse errors: Bad plan.  You planned 19 tests but ran 1.
t/lex_package.t (Wstat: 139 Tests: 1 Failed: 0)
  Non-zero wait status: 139
  Parse errors: Bad plan.  You planned 19 tests but ran 1.
t/lex_strict.t  (Wstat: 139 Tests: 1 Failed: 0)
  Non-zero wait status: 139
  Parse errors: Bad plan.  You planned 15 tests but ran 1.
t/lex_variable.t (Wstat: 139 Tests: 1 Failed: 0)
  Non-zero wait status: 139
  Parse errors: Bad plan.  You planned 134 tests but ran 1.
t/lex_warnings.t (Wstat: 139 Tests: 1 Failed: 0)
  Non-zero wait status: 139
  Parse errors: Bad plan.  You planned 47 tests but ran 1.
t/magicblock.t  (Wstat: 139 Tests: 1 Failed: 0)
  Non-zero wait status: 139
  Parse errors: Bad plan.  You planned 5 tests but ran 1.
t/name.t        (Wstat: 139 Tests: 1 Failed: 0)
  Non-zero wait status: 139
  Parse errors: Bad plan.  You planned 3 tests but ran 1.
t/nest_capture.t (Wstat: 139 Tests: 1 Failed: 0)
  Non-zero wait status: 139
  Parse errors: Bad plan.  You planned 7 tests but ran 1.
t/nest_sub.t    (Wstat: 139 Tests: 1 Failed: 0)
  Non-zero wait status: 139
  Parse errors: Bad plan.  You planned 12 tests but ran 1.
t/phase.t       (Wstat: 139 Tests: 1 Failed: 0)
  Non-zero wait status: 139
  Parse errors: Bad plan.  You planned 10 tests but ran 1.
t/return.t      (Wstat: 139 Tests: 1 Failed: 0)
  Non-zero wait status: 139
  Parse errors: Bad plan.  You planned 5 tests but ran 1.
t/stub.t        (Wstat: 139 Tests: 1 Failed: 0)
  Non-zero wait status: 139
  Parse errors: Bad plan.  You planned 7 tests but ran 1.
Files=22, Tests=22,  1 wallclock secs ( 0.07 usr  0.01 sys +  0.35 cusr  0.06 csys =  0.49 CPU)
Result: FAIL
Failed 19/22 test programs. 0/22 subtests failed.

------------------------------
PREREQUISITES
------------------------------

Prerequisite modules loaded:

requires:

    Module             Need     Have    
    ------------------ -------- --------
    Devel::CallChecker 0.003    0.005   
    Exporter           0        5.68    
    parent             0        0.225   
    perl               5.008004 5.019002
    strict             0        1.08    
    warnings           0        1.18    
    XSLoader           0        0.16    

build_requires:

    Module             Need     Have    
    ------------------ -------- --------
    Devel::CallChecker 0.003    0.005   
    ExtUtils::CBuilder 0.15     0.280210
    Module::Build      0        0.4007  
    perl               5.008004 5.019002
    strict             0        1.08    
    Test::More         0        0.98    
    warnings           0        1.18    

configure_requires:

    Module             Need     Have    
    ------------------ -------- --------
    Module::Build      0        0.4007  
    perl               5.008004 5.019002
    strict             0        1.08    
    warnings           0        1.18    


------------------------------
ENVIRONMENT AND OTHER CONTEXT
------------------------------

Environment variables:

    AUTOMATED_TESTING = 1
    LANG = en_US.UTF-8
    LANGUAGE = en_US:en
    PATH = /usr/lib/ccache:/home/sand/bin:/usr/local/bin:/usr/bin:/bin:/usr/bin/X11:/usr/games:/usr/local/perl/bin:/usr/X11/bin:/sbin:/usr/sbin
    PERL5LIB = /tmp/loop_over_bdir-12406-fsnd2o/Helios-2.60-48rP2D/blib/arch:/tmp/loop_over_bdir-12406-fsnd2o/Helios-2.60-48rP2D/blib/lib:/tmp/loop_over_bdir-12406-fsnd2o/Encode-IBM-0.11-mbOVRS/blib/arch:/tmp/loop_over_bdir-12406-fsnd2o/Encode-IBM-0.11-mbOVRS/blib/lib
    PERL5OPT = 
    PERL5_CPANPLUS_IS_RUNNING = 6865
    PERL5_CPAN_IS_RUNNING = 6865
    PERL_MM_USE_DEFAULT = 1
    SHELL = /usr/bin/zsh
    TERM = screen

Perl special variables (and OS-specific diagnostics, for MSWin32):

    $^X = /tmp/basesmoker-reloperl-L4Eb/bin/perl
    $UID/$EUID = 1005 / 1005
    $GID = 1005 1005
    $EGID = 1005 1005

Perl module toolchain versions installed:

    Module              Have    
    ------------------- --------
    CPAN                2.00    
    CPAN::Meta          2.131560
    Cwd                 3.41    
    ExtUtils::CBuilder  0.280210
    ExtUtils::Command   1.17    
    ExtUtils::Install   1.60    
    ExtUtils::MakeMaker 6.68    
    ExtUtils::Manifest  1.63    
    ExtUtils::ParseXS   3.21    
    File::Spec          3.41    
    JSON                2.59    
    JSON::PP            2.27202 
    Module::Build       0.4007  
    Module::Signature   0.73    
    Parse::CPAN::Meta   1.4405  
    Test::Harness       3.28    
    Test::More          0.98    
    YAML                0.84    
    YAML::Syck          1.27    
    version             0.9902  


--

Summary of my perl5 (revision 5 version 19 subversion 2) configuration:
  Commit id: be456e362b6aa97144209dad66d321b296b7e2c8
  Platform:
    osname=linux, osvers=3.9-1-amd64, archname=x86_64-linux-ld
    uname='linux k83 3.9-1-amd64 #1 smp debian 3.9.8-1 x86_64 gnulinux '
    config_args='-Dprefix=/home/sand/src/perl/repoperls/installed-perls/perl/v5.19.1-504-gbe456e3/127e -Dmyhostname=k83 -Dinstallusrbinperl=n -Uversiononly -Dusedevel -des -Ui_db -Uuseithreads -Duselongdouble -DDEBUGGING=-g'
    hint=recommended, useposix=true, d_sigaction=define
    useithreads=undef, usemultiplicity=undef
    useperlio=define, d_sfio=undef, uselargefiles=define, usesocks=undef
    use64bitint=define, use64bitall=define, uselongdouble=define
    usemymalloc=n, bincompat5005=undef
  Compiler:
    cc='cc', ccflags ='-fno-strict-aliasing -pipe -fstack-protector -I/usr/local/include -D_LARGEFILE_SOURCE -D_FILE_OFFSET_BITS=64',
    optimize='-O2 -g',
    cppflags='-fno-strict-aliasing -pipe -fstack-protector -I/usr/local/include'
    ccversion='', gccversion='4.8.1', gccosandvers=''
    intsize=4, longsize=8, ptrsize=8, doublesize=8, byteorder=12345678
    d_longlong=define, longlongsize=8, d_longdbl=define, longdblsize=16
    ivtype='long', ivsize=8, nvtype='long double', nvsize=16, Off_t='off_t', lseeksize=8
    alignbytes=16, prototype=define
  Linker and Libraries:
    ld='cc', ldflags =' -fstack-protector -L/usr/local/lib'
    libpth=/usr/local/lib /lib/x86_64-linux-gnu /lib/../lib /usr/lib/x86_64-linux-gnu /usr/lib/../lib /lib /usr/lib
    libs=-lnsl -lgdbm -ldb -ldl -lm -lcrypt -lutil -lc -lgdbm_compat
    perllibs=-lnsl -ldl -lm -lcrypt -lutil -lc
    libc=, so=so, useshrplib=false, libperl=libperl.a
    gnulibc_version='2.17'
  Dynamic Linking:
    dlsrc=dl_dlopen.xs, dlext=so, d_dlsymun=undef, ccdlflags='-Wl,-E'
    cccdlflags='-fPIC', lddlflags='-shared -O2 -g -L/usr/local/lib -fstack-protector'


Characteristics of this binary (from libperl): 
  Compile-time options: HAS_TIMES PERLIO_LAYERS PERL_DONT_CREATE_GVSV
                        PERL_HASH_FUNC_ONE_AT_A_TIME_HARD PERL_MALLOC_WRAP
                        PERL_NEW_COPY_ON_WRITE PERL_PRESERVE_IVUV
                        PERL_USE_DEVEL USE_64_BIT_ALL USE_64_BIT_INT
                        USE_LARGE_FILES USE_LOCALE USE_LOCALE_COLLATE
                        USE_LOCALE_CTYPE USE_LOCALE_NUMERIC USE_LONG_DOUBLE
                        USE_PERLIO USE_PERL_ATOF
  Built under linux
  Compiled at Jul 20 2013 03:30:58
  %ENV:
    PERL5LIB="/tmp/loop_over_bdir-12406-fsnd2o/Helios-2.60-48rP2D/blib/arch:/tmp/loop_over_bdir-12406-fsnd2o/Helios-2.60-48rP2D/blib/lib:/tmp/loop_over_bdir-12406-fsnd2o/Encode-IBM-0.11-mbOVRS/blib/arch:/tmp/loop_over_bdir-12406-fsnd2o/Encode-IBM-0.11-mbOVRS/blib/lib"
    PERL5OPT=""
    PERL5_CPANPLUS_IS_RUNNING="6865"
    PERL5_CPAN_IS_RUNNING="6865"
    PERL_MM_USE_DEFAULT="1"
  @INC:
    /tmp/loop_over_bdir-12406-fsnd2o/Helios-2.60-48rP2D/blib/arch
    /tmp/loop_over_bdir-12406-fsnd2o/Helios-2.60-48rP2D/blib/lib
    /tmp/loop_over_bdir-12406-fsnd2o/Encode-IBM-0.11-mbOVRS/blib/arch
    /tmp/loop_over_bdir-12406-fsnd2o/Encode-IBM-0.11-mbOVRS/blib/lib
    /home/sand/src/perl/repoperls/installed-perls/perl/v5.19.1-504-gbe456e3/127e/lib/site_perl/5.19.2/x86_64-linux-ld
    /home/sand/src/perl/repoperls/installed-perls/perl/v5.19.1-504-gbe456e3/127e/lib/site_perl/5.19.2
    /home/sand/src/perl/repoperls/installed-perls/perl/v5.19.1-504-gbe456e3/127e/lib/5.19.2/x86_64-linux-ld
    /home/sand/src/perl/repoperls/installed-perls/perl/v5.19.1-504-gbe456e3/127e/lib/5.19.2
    .