Crypt-SSLeay v0.72 Perl 5 v5.8.8 OpenBSD.amd64-openbsd

Status
Fail
From
Nigel Horne
Dist
Crypt-SSLeay v0.72
Platform
Perl 5 v5.8.8 OpenBSD.amd64-openbsd
Date
2023-11-18 20:18:00
ID
91dc94d2-864f-11ee-968a-5535ec80534e
This distribution has been tested as part of the CPAN Testers
project, supporting the Perl programming language.  See
http://wiki.cpantesters.org/ for more information or email
questions to cpan-testers-discuss@perl.org


--
Dear A. Sinan Unur,

This is a computer-generated report for Crypt-SSLeay-0.72
on perl 5.8.8, created by CPAN-Reporter-1.2019.

Thank you for uploading your work to CPAN.  However, there was a problem
testing your distribution.

If you think this report is invalid, please consult the CPAN Testers Wiki
for suggestions on how to avoid getting FAIL reports for missing library
or binary dependencies, unsupported operating systems, and so on:

http://wiki.cpantesters.org/wiki/CPANAuthorNotes

Sections of this report:

    * Tester comments
    * Program output
    * Prerequisites
    * Environment and other context

------------------------------
TESTER COMMENTS
------------------------------

Additional comments from tester:

none provided

------------------------------
PROGRAM OUTPUT
------------------------------

Output from '/usr/bin/make test':

"/home/njh/perl5/perlbrew/perls/perl-5.8.8/bin/perl" -MExtUtils::Command::MM -e 'cp_nonempty' -- SSLeay.bs blib/arch/auto/Crypt/SSLeay/SSLeay.bs 644
PERL_DL_NONLAZY=1 "/home/njh/perl5/perlbrew/perls/perl-5.8.8/bin/perl" "-MExtUtils::Command::MM" "-MTest::Harness" "-e" "undef *Test::Harness::Switches; test_harness(0, 'blib/lib', 'blib/arch')" t/*.t
t/00-basic.t ..... ok
t/01-connect.t ... ok
# Reading configuration from 'test.config' on openbsd
# network_tests : 0
t/02-live.t ...... skipped: Network tests disabled

#   Failed test 'openssl_version return value looks valid'
#   at t/03-version.t line 64.
#                   'LibreSSL 3.7.2'
#     doesn't match '(?-xism:\AOpenSSL)'
# Looks like you failed 1 test of 12.
t/03-version.t ... 
Dubious, test returned 1 (wstat 256, 0x100)
Failed 1/12 subtests 
t/boilerplate.t .. ok
t/manifest.t ..... skipped: Author tests not required for installation

Test Summary Report
-------------------
t/03-version.t (Wstat: 256 Tests: 12 Failed: 1)
  Failed test:  10
  Non-zero exit status: 1
Files=6, Tests=43,  1 wallclock secs ( 0.02 usr  0.03 sys +  0.62 cusr  0.09 csys =  0.76 CPU)
Result: FAIL
Failed 1/6 test programs. 1/43 subtests failed.
*** Error 255 in /home/njh/.cpan/build/Crypt-SSLeay-0.72-1 (Makefile:1062 'test_dynamic')

------------------------------
PREREQUISITES
------------------------------

Prerequisite modules loaded:

requires:

    Module               Need     Have    
    -------------------- -------- --------
    LWP::Protocol::https 6.02     6.11    
    MIME::Base64         0        3.07    
    perl                 5.006    5.008008

build_requires:

    Module               Need     Have    
    -------------------- -------- --------
    ExtUtils::MakeMaker  0        7.62    
    Test::More           0.19     1.302188
    Try::Tiny            0.19     0.30    

configure_requires:

    Module               Need     Have    
    -------------------- -------- --------
    ExtUtils::CBuilder   0.280205 0.280236
    Getopt::Long         0        2.52    
    Path::Class          0.26     0.37    
    Try::Tiny            0.19     0.30    


------------------------------
ENVIRONMENT AND OTHER CONTEXT
------------------------------

Environment variables:

    PATH = /home/njh/perl5/perlbrew/bin:/home/njh/perl5/perlbrew/perls/perl-5.8.8/bin:/home/njh/bin:/bin:/usr/bin:/usr/local/bin
    PERL5LIB = 
    PERL5OPT = 
    PERL5_CPANPLUS_IS_RUNNING = 38126
    PERL5_CPAN_IS_RUNNING = 38126
    PERLBREW_HOME = /home/njh/.perlbrew
    PERLBREW_MANPATH = /home/njh/perl5/perlbrew/perls/perl-5.8.8/man
    PERLBREW_PATH = /home/njh/perl5/perlbrew/bin:/home/njh/perl5/perlbrew/perls/perl-5.8.8/bin
    PERLBREW_PERL = perl-5.8.8
    PERLBREW_ROOT = /home/njh/perl5/perlbrew
    PERLBREW_SHELLRC_VERSION = 0.98
    PERLBREW_VERSION = 0.98
    PERL_USE_UNSAFE_INC = 1
    SHELL = /bin/bash
    TERM = xterm-256color
    TMPDIR = /tmp

Perl special variables (and OS-specific diagnostics, for MSWin32):

    $^X = /home/njh/perl5/perlbrew/perls/perl-5.8.8/bin/perl
    $UID/$EUID = 1000 / 1000
    $GID = 1000 0 1000
    $EGID = 1000 0 1000

Perl module toolchain versions installed:

    Module              Have    
    ------------------- --------
    CPAN                2.28    
    CPAN::Meta          2.143240
    Cwd                 3.75    
    ExtUtils::CBuilder  0.280236
    ExtUtils::Command   7.62    
    ExtUtils::Install   2.20    
    ExtUtils::MakeMaker 7.62    
    ExtUtils::Manifest  1.70    
    ExtUtils::ParseXS   3.35    
    File::Spec          3.75    
    JSON                4.03    
    JSON::PP            4.06    
    Module::Build       0.4231  
    Module::Signature   n/a     
    Parse::CPAN::Meta   1.4414  
    Test2               1.302188
    Test::Harness       3.42    
    Test::More          1.302188
    YAML                1.30    
    YAML::Syck          1.34    
    version             0.9929  


--

Summary of my perl5 (revision 5 version 8 subversion 8) configuration:
  Platform:
    osname=openbsd, osvers=6.9, archname=OpenBSD.amd64-openbsd
    uname='openbsd njh2.bandsman.co.uk 6.9 generic.mp#4 amd64 '
    config_args='-de -Dprefix=/home/njh/perl5/perlbrew/perls/perl-5.8.8 -Aeval:scriptdir=/home/njh/perl5/perlbrew/perls/perl-5.8.8/bin'
    hint=recommended, useposix=true, d_sigaction=define
    usethreads=undef use5005threads=undef useithreads=undef usemultiplicity=undef
    useperlio=define d_sfio=undef uselargefiles=define usesocks=undef
    use64bitint=define use64bitall=define uselongdouble=undef
    usemymalloc=n, bincompat5005=undef
  Compiler:
    cc='cc', ccflags ='-fno-strict-aliasing -pipe -Wdeclaration-after-statement -I/usr/local/include',
    optimize='-O2',
    cppflags='-fno-strict-aliasing -pipe -Wdeclaration-after-statement -I/usr/local/include'
    ccversion='', gccversion='OpenBSD Clang 10.0.1 ', gccosandvers=''
    intsize=4, longsize=8, ptrsize=8, doublesize=8, byteorder=12345678
    d_longlong=define, longlongsize=8, d_longdbl=define, longdblsize=16
    ivtype='long', ivsize=8, nvtype='double', nvsize=8, Off_t='off_t', lseeksize=8
    alignbytes=8, prototype=define
  Linker and Libraries:
    ld='cc', ldflags ='-Wl,-E  -L/usr/local/lib'
    libpth=/usr/local/lib /usr/lib
    libs=-lm -lutil -lc
    perllibs=-lm -lutil -lc
    libc=/usr/lib/libc.so.96.0, so=so, useshrplib=false, libperl=libperl.a
    gnulibc_version=''
  Dynamic Linking:
    dlsrc=dl_dlopen.xs, dlext=so, d_dlsymun=undef, ccdlflags=' '
    cccdlflags='-DPIC -fPIC ', lddlflags='-shared -fPIC  -L/usr/local/lib'


Characteristics of this binary (from libperl): 
  Compile-time options: PERL_MALLOC_WRAP USE_64_BIT_ALL USE_64_BIT_INT
                        USE_LARGE_FILES USE_PERLIO
  Locally applied patches:
	Devel::PatchPerl 2.08
  Built under openbsd
  Compiled at Oct 21 2021 01:06:45
  %ENV:
    PERL5LIB=""
    PERL5OPT=""
    PERL5_CPANPLUS_IS_RUNNING="38126"
    PERL5_CPAN_IS_RUNNING="38126"
    PERLBREW_HOME="/home/njh/.perlbrew"
    PERLBREW_MANPATH="/home/njh/perl5/perlbrew/perls/perl-5.8.8/man"
    PERLBREW_PATH="/home/njh/perl5/perlbrew/bin:/home/njh/perl5/perlbrew/perls/perl-5.8.8/bin"
    PERLBREW_PERL="perl-5.8.8"
    PERLBREW_ROOT="/home/njh/perl5/perlbrew"
    PERLBREW_SHELLRC_VERSION="0.98"
    PERLBREW_VERSION="0.98"
    PERL_USE_UNSAFE_INC="1"
  @INC:
    /home/njh/perl5/perlbrew/perls/perl-5.8.8/lib/5.8.8/OpenBSD.amd64-openbsd
    /home/njh/perl5/perlbrew/perls/perl-5.8.8/lib/5.8.8
    /home/njh/perl5/perlbrew/perls/perl-5.8.8/lib/site_perl/5.8.8/OpenBSD.amd64-openbsd
    /home/njh/perl5/perlbrew/perls/perl-5.8.8/lib/site_perl/5.8.8
    /home/njh/perl5/perlbrew/perls/perl-5.8.8/lib/site_perl
    .