Text-Util-Chinese v0.06 Perl 5 v5.12.5 amd64-netbsd-thread-multi
- Status
- Na
- From
- Chris Williams (BINGOS)
- Dist
-
Text-Util-Chinese v0.06
- Platform
- Perl 5 v5.12.5 amd64-netbsd-thread-multi
- Date
- 2019-07-01 01:07:17
- ID
- 91acac74-9b9c-11e9-9ccb-b1ae95f66eb9
This distribution has been tested as part of the CPAN Testers
project, supporting the Perl programming language. See
http://wiki.cpantesters.org/ for more information or email
questions to cpan-testers-discuss@perl.org
--
Dear GUGOD,
This is a computer-generated error report created automatically by
CPANPLUS, version 0.9176. Testers personal comments may appear
at the end of this report.
Thank you for uploading your work to CPAN. However, it appears that
there were some problems testing your distribution.
TEST RESULTS:
Below is the error stack from stage 'make test':
Bareword found where operator expected at /home/cpan/pit/thr/conf/perl-5.12.5/.cpanplus/5.12.5/build/FAI8QSn4YQ/Text-Util-Chinese-0.06/blib/lib/Text/Util/Chinese.pm line 169, near "/\A\s*\z/u"
(Missing operator before u?)
syntax error at /home/cpan/pit/thr/conf/perl-5.12.5/.cpanplus/5.12.5/build/FAI8QSn4YQ/Text-Util-Chinese-0.06/blib/lib/Text/Util/Chinese.pm line 169, near "/\A\s*\z/u "
Compilation failed in require at t/extract-presuf.t line 4.
BEGIN failed--compilation aborted at t/extract-presuf.t line 4.
t/extract-presuf.t ......
Dubious, test returned 2 (wstat 512, 0x200)
No subtests run
Bareword found where operator expected at /home/cpan/pit/thr/conf/perl-5.12.5/.cpanplus/5.12.5/build/FAI8QSn4YQ/Text-Util-Chinese-0.06/blib/lib/Text/Util/Chinese.pm line 169, near "/\A\s*\z/u"
(Missing operator before u?)
syntax error at /home/cpan/pit/thr/conf/perl-5.12.5/.cpanplus/5.12.5/build/FAI8QSn4YQ/Text-Util-Chinese-0.06/blib/lib/Text/Util/Chinese.pm line 169, near "/\A\s*\z/u "
Compilation failed in require at t/extract-words.t line 2.
BEGIN failed--compilation aborted at t/extract-words.t line 2.
t/extract-words.t .......
Dubious, test returned 2 (wstat 512, 0x200)
No subtests run
Perl v5.18.0 required--this is only v5.12.5, stopped at t/grep_iterator.t line 1.
BEGIN failed--compilation aborted at t/grep_iterator.t line 1.
t/grep_iterator.t .......
Dubious, test returned 255 (wstat 65280, 0xff00)
No subtests run
Bareword found where operator expected at /home/cpan/pit/thr/conf/perl-5.12.5/.cpanplus/5.12.5/build/FAI8QSn4YQ/Text-Util-Chinese-0.06/blib/lib/Text/Util/Chinese.pm line 169, near "/\A\s*\z/u"
(Missing operator before u?)
syntax error at /home/cpan/pit/thr/conf/perl-5.12.5/.cpanplus/5.12.5/build/FAI8QSn4YQ/Text-Util-Chinese-0.06/blib/lib/Text/Util/Chinese.pm line 169, near "/\A\s*\z/u "
Compilation failed in require at t/phrase_iterator.t line 5.
BEGIN failed--compilation aborted at t/phrase_iterator.t line 5.
t/phrase_iterator.t .....
Dubious, test returned 2 (wstat 512, 0x200)
No subtests run
Bareword found where operator expected at /home/cpan/pit/thr/conf/perl-5.12.5/.cpanplus/5.12.5/build/FAI8QSn4YQ/Text-Util-Chinese-0.06/blib/lib/Text/Util/Chinese.pm line 169, near "/\A\s*\z/u"
(Missing operator before u?)
syntax error at /home/cpan/pit/thr/conf/perl-5.12.5/.cpanplus/5.12.5/build/FAI8QSn4YQ/Text-Util-Chinese-0.06/blib/lib/Text/Util/Chinese.pm line 169, near "/\A\s*\z/u "
Compilation failed in require at t/sentence_iterator.t line 5.
BEGIN failed--compilation aborted at t/sentence_iterator.t line 5.
t/sentence_iterator.t ...
Dubious, test returned 2 (wstat 512, 0x200)
No subtests run
Bareword found where operator expected at /home/cpan/pit/thr/conf/perl-5.12.5/.cpanplus/5.12.5/build/FAI8QSn4YQ/Text-Util-Chinese-0.06/blib/lib/Text/Util/Chinese.pm line 169, near "/\A\s*\z/u"
(Missing operator before u?)
syntax error at /home/cpan/pit/thr/conf/perl-5.12.5/.cpanplus/5.12.5/build/FAI8QSn4YQ/Text-Util-Chinese-0.06/blib/lib/Text/Util/Chinese.pm line 169, near "/\A\s*\z/u "
Compilation failed in require at t/tokenize_by_script.t line 2.
BEGIN failed--compilation aborted at t/tokenize_by_script.t line 2.
t/tokenize_by_script.t ..
Dubious, test returned 2 (wstat 512, 0x200)
No subtests run
Test Summary Report
-------------------
t/extract-presuf.t (Wstat: 512 Tests: 0 Failed: 0)
Non-zero exit status: 2
Parse errors: No plan found in TAP output
t/extract-words.t (Wstat: 512 Tests: 0 Failed: 0)
Non-zero exit status: 2
Parse errors: No plan found in TAP output
t/grep_iterator.t (Wstat: 65280 Tests: 0 Failed: 0)
Non-zero exit status: 255
Parse errors: No plan found in TAP output
t/phrase_iterator.t (Wstat: 512 Tests: 0 Failed: 0)
Non-zero exit status: 2
Parse errors: No plan found in TAP output
t/sentence_iterator.t (Wstat: 512 Tests: 0 Failed: 0)
Non-zero exit status: 2
Parse errors: No plan found in TAP output
t/tokenize_by_script.t (Wstat: 512 Tests: 0 Failed: 0)
Non-zero exit status: 2
Parse errors: No plan found in TAP output
Files=6, Tests=0, 1 wallclock secs ( 0.05 usr 0.00 sys + 0.24 cusr 0.02 csys = 0.31 CPU)
Result: FAIL
[MSG] [Mon Jul 1 02:07:17 2019] 'Text::Util::Chinese' requires a higher version of perl than your current version -- sending N/A grade.
PREREQUISITES:
Here is a list of prerequisites you specified and versions we
managed to load:
Module Name Have Want
List::Util 1.50 1.5
Test2::V0 0.000122 0
Perl module toolchain versions installed:
Module Name Have
CPANPLUS 0.9176
CPANPLUS::Dist::Build 0.90
Cwd 3.75
ExtUtils::CBuilder 0.280231
ExtUtils::Command 7.36
ExtUtils::Install 2.14
ExtUtils::MakeMaker 7.36
ExtUtils::Manifest 1.72
ExtUtils::ParseXS 3.35
File::Spec 3.75
Module::Build 0.4229
Pod::Parser 1.37
Pod::Simple 3.14
Test2 1.302164
Test::Harness 3.42
Test::More 1.302164
version 0.9924
******************************** NOTE ********************************
The comments above are created mechanically, possibly without manual
checking by the sender. As there are many people performing automatic
tests on each upload to CPAN, it is likely that you will receive
identical messages about the same problem.
If you believe that the message is mistaken, please reply to the first
one with correction and/or additional informations, and do not take
it personally. We appreciate your patience. :)
**********************************************************************
Additional comments:
This report was machine-generated by CPANPLUS::Dist::YACSmoke 1.08.
Powered by minismokebox version 0.68
CPANPLUS is prefering Build.PL
------------------------------
ENVIRONMENT AND OTHER CONTEXT
------------------------------
Environment variables:
AUTOMATED_TESTING = 1
NONINTERACTIVE_TESTING = 1
PATH = /home/cpan/bin:/bin:/sbin:/usr/bin:/usr/sbin:/usr/X11R7/bin:/usr/X11R6/bin:/usr/pkg/bin:/usr/pkg/sbin:/usr/games:/usr/local/bin:/usr/local/sbin
PERL5LIB = /home/cpan/pit/jail/x7PofRo_Re/lib/perl5:/home/cpan/pit/thr/conf/perl-5.12.5/.cpanplus/5.12.5/build/FAI8QSn4YQ/Text-Util-Chinese-0.06/blib/lib:/home/cpan/pit/thr/conf/perl-5.12.5/.cpanplus/5.12.5/build/FAI8QSn4YQ/Text-Util-Chinese-0.06/blib/arch
PERL5_CPANPLUS_IS_RUNNING = 11302
PERL5_CPANPLUS_IS_VERSION = 0.9176
PERL5_MINISMOKEBOX = 0.68
PERL5_YACSMOKE_BASE = /home/cpan/pit/thr/conf/perl-5.12.5
PERL_EXTUTILS_AUTOINSTALL = --defaultdeps
PERL_LOCAL_LIB_ROOT = /home/cpan/pit/jail/x7PofRo_Re
PERL_MB_OPT = --install_base "/home/cpan/pit/jail/x7PofRo_Re"
PERL_MM_OPT = INSTALL_BASE=/home/cpan/pit/jail/x7PofRo_Re
PERL_MM_USE_DEFAULT = 1
SHELL = /usr/pkg/bin/bash
TERM = screen
Perl special variables (and OS-specific diagnostics, for MSWin32):
Perl: $^X = /home/cpan/pit/thr/perl-5.12.5/bin/perl
UID: $< = 1002
EUID: $> = 1002
GID: $( = 100 100
EGID: $) = 100 100
-------------------------------
--
Summary of my perl5 (revision 5 version 12 subversion 5) configuration:
Platform:
osname=netbsd, osvers=6.1.4, archname=amd64-netbsd-thread-multi
uname='netbsd naboo.bingosnet.co.uk 6.1.4 netbsd 6.1.4 (generic) amd64 '
config_args='-des -Dprefix=/home/cpan/pit/thr/perl-5.12.5 -Dusethreads'
hint=recommended, useposix=true, d_sigaction=define
useithreads=define, usemultiplicity=define
useperlio=define, d_sfio=undef, uselargefiles=define, usesocks=undef
use64bitint=define, use64bitall=define, uselongdouble=undef
usemymalloc=n, bincompat5005=undef
Compiler:
cc='cc', ccflags ='-fno-strict-aliasing -pipe -fstack-protector -I/usr/pkg/include',
optimize='-O',
cppflags='-fno-strict-aliasing -pipe -fstack-protector -I/usr/pkg/include'
ccversion='', gccversion='4.5.3', gccosandvers=''
intsize=4, longsize=8, ptrsize=8, doublesize=8, byteorder=12345678
d_longlong=define, longlongsize=8, d_longdbl=define, longdblsize=16
ivtype='long', ivsize=8, nvtype='double', nvsize=8, Off_t='off_t', lseeksize=8
alignbytes=8, prototype=define
Linker and Libraries:
ld='cc', ldflags =' -Wl,-rpath,/usr/pkg/lib -Wl,-rpath,/usr/local/lib -fstack-protector -L/usr/pkg/lib'
libpth=/usr/pkg/lib /lib /usr/lib
libs=-lgdbm -lm -lcrypt -lutil -lc -lposix -lpthread
perllibs=-lm -lcrypt -lutil -lc -lposix -lpthread
libc=/lib/libc.so, so=so, useshrplib=false, libperl=libperl.a
gnulibc_version=''
Dynamic Linking:
dlsrc=dl_dlopen.xs, dlext=so, d_dlsymun=undef, ccdlflags='-Wl,-E '
cccdlflags='-DPIC -fPIC ', lddlflags='--whole-archive -shared -L/usr/pkg/lib -fstack-protector'
Characteristics of this binary (from libperl):
Compile-time options: MULTIPLICITY PERL_DONT_CREATE_GVSV
PERL_IMPLICIT_CONTEXT PERL_MALLOC_WRAP USE_64_BIT_ALL
USE_64_BIT_INT USE_ITHREADS USE_LARGE_FILES
USE_PERLIO USE_PERL_ATOF USE_REENTRANT_API
Built under netbsd
Compiled at May 9 2014 19:41:39
%ENV:
PERL5LIB="/home/cpan/pit/jail/x7PofRo_Re/lib/perl5:/home/cpan/pit/thr/conf/perl-5.12.5/.cpanplus/5.12.5/build/FAI8QSn4YQ/Text-Util-Chinese-0.06/blib/lib:/home/cpan/pit/thr/conf/perl-5.12.5/.cpanplus/5.12.5/build/FAI8QSn4YQ/Text-Util-Chinese-0.06/blib/arch"
PERL5_CPANPLUS_IS_RUNNING="11302"
PERL5_CPANPLUS_IS_VERSION="0.9176"
PERL5_MINISMOKEBOX="0.68"
PERL5_YACSMOKE_BASE="/home/cpan/pit/thr/conf/perl-5.12.5"
PERL_EXTUTILS_AUTOINSTALL="--defaultdeps"
PERL_LOCAL_LIB_ROOT="/home/cpan/pit/jail/x7PofRo_Re"
PERL_MB_OPT="--install_base "/home/cpan/pit/jail/x7PofRo_Re""
PERL_MM_OPT="INSTALL_BASE=/home/cpan/pit/jail/x7PofRo_Re"
PERL_MM_USE_DEFAULT="1"
@INC:
/home/cpan/pit/jail/x7PofRo_Re/lib/perl5/5.12.5/amd64-netbsd-thread-multi
/home/cpan/pit/jail/x7PofRo_Re/lib/perl5/5.12.5
/home/cpan/pit/jail/x7PofRo_Re/lib/perl5/amd64-netbsd-thread-multi
/home/cpan/pit/jail/x7PofRo_Re/lib/perl5
/home/cpan/pit/thr/conf/perl-5.12.5/.cpanplus/5.12.5/build/FAI8QSn4YQ/Text-Util-Chinese-0.06/blib/lib
/home/cpan/pit/thr/conf/perl-5.12.5/.cpanplus/5.12.5/build/FAI8QSn4YQ/Text-Util-Chinese-0.06/blib/arch
/home/cpan/pit/thr/perl-5.12.5/lib/site_perl/5.12.5/amd64-netbsd-thread-multi
/home/cpan/pit/thr/perl-5.12.5/lib/site_perl/5.12.5
/home/cpan/pit/thr/perl-5.12.5/lib/5.12.5/amd64-netbsd-thread-multi
/home/cpan/pit/thr/perl-5.12.5/lib/5.12.5
.