App-ipchgmon v1.0.7 Perl 5 v5.42.0 RC2 x86_64-linux

Status
Fail
From
Slaven Rezić
Dist
App-ipchgmon v1.0.7
Platform
Perl 5 v5.42.0 RC2 x86_64-linux
Date
2025-06-30 20:34:05
ID
909a9510-55f1-11f0-9862-09476e8775ea
This distribution has been tested as part of the CPAN Testers
project, supporting the Perl programming language.  See
http://wiki.cpantesters.org/ for more information or email
questions to cpan-testers-discuss@perl.org


--
Dear John Davies,

This is a computer-generated report for App-ipchgmon-1.0.7
on perl 5.42.0, created by CPAN-Reporter-1.2020.

Thank you for uploading your work to CPAN.  However, there was a problem
testing your distribution.

If you think this report is invalid, please consult the CPAN Testers Wiki
for suggestions on how to avoid getting FAIL reports for missing library
or binary dependencies, unsupported operating systems, and so on:

http://wiki.cpantesters.org/wiki/CPANAuthorNotes

Sections of this report:

    * Tester comments
    * Program output
    * Prerequisites
    * Environment and other context

------------------------------
TESTER COMMENTS
------------------------------

Additional comments from tester:

none provided

------------------------------
PROGRAM OUTPUT
------------------------------

Output from '/usr/bin/make test':

PERL_DL_NONLAZY=1 "/opt/perl-5.42.0-RC2/bin/perl" "-MExtUtils::Command::MM" "-MTest::Harness" "-e" "undef *Test::Harness::Switches; test_harness(0, 'blib/lib', 'blib/arch')" t/*.t
t/00-modulino.t ........... ok
t/10-options.t ............ ok
t/20-file.t ............... ok
t/22-new-ip.t ............. ok
t/24-read-file.t .......... ok
t/26-check-changes.t ...... ok

#   Failed test 'Correct IPv6 address for example.com (23.215.0.138)'
#   at t/28-nslookup.t line 16.
#          got: '23.215.0.138'
#     expected: '2606:2800:220:1:248:1893:25c8:1946'

#   Failed test 'Correct IPv4 address for example.com (23.215.0.136)'
#   at t/28-nslookup.t line 18.
#          got: '23.215.0.136'
#     expected: '93.184.216.34'
# Looks like you failed 2 tests of 2.
t/28-nslookup.t ........... 
Dubious, test returned 2 (wstat 512, 0x200)
Failed 2/2 subtests 
t/30-last.t ............... ok

#   Failed test 'Found an IPv6 address'
#   at t/32-check-dns.t line 114.
# No IPv6 address in:
# example.com has moved to 23.215.0.138=
# From: dnsfrom@example.com
# Subject: DNS test
# To: dnsto@example.com
# example.com has moved to 96.7.128.175=
# From: dnsfrom@example.com
# Subject: DNS test
# To: dnsto@example.com
# 

#   Failed test 'Found an IPv6 address'
#   at t/32-check-dns.t line 114.
# No IPv6 address in:
# example.com has moved to 23.192.228.84=
# From: dnsfrom@example.com
# Subject: DNS test
# To: dnsto@example.com
# example.com has moved to 23.215.0.136=
# To: dnsto@example.com
# Subject: DNS test
# From: dnsfrom@example.com
# 

#   Failed test 'No emails populated if within leeway'
#   at t/32-check-dns.t line 95.
#          got: 'example.com has moved to 23.215.0.136=
# To: dnsto@example.com
# From: dnsfrom@example.com
# Subject: DNS test
# example.com has moved to 23.215.0.138=
# Subject: DNS test
# From: dnsfrom@example.com
# To: dnsto@example.com
# '
#     expected: ''
# Looks like you failed 3 tests of 21.
t/32-check-dns.t .......... 
Dubious, test returned 3 (wstat 768, 0x300)
Failed 3/21 subtests 

#   Failed test 'Found an IPv6 address'
#   at t/34-single-ip-version.t line 96.
# No IPv6 address in:
# example.com has moved to 96.7.128.175=
# From: dnsfrom@example.com
# Subject: DNS test
# To: dnsto@example.com
# example.com has moved to 96.7.128.198=
# Subject: DNS test
# From: dnsfrom@example.com
# To: dnsto@example.com
# 

#   Failed test 'No IPv4 address expected or found'
#   at t/34-single-ip-version.t line 92.
# Found an IPv4 address:
# example.com has moved to 23.215.0.138=
# To: dnsto@example.com
# From: dnsfrom@example.com
# Subject: DNS test
# 

#   Failed test 'Found an IPv6 address'
#   at t/34-single-ip-version.t line 96.
# No IPv6 address in:
# example.com has moved to 23.215.0.138=
# To: dnsto@example.com
# From: dnsfrom@example.com
# Subject: DNS test
# 
# Looks like you failed 3 tests of 30.
t/34-single-ip-version.t .. 
Dubious, test returned 3 (wstat 768, 0x300)
Failed 3/30 subtests 
# CSV_XS ERROR: 2034 - EIF - Loose unescaped quote @ rec 1 pos 23 field 1
No IPv6 address. You may need to run with the --4 option. at t/50-ip-via-web.t line 21.
t/50-ip-via-web.t ......... ok
t/51-ip-validation.t ...... ok
t/60-email-address.t ...... ok
t/62-email-delivery.t ..... ok
t/63-email-transport.t .... ok

Test Summary Report
-------------------
t/28-nslookup.t         (Wstat: 512 (exited 2) Tests: 2 Failed: 2)
  Failed tests:  1-2
  Non-zero exit status: 2
t/32-check-dns.t        (Wstat: 768 (exited 3) Tests: 21 Failed: 3)
  Failed tests:  10, 20-21
  Non-zero exit status: 3
t/34-single-ip-version.t (Wstat: 768 (exited 3) Tests: 30 Failed: 3)
  Failed tests:  20, 29-30
  Non-zero exit status: 3
Files=15, Tests=122, 33 wallclock secs ( 0.08 usr  0.02 sys + 23.73 cusr  3.14 csys = 26.97 CPU)
Result: FAIL
Failed 3/15 test programs. 8/122 subtests failed.
make: *** [Makefile:914: test_dynamic] Fehler 255

------------------------------
PREREQUISITES
------------------------------

Prerequisite modules loaded:

requires:

    Module                         Need Have      
    ------------------------------ ---- ----------
    Data::Dumper                   0    2.192     
    Data::Validate::Email          0    0.06      
    Data::Validate::IP             0    0.31      
    DateTime                       0    1.66      
    DateTime::Format::Strptime     0    1.79      
    Email::Sender::Transport::SMTP 0    2.601     
    Email::Stuffer                 0    0.020     
    feature                        0    1.97      
    File::Find                     0    1.44      
    FindBin                        0    1.54      
    Getopt::Long                   0    2.58      
    LWP::Online                    0    1.08      
    LWP::UserAgent                 0    6.79      
    Pod::Usage                     0    2.05      
    Socket                         0    2.039     
    strict                         0    1.14      
    Text::CSV                      0    2.06      
    warnings                       0    1.74      

build_requires:

    Module                         Need Have      
    ------------------------------ ---- ----------
    ExtUtils::MakeMaker            0    7.76      
    lib                            0    0.65      
    Regexp::Common                 0    2024080801
    Test::Exception                0    0.43      
    Test::File                     0    1.995     
    Test::MockModule               0    0.179.0   
    Test::More                     0    1.302214  

configure_requires:

    Module                         Need Have      
    ------------------------------ ---- ----------
    ExtUtils::MakeMaker            0    7.76      


------------------------------
ENVIRONMENT AND OTHER CONTEXT
------------------------------

Environment variables:

    LANG = C
    LC_ALL = de_DE.UTF-8
    PATH = /usr/local/bin:/usr/bin:/bin:/usr/local/sbin:/usr/sbin:/sbin:/home/cpansand/bin/linux-gnu:/home/cpansand/bin/sh:/home/cpansand/bin:/usr/games:/home/cpansand/devel:/home/eserte/src/srezic-misc/scripts
    PERL5LIB = 
    PERL5OPT = 
    PERL5_CPANPLUS_IS_RUNNING = 3407637
    PERL5_CPAN_IS_RUNNING = 3407637
    PERL5_CPAN_IS_RUNNING_IN_RECURSION = 3348092,3407637
    PERLDOC = -MPod::Perldoc::ToTextOverstrike
    PERL_BATCH = yes
    PERL_CANARY_STABILITY_NOPROMPT = 1
    PERL_CPAN_REPORTER_CONFIG = /var/tmp/cpansmoker-1023/2025063001/cpanreporter_001_config.ini
    PERL_EXTUTILS_AUTOINSTALL = --defaultdeps
    PERL_PARALLEL_SMOKER = yes
    PERL_USE_UNSAFE_INC = 1
    SHELL = /usr/bin/zsh
    TERM = screen
    TMPDIR = /var/tmp/cpansmoker-1023/2025063001

Perl special variables (and OS-specific diagnostics, for MSWin32):

    $^X = /opt/perl-5.42.0-RC2/bin/perl
    $UID/$EUID = 1023 / 1023
    $GID = 1023 1023
    $EGID = 1023 1023

Perl module toolchain versions installed:

    Module              Have    
    ------------------- --------
    CPAN                2.38    
    CPAN::Meta          2.150010
    Cwd                 3.94    
    ExtUtils::CBuilder  0.280242
    ExtUtils::Command   7.76    
    ExtUtils::Install   2.22    
    ExtUtils::MakeMaker 7.76    
    ExtUtils::Manifest  1.75    
    ExtUtils::ParseXS   3.57    
    File::Spec          3.94    
    JSON                4.10    
    JSON::PP            4.16    
    Module::Build       0.4234  
    Module::Signature   n/a     
    Parse::CPAN::Meta   2.150010
    Test2               1.302214
    Test::Harness       3.52    
    Test::More          1.302214
    YAML                1.31    
    YAML::Syck          1.34    
    version             0.9933  


--

Summary of my perl5 (revision 5 version 42 subversion 0) configuration:
   
  Platform:
    osname=linux
    osvers=6.1.0-37-amd64
    archname=x86_64-linux
    uname='linux cloud5.bbbike.org 6.1.0-37-amd64 #1 smp preempt_dynamic debian 6.1.140-1 (2025-05-22) x86_64 gnulinux '
    config_args='-ds -e -Dprefix=/opt/perl-5.42.0-RC2 -Uinstallusrbinperl -Dcf_email=srezic@cpan.org'
    hint=recommended
    useposix=true
    d_sigaction=define
    useithreads=undef
    usemultiplicity=undef
    use64bitint=define
    use64bitall=define
    uselongdouble=undef
    usemymalloc=n
    default_inc_excludes_dot=define
  Compiler:
    cc='cc'
    ccflags ='-fwrapv -fno-strict-aliasing -pipe -fstack-protector-strong -I/usr/local/include -D_LARGEFILE_SOURCE -D_FILE_OFFSET_BITS=64 -D_FORTIFY_SOURCE=2'
    optimize='-O2'
    cppflags='-fwrapv -fno-strict-aliasing -pipe -fstack-protector-strong -I/usr/local/include'
    ccversion=''
    gccversion='12.2.0'
    gccosandvers=''
    intsize=4
    longsize=8
    ptrsize=8
    doublesize=8
    byteorder=12345678
    doublekind=3
    d_longlong=define
    longlongsize=8
    d_longdbl=define
    longdblsize=16
    longdblkind=3
    ivtype='long'
    ivsize=8
    nvtype='double'
    nvsize=8
    Off_t='off_t'
    lseeksize=8
    alignbytes=8
    prototype=define
  Linker and Libraries:
    ld='cc'
    ldflags =' -fstack-protector-strong -L/usr/local/lib'
    libpth=/usr/local/lib /usr/lib/x86_64-linux-gnu /usr/lib /usr/lib64
    libs=-lpthread -lgdbm -ldb -ldl -lm -lcrypt -lutil -lc
    perllibs=-lpthread -ldl -lm -lcrypt -lutil -lc
    libc=/lib/x86_64-linux-gnu/libc.so.6
    so=so
    useshrplib=false
    libperl=libperl.a
    gnulibc_version='2.36'
  Dynamic Linking:
    dlsrc=dl_dlopen.xs
    dlext=so
    d_dlsymun=undef
    ccdlflags='-Wl,-E'
    cccdlflags='-fPIC'
    lddlflags='-shared -O2 -L/usr/local/lib -fstack-protector-strong'


Characteristics of this binary (from libperl): 
  Compile-time options:
    HAS_LONG_DOUBLE
    HAS_STRTOLD
    HAS_TIMES
    PERLIO_LAYERS
    PERL_COPY_ON_WRITE
    PERL_DONT_CREATE_GVSV
    PERL_HASH_FUNC_SIPHASH13
    PERL_HASH_USE_SBOX32
    PERL_MALLOC_WRAP
    PERL_OP_PARENT
    PERL_PRESERVE_IVUV
    PERL_USE_SAFE_PUTENV
    USE_64_BIT_ALL
    USE_64_BIT_INT
    USE_LARGE_FILES
    USE_LOCALE
    USE_LOCALE_COLLATE
    USE_LOCALE_CTYPE
    USE_LOCALE_NUMERIC
    USE_LOCALE_TIME
    USE_PERLIO
    USE_PERL_ATOF
  Locally applied patches:
    RC2
  Built under linux
  Compiled at Jun 28 2025 11:24:33
  %ENV:
    PERL5LIB=""
    PERL5OPT=""
    PERL5_CPANPLUS_IS_RUNNING="3407637"
    PERL5_CPAN_IS_RUNNING="3407637"
    PERL5_CPAN_IS_RUNNING_IN_RECURSION="3348092,3407637"
    PERLDOC="-MPod::Perldoc::ToTextOverstrike"
    PERL_BATCH="yes"
    PERL_CANARY_STABILITY_NOPROMPT="1"
    PERL_CPAN_REPORTER_CONFIG="/var/tmp/cpansmoker-1023/2025063001/cpanreporter_001_config.ini"
    PERL_EXTUTILS_AUTOINSTALL="--defaultdeps"
    PERL_PARALLEL_SMOKER="yes"
    PERL_USE_UNSAFE_INC="1"
  @INC:
    /opt/perl-5.42.0-RC2/lib/site_perl/5.42.0/x86_64-linux
    /opt/perl-5.42.0-RC2/lib/site_perl/5.42.0
    /opt/perl-5.42.0-RC2/lib/5.42.0/x86_64-linux
    /opt/perl-5.42.0-RC2/lib/5.42.0
    .