Report for Class-DBI-Sweet-0.08

Back
From: metabase:user:9820532a-708b-1014-9a05-b18a96298da1
Subject: FAIL Class-DBI-Sweet-0.08 v5.15.2 GNU/Linux
Date: 2011-09-24T16:52:17Z

This distribution has been tested as part of the CPAN Testers
project, supporting the Perl programming language.  See
http://wiki.cpantesters.org/ for more information or email
questions to cpan-testers-discuss@perl.org


--
Dear Marcus Ramberg,

This is a computer-generated report for Class-DBI-Sweet-0.08
on perl 5.15.2, created by CPAN-Reporter-1.2002.

Thank you for uploading your work to CPAN.  However, there was a problem
testing your distribution.

If you think this report is invalid, please consult the CPAN Testers Wiki
for suggestions on how to avoid getting FAIL reports for missing library
or binary dependencies, unsupported operating systems, and so on:

http://wiki.cpantesters.org/wiki/CPANAuthorNotes

Sections of this report:

    * Tester comments
    * Program output
    * Prerequisites
    * Environment and other context

------------------------------
TESTER COMMENTS
------------------------------

Additional comments from tester:

this report is from an automated smoke testing program
and was not reviewed by a human for accuracy

------------------------------
PROGRAM OUTPUT
------------------------------

Output from './Build test':

t/01use.t ................................ ok
t/02pod.t ................................ skipped: set TEST_POD to enable this test
t/03podcoverage.t ........................ skipped: set TEST_POD to enable this test
Can't use string ("5/8") as a HASH ref while "strict refs" in use at /home/bri/.cpan/build/Class-DBI-Sweet-0.08-Zl8Xu3/blib/lib/Class/DBI/Sweet.pm line 309.
# Looks like you planned 17 tests but ran 1.
# Looks like your test exited with 2 just after 1.
t/04join.t ............................... 
Dubious, test returned 2 (wstat 512, 0x200)
Failed 16/17 subtests 
Can't use string ("4/8") as a HASH ref while "strict refs" in use at /home/bri/.cpan/build/Class-DBI-Sweet-0.08-Zl8Xu3/blib/lib/Class/DBI/Sweet.pm line 126.
# Looks like you planned 5 tests but ran 1.
# Looks like your test exited with 2 just after 1.
t/05count.t .............................. 
Dubious, test returned 2 (wstat 512, 0x200)
Failed 4/5 subtests 
Can't use string ("4/8") as a HASH ref while "strict refs" in use at /home/bri/.cpan/build/Class-DBI-Sweet-0.08-Zl8Xu3/blib/lib/Class/DBI/Sweet.pm line 212.
# Looks like you planned 31 tests but ran 1.
# Looks like your test exited with 2 just after 1.
t/06object_cache.t ....................... 
Dubious, test returned 2 (wstat 512, 0x200)
Failed 30/31 subtests 
Can't use string ("4/8") as a HASH ref while "strict refs" in use at /home/bri/.cpan/build/Class-DBI-Sweet-0.08-Zl8Xu3/blib/lib/Class/DBI/Sweet.pm line 212.
# Looks like you planned 7 tests but ran 1.
# Looks like your test exited with 25 just after 1.
t/07prefetch.t ........................... 
Dubious, test returned 25 (wstat 6400, 0x1900)
Failed 6/7 subtests 
Can't use string ("4/8") as a HASH ref while "strict refs" in use at /home/bri/.cpan/build/Class-DBI-Sweet-0.08-Zl8Xu3/blib/lib/Class/DBI/Sweet.pm line 126.
# Looks like you planned 10 tests but ran 1.
# Looks like your test exited with 2 just after 1.
t/08pager.t .............................. 
Dubious, test returned 2 (wstat 512, 0x200)
Failed 9/10 subtests 
t/09sequence.t ........................... ok
t/cdbi-t-ocache/01-columns.t ............. ok
t/cdbi-t-ocache/03-subclassing.t ......... ok
t/cdbi-t-ocache/05-Query.t ............... ok
t/cdbi-t-ocache/06-hasa.t ................ ok
t/cdbi-t-ocache/08-inheritcols.t ......... ok
t/cdbi-t-ocache/09-has_many.t ............ ok
t/cdbi-t-ocache/10-mysql.t ............... skipped: Need MySQL for this test
mutiple trigger registration in one add_trigger() call is deprecated. at /home/bri/perl5/perlbrew/perls/perl-5.15.2/lib/site_perl/5.15.2/Class/DBI.pm line 1019
# Looks like your test exited with 255 before it could output anything.
t/cdbi-t-ocache/11-triggers.t ............ 
Dubious, test returned 255 (wstat 65280, 0xff00)
Failed 13/13 subtests 
t/cdbi-t-ocache/12-filter.t .............. ok
t/cdbi-t-ocache/13-constraint.t .......... ok
t/cdbi-t-ocache/14-might_have.t .......... ok
t/cdbi-t-ocache/16-reserved.t ............ ok
t/cdbi-t-ocache/17-data_type.t ........... skipped: needs DBD::Pg for testing
Name "Ima::DBI::st::execute" used only once: possible typo at t/cdbi-t-ocache/18-has_a.t line 44.
t/cdbi-t-ocache/18-has_a.t ............... ok
t/cdbi-t-ocache/19-set_sql.t ............. ok
t/cdbi-t-ocache/21-iterator.t ............ ok
t/cdbi-t-ocache/22-deflate_order.t ....... skipped: Need MySQL for this test
t/cdbi-t-ocache/23-cascade.t ............. ok
t/cdbi-t-ocache/24-meta_info.t ........... ok
t/cdbi-t-ocache/25-closures_in_meta.t .... skipped: Need MySQL for this test
t/cdbi-t-ocache/97-pod.t ................. ok
t/cdbi-t-ocache/98-failure.t ............. ok
Use of uninitialized value $name in lc at /home/bri/perl5/perlbrew/perls/perl-5.15.2/lib/site_perl/5.15.2/Class/DBI/ColumnGrouper.pm line 91.
t/cdbi-t-ocache/99-misc.t ................ ok
t/cdbi-t-rescache/01-columns.t ........... ok
t/cdbi-t-rescache/03-subclassing.t ....... ok
t/cdbi-t-rescache/05-Query.t ............. ok
t/cdbi-t-rescache/06-hasa.t .............. ok
t/cdbi-t-rescache/08-inheritcols.t ....... ok
t/cdbi-t-rescache/09-has_many.t .......... ok
t/cdbi-t-rescache/10-mysql.t ............. skipped: Need MySQL for this test
mutiple trigger registration in one add_trigger() call is deprecated. at /home/bri/perl5/perlbrew/perls/perl-5.15.2/lib/site_perl/5.15.2/Class/DBI.pm line 1019
# Looks like your test exited with 255 before it could output anything.
t/cdbi-t-rescache/11-triggers.t .......... 
Dubious, test returned 255 (wstat 65280, 0xff00)
Failed 13/13 subtests 
t/cdbi-t-rescache/12-filter.t ............ ok
t/cdbi-t-rescache/13-constraint.t ........ ok
t/cdbi-t-rescache/14-might_have.t ........ ok
t/cdbi-t-rescache/16-reserved.t .......... ok
t/cdbi-t-rescache/17-data_type.t ......... skipped: needs DBD::Pg for testing
Name "Ima::DBI::st::execute" used only once: possible typo at t/cdbi-t-rescache/18-has_a.t line 44.
t/cdbi-t-rescache/18-has_a.t ............. ok
t/cdbi-t-rescache/19-set_sql.t ........... ok
t/cdbi-t-rescache/21-iterator.t .......... ok
t/cdbi-t-rescache/22-deflate_order.t ..... skipped: Need MySQL for this test
t/cdbi-t-rescache/23-cascade.t ........... ok
t/cdbi-t-rescache/24-meta_info.t ......... ok
t/cdbi-t-rescache/25-closures_in_meta.t .. skipped: Need MySQL for this test
t/cdbi-t-rescache/97-pod.t ............... ok
t/cdbi-t-rescache/98-failure.t ........... ok
Use of uninitialized value $name in lc at /home/bri/perl5/perlbrew/perls/perl-5.15.2/lib/site_perl/5.15.2/Class/DBI/ColumnGrouper.pm line 91.
t/cdbi-t-rescache/99-misc.t .............. ok
t/cdbi-t/01-columns.t .................... ok
t/cdbi-t/02-Film.t ....................... ok
t/cdbi-t/03-subclassing.t ................ ok
t/cdbi-t/04-lazy.t ....................... ok
t/cdbi-t/05-Query.t ...................... ok
t/cdbi-t/06-hasa.t ....................... ok
t/cdbi-t/08-inheritcols.t ................ ok
t/cdbi-t/09-has_many.t ................... ok
t/cdbi-t/10-mysql.t ...................... skipped: Need MySQL for this test
mutiple trigger registration in one add_trigger() call is deprecated. at /home/bri/perl5/perlbrew/perls/perl-5.15.2/lib/site_perl/5.15.2/Class/DBI.pm line 1019
# Looks like your test exited with 255 before it could output anything.
t/cdbi-t/11-triggers.t ................... 
Dubious, test returned 255 (wstat 65280, 0xff00)
Failed 13/13 subtests 
t/cdbi-t/12-filter.t ..................... ok
t/cdbi-t/13-constraint.t ................. ok
t/cdbi-t/14-might_have.t ................. ok
t/cdbi-t/17-data_type.t .................. skipped: needs DBD::Pg for testing
Name "Ima::DBI::st::execute" used only once: possible typo at t/cdbi-t/18-has_a.t line 38.
t/cdbi-t/18-has_a.t ...................... ok
t/cdbi-t/19-set_sql.t .................... ok
t/cdbi-t/21-iterator.t ................... ok
t/cdbi-t/22-deflate_order.t .............. skipped: Need MySQL for this test
t/cdbi-t/23-cascade.t .................... ok
t/cdbi-t/24-meta_info.t .................. ok
t/cdbi-t/25-closures_in_meta.t ........... skipped: Need MySQL for this test
t/cdbi-t/97-pod.t ........................ ok
t/cdbi-t/98-failure.t .................... ok
Use of uninitialized value $name in lc at /home/bri/perl5/perlbrew/perls/perl-5.15.2/lib/site_perl/5.15.2/Class/DBI/ColumnGrouper.pm line 91.
t/cdbi-t/99-misc.t ....................... ok

Test Summary Report
-------------------
t/04join.t                             (Wstat: 512 Tests: 1 Failed: 0)
  Non-zero exit status: 2
  Parse errors: Bad plan.  You planned 17 tests but ran 1.
t/05count.t                            (Wstat: 512 Tests: 1 Failed: 0)
  Non-zero exit status: 2
  Parse errors: Bad plan.  You planned 5 tests but ran 1.
t/06object_cache.t                     (Wstat: 512 Tests: 1 Failed: 0)
  Non-zero exit status: 2
  Parse errors: Bad plan.  You planned 31 tests but ran 1.
t/07prefetch.t                         (Wstat: 6400 Tests: 1 Failed: 0)
  Non-zero exit status: 25
  Parse errors: Bad plan.  You planned 7 tests but ran 1.
t/08pager.t                            (Wstat: 512 Tests: 1 Failed: 0)
  Non-zero exit status: 2
  Parse errors: Bad plan.  You planned 10 tests but ran 1.
t/cdbi-t-ocache/11-triggers.t          (Wstat: 65280 Tests: 0 Failed: 0)
  Non-zero exit status: 255
  Parse errors: Bad plan.  You planned 13 tests but ran 0.
t/cdbi-t-rescache/11-triggers.t        (Wstat: 65280 Tests: 0 Failed: 0)
  Non-zero exit status: 255
  Parse errors: Bad plan.  You planned 13 tests but ran 0.
t/cdbi-t/11-triggers.t                 (Wstat: 65280 Tests: 0 Failed: 0)
  Non-zero exit status: 255
  Parse errors: Bad plan.  You planned 13 tests but ran 0.
Files=79, Tests=1176, 61 wallclock secs ( 0.52 usr  0.12 sys + 12.35 cusr  1.52 csys = 14.51 CPU)
Result: FAIL
Failed 8/79 test programs. 0/1176 subtests failed.

------------------------------
PREREQUISITES
------------------------------

Prerequisite modules loaded:

requires:

    Module        Need    Have   
    ------------- ------- -------
    Class::DBI    v3.0.12 3.0.17 
    Data::Page    0       2.02   
    DBD::SQLite   1.08    1.26_02
    DBI           0       1.616  
    List::Util    0       1.23   
    SQL::Abstract 1.17    1.72   


------------------------------
ENVIRONMENT AND OTHER CONTEXT
------------------------------

Environment variables:

    AUTOMATED_TESTING = 1
    LANG = C
    LANGUAGE = en_GB:en
    LC_ALL = C
    PATH = /home/bri/bin:/home/bri/perl5/perlbrew/bin:/home/bri/perl5/perlbrew/perls/perl-5.15.2/bin:~/bin:/usr/local/sbin:/usr/local/bin:/usr/sbin:/usr/bin:/sbin:/bin:/usr/games
    PATH_WITHOUT_PERLBREW = ~/bin:/usr/local/sbin:/usr/local/bin:/usr/sbin:/usr/bin:/sbin:/bin:/usr/games
    PERL5LIB = 
    PERL5OPT = 
    PERL5_CPANPLUS_IS_RUNNING = 1119
    PERL5_CPAN_IS_RUNNING = 1119
    PERL5_CPAN_IS_RUNNING_IN_RECURSION = 353,1119
    PERLBREW_HOME = /home/bri/.perlbrew
    PERLBREW_PATH = /home/bri/perl5/perlbrew/bin:/home/bri/perl5/perlbrew/perls/perl-5.15.2/bin
    PERLBREW_PERL = perl-5.15.2
    PERLBREW_ROOT = /home/bri/perl5/perlbrew
    PERLBREW_VERSION = 0.29
    PERL_CPANM_OPT = --prompt --mirror http://172.16.1.3/cpan/
    PERL_CR_SMOKER_CURRENT = Class-DBI-Sweet-0.08
    PERL_EXTUTILS_AUTOINSTALL = --defaultdeps
    PERL_MM_USE_DEFAULT = 1
    SHELL = /bin/bash
    TERM = linux

Perl special variables (and OS-specific diagnostics, for MSWin32):

    $^X = /home/bri/perl5/perlbrew/perls/perl-5.15.2/bin/perl5.15.2
    $UID/$EUID = 1000 / 1000
    $GID = 1000 4 20 24 46 112 120 122 1000
    $EGID = 1000 4 20 24 46 112 120 122 1000

Perl module toolchain versions installed:

    Module              Have    
    ------------------- --------
    CPAN                1.9800  
    CPAN::Meta          2.112580
    Cwd                 3.37    
    ExtUtils::CBuilder  0.280204
    ExtUtils::Command   1.17    
    ExtUtils::Install   1.52    
    ExtUtils::MakeMaker 6.59    
    ExtUtils::Manifest  1.60    
    ExtUtils::ParseXS   3.04    
    File::Spec          3.34    
    JSON                2.53    
    JSON::PP            2.27200 
    Module::Build       0.39_01 
    Module::Signature   n/a     
    Parse::CPAN::Meta   1.4401  
    Test::Harness       3.23    
    Test::More          0.98    
    YAML                0.73    
    YAML::Syck          n/a     
    version             0.94    


--

Summary of my perl5 (revision 5 version 15 subversion 2) configuration:
   
  Platform:
    osname=linux, osvers=2.6.38-11-generic, archname=i686-linux-thread-multi-ld
    uname='linux lappy 2.6.38-11-generic #48-ubuntu smp fri jul 29 19:05:14 utc 2011 i686 i686 i386 gnulinux '
    config_args='-de -Dprefix=/home/bri/perl5/perlbrew/perls/perl-5.15.2 -Duselongdouble -Dusethreads -Dusedevel'
    hint=recommended, useposix=true, d_sigaction=define
    useithreads=define, usemultiplicity=define
    useperlio=define, d_sfio=undef, uselargefiles=define, usesocks=undef
    use64bitint=undef, use64bitall=undef, uselongdouble=define
    usemymalloc=n, bincompat5005=undef
  Compiler:
    cc='cc', ccflags ='-D_REENTRANT -D_GNU_SOURCE -fno-strict-aliasing -pipe -fstack-protector -I/usr/local/include -D_LARGEFILE_SOURCE -D_FILE_OFFSET_BITS=64',
    optimize='-O2',
    cppflags='-D_REENTRANT -D_GNU_SOURCE -fno-strict-aliasing -pipe -fstack-protector -I/usr/local/include'
    ccversion='', gccversion='4.5.2', gccosandvers=''
    intsize=4, longsize=4, ptrsize=4, doublesize=8, byteorder=1234
    d_longlong=define, longlongsize=8, d_longdbl=define, longdblsize=12
    ivtype='long', ivsize=4, nvtype='long double', nvsize=12, Off_t='off_t', lseeksize=8
    alignbytes=4, prototype=define
  Linker and Libraries:
    ld='cc', ldflags =' -fstack-protector -L/usr/local/lib'
    libpth=/usr/local/lib /lib /usr/lib /usr/lib/i386-linux-gnu /usr/lib64
    libs=-lnsl -ldl -lm -lcrypt -lutil -lpthread -lc
    perllibs=-lnsl -ldl -lm -lcrypt -lutil -lpthread -lc
    libc=, so=so, useshrplib=false, libperl=libperl.a
    gnulibc_version='2.13'
  Dynamic Linking:
    dlsrc=dl_dlopen.xs, dlext=so, d_dlsymun=undef, ccdlflags='-Wl,-E'
    cccdlflags='-fPIC', lddlflags='-shared -O2 -L/usr/local/lib -fstack-protector'


Characteristics of this binary (from libperl): 
  Compile-time options: HAS_TIMES MULTIPLICITY PERLIO_LAYERS
                        PERL_DONT_CREATE_GVSV PERL_IMPLICIT_CONTEXT
                        PERL_MALLOC_WRAP PERL_PRESERVE_IVUV PERL_USE_DEVEL
                        USE_ITHREADS USE_LARGE_FILES USE_LOCALE
                        USE_LOCALE_COLLATE USE_LOCALE_CTYPE
                        USE_LOCALE_NUMERIC USE_LONG_DOUBLE USE_PERLIO
                        USE_PERL_ATOF USE_REENTRANT_API
  Built under linux
  Compiled at Sep 18 2011 12:00:58
  %ENV:
    PERL5LIB=""
    PERL5OPT=""
    PERL5_CPANPLUS_IS_RUNNING="1119"
    PERL5_CPAN_IS_RUNNING="1119"
    PERL5_CPAN_IS_RUNNING_IN_RECURSION="353,1119"
    PERLBREW_HOME="/home/bri/.perlbrew"
    PERLBREW_PATH="/home/bri/perl5/perlbrew/bin:/home/bri/perl5/perlbrew/perls/perl-5.15.2/bin"
    PERLBREW_PERL="perl-5.15.2"
    PERLBREW_ROOT="/home/bri/perl5/perlbrew"
    PERLBREW_VERSION="0.29"
    PERL_CPANM_OPT="--prompt --mirror http://172.16.1.3/cpan/"
    PERL_CR_SMOKER_CURRENT="Class-DBI-Sweet-0.08"
    PERL_EXTUTILS_AUTOINSTALL="--defaultdeps"
    PERL_MM_USE_DEFAULT="1"
  @INC:
    /home/bri/perl5/perlbrew/perls/perl-5.15.2/lib/site_perl/5.15.2/i686-linux-thread-multi-ld
    /home/bri/perl5/perlbrew/perls/perl-5.15.2/lib/site_perl/5.15.2
    /home/bri/perl5/perlbrew/perls/perl-5.15.2/lib/5.15.2/i686-linux-thread-multi-ld
    /home/bri/perl5/perlbrew/perls/perl-5.15.2/lib/5.15.2
    .