Metabase-Backend-SQL v1.001 Perl 5 v5.29.3 x86_64-linux
- Status
- Fail
- From
- Andreas J. König (ANDK)
- Dist
-
Metabase-Backend-SQL v1.001
- Platform
- Perl 5 v5.29.3 x86_64-linux
- Date
- 2018-09-03 00:23:20
- ID
- 8f9c11b0-af0f-11e8-8c61-9d8d3864481c
This distribution has been tested as part of the CPAN Testers
project, supporting the Perl programming language. See
http://wiki.cpantesters.org/ for more information or email
questions to cpan-testers-discuss@perl.org
--
Dear David Golden,
This is a computer-generated report for Metabase-Backend-SQL-1.001
on perl 5.29.3, created by CPAN-Reporter-1.2018.
Thank you for uploading your work to CPAN. However, there was a problem
testing your distribution.
If you think this report is invalid, please consult the CPAN Testers Wiki
for suggestions on how to avoid getting FAIL reports for missing library
or binary dependencies, unsupported operating systems, and so on:
http://wiki.cpantesters.org/wiki/CPANAuthorNotes
Sections of this report:
* Tester comments
* Program output
* Prerequisites
* Environment and other context
------------------------------
TESTER COMMENTS
------------------------------
Additional comments from tester:
this report is from an automated smoke testing program
and was not reviewed by a human for accuracy
------------------------------
PROGRAM OUTPUT
------------------------------
Output from '/usr/bin/make test':
PERL_DL_NONLAZY=1 "/tmp/basesmoker-reloperl-Wtok/bin/perl" "-MExtUtils::Command::MM" "-MTest::Harness" "-e" "undef *Test::Harness::Switches; test_harness(0, 'blib/lib', 'blib/arch')" t/*.t t/postgres/*.t t/sharded/*.t t/sqlite/*.t
#
# Versions for all modules listed in MYMETA.json (including optional ones):
#
# === Configure Requires ===
#
# Module Want Have
# ------------------- ---- ----
# ExtUtils::MakeMaker 6.17 7.34
#
# === Build Requires ===
#
# Module Want Have
# ------------------- ---- ----
# ExtUtils::MakeMaker any 7.34
#
# === Test Requires ===
#
# Module Want Have
# --------------------- ---- --------
# ExtUtils::MakeMaker any 7.34
# File::Spec any 3.75
# File::Spec::Functions any 3.75
# Path::Class any 0.37
# Test::Deep any 1.128
# Test::Fatal any 0.014
# Test::More 0.92 1.302140
# Test::Routine any 0.027
# Test::Routine::Util any 0.027
# lib any 0.64
# re any 0.36
#
# === Test Recommends ===
#
# Module Want Have
# ---------- -------- --------
# CPAN::Meta 2.120900 2.150010
#
# === Runtime Requires ===
#
# Module Want Have
# ---------------------------------- ------- -------
# Carp any 1.50
# Class::Load any 0.25
# Compress::Zlib 2 2.081
# DBD::SQLite any 1.58
# DBI 1 1.641
# DBIx::RunSQL any 0.19
# DBIx::Simple any 1.37
# Data::Stream::Bulk::Array any 0.11
# Data::Stream::Bulk::Callback any 0.11
# Data::Stream::Bulk::DBI any 0.11
# Data::Stream::Bulk::Filter any 0.11
# Data::Stream::Bulk::Nil any 0.11
# File::Temp any 0.2308
# JSON 2 2.97001
# List::AllUtils any 0.14
# List::Util any 1.50
# Metabase::Archive 1 1.003
# Metabase::Fact any 0.025
# Metabase::Index 1 1.003
# Moose any 2.2011
# Moose::Role any 2.2011
# Moose::Util::TypeConstraints any 2.2011
# MooseX::Types::Path::Class any 0.09
# SQL::Abstract any 1.86
# SQL::Translator 0.11006 0.11024
# SQL::Translator::Diff any undef
# SQL::Translator::Schema any 1.59
# SQL::Translator::Schema::Constants any 1.59
# SQL::Translator::Utils any 1.59
# Storable any 3.13
# Try::Tiny any 0.30
# namespace::autoclean any 0.28
# strict any 1.11
# warnings any 1.43
#
t/00-report-prereqs.t .... ok
t/postgres/archive.t ..... skipped: No $ENV{METABASE_TEST_PG_DBNAME}
t/postgres/index.t ....... skipped: No $ENV{METABASE_TEST_PG_DBNAME}
t/postgres/init-index.t .. skipped: No $ENV{METABASE_TEST_PG_DBNAME}
t/query.t ................ ok
t/sharded/archive.t ...... ok
# Failed test 'exists()'
# at /home/sand/src/perl/repoperls/installed-perls/host/k93msid/v5.29.2-41-ge47f50f38f/3c10/lib/site_perl/5.29.3/Metabase/Test/Index.pm line 202.
# Caught exception in subtest: Can't call method "search" on an undefined value at /tmp/loop_over_bdir-18526-VM_FTj/Metabase-Backend-SQL-1.001-0/blib/lib/Metabase/Index/SQLite/Sharded.pm line 92.
# Failed test 'Run index tests on Metabase::Index::SQLite::Sharded'
# at /home/sand/src/perl/repoperls/installed-perls/host/k93msid/v5.29.2-41-ge47f50f38f/3c10/lib/site_perl/5.29.3/Test/Routine/Runner.pm line 108.
# Looks like you failed 1 test of 1.
t/sharded/index.t ........
Dubious, test returned 1 (wstat 256, 0x100)
Failed 1/1 subtests
t/sqlite/archive.t ....... ok
t/sqlite/index.t ......... ok
t/sqlite/init-index.t .... ok
Test Summary Report
-------------------
t/sharded/index.t (Wstat: 256 Tests: 1 Failed: 1)
Failed test: 1
Non-zero exit status: 1
Files=10, Tests=7, 15 wallclock secs ( 0.03 usr 0.06 sys + 14.36 cusr 0.75 csys = 15.20 CPU)
Result: FAIL
Failed 1/10 test programs. 1/7 subtests failed.
Makefile:977: recipe for target 'test_dynamic' failed
make: *** [test_dynamic] Error 255
------------------------------
PREREQUISITES
------------------------------
Prerequisite modules loaded:
requires:
Module Need Have
---------------------------------- -------- --------
Carp 0 1.50
Class::Load 0 0.25
Compress::Zlib 2 2.081
Data::Stream::Bulk::Array 0 0.11
Data::Stream::Bulk::Callback 0 0.11
Data::Stream::Bulk::DBI 0 0.11
Data::Stream::Bulk::Filter 0 0.11
Data::Stream::Bulk::Nil 0 0.11
DBD::SQLite 0 1.58
DBI 1 1.641
DBIx::RunSQL 0 0.19
DBIx::Simple 0 1.37
File::Temp 0 0.2308
JSON 2 2.97001
List::AllUtils 0 0.14
List::Util 0 1.50
Metabase::Archive 1 1.003
Metabase::Fact 0 0.025
Metabase::Index 1 1.003
Moose 0 2.2011
Moose::Role 0 2.2011
Moose::Util::TypeConstraints 0 2.2011
MooseX::Types::Path::Class 0 0.09
namespace::autoclean 0 0.28
perl 5.010 5.029003
SQL::Abstract 0 1.86
SQL::Translator 0.11006 0.11024
SQL::Translator::Diff 0 0
SQL::Translator::Schema 0 1.59
SQL::Translator::Schema::Constants 0 1.59
SQL::Translator::Utils 0 1.59
Storable 0 3.13
strict 0 1.11
Try::Tiny 0 0.30
warnings 0 1.43
build_requires:
Module Need Have
---------------------------------- -------- --------
ExtUtils::MakeMaker 0 7.34
File::Spec 0 3.75
File::Spec::Functions 0 3.75
lib 0 0.64
Path::Class 0 0.37
re 0 0.36
Test::Deep 0 1.128
Test::Fatal 0 0.014
Test::More 0.92 1.302140
Test::Routine 0 0.027
Test::Routine::Util 0 0.027
configure_requires:
Module Need Have
---------------------------------- -------- --------
ExtUtils::MakeMaker 6.17 7.34
perl 5.008001 5.029003
------------------------------
ENVIRONMENT AND OTHER CONTEXT
------------------------------
Environment variables:
AUTOMATED_TESTING = 1
LANG = en_US.UTF-8
PATH = /home/sand/bin:/usr/local/bin:/usr/bin:/bin:/usr/games:/usr/local/perl/bin:/usr/X11/bin:/sbin:/usr/sbin
PERL5LIB =
PERL5OPT =
PERL5_CPANPLUS_IS_RUNNING = 19120
PERL5_CPAN_IS_RUNNING = 19120
PERL_CANARY_STABILITY_NOPROMPT = 1
PERL_MM_USE_DEFAULT = 1
PERL_USE_UNSAFE_INC = 1
SHELL = /usr/bin/zsh
TERM = screen
Perl special variables (and OS-specific diagnostics, for MSWin32):
$^X = /tmp/basesmoker-reloperl-Wtok/bin/perl
$UID/$EUID = 1005 / 1005
$GID = 1005 1005
$EGID = 1005 1005
Perl module toolchain versions installed:
Module Have
------------------- --------
CPAN 2.20
CPAN::Meta 2.150010
Cwd 3.75
ExtUtils::CBuilder 0.280230
ExtUtils::Command 7.34
ExtUtils::Install 2.14
ExtUtils::MakeMaker 7.34
ExtUtils::Manifest 1.71
ExtUtils::ParseXS 3.39
File::Spec 3.75
JSON 2.97001
JSON::PP 2.97001
Module::Build 0.4224
Module::Signature 0.83
Parse::CPAN::Meta 2.150010
Test::Harness 3.42
Test::More 1.302140
YAML 1.26
YAML::Syck 1.30
version 0.9924
--
Summary of my perl5 (revision 5 version 29 subversion 3) configuration:
Commit id: e47f50f38f2d46b5a4015d38875647191b12362b
Platform:
osname=linux
osvers=4.14.0-3-amd64
archname=x86_64-linux
uname='linux k93msid 4.14.0-3-amd64 #1 smp debian 4.14.12-2 (2018-01-06) x86_64 gnulinux '
config_args='-Dprefix=/home/sand/src/perl/repoperls/installed-perls/host/k93msid/v5.29.2-41-ge47f50f38f/3c10 -Dmyhostname=k93msid -Dinstallusrbinperl=n -Uversiononly -Dusedevel -des -Ui_db -Dlibswanted=cl pthread socket inet nsl gdbm dbm malloc dl ld sun m crypt sec util c cposix posix ucb BSD gdbm_compat -Uuseithreads -Uuselongdouble -DEBUGGING=none'
hint=recommended
useposix=true
d_sigaction=define
useithreads=undef
usemultiplicity=undef
use64bitint=define
use64bitall=define
uselongdouble=undef
usemymalloc=n
default_inc_excludes_dot=define
bincompat5005=undef
Compiler:
cc='cc'
ccflags ='-fwrapv -fno-strict-aliasing -pipe -fstack-protector-strong -I/usr/local/include -D_LARGEFILE_SOURCE -D_FILE_OFFSET_BITS=64 -D_FORTIFY_SOURCE=2'
optimize='-O2'
cppflags='-fwrapv -fno-strict-aliasing -pipe -fstack-protector-strong -I/usr/local/include'
ccversion=''
gccversion='7.2.0'
gccosandvers=''
intsize=4
longsize=8
ptrsize=8
doublesize=8
byteorder=12345678
doublekind=3
d_longlong=define
longlongsize=8
d_longdbl=define
longdblsize=16
longdblkind=3
ivtype='long'
ivsize=8
nvtype='double'
nvsize=8
Off_t='off_t'
lseeksize=8
alignbytes=8
prototype=define
Linker and Libraries:
ld='cc'
ldflags =' -fstack-protector-strong -L/usr/local/lib'
libpth=/usr/local/lib /usr/lib/gcc/x86_64-linux-gnu/7/include-fixed /usr/include/x86_64-linux-gnu /usr/lib /lib/x86_64-linux-gnu /lib/../lib /usr/lib/x86_64-linux-gnu /usr/lib/../lib /lib
libs=-lpthread -lnsl -ldl -lm -lcrypt -lutil -lc
perllibs=-lpthread -lnsl -ldl -lm -lcrypt -lutil -lc
libc=libc-2.26.so
so=so
useshrplib=false
libperl=libperl.a
gnulibc_version='2.26'
Dynamic Linking:
dlsrc=dl_dlopen.xs
dlext=so
d_dlsymun=undef
ccdlflags='-Wl,-E'
cccdlflags='-fPIC'
lddlflags='-shared -O2 -L/usr/local/lib -fstack-protector-strong'
Characteristics of this binary (from libperl):
Compile-time options:
HAS_TIMES
PERLIO_LAYERS
PERL_COPY_ON_WRITE
PERL_DONT_CREATE_GVSV
PERL_MALLOC_WRAP
PERL_OP_PARENT
PERL_PRESERVE_IVUV
PERL_USE_DEVEL
USE_64_BIT_ALL
USE_64_BIT_INT
USE_LARGE_FILES
USE_LOCALE
USE_LOCALE_COLLATE
USE_LOCALE_CTYPE
USE_LOCALE_NUMERIC
USE_LOCALE_TIME
USE_PERLIO
USE_PERL_ATOF
Built under linux
Compiled at Sep 2 2018 14:51:03
%ENV:
PERL5LIB=""
PERL5OPT=""
PERL5_CPANPLUS_IS_RUNNING="19120"
PERL5_CPAN_IS_RUNNING="19120"
PERL_CANARY_STABILITY_NOPROMPT="1"
PERL_MM_USE_DEFAULT="1"
PERL_USE_UNSAFE_INC="1"
@INC:
/home/sand/src/perl/repoperls/installed-perls/host/k93msid/v5.29.2-41-ge47f50f38f/3c10/lib/site_perl/5.29.3/x86_64-linux
/home/sand/src/perl/repoperls/installed-perls/host/k93msid/v5.29.2-41-ge47f50f38f/3c10/lib/site_perl/5.29.3
/home/sand/src/perl/repoperls/installed-perls/host/k93msid/v5.29.2-41-ge47f50f38f/3c10/lib/5.29.3/x86_64-linux
/home/sand/src/perl/repoperls/installed-perls/host/k93msid/v5.29.2-41-ge47f50f38f/3c10/lib/5.29.3
.