Report for DBIx-Class-Result-ExternalAttribute-0.06

Back
From: metabase:user:320bfe00-2aae-11df-837a-5e0a49663a4f
Subject: FAIL DBIx-Class-Result-ExternalAttribute-0.06 v5.24.0 RC3 GNU/Linux
Date: 2016-04-29T13:52:05Z

This distribution has been tested as part of the CPAN Testers
project, supporting the Perl programming language.  See
http://wiki.cpantesters.org/ for more information or email
questions to cpan-testers-discuss@perl.org


--
Dear Nicolas Oudard,

This is a computer-generated report for DBIx-Class-Result-ExternalAttribute-0.06
on perl 5.24.0, created by CPAN-Reporter-1.2017.

Thank you for uploading your work to CPAN.  However, there was a problem
testing your distribution.

If you think this report is invalid, please consult the CPAN Testers Wiki
for suggestions on how to avoid getting FAIL reports for missing library
or binary dependencies, unsupported operating systems, and so on:

http://wiki.cpantesters.org/wiki/CPANAuthorNotes

Sections of this report:

    * Tester comments
    * Program output
    * Prerequisites
    * Environment and other context

------------------------------
TESTER COMMENTS
------------------------------

Additional comments from tester:

this report is from an automated smoke testing program
and was not reviewed by a human for accuracy

------------------------------
PROGRAM OUTPUT
------------------------------

Output from './Build test':

# Testing DBIx::Class::Result::ExternalAttribute 0.06, Perl 5.024000, /tmp/basesmoker-reloperl-OAxq/bin/perl
t/00-load.t ................ ok
{UNKNOWN}: Can't locate object method "columns" via package "t::app::Main::Result::ArtistAttribute" (perhaps you forgot to load "t::app::Main::Result::ArtistAttribute"?) at /tmp/loop_over_bdir-22613-iyJSXI/DBIx-Class-Result-ExternalAttribute-0.06-0/blib/lib/DBIx/Class/Result/ExternalAttribute.pm line 128.
Compilation failed in require at /home/sand/src/perl/repoperls/installed-perls/host/k93x64sid/v5.24.0-RC3/fae6/lib/site_perl/5.24.0/Class/C3/Componentised.pm line 150. at /home/sand/src/perl/repoperls/installed-perls/host/k93x64sid/v5.24.0-RC3/fae6/lib/site_perl/5.24.0/Class/C3/Componentised.pm line 155
Compilation failed in require at t/01-external_attribute.t line 9.
BEGIN failed--compilation aborted at t/01-external_attribute.t line 9.
t/01-external_attribute.t .. 
Dubious, test returned 255 (wstat 65280, 0xff00)
No subtests run 
t/boilerplate.t ............ ok
t/manifest.t ............... skipped: Author tests not required for installation
t/pod-coverage.t ........... ok
t/pod.t .................... ok

Test Summary Report
-------------------
t/01-external_attribute.t (Wstat: 65280 Tests: 0 Failed: 0)
  Non-zero exit status: 255
  Parse errors: No plan found in TAP output
t/boilerplate.t          (Wstat: 0 Tests: 3 Failed: 0)
  TODO passed:   2
Files=6, Tests=6,  0 wallclock secs ( 0.02 usr  0.05 sys +  0.38 cusr  0.05 csys =  0.50 CPU)
Result: FAIL
Failed 1/6 test programs. 0/6 subtests failed.

------------------------------
PREREQUISITES
------------------------------

Prerequisite modules loaded:

requires:

    Module                          Need    Have        
    ------------------------------- ------- ------------
    Carp                            1.17    1.40        
    DBIx::Class::Result::ColumnData 0.09    0.16        
    SQL::Translator                 0.11007 0.11021     
    Test::More                      0       1.302014_009

build_requires:

    Module                          Need    Have        
    ------------------------------- ------- ------------
    Test::More                      0       1.302014_009

configure_requires:

    Module                          Need    Have        
    ------------------------------- ------- ------------
    Module::Build                   0.38    0.4218      


------------------------------
ENVIRONMENT AND OTHER CONTEXT
------------------------------

Environment variables:

    AUTOMATED_TESTING = 1
    LANG = C
    PATH = /usr/lib/ccache:/home/sand/bin:/usr/local/bin:/usr/lib/ccache:/usr/bin:/bin:/usr/games:/usr/local/perl/bin:/usr/X11/bin:/sbin:/usr/sbin
    PERL5LIB = 
    PERL5OPT = 
    PERL5_CPANPLUS_IS_RUNNING = 13035
    PERL5_CPAN_IS_RUNNING = 13035
    PERL_CANARY_STABILITY_NOPROMPT = 1
    PERL_MM_USE_DEFAULT = 1
    SHELL = /usr/bin/zsh
    TERM = screen

Perl special variables (and OS-specific diagnostics, for MSWin32):

    $^X = /tmp/basesmoker-reloperl-OAxq/bin/perl
    $UID/$EUID = 1005 / 1005
    $GID = 1005 1005
    $EGID = 1005 1005

Perl module toolchain versions installed:

    Module              Have        
    ------------------- ------------
    CPAN                2.12        
    CPAN::Meta          2.150005    
    Cwd                 3.63        
    ExtUtils::CBuilder  0.280225    
    ExtUtils::Command   7.14        
    ExtUtils::Install   2.04        
    ExtUtils::MakeMaker 7.14        
    ExtUtils::Manifest  1.70        
    ExtUtils::ParseXS   3.31        
    File::Spec          3.63        
    JSON                2.90        
    JSON::PP            2.27300     
    Module::Build       0.4218      
    Module::Signature   0.79        
    Parse::CPAN::Meta   1.4417      
    Test::Harness       3.36        
    Test::More          1.302014_009
    YAML                1.15        
    YAML::Syck          1.29        
    version             0.9916      


--

Summary of my perl5 (revision 5 version 24 subversion 0) configuration:
  Commit id: fff2d93e7190eee6b5d20af2144679a24d8b26ef
  Platform:
    osname=linux, osvers=4.5.0-1-amd64, archname=x86_64-linux-thread-multi
    uname='linux k93x64sid 4.5.0-1-amd64 #1 smp debian 4.5.1-1 (2016-04-14) x86_64 gnulinux '
    config_args='-Dprefix=/home/sand/src/perl/repoperls/installed-perls/host/k93x64sid/v5.24.0-RC3/fae6 -Dmyhostname=k93x64sid -Dinstallusrbinperl=n -Uversiononly -Dusedevel -des -Ui_db -Dlibswanted=cl pthread socket inet nsl gdbm dbm malloc dl ld sun m crypt sec util c cposix posix ucb BSD gdbm_compat -Duseithreads -Uuselongdouble'
    hint=recommended, useposix=true, d_sigaction=define
    useithreads=define, usemultiplicity=define
    use64bitint=define, use64bitall=define, uselongdouble=undef
    usemymalloc=n, bincompat5005=undef
  Compiler:
    cc='cc', ccflags ='-D_REENTRANT -D_GNU_SOURCE -fwrapv -fno-strict-aliasing -pipe -fstack-protector-strong -I/usr/local/include -D_LARGEFILE_SOURCE -D_FILE_OFFSET_BITS=64 -D_FORTIFY_SOURCE=2',
    optimize='-O2',
    cppflags='-D_REENTRANT -D_GNU_SOURCE -fwrapv -fno-strict-aliasing -pipe -fstack-protector-strong -I/usr/local/include'
    ccversion='', gccversion='5.3.1 20160424', gccosandvers=''
    intsize=4, longsize=8, ptrsize=8, doublesize=8, byteorder=12345678, doublekind=3
    d_longlong=define, longlongsize=8, d_longdbl=define, longdblsize=16, longdblkind=3
    ivtype='long', ivsize=8, nvtype='double', nvsize=8, Off_t='off_t', lseeksize=8
    alignbytes=8, prototype=define
  Linker and Libraries:
    ld='cc', ldflags =' -fstack-protector-strong -L/usr/local/lib'
    libpth=/usr/local/lib /usr/lib/gcc/x86_64-linux-gnu/5/include-fixed /usr/include/x86_64-linux-gnu /usr/lib /lib/x86_64-linux-gnu /lib/../lib /usr/lib/x86_64-linux-gnu /usr/lib/../lib /lib
    libs=-lpthread -lnsl -ldl -lm -lcrypt -lutil -lc
    perllibs=-lpthread -lnsl -ldl -lm -lcrypt -lutil -lc
    libc=libc-2.22.so, so=so, useshrplib=false, libperl=libperl.a
    gnulibc_version='2.22'
  Dynamic Linking:
    dlsrc=dl_dlopen.xs, dlext=so, d_dlsymun=undef, ccdlflags='-Wl,-E'
    cccdlflags='-fPIC', lddlflags='-shared -O2 -L/usr/local/lib -fstack-protector-strong'


Characteristics of this binary (from libperl): 
  Compile-time options: HAS_TIMES MULTIPLICITY PERLIO_LAYERS
                        PERL_COPY_ON_WRITE PERL_DONT_CREATE_GVSV
                        PERL_HASH_FUNC_ONE_AT_A_TIME_HARD
                        PERL_IMPLICIT_CONTEXT PERL_MALLOC_WRAP
                        PERL_PRESERVE_IVUV PERL_USE_DEVEL USE_64_BIT_ALL
                        USE_64_BIT_INT USE_ITHREADS USE_LARGE_FILES
                        USE_LOCALE USE_LOCALE_COLLATE USE_LOCALE_CTYPE
                        USE_LOCALE_NUMERIC USE_LOCALE_TIME USE_PERLIO
                        USE_PERL_ATOF USE_REENTRANT_API
  Locally applied patches:
	RC3
  Built under linux
  Compiled at Apr 28 2016 22:04:03
  %ENV:
    PERL5LIB=""
    PERL5OPT=""
    PERL5_CPANPLUS_IS_RUNNING="13035"
    PERL5_CPAN_IS_RUNNING="13035"
    PERL_CANARY_STABILITY_NOPROMPT="1"
    PERL_MM_USE_DEFAULT="1"
  @INC:
    /home/sand/src/perl/repoperls/installed-perls/host/k93x64sid/v5.24.0-RC3/fae6/lib/site_perl/5.24.0/x86_64-linux-thread-multi
    /home/sand/src/perl/repoperls/installed-perls/host/k93x64sid/v5.24.0-RC3/fae6/lib/site_perl/5.24.0
    /home/sand/src/perl/repoperls/installed-perls/host/k93x64sid/v5.24.0-RC3/fae6/lib/5.24.0/x86_64-linux-thread-multi
    /home/sand/src/perl/repoperls/installed-perls/host/k93x64sid/v5.24.0-RC3/fae6/lib/5.24.0
    .