Error-Base vv1.0.2 Perl 5 v5.20.3 x86_64-linux
- Status
- Fail
- From
- Oleg Pronin (SYBER)
- Dist
-
Error-Base vv1.0.2
- Platform
- Perl 5 v5.20.3 x86_64-linux
- Date
- 2019-08-11 02:41:44
- ID
- 8e6ce17c-bbe1-11e9-b51b-bbdd2958ff60
This distribution has been tested as part of the CPAN Testers
project, supporting the Perl programming language. See
http://wiki.cpantesters.org/ for more information or email
questions to cpan-testers-discuss@perl.org
--
Dear Xiong Changnian,
This is a computer-generated report for Error-Base-v1.0.2
on perl 5.20.3, created by CPAN-Reporter-1.2018.
Thank you for uploading your work to CPAN. However, there was a problem
testing your distribution.
If you think this report is invalid, please consult the CPAN Testers Wiki
for suggestions on how to avoid getting FAIL reports for missing library
or binary dependencies, unsupported operating systems, and so on:
http://wiki.cpantesters.org/wiki/CPANAuthorNotes
Sections of this report:
* Tester comments
* Program output
* Prerequisites
* Environment and other context
------------------------------
TESTER COMMENTS
------------------------------
Additional comments from tester:
this report is from an automated smoke testing program
and was not reviewed by a human for accuracy
------------------------------
PROGRAM OUTPUT
------------------------------
Output from './Build test':
# Testing Error::Base v1.0.2
t/010-load.t .......... ok
t/020-strict.t ........ ok
t/105-paired.t ........ ok
t/110-trace.t ......... ok
t/115-cuss.t .......... ok
t/120-string-cuss.t ... ok
t/125-new.t ........... ok
t/130-new-merge.t ..... ok
t/135-crash.t ......... ok
t/140-crank-skip.t .... ok
t/145-prepend.t ....... ok
# Error-Base: interpolate: two-placeholders-one-value: This case should emit a warning.
Error::Base internal warning: in _late eval: Global symbol "$farmboy" requires explicit package name at (eval 81) line 11.
t/155-interpolate.t ... ok
t/157-self-late.t ..... ok
t/160-crash-late.t .... ok
t/165-expand-ref.t .... ok
t/210-syn-intro.t ..... ok
t/211-mesg-aryref.t ... ok
t/215-cookbook.t ...... ok
t/310-ex-backtrace.t .. ok
t/315-no-self.t ....... ok
t/320-bad-reftype.t ... ok
t/325-unthrown.t ...... ok
# Failed test 'count'
# at t/410-nest.t line 111.
# got: '7'
# expected: '8'
# Looks like you failed 1 test of 2.
# Failed test 'Error-Base: -nest: null'
# at t/410-nest.t line 74.
# Failed test 'count'
# at t/410-nest.t line 111.
# got: '7'
# expected: '8'
# Looks like you failed 1 test of 2.
# Failed test 'Error-Base: -nest: (0)'
# at t/410-nest.t line 74.
# Failed test 'count'
# at t/410-nest.t line 111.
# got: '8'
# expected: '9'
# Looks like you failed 1 test of 2.
# Failed test 'Error-Base: -nest: (-1)'
# at t/410-nest.t line 74.
# Failed test 'count'
# at t/410-nest.t line 111.
# got: '9'
# expected: '10'
# Looks like you failed 1 test of 2.
# Failed test 'Error-Base: -nest: (-2)'
# at t/410-nest.t line 74.
# Failed test 'count'
# at t/410-nest.t line 111.
# got: '6'
# expected: '7'
# Looks like you failed 1 test of 2.
# Failed test 'Error-Base: -nest: (+1)'
# at t/410-nest.t line 74.
# Failed test 'count'
# at t/410-nest.t line 111.
# got: '5'
# expected: '6'
# Looks like you failed 1 test of 2.
# Failed test 'Error-Base: -nest: (+2)'
# at t/410-nest.t line 74.
# Looks like you failed 6 tests of 6.
t/410-nest.t ..........
Dubious, test returned 6 (wstat 1536, 0x600)
Failed 6/6 subtests
t/505-acc-get.t ....... ok
t/510-acc-put.t ....... ok
Test Summary Report
-------------------
t/410-nest.t (Wstat: 1536 Tests: 6 Failed: 6)
Failed tests: 1-6
Non-zero exit status: 6
Files=25, Tests=191, 3 wallclock secs ( 0.09 usr 0.03 sys + 1.96 cusr 0.16 csys = 2.24 CPU)
Result: FAIL
Failed 1/25 test programs. 6/191 subtests failed.
------------------------------
PREREQUISITES
------------------------------
Prerequisite modules loaded:
requires:
Module Need Have
--------------- -------- ---------
overload 0 1.22
perl 5.008008 5.020003
Scalar::Util 0 1.51
version 0.99 0.9924_02
build_requires:
Module Need Have
--------------- -------- ---------
Test::More 0.94 1.302164
configure_requires:
Module Need Have
--------------- -------- ---------
Module::Build 0.38 0.42_30
opt_requires:
Module Need Have
--------------- -------- ---------
Devel::Comments v1.1.4 1.1.4
Test::Trap v0.2.1 0.3.4
------------------------------
ENVIRONMENT AND OTHER CONTEXT
------------------------------
Environment variables:
AUTOMATED_TESTING = 1
LC_COLLATE = ru_RU.utf8
LC_CTYPE = ru_RU.utf8
PATH = /home/syber/perl5/perlbrew/bin:/home/syber/perl5/perlbrew/perls/5.20.3/bin:/usr/local/bin:/usr/bin:/bin:/usr/local/games:/usr/games
PERL5LIB =
PERL5OPT =
PERL5_CPANPLUS_IS_RUNNING = 33757
PERL5_CPAN_IS_RUNNING = 33757
PERL5_CPAN_IS_RUNNING_IN_RECURSION = 32264,33757
PERLBREW_HOME = /home/syber/.perlbrew
PERLBREW_MANPATH = /home/syber/perl5/perlbrew/perls/5.20.3/man
PERLBREW_PATH = /home/syber/perl5/perlbrew/bin:/home/syber/perl5/perlbrew/perls/5.20.3/bin
PERLBREW_PERL = 5.20.3
PERLBREW_ROOT = /home/syber/perl5/perlbrew
PERLBREW_SHELLRC_VERSION = 0.86
PERLBREW_VERSION = 0.86
PERL_CR_SMOKER_CURRENT = Error-Base-v1.0.2
PERL_EXTUTILS_AUTOINSTALL = --defaultdeps
PERL_MM_USE_DEFAULT = 1
PERL_USE_UNSAFE_INC = 1
SHELL = /bin/bash
TERM = screen
Perl special variables (and OS-specific diagnostics, for MSWin32):
$^X = /home/syber/perl5/perlbrew/perls/5.20.3/bin/perl
$UID/$EUID = 1003 / 1003
$GID = 1003 11 1003
$EGID = 1003 11 1003
Perl module toolchain versions installed:
Module Have
------------------- ---------
CPAN 2.27
CPAN::Meta 2.150010
Cwd 3.75
ExtUtils::CBuilder 0.280231
ExtUtils::Command 7.37_03
ExtUtils::Install 2.14
ExtUtils::MakeMaker 7.37_03
ExtUtils::Manifest 1.72
ExtUtils::ParseXS 3.36_03
File::Spec 3.75
JSON 4.02
JSON::PP 4.04
Module::Build 0.42_30
Module::Signature 0.83
Parse::CPAN::Meta 2.150010
Test::Harness 3.42
Test::More 1.302164
YAML 1.29
YAML::Syck 1.31
version 0.9924_02
--
Summary of my perl5 (revision 5 version 20 subversion 3) configuration:
Platform:
osname=linux, osvers=4.9.0-8-amd64, archname=x86_64-linux
uname='linux dexter.crazypanda.ru 4.9.0-8-amd64 #1 smp debian 4.9.110-3+deb9u6 (2018-10-08) x86_64 gnulinux '
config_args='-de -Dprefix=/home/syber/perl5/perlbrew/perls/5.20.3 -Aeval:scriptdir=/home/syber/perl5/perlbrew/perls/5.20.3/bin'
hint=recommended, useposix=true, d_sigaction=define
useithreads=undef, usemultiplicity=undef
use64bitint=define, use64bitall=define, uselongdouble=undef
usemymalloc=n, bincompat5005=undef
Compiler:
cc='cc', ccflags ='-fwrapv -fno-strict-aliasing -pipe -fstack-protector -I/usr/local/include -D_LARGEFILE_SOURCE -D_FILE_OFFSET_BITS=64',
optimize='-O2',
cppflags='-fwrapv -fno-strict-aliasing -pipe -fstack-protector -I/usr/local/include'
ccversion='', gccversion='6.3.0 20170516', gccosandvers=''
intsize=4, longsize=8, ptrsize=8, doublesize=8, byteorder=12345678
d_longlong=define, longlongsize=8, d_longdbl=define, longdblsize=16
ivtype='long', ivsize=8, nvtype='double', nvsize=8, Off_t='off_t', lseeksize=8
alignbytes=8, prototype=define
Linker and Libraries:
ld='cc', ldflags =' -fstack-protector -L/usr/local/lib'
libpth=/usr/local/lib /usr/lib/gcc/x86_64-linux-gnu/6/include-fixed /usr/include/x86_64-linux-gnu /usr/lib /lib/x86_64-linux-gnu /lib/../lib /usr/lib/x86_64-linux-gnu /usr/lib/../lib /lib
libs=-lpthread -lnsl -ldl -lm -lcrypt -lutil -lc
perllibs=-lpthread -lnsl -ldl -lm -lcrypt -lutil -lc
libc=libc-2.24.so, so=so, useshrplib=false, libperl=libperl.a
gnulibc_version='2.24'
Dynamic Linking:
dlsrc=dl_dlopen.xs, dlext=so, d_dlsymun=undef, ccdlflags='-Wl,-E'
cccdlflags='-fPIC', lddlflags='-shared -O2 -L/usr/local/lib -fstack-protector'
Characteristics of this binary (from libperl):
Compile-time options: HAS_TIMES PERLIO_LAYERS PERL_DONT_CREATE_GVSV
PERL_HASH_FUNC_ONE_AT_A_TIME_HARD PERL_MALLOC_WRAP
PERL_NEW_COPY_ON_WRITE PERL_PRESERVE_IVUV
USE_64_BIT_ALL USE_64_BIT_INT USE_LARGE_FILES
USE_LOCALE USE_LOCALE_COLLATE USE_LOCALE_CTYPE
USE_LOCALE_NUMERIC USE_PERLIO USE_PERL_ATOF
Locally applied patches:
Devel::PatchPerl 1.64
Built under linux
Compiled at Aug 5 2019 14:02:05
%ENV:
PERL5LIB=""
PERL5OPT=""
PERL5_CPANPLUS_IS_RUNNING="33757"
PERL5_CPAN_IS_RUNNING="33757"
PERL5_CPAN_IS_RUNNING_IN_RECURSION="32264,33757"
PERLBREW_HOME="/home/syber/.perlbrew"
PERLBREW_MANPATH="/home/syber/perl5/perlbrew/perls/5.20.3/man"
PERLBREW_PATH="/home/syber/perl5/perlbrew/bin:/home/syber/perl5/perlbrew/perls/5.20.3/bin"
PERLBREW_PERL="5.20.3"
PERLBREW_ROOT="/home/syber/perl5/perlbrew"
PERLBREW_SHELLRC_VERSION="0.86"
PERLBREW_VERSION="0.86"
PERL_CR_SMOKER_CURRENT="Error-Base-v1.0.2"
PERL_EXTUTILS_AUTOINSTALL="--defaultdeps"
PERL_MM_USE_DEFAULT="1"
PERL_USE_UNSAFE_INC="1"
@INC:
/home/syber/perl5/perlbrew/perls/5.20.3/lib/site_perl/5.20.3/x86_64-linux
/home/syber/perl5/perlbrew/perls/5.20.3/lib/site_perl/5.20.3
/home/syber/perl5/perlbrew/perls/5.20.3/lib/5.20.3/x86_64-linux
/home/syber/perl5/perlbrew/perls/5.20.3/lib/5.20.3
.