Back
From: metabase:user:320bfe00-2aae-11df-837a-5e0a49663a4f
Subject: FAIL LWP-Simple-REST-0.092 v5.23.0 GNU/Linux
Date: 2015-07-08T14:20:59Z
This distribution has been tested as part of the CPAN Testers
project, supporting the Perl programming language. See
http://wiki.cpantesters.org/ for more information or email
questions to cpan-testers-discuss@perl.org
--
Dear Italo Buono Goncales,
This is a computer-generated report for LWP-Simple-REST-0.092
on perl 5.23.0, created by CPAN-Reporter-1.2014.
Thank you for uploading your work to CPAN. However, there was a problem
testing your distribution.
If you think this report is invalid, please consult the CPAN Testers Wiki
for suggestions on how to avoid getting FAIL reports for missing library
or binary dependencies, unsupported operating systems, and so on:
http://wiki.cpantesters.org/wiki/CPANAuthorNotes
Sections of this report:
* Tester comments
* Program output
* Prerequisites
* Environment and other context
------------------------------
TESTER COMMENTS
------------------------------
Additional comments from tester:
this report is from an automated smoke testing program
and was not reviewed by a human for accuracy
------------------------------
PROGRAM OUTPUT
------------------------------
Output from '/usr/bin/make test':
PERL_DL_NONLAZY=1 "/home/sand/src/perl/repoperls/installed-perls/perl/v5.23.0/7e7a/bin/perl" "-MExtUtils::Command::MM" "-MTest::Harness" "-e" "undef *Test::Harness::Switches; test_harness(0, 'blib/lib', 'blib/arch')" t/*.t
bind to *:3031: Address already in use at t/DELETE.t line 31.
# Failed test 'Answer should be a string'
# at t/DELETE.t line 46.
# Looks like you failed 1 test of 2.
t/DELETE.t ....
Dubious, test returned 1 (wstat 256, 0x100)
Failed 1/2 subtests
bind to *:3030: Address already in use at t/GET.t line 25.
# Failed test 'Answer should be a string'
# at t/GET.t line 40.
# Looks like you failed 1 test of 2.
t/GET.t .......
Dubious, test returned 1 (wstat 256, 0x100)
Failed 1/2 subtests
bind to *:3035: Address already in use at t/HEAD.t line 32.
# Failed test 'Can access header from unblessed headers.'
# at t/HEAD.t line 51.
# Structures begin differing at:
# $got->[0] = 'text/html'
# $expected->[0] = 'text/plain'
# Looks like you failed 1 test of 2.
t/HEAD.t ......
Dubious, test returned 1 (wstat 256, 0x100)
Failed 1/2 subtests
bind to *:3033: Address already in use at t/JSONGET.t line 27.
# Failed test 'Request sent'
# at t/JSONGET.t line 45.
# died: Cannot connect to server at t/JSONGET.t line 44, <DATA> line 16.
# Failed test 'Answer should be a string'
# at t/JSONGET.t line 51.
# Structures begin differing at:
# $got = HASH(0x23e4bf0)
# $expected = undef
# Looks like you failed 2 tests of 2.
t/JSONGET.t ...
Dubious, test returned 2 (wstat 512, 0x200)
Failed 2/2 subtests
bind to *:3032: Address already in use at t/JSONPOST.t line 27.
t/JSONPOST.t .. ok
bind to *:3036: Address already in use at t/POST.t line 25.
# Failed test 'Answer should be a string'
# at t/POST.t line 39.
# Looks like you failed 1 test of 2.
t/POST.t ......
Dubious, test returned 1 (wstat 256, 0x100)
Failed 1/2 subtests
bind to *:3034: Address already in use at t/PUT.t line 29.
# Failed test 'PUT: Answer should be a string'
# at t/PUT.t line 44.
# Looks like you failed 1 test of 2.
t/PUT.t .......
Dubious, test returned 1 (wstat 256, 0x100)
Failed 1/2 subtests
t/TODO.t ...... ok
Test Summary Report
-------------------
t/DELETE.t (Wstat: 256 Tests: 2 Failed: 1)
Failed test: 2
Non-zero exit status: 1
t/GET.t (Wstat: 256 Tests: 2 Failed: 1)
Failed test: 2
Non-zero exit status: 1
t/HEAD.t (Wstat: 256 Tests: 2 Failed: 1)
Failed test: 2
Non-zero exit status: 1
t/JSONGET.t (Wstat: 512 Tests: 2 Failed: 2)
Failed tests: 1-2
Non-zero exit status: 2
t/POST.t (Wstat: 256 Tests: 2 Failed: 1)
Failed test: 2
Non-zero exit status: 1
t/PUT.t (Wstat: 256 Tests: 2 Failed: 1)
Failed test: 2
Non-zero exit status: 1
Files=8, Tests=15, 23 wallclock secs ( 0.02 usr 0.07 sys + 1.06 cusr 0.32 csys = 1.47 CPU)
Result: FAIL
Failed 6/8 test programs. 7/15 subtests failed.
Makefile:816: recipe for target 'test_dynamic' failed
make: *** [test_dynamic] Error 255
------------------------------
PREREQUISITES
------------------------------
Prerequisite modules loaded:
requires:
Module Need Have
------------------------- ---- -------
Data::Structure::Util 0 0.16
ExtUtils::MakeMaker 0 7.05_25
HTTP::Server::Simple 0 0.50
JSON 0 2.90
LWP::UserAgent 0 6.13
Test::Exception 0 0.40
Try::Tiny 0 0.22
build_requires:
Module Need Have
------------------------- ---- -------
ExtUtils::MakeMaker 0 7.05_25
HTTP::Server::Simple::CGI 0 0
configure_requires:
Module Need Have
------------------------- ---- -------
ExtUtils::MakeMaker 0 7.05_25
------------------------------
ENVIRONMENT AND OTHER CONTEXT
------------------------------
Environment variables:
AUTOMATED_TESTING = 1
LANG = en_US.UTF-8
LANGUAGE = en_US:en
PATH = /home/sand/bin:/usr/local/bin:/usr/bin:/bin:/usr/games:/usr/local/perl/bin:/usr/X11/bin:/sbin:/usr/sbin
PERL5LIB =
PERL5OPT =
PERL5_CPANPLUS_IS_RUNNING = 6321
PERL5_CPAN_IS_RUNNING = 6321
PERL_MM_USE_DEFAULT = 1
SHELL = /usr/bin/zsh
TERM = screen
Perl special variables (and OS-specific diagnostics, for MSWin32):
$^X = /home/sand/src/perl/repoperls/installed-perls/perl/v5.23.0/7e7a/bin/perl
$UID/$EUID = 1005 / 1005
$GID = 1005 1005
$EGID = 1005 1005
Perl module toolchain versions installed:
Module Have
------------------- --------
CPAN 2.11
CPAN::Meta 2.150005
Cwd 3.56
ExtUtils::CBuilder 0.280223
ExtUtils::Command 7.05_25
ExtUtils::Install 2.04
ExtUtils::MakeMaker 7.05_25
ExtUtils::Manifest 1.70
ExtUtils::ParseXS 3.28
File::Spec 3.56
JSON 2.90
JSON::PP 2.27300
Module::Build 0.4214
Module::Signature 0.79
Parse::CPAN::Meta 1.4417
Test::Harness 3.35
Test::More 1.001014
YAML 1.15
YAML::Syck 1.29
version 0.9909
--
Summary of my perl5 (revision 5 version 23 subversion 0) configuration:
Commit id: 7c499b7fd47e7232467f4cb7ffd590dc0edf2168
Platform:
osname=linux, osvers=4.0.0-2-amd64, archname=x86_64-linux-thread-multi-ld
uname='linux k83 4.0.0-2-amd64 #1 smp debian 4.0.5-1 (2015-06-16) x86_64 gnulinux '
config_args='-Dprefix=/home/sand/src/perl/repoperls/installed-perls/perl/v5.23.0/7e7a -Dmyhostname=k83 -Dinstallusrbinperl=n -Uversiononly -Dusedevel -des -Ui_db -Duseithreads -Duselongdouble'
hint=recommended, useposix=true, d_sigaction=define
useithreads=define, usemultiplicity=define
use64bitint=define, use64bitall=define, uselongdouble=define
usemymalloc=n, bincompat5005=undef
Compiler:
cc='cc', ccflags ='-D_REENTRANT -D_GNU_SOURCE -fwrapv -fno-strict-aliasing -pipe -fstack-protector-strong -I/usr/local/include -D_LARGEFILE_SOURCE -D_FILE_OFFSET_BITS=64 -D_FORTIFY_SOURCE=2',
optimize='-O2',
cppflags='-D_REENTRANT -D_GNU_SOURCE -fwrapv -fno-strict-aliasing -pipe -fstack-protector-strong -I/usr/local/include'
ccversion='', gccversion='4.9.2', gccosandvers=''
intsize=4, longsize=8, ptrsize=8, doublesize=8, byteorder=12345678, doublekind=3
d_longlong=define, longlongsize=8, d_longdbl=define, longdblsize=16, longdblkind=3
ivtype='long', ivsize=8, nvtype='long double', nvsize=16, Off_t='off_t', lseeksize=8
alignbytes=16, prototype=define
Linker and Libraries:
ld='cc', ldflags =' -fstack-protector-strong -L/usr/local/lib'
libpth=/usr/local/lib /usr/lib/gcc/x86_64-linux-gnu/4.9/include-fixed /usr/include/x86_64-linux-gnu /usr/lib /lib/x86_64-linux-gnu /lib/../lib /usr/lib/x86_64-linux-gnu /usr/lib/../lib /lib
libs=-lpthread -lnsl -lgdbm -ldb -ldl -lm -lcrypt -lutil -lc -lgdbm_compat
perllibs=-lpthread -lnsl -ldl -lm -lcrypt -lutil -lc
libc=libc-2.19.so, so=so, useshrplib=false, libperl=libperl.a
gnulibc_version='2.19'
Dynamic Linking:
dlsrc=dl_dlopen.xs, dlext=so, d_dlsymun=undef, ccdlflags='-Wl,-E'
cccdlflags='-fPIC', lddlflags='-shared -O2 -L/usr/local/lib -fstack-protector-strong'
Characteristics of this binary (from libperl):
Compile-time options: HAS_TIMES MULTIPLICITY PERLIO_LAYERS
PERL_DONT_CREATE_GVSV
PERL_HASH_FUNC_ONE_AT_A_TIME_HARD
PERL_IMPLICIT_CONTEXT PERL_MALLOC_WRAP
PERL_NEW_COPY_ON_WRITE PERL_PRESERVE_IVUV
PERL_USE_DEVEL USE_64_BIT_ALL USE_64_BIT_INT
USE_ITHREADS USE_LARGE_FILES USE_LOCALE
USE_LOCALE_COLLATE USE_LOCALE_CTYPE
USE_LOCALE_NUMERIC USE_LOCALE_TIME USE_LONG_DOUBLE
USE_PERLIO USE_PERL_ATOF USE_REENTRANT_API
Built under linux
Compiled at Jun 29 2015 23:51:07
%ENV:
PERL5LIB=""
PERL5OPT=""
PERL5_CPANPLUS_IS_RUNNING="6321"
PERL5_CPAN_IS_RUNNING="6321"
PERL_MM_USE_DEFAULT="1"
@INC:
/home/sand/src/perl/repoperls/installed-perls/perl/v5.23.0/7e7a/lib/site_perl/5.23.0/x86_64-linux-thread-multi-ld
/home/sand/src/perl/repoperls/installed-perls/perl/v5.23.0/7e7a/lib/site_perl/5.23.0
/home/sand/src/perl/repoperls/installed-perls/perl/v5.23.0/7e7a/lib/5.23.0/x86_64-linux-thread-multi-ld
/home/sand/src/perl/repoperls/installed-perls/perl/v5.23.0/7e7a/lib/5.23.0
.