Sniffer-HTTP v0.26 Perl 5 v5.28.3 x86_64-linux-thread-multi

Status
Fail
From
Slaven Rezić
Dist
Sniffer-HTTP v0.26
Platform
Perl 5 v5.28.3 x86_64-linux-thread-multi
Date
2022-10-18 18:49:10
ID
8dbc9e28-4f15-11ed-a2b1-dd126e8775ea
This distribution has been tested as part of the CPAN Testers
project, supporting the Perl programming language.  See
http://wiki.cpantesters.org/ for more information or email
questions to cpan-testers-discuss@perl.org


--
Dear Max Maischein,

This is a computer-generated report for Sniffer-HTTP-0.26
on perl 5.28.3, created by CPAN-Reporter-1.2018.

Thank you for uploading your work to CPAN.  However, there was a problem
testing your distribution.

If you think this report is invalid, please consult the CPAN Testers Wiki
for suggestions on how to avoid getting FAIL reports for missing library
or binary dependencies, unsupported operating systems, and so on:

http://wiki.cpantesters.org/wiki/CPANAuthorNotes

Sections of this report:

    * Tester comments
    * Program output
    * Prerequisites
    * Environment and other context

------------------------------
TESTER COMMENTS
------------------------------

Additional comments from tester:

none provided

------------------------------
PROGRAM OUTPUT
------------------------------

Output from '/usr/bin/make test':

PERL_DL_NONLAZY=1 "/bbbike/perl-5.28.3t/bin/perl" "-MExtUtils::Command::MM" "-MTest::Harness" "-e" "undef *Test::Harness::Switches; test_harness(0, 'blib/lib', 'blib/arch')" t/*.t
# Pcap lib_version is libpcap version 1.10.0 (with TPACKET_V3)
# You're not running the tests as root - they might fail
Can't exec "netstat": No such file or directory at /home/cpansand/.cpan/build/2022101806/Sniffer-HTTP-0.26-0/blib/lib/Net/Pcap/FindDevice.pm line 105.
Use of uninitialized value $device_ip in exists at /home/cpansand/.cpan/build/2022101806/Sniffer-HTTP-0.26-0/blib/lib/Net/Pcap/FindDevice.pm line 120.
Use of uninitialized value $ip in split at /home/cpansand/.cpan/build/2022101806/Sniffer-HTTP-0.26-0/blib/lib/Net/Pcap/FindDevice.pm line 159.
Can't exec "netstat": No such file or directory at /home/cpansand/.cpan/build/2022101806/Sniffer-HTTP-0.26-0/blib/lib/Net/Pcap/FindDevice.pm line 105.
Use of uninitialized value $device_ip in exists at /home/cpansand/.cpan/build/2022101806/Sniffer-HTTP-0.26-0/blib/lib/Net/Pcap/FindDevice.pm line 120.
Use of uninitialized value $ip in split at /home/cpansand/.cpan/build/2022101806/Sniffer-HTTP-0.26-0/blib/lib/Net/Pcap/FindDevice.pm line 159.
Can't exec "netstat": No such file or directory at /home/cpansand/.cpan/build/2022101806/Sniffer-HTTP-0.26-0/blib/lib/Net/Pcap/FindDevice.pm line 105.
Use of uninitialized value $device_ip in exists at /home/cpansand/.cpan/build/2022101806/Sniffer-HTTP-0.26-0/blib/lib/Net/Pcap/FindDevice.pm line 120.
Use of uninitialized value $ip in split at /home/cpansand/.cpan/build/2022101806/Sniffer-HTTP-0.26-0/blib/lib/Net/Pcap/FindDevice.pm line 159.
Can't exec "netstat": No such file or directory at /home/cpansand/.cpan/build/2022101806/Sniffer-HTTP-0.26-0/blib/lib/Net/Pcap/FindDevice.pm line 105.
Use of uninitialized value $device_ip in exists at /home/cpansand/.cpan/build/2022101806/Sniffer-HTTP-0.26-0/blib/lib/Net/Pcap/FindDevice.pm line 120.
Use of uninitialized value $ip in split at /home/cpansand/.cpan/build/2022101806/Sniffer-HTTP-0.26-0/blib/lib/Net/Pcap/FindDevice.pm line 159.
Use of uninitialized value in subroutine entry at t/01-find_device.t line 46.
Use of uninitialized value $name in concatenation (.) or string at t/01-find_device.t line 46.
Use of uninitialized value $address in pack at t/01-find_device.t line 47.
Use of uninitialized value $name in concatenation (.) or string at t/01-find_device.t line 48.
t/01-find_device.t ...... ok
t/01-use.t .............. ok
# You're not running the tests as root - they might fail
Can't exec "netstat": No such file or directory at /home/cpansand/.cpan/build/2022101806/Sniffer-HTTP-0.26-0/blib/lib/Net/Pcap/FindDevice.pm line 105.
Use of uninitialized value $device_ip in exists at /home/cpansand/.cpan/build/2022101806/Sniffer-HTTP-0.26-0/blib/lib/Net/Pcap/FindDevice.pm line 120.
Use of uninitialized value $ip in split at /home/cpansand/.cpan/build/2022101806/Sniffer-HTTP-0.26-0/blib/lib/Net/Pcap/FindDevice.pm line 159.
# Creating connection 2537:80, sequence start at 779081851
# Got header
# Request header and content are ready (0 bytes)
# Got chunksize 0, reporting response
# Removing 2537:80

#   Failed test 'Got the expected responses'
#   at t/02-chunked.t line 104.
#     Structures begin differing at:
#          $got->[0][0]{_max_body_size} = undef
#     $expected->[0][0]{_max_body_size} = Does not exist
# $VAR1 = [
#           [
#             bless( {
#                      '_protocol' => 'HTTP/1.1',
#                      '_rc' => '404',
#                      '_max_body_size' => undef,
#                      '_headers' => bless( {
#                                             'server' => 'Apache/1.3.31 (Unix)',
#                                             'transfer-encoding' => 'chunked',
#                                             'connection' => 'close',
#                                             'date' => 'Sun, 23 Oct 2005 19:58:38 GMT',
#                                             'content-type' => 'text/html; charset=iso-8859-1'
#                                           }, 'HTTP::Headers' ),
#                      '_content' => '<!DOCTYPE HTML PUBLIC "-//IETF//DTD HTML 2.0//EN">
# <HTML><HEAD>
# <TITLE>404 Not Found</TITLE>
# </HEAD><BODY>
# <H1>Not Found</H1>
# The requested URL /does_not_exist was not found on this server.<P>
# </BODY></HTML>
# ',
#                      '_msg' => 'Not Found'
#                    }, 'HTTP::Response' ),
#             bless( {
#                      '_max_body_size' => undef,
#                      '_headers' => bless( {
#                                             'host' => 'www.corion.net',
#                                             'te' => 'deflate,gzip;q=0.3',
#                                             'connection' => 'TE, close',
#                                             'user-agent' => 'lwp-request/2.06'
#                                           }, 'HTTP::Headers' ),
#                      '_protocol' => 'HTTP/1.1',
#                      '_method' => 'GET',
#                      '_content' => '',
#                      '_uri' => bless( do{\(my $o = 'http://www.corion.net/does_not_exist')}, 'URI::http' )
#                    }, 'HTTP::Request' )
#           ]
#         ];
# Looks like you failed 1 test of 4.
t/02-chunked.t .......... 
Dubious, test returned 1 (wstat 256, 0x100)
Failed 1/4 subtests 
# You're not running the tests as root - they might fail
Can't exec "netstat": No such file or directory at /home/cpansand/.cpan/build/2022101806/Sniffer-HTTP-0.26-0/blib/lib/Net/Pcap/FindDevice.pm line 105.
Use of uninitialized value $device_ip in exists at /home/cpansand/.cpan/build/2022101806/Sniffer-HTTP-0.26-0/blib/lib/Net/Pcap/FindDevice.pm line 120.
Use of uninitialized value $ip in split at /home/cpansand/.cpan/build/2022101806/Sniffer-HTTP-0.26-0/blib/lib/Net/Pcap/FindDevice.pm line 159.
# Creating connection 2929:80, sequence start at 4158002222
# Got header
# Request header and content are ready (0 bytes)
# Got chunksize 0, reporting response
# Got header
# Request header and content are ready (0 bytes)
# Got chunksize 0, reporting response

#   Failed test 'Got the expected requests'
#   at t/03-libpcap_dump.t line 130.
#     Structures begin differing at:
#          $got->[1]{_max_body_size} = undef
#     $expected->[1]{_max_body_size} = Does not exist

#   Failed test 'Got the expected responses'
#   at t/03-libpcap_dump.t line 145.
#     Structures begin differing at:
#          $got->[0][0]{_max_body_size} = undef
#     $expected->[0][0]{_max_body_size} = Does not exist
# $VAR1 = \[
#             bless( {
#                      '_max_body_size' => undef,
#                      '_protocol' => 'HTTP/1.1',
#                      '_content' => '<!DOCTYPE HTML PUBLIC "-//IETF//DTD HTML 2.0//EN">
# <HTML><HEAD>
# <TITLE>404 Not Found</TITLE>
# </HEAD><BODY>
# <H1>Not Found</H1>
# The requested URL /favicon.ico was not found on this server.<P>
# </BODY></HTML>
# ',
#                      '_msg' => 'Not Found',
#                      '_rc' => '404',
#                      '_headers' => bless( {
#                                             'content-type' => 'text/html; charset=iso-8859-1',
#                                             'connection' => 'Keep-Alive',
#                                             'server' => 'Apache/1.3.31 (Unix)',
#                                             'keep-alive' => 'timeout=3, max=99',
#                                             'date' => 'Fri, 04 Nov 2005 15:28:41 GMT',
#                                             'transfer-encoding' => 'chunked'
#                                           }, 'HTTP::Headers' )
#                    }, 'HTTP::Response' ),
#             bless( {
#                      '_headers' => bless( {
#                                             'user-agent' => 'Mozilla/5.0 (Windows; U; Windows NT 5.0; en-US; rv:1.7.12) Gecko/20050915 Firefox/1.0.7',
#                                             'keep-alive' => '300',
#                                             'accept-encoding' => 'gzip,deflate',
#                                             'host' => 'corion.net',
#                                             'connection' => 'keep-alive',
#                                             'accept-language' => 'en-us,en;q=0.5',
#                                             'accept-charset' => 'ISO-8859-1,utf-8;q=0.7,*;q=0.7',
#                                             'accept' => 'image/png,*/*;q=0.5'
#                                           }, 'HTTP::Headers' ),
#                      '_uri' => bless( do{\(my $o = 'http://corion.net/favicon.ico')}, 'URI::http' ),
#                      '_method' => 'GET',
#                      '_content' => '',
#                      '_protocol' => 'HTTP/1.1',
#                      '_max_body_size' => undef
#                    }, 'HTTP::Request' )
#           ];
# Looks like you failed 2 tests of 7.
t/03-libpcap_dump.t ..... 
Dubious, test returned 2 (wstat 512, 0x200)
Failed 2/7 subtests 
# You're not running the tests as root - they might fail
Can't exec "netstat": No such file or directory at /home/cpansand/.cpan/build/2022101806/Sniffer-HTTP-0.26-0/blib/lib/Net/Pcap/FindDevice.pm line 105.
Use of uninitialized value $device_ip in exists at /home/cpansand/.cpan/build/2022101806/Sniffer-HTTP-0.26-0/blib/lib/Net/Pcap/FindDevice.pm line 120.
Use of uninitialized value $ip in split at /home/cpansand/.cpan/build/2022101806/Sniffer-HTTP-0.26-0/blib/lib/Net/Pcap/FindDevice.pm line 159.
# Creating connection 4345:8888, sequence start at 2872133876
# Got header
# Request header and content are ready (0 bytes)
# Got chunksize 0, reporting response
# Got header
# Request header and content are ready (0 bytes)
# Got chunksize 0, reporting response

#   Failed test 'Got the expected requests'
#   at t/04-other_port.t line 213.
#     Structures begin differing at:
#          $got->[1]{_max_body_size} = undef
#     $expected->[1]{_max_body_size} = Does not exist
# $VAR1 = [
#           bless( {
#                    '_uri' => bless( do{\(my $o = 'http://desert-island.dynodns.net:8888/does_not_exist')}, 'URI::http' ),
#                    '_content' => '',
#                    '_method' => 'GET',
#                    '_max_body_size' => undef,
#                    '_headers' => bless( {
#                                           'host' => 'desert-island.dynodns.net:8888',
#                                           'keep-alive' => '300',
#                                           'accept' => 'text/xml,application/xml,application/xhtml+xml,text/html;q=0.9,text/plain;q=0.8,image/png,*/*;q=0.5',
#                                           'accept-language' => 'en-us,en;q=0.5',
#                                           'connection' => 'keep-alive',
#                                           'accept-charset' => 'ISO-8859-1,utf-8;q=0.7,*;q=0.7',
#                                           'user-agent' => 'Mozilla/5.0 (Windows; U; Windows NT 5.0; en-US; rv:1.7.12) Gecko/20050915 Firefox/1.0.7',
#                                           'accept-encoding' => 'gzip,deflate'
#                                         }, 'HTTP::Headers' ),
#                    '_protocol' => 'HTTP/1.1'
#                  }, 'HTTP::Request' ),
#           bless( {
#                    '_method' => 'GET',
#                    '_uri' => bless( do{\(my $o = 'http://desert-island.dynodns.net:8888/favicon.ico')}, 'URI::http' ),
#                    '_content' => '',
#                    '_max_body_size' => undef,
#                    '_headers' => bless( {
#                                           'accept-charset' => 'ISO-8859-1,utf-8;q=0.7,*;q=0.7',
#                                           'connection' => 'keep-alive',
#                                           'accept-encoding' => 'gzip,deflate',
#                                           'user-agent' => 'Mozilla/5.0 (Windows; U; Windows NT 5.0; en-US; rv:1.7.12) Gecko/20050915 Firefox/1.0.7',
#                                           'keep-alive' => '300',
#                                           'accept' => 'image/png,*/*;q=0.5',
#                                           'host' => 'desert-island.dynodns.net:8888',
#                                           'accept-language' => 'en-us,en;q=0.5'
#                                         }, 'HTTP::Headers' ),
#                    '_protocol' => 'HTTP/1.1'
#                  }, 'HTTP::Request' )
#         ];

#   Failed test 'Got the expected responses'
#   at t/04-other_port.t line 216.
#     Structures begin differing at:
#          $got->[0][0]{_max_body_size} = undef
#     $expected->[0][0]{_max_body_size} = Does not exist
# $VAR1 = [
#           [
#             bless( {
#                      '_max_body_size' => undef,
#                      '_protocol' => 'HTTP/1.1',
#                      '_headers' => bless( {
#                                             'content-type' => 'text/html; charset=iso-8859-1',
#                                             'date' => 'Fri, 04 Nov 2005 19:06:34 GMT',
#                                             'transfer-encoding' => 'chunked',
#                                             'accept-ranges' => 'bytes',
#                                             'keep-alive' => 'timeout=15, max=100',
#                                             'vary' => 'accept-language,accept-charset',
#                                             'content-language' => 'en',
#                                             'server' => 'Apache/2.0.49 (Linux/SuSE)',
#                                             'connection' => 'Keep-Alive'
#                                           }, 'HTTP::Headers' ),
#                      '_rc' => '404',
#                      '_content' => '<?xml version="1.0" encoding="ISO-8859-1"?>
# <!DOCTYPE html PUBLIC "-//W3C//DTD XHTML 1.0 Strict//EN"
#   "http://www.w3.org/TR/xhtml1/DTD/xhtml1-strict.dtd">
# <html xmlns="http://www.w3.org/1999/xhtml" lang="en" xml:lang="en">
# <head>
# <title>Object not found!</title>
# <link rev="made" href="mailto:%5bno%20address%20given%5d" />
# <style type="text/css"><!--/*--><![CDATA[/*><!--*/ 
#     body { color: #000000; background-color: #FFFFFF; }
#     a:link { color: #0000CC; }
#     p, address {margin-left: 3em;}
#     span {font-size: smaller;}
# /*]]>*/--></style>
# </head>
# 
# <body>
# <h1>Object not found!</h1>
# <p>
# 
#     The requested URL was not found on this server.
# 
#   
# 
#     If you entered the URL manually please check your
#     spelling and try again.
# 
#   
# 
# </p>
# <p>
# If you think this is a server error, please contact
# the <a href="mailto:%5bno%20address%20given%5d">webmaster</a>.
# 
# </p>
# 
# <h2>Error 404</h2>
# <address>
#   <a href="/">desert-island.dynodns.net</a><br />
#   
#   <span>Fri Nov  4 19:06:34 2005<br />
#   Apache/2.0.49 (Linux/SuSE)</span>
# </address>
# </body>
# </html>
# 
# ',
#                      '_msg' => 'Not Found'
#                    }, 'HTTP::Response' ),
#             bless( {
#                      '_uri' => bless( do{\(my $o = 'http://desert-island.dynodns.net:8888/does_not_exist')}, 'URI::http' ),
#                      '_content' => '',
#                      '_method' => 'GET',
#                      '_max_body_size' => undef,
#                      '_headers' => bless( {
#                                             'host' => 'desert-island.dynodns.net:8888',
#                                             'keep-alive' => '300',
#                                             'accept' => 'text/xml,application/xml,application/xhtml+xml,text/html;q=0.9,text/plain;q=0.8,image/png,*/*;q=0.5',
#                                             'accept-language' => 'en-us,en;q=0.5',
#                                             'connection' => 'keep-alive',
#                                             'accept-charset' => 'ISO-8859-1,utf-8;q=0.7,*;q=0.7',
#                                             'user-agent' => 'Mozilla/5.0 (Windows; U; Windows NT 5.0; en-US; rv:1.7.12) Gecko/20050915 Firefox/1.0.7',
#                                             'accept-encoding' => 'gzip,deflate'
#                                           }, 'HTTP::Headers' ),
#                      '_protocol' => 'HTTP/1.1'
#                    }, 'HTTP::Request' )
#           ],
#           [
#             bless( {
#                      '_headers' => bless( {
#                                             'date' => 'Fri, 04 Nov 2005 19:06:35 GMT',
#                                             'content-type' => 'text/html; charset=iso-8859-1',
#                                             'accept-ranges' => 'bytes',
#                                             'transfer-encoding' => 'chunked',
#                                             'keep-alive' => 'timeout=15, max=99',
#                                             'content-language' => 'en',
#                                             'vary' => 'accept-language,accept-charset',
#                                             'connection' => 'Keep-Alive',
#                                             'server' => 'Apache/2.0.49 (Linux/SuSE)'
#                                           }, 'HTTP::Headers' ),
#                      '_max_body_size' => undef,
#                      '_protocol' => 'HTTP/1.1',
#                      '_msg' => 'Not Found',
#                      '_content' => '<?xml version="1.0" encoding="ISO-8859-1"?>
# <!DOCTYPE html PUBLIC "-//W3C//DTD XHTML 1.0 Strict//EN"
#   "http://www.w3.org/TR/xhtml1/DTD/xhtml1-strict.dtd">
# <html xmlns="http://www.w3.org/1999/xhtml" lang="en" xml:lang="en">
# <head>
# <title>Object not found!</title>
# <link rev="made" href="mailto:%5bno%20address%20given%5d" />
# <style type="text/css"><!--/*--><![CDATA[/*><!--*/ 
#     body { color: #000000; background-color: #FFFFFF; }
#     a:link { color: #0000CC; }
#     p, address {margin-left: 3em;}
#     span {font-size: smaller;}
# /*]]>*/--></style>
# </head>
# 
# <body>
# <h1>Object not found!</h1>
# <p>
# 
#     The requested URL was not found on this server.
# 
#   
# 
#     If you entered the URL manually please check your
#     spelling and try again.
# 
#   
# 
# </p>
# <p>
# If you think this is a server error, please contact
# the <a href="mailto:%5bno%20address%20given%5d">webmaster</a>.
# 
# </p>
# 
# <h2>Error 404</h2>
# <address>
#   <a href="/">desert-island.dynodns.net</a><br />
#   
#   <span>Fri Nov  4 19:06:35 2005<br />
#   Apache/2.0.49 (Linux/SuSE)</span>
# </address>
# </body>
# </html>
# 
# ',
#                      '_rc' => '404'
#                    }, 'HTTP::Response' ),
#             bless( {
#                      '_method' => 'GET',
#                      '_uri' => bless( do{\(my $o = 'http://desert-island.dynodns.net:8888/favicon.ico')}, 'URI::http' ),
#                      '_content' => '',
#                      '_max_body_size' => undef,
#                      '_headers' => bless( {
#                                             'accept-charset' => 'ISO-8859-1,utf-8;q=0.7,*;q=0.7',
#                                             'connection' => 'keep-alive',
#                                             'accept-encoding' => 'gzip,deflate',
#                                             'user-agent' => 'Mozilla/5.0 (Windows; U; Windows NT 5.0; en-US; rv:1.7.12) Gecko/20050915 Firefox/1.0.7',
#                                             'keep-alive' => '300',
#                                             'accept' => 'image/png,*/*;q=0.5',
#                                             'host' => 'desert-island.dynodns.net:8888',
#                                             'accept-language' => 'en-us,en;q=0.5'
#                                           }, 'HTTP::Headers' ),
#                      '_protocol' => 'HTTP/1.1'
#                    }, 'HTTP::Request' )
#           ]
#         ];
# Looks like you failed 2 tests of 7.
t/04-other_port.t ....... 
Dubious, test returned 2 (wstat 512, 0x200)
Failed 2/7 subtests 
# Using libpcap version 1.10.0 (with TPACKET_V3)
# We are not root. find_device() might be unreliable and tests might fail.
Can't exec "netstat": No such file or directory at /home/cpansand/.cpan/build/2022101806/Sniffer-HTTP-0.26-0/blib/lib/Net/Pcap/FindDevice.pm line 105.
Use of uninitialized value $device_ip in exists at /home/cpansand/.cpan/build/2022101806/Sniffer-HTTP-0.26-0/blib/lib/Net/Pcap/FindDevice.pm line 120.
Use of uninitialized value $ip in split at /home/cpansand/.cpan/build/2022101806/Sniffer-HTTP-0.26-0/blib/lib/Net/Pcap/FindDevice.pm line 159.
# *** Doing live capture of an LWP request to http://www.cpan.org/
# *** If that is blocked or you live behind a proxy, this test will fail.
# *** The dump-to-file feature is untested then.
Can't exec "netstat": No such file or directory at /home/cpansand/.cpan/build/2022101806/Sniffer-HTTP-0.26-0/blib/lib/Net/Pcap/FindDevice.pm line 105.
Use of uninitialized value $device_ip in exists at /home/cpansand/.cpan/build/2022101806/Sniffer-HTTP-0.26-0/blib/lib/Net/Pcap/FindDevice.pm line 120.
Use of uninitialized value $ip in split at /home/cpansand/.cpan/build/2022101806/Sniffer-HTTP-0.26-0/blib/lib/Net/Pcap/FindDevice.pm line 159.
Use of uninitialized value $dev in concatenation (.) or string at t/05-capture_to_file.t line 75.
# Using device ''
# Launching request to 'http://www.cpan.org/'
Can't exec "netstat": No such file or directory at /home/cpansand/.cpan/build/2022101806/Sniffer-HTTP-0.26-0/blib/lib/Net/Pcap/FindDevice.pm line 105.
Use of uninitialized value $device_ip in exists at /home/cpansand/.cpan/build/2022101806/Sniffer-HTTP-0.26-0/blib/lib/Net/Pcap/FindDevice.pm line 120.
Use of uninitialized value $ip in split at /home/cpansand/.cpan/build/2022101806/Sniffer-HTTP-0.26-0/blib/lib/Net/Pcap/FindDevice.pm line 159.
Use of uninitialized value in subroutine entry at /home/cpansand/.cpan/build/2022101806/Sniffer-HTTP-0.26-0/blib/lib/Sniffer/HTTP.pm line 413.
# Couldn't sniff: Unable to look up device information for '<user specified device>': SIOCGIFADDR: : No such device at /home/cpansand/.cpan/build/2022101806/Sniffer-HTTP-0.26-0/blib/lib/Sniffer/HTTP.pm line 414.
# Are you sure you have the proper permissions?
# Maybe you need to be root to get the proper permissions. Your user id is 1023
# Couldn't retrieve 'http://www.cpan.org/'
# Child done.
t/05-capture_to_file.t .. ok

Test Summary Report
-------------------
t/01-find_device.t    (Wstat: 0 Tests: 11 Failed: 0)
  TODO passed:   3, 5-6, 9-11
t/02-chunked.t        (Wstat: 256 Tests: 4 Failed: 1)
  Failed test:  2
  Non-zero exit status: 1
t/03-libpcap_dump.t   (Wstat: 512 Tests: 7 Failed: 2)
  Failed tests:  1-2
  Non-zero exit status: 2
t/04-other_port.t     (Wstat: 512 Tests: 7 Failed: 2)
  Failed tests:  1-2
  Non-zero exit status: 2
Files=6, Tests=34,  2 wallclock secs ( 0.02 usr  0.01 sys +  0.29 cusr  0.21 csys =  0.53 CPU)
Result: FAIL
Failed 3/6 test programs. 5/34 subtests failed.
make: *** [Makefile:871: test_dynamic] Error 255

------------------------------
PREREQUISITES
------------------------------

Prerequisite modules loaded:

requires:

    Module                   Need  Have    
    ------------------------ ----- --------
    Class::Accessor          0     0.51    
    Class::Data::Inheritable 0     0.09    
    Exporter                 5.5   5.73    
    HTTP::Request            6.14  6.41    
    HTTP::Response           6.14  6.41    
    LWP::Simple              0     6.67    
    Net::Pcap                0.09  0.20    
    NetPacket::TCP           0     1.7.2   
    parent                   0     0.236   
    perl                     5.006 5.028003

build_requires:

    Module                   Need  Have    
    ------------------------ ----- --------
    ExtUtils::MakeMaker      0     7.34    

configure_requires:

    Module                   Need  Have    
    ------------------------ ----- --------
    ExtUtils::MakeMaker      0     7.34    


------------------------------
ENVIRONMENT AND OTHER CONTEXT
------------------------------

Environment variables:

    LANG = C
    PATH = /usr/local/bin:/usr/bin:/bin:/usr/local/sbin:/usr/sbin:/sbin:/home/cpansand/bin/linux-gnu:/home/cpansand/bin/sh:/home/cpansand/bin:/usr/games:/home/cpansand/devel:/home/eserte/src/srezic-misc/scripts
    PERL5LIB = /home/cpansand/.cpan/build/2022101806/NetPacket-1.7.2-0/blib/arch:/home/cpansand/.cpan/build/2022101806/NetPacket-1.7.2-0/blib/lib:/home/cpansand/.cpan/build/2022101806/Net-Pcap-0.20-0/blib/arch:/home/cpansand/.cpan/build/2022101806/Net-Pcap-0.20-0/blib/lib:/home/cpansand/.cpan/build/2022101806/libwww-perl-6.67-9/blib/arch:/home/cpansand/.cpan/build/2022101806/libwww-perl-6.67-9/blib/lib:/home/cpansand/.cpan/build/2022101806/WWW-RobotRules-6.02-9/blib/arch:/home/cpansand/.cpan/build/2022101806/WWW-RobotRules-6.02-9/blib/lib:/home/cpansand/.cpan/build/2022101806/Test-RequiresInternet-0.05-9/blib/arch:/home/cpansand/.cpan/build/2022101806/Test-RequiresInternet-0.05-9/blib/lib:/home/cpansand/.cpan/build/2022101806/Net-HTTP-6.22-9/blib/arch:/home/cpansand/.cpan/build/2022101806/Net-HTTP-6.22-9/blib/lib:/home/cpansand/.cpan/build/2022101806/HTTP-Negotiate-6.01-9/blib/arch:/home/cpansand/.cpan/build/2022101806/HTTP-Negotiate-6.01-9/blib/lib:/home/cpansand/.cpan/build/2022101806/HTTP-Daemon-6.14-9/blib/arch:/home/cpansand/.cpan/build/2022101806/HTTP-Daemon-6.14-9/blib/lib:/home/cpansand/.cpan/build/2022101806/Module-Build-Tiny-0.039-9/blib/arch:/home/cpansand/.cpan/build/2022101806/Module-Build-Tiny-0.039-9/blib/lib:/home/cpansand/.cpan/build/2022101806/Module-Build-0.4231-9/blib/arch:/home/cpansand/.cpan/build/2022101806/Module-Build-0.4231-9/blib/lib:/home/cpansand/.cpan/build/2022101806/ExtUtils-InstallPaths-0.012-9/blib/arch:/home/cpansand/.cpan/build/2022101806/ExtUtils-InstallPaths-0.012-9/blib/lib:/home/cpansand/.cpan/build/2022101806/ExtUtils-Helpers-0.026-9/blib/arch:/home/cpansand/.cpan/build/2022101806/ExtUtils-Helpers-0.026-9/blib/lib:/home/cpansand/.cpan/build/2022101806/ExtUtils-Config-0.008-9/blib/arch:/home/cpansand/.cpan/build/2022101806/ExtUtils-Config-0.008-9/blib/lib:/home/cpansand/.cpan/build/2022101806/HTTP-Cookies-6.10-9/blib/arch:/home/cpansand/.cpan/build/2022101806/HTTP-Cookies-6.10-9/blib/lib:/home/cpansand/.cpan/build/2022101806/HTML-Parser-3.79-10/blib/arch:/home/cpansand/.cpan/build/2022101806/HTML-Parser-3.79-10/blib/lib:/home/cpansand/.cpan/build/2022101806/HTML-Tagset-3.20-10/blib/arch:/home/cpansand/.cpan/build/2022101806/HTML-Tagset-3.20-10/blib/lib:/home/cpansand/.cpan/build/2022101806/File-Listing-6.15-9/blib/arch:/home/cpansand/.cpan/build/2022101806/File-Listing-6.15-9/blib/lib:/home/cpansand/.cpan/build/2022101806/Class-Data-Inheritable-0.09-1/blib/arch:/home/cpansand/.cpan/build/2022101806/Class-Data-Inheritable-0.09-1/blib/lib:/home/cpansand/.cpan/build/2022101806/Class-Accessor-0.51-0/blib/arch:/home/cpansand/.cpan/build/2022101806/Class-Accessor-0.51-0/blib/lib:/home/cpansand/.cpan/build/2022101806/HTTP-Message-6.41-15/blib/arch:/home/cpansand/.cpan/build/2022101806/HTTP-Message-6.41-15/blib/lib:/home/cpansand/.cpan/build/2022101806/URI-5.16-15/blib/arch:/home/cpansand/.cpan/build/2022101806/URI-5.16-15/blib/lib:/home/cpansand/.cpan/build/2022101806/Test-Needs-0.002009-16/blib/arch:/home/cpansand/.cpan/build/2022101806/Test-Needs-0.002009-16/blib/lib:/home/cpansand/.cpan/build/2022101806/LWP-MediaTypes-6.04-15/blib/arch:/home/cpansand/.cpan/build/2022101806/LWP-MediaTypes-6.04-15/blib/lib:/home/cpansand/.cpan/build/2022101806/IO-HTML-1.004-15/blib/arch:/home/cpansand/.cpan/build/2022101806/IO-HTML-1.004-15/blib/lib:/home/cpansand/.cpan/build/2022101806/HTTP-Date-6.05-15/blib/arch:/home/cpansand/.cpan/build/2022101806/HTTP-Date-6.05-15/blib/lib:/home/cpansand/.cpan/build/2022101806/TimeDate-2.33-15/blib/arch:/home/cpansand/.cpan/build/2022101806/TimeDate-2.33-15/blib/lib:/home/cpansand/.cpan/build/2022101806/Time-Local-1.30-3/blib/arch:/home/cpansand/.cpan/build/2022101806/Time-Local-1.30-3/blib/lib:/home/cpansand/.cpan/build/2022101806/Encode-Locale-1.05-15/blib/arch:/home/cpansand/.cpan/build/2022101806/Encode-Locale-1.05-15/blib/lib:/home/cpansand/.cpan/build/2022101806/Encode-3.19-2/blib/arch:/home/cpansand/.cpan/build/2022101806/Encode-3.19-2/blib/lib
    PERL5OPT = 
    PERL5_CPANPLUS_IS_RUNNING = 1132632
    PERL5_CPAN_IS_RUNNING = 1132632
    PERL5_CPAN_IS_RUNNING_IN_RECURSION = 1109589,1132632
    PERLDOC = -MPod::Perldoc::ToTextOverstrike
    PERL_BATCH = yes
    PERL_CANARY_STABILITY_NOPROMPT = 1
    PERL_CPAN_REPORTER_CONFIG = /var/tmp/cpansmoker-1023/2022101806/cpanreporter_002_config.ini
    PERL_EXTUTILS_AUTOINSTALL = --defaultdeps
    PERL_USE_UNSAFE_INC = 1
    SHELL = /usr/bin/zsh
    TERM = screen
    TMPDIR = /var/tmp/cpansmoker-1023/2022101806

Perl special variables (and OS-specific diagnostics, for MSWin32):

    $^X = /bbbike/perl-5.28.3t/bin/perl
    $UID/$EUID = 1023 / 1023
    $GID = 1023 1023
    $EGID = 1023 1023

Perl module toolchain versions installed:

    Module              Have    
    ------------------- --------
    CPAN                2.20    
    CPAN::Meta          2.150010
    Cwd                 3.74    
    ExtUtils::CBuilder  0.280230
    ExtUtils::Command   7.34    
    ExtUtils::Install   2.14    
    ExtUtils::MakeMaker 7.34    
    ExtUtils::Manifest  1.70    
    ExtUtils::ParseXS   3.39    
    File::Spec          3.74    
    JSON                n/a     
    JSON::PP            2.97001 
    Module::Build       0.4231  
    Module::Signature   n/a     
    Parse::CPAN::Meta   2.150010
    Test::Harness       3.42    
    Test::More          1.302133
    YAML                1.30    
    YAML::Syck          1.34    
    version             0.9923  


--

Summary of my perl5 (revision 5 version 28 subversion 3) configuration:
   
  Platform:
    osname=linux
    osvers=5.10.0-13-amd64
    archname=x86_64-linux-thread-multi
    uname='linux eserte 5.10.0-13-amd64 #1 smp debian 5.10.106-1 (2022-03-17) x86_64 gnulinux '
    config_args='-ds -e -Dprefix=/opt/perl-5.28.3t -Dusethreads -Dcf_email=srezic@cpan.org'
    hint=recommended
    useposix=true
    d_sigaction=define
    useithreads=define
    usemultiplicity=define
    use64bitint=define
    use64bitall=define
    uselongdouble=undef
    usemymalloc=n
    default_inc_excludes_dot=define
    bincompat5005=undef
  Compiler:
    cc='cc'
    ccflags ='-D_REENTRANT -D_GNU_SOURCE -fwrapv -fno-strict-aliasing -pipe -fstack-protector-strong -I/usr/local/include -D_LARGEFILE_SOURCE -D_FILE_OFFSET_BITS=64 -D_FORTIFY_SOURCE=2'
    optimize='-O2'
    cppflags='-D_REENTRANT -D_GNU_SOURCE -fwrapv -fno-strict-aliasing -pipe -fstack-protector-strong -I/usr/local/include'
    ccversion=''
    gccversion='10.2.1 20210110'
    gccosandvers=''
    intsize=4
    longsize=8
    ptrsize=8
    doublesize=8
    byteorder=12345678
    doublekind=3
    d_longlong=define
    longlongsize=8
    d_longdbl=define
    longdblsize=16
    longdblkind=3
    ivtype='long'
    ivsize=8
    nvtype='double'
    nvsize=8
    Off_t='off_t'
    lseeksize=8
    alignbytes=8
    prototype=define
  Linker and Libraries:
    ld='cc'
    ldflags =' -fstack-protector-strong -L/usr/local/lib'
    libpth=/usr/local/lib /usr/include/x86_64-linux-gnu /usr/lib /lib/x86_64-linux-gnu /lib/../lib /usr/lib/x86_64-linux-gnu /usr/lib/../lib /lib
    libs=-lpthread -lnsl -lgdbm -ldb -ldl -lm -lcrypt -lutil -lc
    perllibs=-lpthread -lnsl -ldl -lm -lcrypt -lutil -lc
    libc=libc-2.31.so
    so=so
    useshrplib=false
    libperl=libperl.a
    gnulibc_version='2.31'
  Dynamic Linking:
    dlsrc=dl_dlopen.xs
    dlext=so
    d_dlsymun=undef
    ccdlflags='-Wl,-E'
    cccdlflags='-fPIC'
    lddlflags='-shared -O2 -L/usr/local/lib -fstack-protector-strong'


Characteristics of this binary (from libperl): 
  Compile-time options:
    HAS_TIMES
    MULTIPLICITY
    PERLIO_LAYERS
    PERL_COPY_ON_WRITE
    PERL_DONT_CREATE_GVSV
    PERL_IMPLICIT_CONTEXT
    PERL_MALLOC_WRAP
    PERL_OP_PARENT
    PERL_PRESERVE_IVUV
    USE_64_BIT_ALL
    USE_64_BIT_INT
    USE_ITHREADS
    USE_LARGE_FILES
    USE_LOCALE
    USE_LOCALE_COLLATE
    USE_LOCALE_CTYPE
    USE_LOCALE_NUMERIC
    USE_LOCALE_TIME
    USE_PERLIO
    USE_PERL_ATOF
    USE_REENTRANT_API
  Locally applied patches:
    Devel::PatchPerl 2.08
  Built under linux
  Compiled at May 18 2022 17:12:46
  %ENV:
    PERL5LIB="/home/cpansand/.cpan/build/2022101806/NetPacket-1.7.2-0/blib/arch:/home/cpansand/.cpan/build/2022101806/NetPacket-1.7.2-0/blib/lib:/home/cpansand/.cpan/build/2022101806/Net-Pcap-0.20-0/blib/arch:/home/cpansand/.cpan/build/2022101806/Net-Pcap-0.20-0/blib/lib:/home/cpansand/.cpan/build/2022101806/libwww-perl-6.67-9/blib/arch:/home/cpansand/.cpan/build/2022101806/libwww-perl-6.67-9/blib/lib:/home/cpansand/.cpan/build/2022101806/WWW-RobotRules-6.02-9/blib/arch:/home/cpansand/.cpan/build/2022101806/WWW-RobotRules-6.02-9/blib/lib:/home/cpansand/.cpan/build/2022101806/Test-RequiresInternet-0.05-9/blib/arch:/home/cpansand/.cpan/build/2022101806/Test-RequiresInternet-0.05-9/blib/lib:/home/cpansand/.cpan/build/2022101806/Net-HTTP-6.22-9/blib/arch:/home/cpansand/.cpan/build/2022101806/Net-HTTP-6.22-9/blib/lib:/home/cpansand/.cpan/build/2022101806/HTTP-Negotiate-6.01-9/blib/arch:/home/cpansand/.cpan/build/2022101806/HTTP-Negotiate-6.01-9/blib/lib:/home/cpansand/.cpan/build/2022101806/HTTP-Daemon-6.14-9/blib/arch:/home/cpansand/.cpan/build/2022101806/HTTP-Daemon-6.14-9/blib/lib:/home/cpansand/.cpan/build/2022101806/Module-Build-Tiny-0.039-9/blib/arch:/home/cpansand/.cpan/build/2022101806/Module-Build-Tiny-0.039-9/blib/lib:/home/cpansand/.cpan/build/2022101806/Module-Build-0.4231-9/blib/arch:/home/cpansand/.cpan/build/2022101806/Module-Build-0.4231-9/blib/lib:/home/cpansand/.cpan/build/2022101806/ExtUtils-InstallPaths-0.012-9/blib/arch:/home/cpansand/.cpan/build/2022101806/ExtUtils-InstallPaths-0.012-9/blib/lib:/home/cpansand/.cpan/build/2022101806/ExtUtils-Helpers-0.026-9/blib/arch:/home/cpansand/.cpan/build/2022101806/ExtUtils-Helpers-0.026-9/blib/lib:/home/cpansand/.cpan/build/2022101806/ExtUtils-Config-0.008-9/blib/arch:/home/cpansand/.cpan/build/2022101806/ExtUtils-Config-0.008-9/blib/lib:/home/cpansand/.cpan/build/2022101806/HTTP-Cookies-6.10-9/blib/arch:/home/cpansand/.cpan/build/2022101806/HTTP-Cookies-6.10-9/blib/lib:/home/cpansand/.cpan/build/2022101806/HTML-Parser-3.79-10/blib/arch:/home/cpansand/.cpan/build/2022101806/HTML-Parser-3.79-10/blib/lib:/home/cpansand/.cpan/build/2022101806/HTML-Tagset-3.20-10/blib/arch:/home/cpansand/.cpan/build/2022101806/HTML-Tagset-3.20-10/blib/lib:/home/cpansand/.cpan/build/2022101806/File-Listing-6.15-9/blib/arch:/home/cpansand/.cpan/build/2022101806/File-Listing-6.15-9/blib/lib:/home/cpansand/.cpan/build/2022101806/Class-Data-Inheritable-0.09-1/blib/arch:/home/cpansand/.cpan/build/2022101806/Class-Data-Inheritable-0.09-1/blib/lib:/home/cpansand/.cpan/build/2022101806/Class-Accessor-0.51-0/blib/arch:/home/cpansand/.cpan/build/2022101806/Class-Accessor-0.51-0/blib/lib:/home/cpansand/.cpan/build/2022101806/HTTP-Message-6.41-15/blib/arch:/home/cpansand/.cpan/build/2022101806/HTTP-Message-6.41-15/blib/lib:/home/cpansand/.cpan/build/2022101806/URI-5.16-15/blib/arch:/home/cpansand/.cpan/build/2022101806/URI-5.16-15/blib/lib:/home/cpansand/.cpan/build/2022101806/Test-Needs-0.002009-16/blib/arch:/home/cpansand/.cpan/build/2022101806/Test-Needs-0.002009-16/blib/lib:/home/cpansand/.cpan/build/2022101806/LWP-MediaTypes-6.04-15/blib/arch:/home/cpansand/.cpan/build/2022101806/LWP-MediaTypes-6.04-15/blib/lib:/home/cpansand/.cpan/build/2022101806/IO-HTML-1.004-15/blib/arch:/home/cpansand/.cpan/build/2022101806/IO-HTML-1.004-15/blib/lib:/home/cpansand/.cpan/build/2022101806/HTTP-Date-6.05-15/blib/arch:/home/cpansand/.cpan/build/2022101806/HTTP-Date-6.05-15/blib/lib:/home/cpansand/.cpan/build/2022101806/TimeDate-2.33-15/blib/arch:/home/cpansand/.cpan/build/2022101806/TimeDate-2.33-15/blib/lib:/home/cpansand/.cpan/build/2022101806/Time-Local-1.30-3/blib/arch:/home/cpansand/.cpan/build/2022101806/Time-Local-1.30-3/blib/lib:/home/cpansand/.cpan/build/2022101806/Encode-Locale-1.05-15/blib/arch:/home/cpansand/.cpan/build/2022101806/Encode-Locale-1.05-15/blib/lib:/home/cpansand/.cpan/build/2022101806/Encode-3.19-2/blib/arch:/home/cpansand/.cpan/build/2022101806/Encode-3.19-2/blib/lib"
    PERL5OPT=""
    PERL5_CPANPLUS_IS_RUNNING="1132632"
    PERL5_CPAN_IS_RUNNING="1132632"
    PERL5_CPAN_IS_RUNNING_IN_RECURSION="1109589,1132632"
    PERLDOC="-MPod::Perldoc::ToTextOverstrike"
    PERL_BATCH="yes"
    PERL_CANARY_STABILITY_NOPROMPT="1"
    PERL_CPAN_REPORTER_CONFIG="/var/tmp/cpansmoker-1023/2022101806/cpanreporter_002_config.ini"
    PERL_EXTUTILS_AUTOINSTALL="--defaultdeps"
    PERL_USE_UNSAFE_INC="1"
  @INC:
    /home/cpansand/.cpan/build/2022101806/NetPacket-1.7.2-0/blib/arch
    /home/cpansand/.cpan/build/2022101806/NetPacket-1.7.2-0/blib/lib
    /home/cpansand/.cpan/build/2022101806/Net-Pcap-0.20-0/blib/arch
    /home/cpansand/.cpan/build/2022101806/Net-Pcap-0.20-0/blib/lib
    /home/cpansand/.cpan/build/2022101806/libwww-perl-6.67-9/blib/arch
    /home/cpansand/.cpan/build/2022101806/libwww-perl-6.67-9/blib/lib
    /home/cpansand/.cpan/build/2022101806/WWW-RobotRules-6.02-9/blib/arch
    /home/cpansand/.cpan/build/2022101806/WWW-RobotRules-6.02-9/blib/lib
    /home/cpansand/.cpan/build/2022101806/Test-RequiresInternet-0.05-9/blib/arch
    /home/cpansand/.cpan/build/2022101806/Test-RequiresInternet-0.05-9/blib/lib
    /home/cpansand/.cpan/build/2022101806/Net-HTTP-6.22-9/blib/arch
    /home/cpansand/.cpan/build/2022101806/Net-HTTP-6.22-9/blib/lib
    /home/cpansand/.cpan/build/2022101806/HTTP-Negotiate-6.01-9/blib/arch
    /home/cpansand/.cpan/build/2022101806/HTTP-Negotiate-6.01-9/blib/lib
    /home/cpansand/.cpan/build/2022101806/HTTP-Daemon-6.14-9/blib/arch
    /home/cpansand/.cpan/build/2022101806/HTTP-Daemon-6.14-9/blib/lib
    /home/cpansand/.cpan/build/2022101806/Module-Build-Tiny-0.039-9/blib/arch
    /home/cpansand/.cpan/build/2022101806/Module-Build-Tiny-0.039-9/blib/lib
    /home/cpansand/.cpan/build/2022101806/Module-Build-0.4231-9/blib/arch
    /home/cpansand/.cpan/build/2022101806/Module-Build-0.4231-9/blib/lib
    /home/cpansand/.cpan/build/2022101806/ExtUtils-InstallPaths-0.012-9/blib/arch
    /home/cpansand/.cpan/build/2022101806/ExtUtils-InstallPaths-0.012-9/blib/lib
    /home/cpansand/.cpan/build/2022101806/ExtUtils-Helpers-0.026-9/blib/arch
    /home/cpansand/.cpan/build/2022101806/ExtUtils-Helpers-0.026-9/blib/lib
    /home/cpansand/.cpan/build/2022101806/ExtUtils-Config-0.008-9/blib/arch
    /home/cpansand/.cpan/build/2022101806/ExtUtils-Config-0.008-9/blib/lib
    /home/cpansand/.cpan/build/2022101806/HTTP-Cookies-6.10-9/blib/arch
    /home/cpansand/.cpan/build/2022101806/HTTP-Cookies-6.10-9/blib/lib
    /home/cpansand/.cpan/build/2022101806/HTML-Parser-3.79-10/blib/arch
    /home/cpansand/.cpan/build/2022101806/HTML-Parser-3.79-10/blib/lib
    /home/cpansand/.cpan/build/2022101806/HTML-Tagset-3.20-10/blib/arch
    /home/cpansand/.cpan/build/2022101806/HTML-Tagset-3.20-10/blib/lib
    /home/cpansand/.cpan/build/2022101806/File-Listing-6.15-9/blib/arch
    /home/cpansand/.cpan/build/2022101806/File-Listing-6.15-9/blib/lib
    /home/cpansand/.cpan/build/2022101806/Class-Data-Inheritable-0.09-1/blib/arch
    /home/cpansand/.cpan/build/2022101806/Class-Data-Inheritable-0.09-1/blib/lib
    /home/cpansand/.cpan/build/2022101806/Class-Accessor-0.51-0/blib/arch
    /home/cpansand/.cpan/build/2022101806/Class-Accessor-0.51-0/blib/lib
    /home/cpansand/.cpan/build/2022101806/HTTP-Message-6.41-15/blib/arch
    /home/cpansand/.cpan/build/2022101806/HTTP-Message-6.41-15/blib/lib
    /home/cpansand/.cpan/build/2022101806/URI-5.16-15/blib/arch
    /home/cpansand/.cpan/build/2022101806/URI-5.16-15/blib/lib
    /home/cpansand/.cpan/build/2022101806/Test-Needs-0.002009-16/blib/arch
    /home/cpansand/.cpan/build/2022101806/Test-Needs-0.002009-16/blib/lib
    /home/cpansand/.cpan/build/2022101806/LWP-MediaTypes-6.04-15/blib/arch
    /home/cpansand/.cpan/build/2022101806/LWP-MediaTypes-6.04-15/blib/lib
    /home/cpansand/.cpan/build/2022101806/IO-HTML-1.004-15/blib/arch
    /home/cpansand/.cpan/build/2022101806/IO-HTML-1.004-15/blib/lib
    /home/cpansand/.cpan/build/2022101806/HTTP-Date-6.05-15/blib/arch
    /home/cpansand/.cpan/build/2022101806/HTTP-Date-6.05-15/blib/lib
    /home/cpansand/.cpan/build/2022101806/TimeDate-2.33-15/blib/arch
    /home/cpansand/.cpan/build/2022101806/TimeDate-2.33-15/blib/lib
    /home/cpansand/.cpan/build/2022101806/Time-Local-1.30-3/blib/arch
    /home/cpansand/.cpan/build/2022101806/Time-Local-1.30-3/blib/lib
    /home/cpansand/.cpan/build/2022101806/Encode-Locale-1.05-15/blib/arch
    /home/cpansand/.cpan/build/2022101806/Encode-Locale-1.05-15/blib/lib
    /home/cpansand/.cpan/build/2022101806/Encode-3.19-2/blib/arch
    /home/cpansand/.cpan/build/2022101806/Encode-3.19-2/blib/lib
    /opt/perl-5.28.3t/lib/site_perl/5.28.3/x86_64-linux-thread-multi
    /opt/perl-5.28.3t/lib/site_perl/5.28.3
    /opt/perl-5.28.3t/lib/5.28.3/x86_64-linux-thread-multi
    /opt/perl-5.28.3t/lib/5.28.3
    .