Report for Froody-42.041_2

Back
From: metabase:user:3215efbe-2aae-11df-837a-5e0a49663a4f
Subject: FAIL Froody-42.041_2 v5.16.2 GNU/Linux
Date: 2012-12-29T14:32:20Z

This distribution has been tested as part of the CPAN Testers
project, supporting the Perl programming language.  See
http://wiki.cpantesters.org/ for more information or email
questions to cpan-testers-discuss@perl.org


--
Dear Fotango Ltd,

This is a computer-generated report for Froody-42.041_2
on perl 5.16.2, created by CPAN-Reporter-1.2009.

Thank you for uploading your work to CPAN.  However, there was a problem
testing your distribution.

If you think this report is invalid, please consult the CPAN Testers Wiki
for suggestions on how to avoid getting FAIL reports for missing library
or binary dependencies, unsupported operating systems, and so on:

http://wiki.cpantesters.org/wiki/CPANAuthorNotes

Sections of this report:

    * Tester comments
    * Program output
    * Prerequisites
    * Environment and other context

------------------------------
TESTER COMMENTS
------------------------------

Additional comments from tester:

this report is from an automated smoke testing program
and was not reviewed by a human for accuracy

------------------------------
PROGRAM OUTPUT
------------------------------

Output from './Build test':

main::path_to_pkg() called too early to check prototype at t/000compile.t line 15.
defined(@array) is deprecated at /opt/perl/threads/5.16.2/lib/5.16.2/CGI.pm line 528, <FILE> line 6.
defined(@array) is deprecated at /opt/perl/threads/5.16.2/lib/5.16.2/CGI.pm line 528, <FILE> line 6.
defined(@array) is deprecated at /opt/perl/threads/5.16.2/lib/5.16.2/CGI.pm line 528, <FILE> line 6.
	(Maybe you should just omit the defined()?)
	(Maybe you should just omit the defined()?)
	(Maybe you should just omit the defined()?)
defined(@array) is deprecated at /opt/perl/threads/5.16.2/lib/5.16.2/CGI.pm line 528, <FILE> line 6.
	(Maybe you should just omit the defined()?)
defined(@array) is deprecated at /opt/perl/threads/5.16.2/lib/5.16.2/CGI.pm line 528, <FILE> line 6.
	(Maybe you should just omit the defined()?)
defined(@array) is deprecated at /opt/perl/threads/5.16.2/lib/5.16.2/CGI.pm line 528, <FILE> line 6.
	(Maybe you should just omit the defined()?)
defined(@array) is deprecated at /opt/perl/threads/5.16.2/lib/5.16.2/CGI.pm line 528, <FILE> line 6.
	(Maybe you should just omit the defined()?)
defined(@array) is deprecated at /opt/perl/threads/5.16.2/lib/5.16.2/CGI.pm line 528, <FILE> line 6.
	(Maybe you should just omit the defined()?)
defined(@array) is deprecated at /opt/perl/threads/5.16.2/lib/5.16.2/CGI.pm line 528, <FILE> line 6.
	(Maybe you should just omit the defined()?)
defined(@array) is deprecated at /opt/perl/threads/5.16.2/lib/5.16.2/CGI.pm line 528, <FILE> line 6.
	(Maybe you should just omit the defined()?)
defined(@array) is deprecated at /opt/perl/threads/5.16.2/lib/5.16.2/CGI.pm line 528, <FILE> line 6.
defined(@array) is deprecated at /opt/perl/threads/5.16.2/lib/5.16.2/CGI.pm line 528, <FILE> line 6.
	(Maybe you should just omit the defined()?)
	(Maybe you should just omit the defined()?)
defined(@array) is deprecated at /opt/perl/threads/5.16.2/lib/5.16.2/CGI.pm line 528, <FILE> line 6.
	(Maybe you should just omit the defined()?)
defined(@array) is deprecated at /opt/perl/threads/5.16.2/lib/5.16.2/CGI.pm line 528, <FILE> line 6.
	(Maybe you should just omit the defined()?)
defined(@array) is deprecated at /opt/perl/threads/5.16.2/lib/5.16.2/CGI.pm line 528, <FILE> line 6.
	(Maybe you should just omit the defined()?)
defined(@array) is deprecated at /opt/perl/threads/5.16.2/lib/5.16.2/CGI.pm line 528, <FILE> line 6.
	(Maybe you should just omit the defined()?)
defined(@array) is deprecated at /opt/perl/threads/5.16.2/lib/5.16.2/CGI.pm line 528, <FILE> line 6.
	(Maybe you should just omit the defined()?)
defined(@array) is deprecated at /opt/perl/threads/5.16.2/lib/5.16.2/CGI.pm line 528, <FILE> line 6.
	(Maybe you should just omit the defined()?)
defined(@array) is deprecated at /opt/perl/threads/5.16.2/lib/5.16.2/CGI.pm line 528, <FILE> line 6.
	(Maybe you should just omit the defined()?)
defined(@array) is deprecated at /opt/perl/threads/5.16.2/lib/5.16.2/CGI.pm line 528, <FILE> line 6.
	(Maybe you should just omit the defined()?)
defined(@array) is deprecated at /opt/perl/threads/5.16.2/lib/5.16.2/CGI.pm line 528, <FILE> line 6.
	(Maybe you should just omit the defined()?)
defined(@array) is deprecated at /opt/perl/threads/5.16.2/lib/5.16.2/CGI.pm line 528, <FILE> line 6.
	(Maybe you should just omit the defined()?)
defined(@array) is deprecated at /opt/perl/threads/5.16.2/lib/5.16.2/CGI.pm line 528, <FILE> line 6.
	(Maybe you should just omit the defined()?)
defined(@array) is deprecated at /opt/perl/threads/5.16.2/lib/5.16.2/CGI.pm line 528, <DATA> line 16.
	(Maybe you should just omit the defined()?)
defined(@array) is deprecated at /opt/perl/threads/5.16.2/lib/5.16.2/CGI.pm line 528, <FILE> line 6.
	(Maybe you should just omit the defined()?)
defined(@array) is deprecated at /opt/perl/threads/5.16.2/lib/5.16.2/CGI.pm line 528, <FILE> line 6.
	(Maybe you should just omit the defined()?)
t/000compile.t ......... ok
t/001pragmas.t ......... ok
defined(@array) is deprecated at /opt/perl/threads/5.16.2/lib/5.16.2/CGI.pm line 528, <$fh> line 148.
	(Maybe you should just omit the defined()?)
t/003pod.t ............. ok
t/004uselib.t .......... ok
defined(@array) is deprecated at /opt/perl/threads/5.16.2/lib/5.16.2/CGI.pm line 528.
	(Maybe you should just omit the defined()?)
Useless use of a variable in void context at /opt/perl/threads/5.16.2/lib/site_perl/5.16.2/x86_64-linux-thread-multi/List/MoreUtils.pm line 362.
Name "Froody::Invoker::Implementation::a" used only once: possible typo at /opt/perl/threads/5.16.2/lib/site_perl/5.16.2/x86_64-linux-thread-multi/List/MoreUtils.pm line 362.
Name "Froody::Invoker::Implementation::b" used only once: possible typo at /opt/perl/threads/5.16.2/lib/site_perl/5.16.2/x86_64-linux-thread-multi/List/MoreUtils.pm line 362.
overload arg '..' is invalid at /opt/perl/threads/5.16.2/lib/5.16.2/Math/BigInt.pm line 153.
unknown key 'blah' defined within a terse structure at 'range' for structure 'testproject.object.extra'. at /home/tf/.cpan/build/Froody-42.041_2-SY40lV/blib/lib/Froody/Walker.pm line 94.
t/api.t ................ ok
defined(@array) is deprecated at /opt/perl/threads/5.16.2/lib/5.16.2/CGI.pm line 528.
	(Maybe you should just omit the defined()?)
t/config.t ............. ok
t/copy.t ............... ok
defined(@array) is deprecated at /opt/perl/threads/5.16.2/lib/5.16.2/CGI.pm line 528.
	(Maybe you should just omit the defined()?)
t/dispatch.t ........... ok
t/err_isa.t ............ ok
t/error.t .............. ok
t/froodydoc_pod_js.t ... skipped: froodydoc.js needs JavaScript::Standalone
t/froodydoc_wiky_js.t .. skipped: froodydoc.js needs JavaScript::Standalone
defined(@array) is deprecated at /opt/perl/threads/5.16.2/lib/5.16.2/CGI.pm line 528.
	(Maybe you should just omit the defined()?)

#   Failed test 'no utf-8 problems with BOM'
#   at t/high-level.t line 32.
#                   '<?xml version="1.0" encoding="utf-8"?>
# <rsp stat="fail">
#   <err msg="Method 'é' not found." code="froody.invoke.nosuchmethod"/>
# </rsp>
# '
#     doesn't match '(?^:Method 'é' not found)'
Adding document fragments with addChild not supported! at /home/tf/.cpan/build/Froody-42.041_2-SY40lV/blib/lib/Froody/Response/Terse.pm line 127.

#   Failed test 'can make call'
#   at t/high-level.t line 78.
# died: Froody::Error (froody.invoke.remote - Bad response from remote server - 500 Server closed connection without sending any data back
# Stack trace:
#   Bad response from remote server - 500 Server closed connection without sending any data back at /home/tf/.cpan/build/Froody-42.041_2-SY40lV/blib/lib/Froody/Invoker/Remote.pm line 61.
#   	Froody::Invoker::Remote::invoke('Froody::Invoker::Remote=HASH(0x2d2abc0)', 'Froody::Method=HASH(0x2e63618)', 'HASH(0x30729d8)', 'HASH(0x309d728)') called at /home/tf/.cpan/build/Froody-42.041_2-SY40lV/blib/lib/Froody/Dispatch.pm line 323
#   	Froody::Dispatch::call_via(undef, undef, undef, 'HASH(0x30729d8)') called at /home/tf/.cpan/build/Froody-42.041_2-SY40lV/blib/lib/Froody/Dispatch.pm line 466
#   	Froody::Dispatch::dispatch('Froody::Dispatch=HASH(0x239dbf8)', 'method', 'foo.test.empty', 'params', 'HASH(0x30729d8)') called at /home/tf/.cpan/build/Froody-42.041_2-SY40lV/blib/lib/Froody/Dispatch.pm line 546
#   	Froody::Dispatch::call('Froody::Dispatch=HASH(0x239dbf8)', 'foo.test.empty') called at t/high-level.t line 76
#   	main::__ANON__() called at /opt/perl/threads/5.16.2/lib/site_perl/5.16.2/Test/Exception.pm line 346
#   	eval {...} called at /opt/perl/threads/5.16.2/lib/site_perl/5.16.2/Test/Exception.pm line 346
#   	Test::Exception::lives_and('CODE(0x307bf18)', 'can make call') called at t/high-level.t line 78
# )
JSON::XS::to_json has been renamed to encode_json, either downgrade to pre-2.0 versions of JSON::XS or rename the call at /home/tf/.cpan/build/Froody-42.041_2-SY40lV/blib/lib/Froody/Renderer/json.pm line 23.

#   Failed test 'We have the right error type info for test.error'
#   at t/high-level.t line 52.
# died: Froody::Error (froody.invoke.remote - Bad response from server: 500 Server closed connection without sending any data back
# Stack trace:
#   Bad response from server: 500 Server closed connection without sending any data back at /home/tf/.cpan/build/Froody-42.041_2-SY40lV/blib/lib/Froody/SimpleClient.pm line 129.
#   	Froody::SimpleClient::call_raw() called at /home/tf/.cpan/build/Froody-42.041_2-SY40lV/blib/lib/Froody/SimpleClient.pm line 60
#   	Froody::SimpleClient::call() called at t/high-level.t line 51
#   	Test::Exception::lives_ok() called at t/high-level.t line 52
# )
JSON::XS::to_json has been renamed to encode_json, either downgrade to pre-2.0 versions of JSON::XS or rename the call at /home/tf/.cpan/build/Froody-42.041_2-SY40lV/blib/lib/Froody/Renderer/json.pm line 23.
froody.invoke.remote - Bad response from server: 500 Server closed connection without sending any data back
Stack trace:
  Bad response from server: 500 Server closed connection without sending any data back at /home/tf/.cpan/build/Froody-42.041_2-SY40lV/blib/lib/Froody/SimpleClient.pm line 129.
  	Froody::SimpleClient::call_raw('Froody::SimpleClient=HASH(0x307b828)', 'froody.reflection.getErrorTypes', '_type', 'json') called at /home/tf/.cpan/build/Froody-42.041_2-SY40lV/blib/lib/Froody/SimpleClient.pm line 60
  	Froody::SimpleClient::call('Froody::SimpleClient=HASH(0x307b828)', 'froody.reflection.getErrorTypes') called at t/high-level.t line 53
# Looks like you planned 50 tests but ran 26.
# Looks like you failed 3 tests of 26 run.
# Looks like your test exited with 255 just after 26.
t/high-level.t ......... 
Dubious, test returned 255 (wstat 65280, 0xff00)
Failed 27/50 subtests 
defined(@array) is deprecated at /opt/perl/threads/5.16.2/lib/5.16.2/CGI.pm line 528.
	(Maybe you should just omit the defined()?)
unknown key 'ignored' defined within a terse structure at 'just' for structure 'wibble.frobniz.validate'. at /home/tf/.cpan/build/Froody-42.041_2-SY40lV/blib/lib/Froody/Walker.pm line 94.
t/implementation.t ..... ok
defined(@array) is deprecated at /opt/perl/threads/5.16.2/lib/5.16.2/CGI.pm line 528.
	(Maybe you should just omit the defined()?)
t/inv_rem.t ............ ok
defined(@array) is deprecated at /opt/perl/threads/5.16.2/lib/5.16.2/CGI.pm line 528.
	(Maybe you should just omit the defined()?)
t/method.t ............. ok
t/method_basic.t ....... ok
defined(@array) is deprecated at /opt/perl/threads/5.16.2/lib/5.16.2/CGI.pm line 528.
	(Maybe you should just omit the defined()?)
t/multipart.t .......... ok
defined(@array) is deprecated at /opt/perl/threads/5.16.2/lib/5.16.2/CGI.pm line 528.
	(Maybe you should just omit the defined()?)
t/pluggable.t .......... ok
defined(@array) is deprecated at /opt/perl/threads/5.16.2/lib/5.16.2/CGI.pm line 528.
	(Maybe you should just omit the defined()?)
t/reflection.t ......... ok
defined(@array) is deprecated at /opt/perl/threads/5.16.2/lib/5.16.2/CGI.pm line 528.
	(Maybe you should just omit the defined()?)
t/reflection2.t ........ ok
defined(@array) is deprecated at /opt/perl/threads/5.16.2/lib/5.16.2/CGI.pm line 528.
	(Maybe you should just omit the defined()?)
t/repos.t .............. ok
defined(@array) is deprecated at /opt/perl/threads/5.16.2/lib/5.16.2/CGI.pm line 528.
	(Maybe you should just omit the defined()?)
t/rsp_basic.t .......... ok
defined(@array) is deprecated at /opt/perl/threads/5.16.2/lib/5.16.2/CGI.pm line 528.
	(Maybe you should just omit the defined()?)
t/rsp_convert.t ........ ok
defined(@array) is deprecated at /opt/perl/threads/5.16.2/lib/5.16.2/CGI.pm line 528.
	(Maybe you should just omit the defined()?)
t/rsp_err.t ............ ok
defined(@array) is deprecated at /opt/perl/threads/5.16.2/lib/5.16.2/CGI.pm line 528.
	(Maybe you should just omit the defined()?)
t/rsp_evil_edges.t ..... ok
defined(@array) is deprecated at /opt/perl/threads/5.16.2/lib/5.16.2/CGI.pm line 528.
	(Maybe you should just omit the defined()?)
error : string is not in UTF-8
encoding error : output conversion failed due to conv error, bytes 0xE9 0x6F 0x6E 0x3D
I/O error : encoder error
t/rsp_perlds.t ......... ok
defined(@array) is deprecated at /opt/perl/threads/5.16.2/lib/5.16.2/CGI.pm line 528.
	(Maybe you should just omit the defined()?)
t/rsp_terse.t .......... ok
defined(@array) is deprecated at /opt/perl/threads/5.16.2/lib/5.16.2/CGI.pm line 528.
	(Maybe you should just omit the defined()?)
t/rsp_xml.t ............ ok
defined(@array) is deprecated at /opt/perl/threads/5.16.2/lib/5.16.2/CGI.pm line 528.
	(Maybe you should just omit the defined()?)
t/structure.t .......... ok
bad element 'evil' in node 'top' (not in spec) at /home/tf/.cpan/build/Froody-42.041_2-SY40lV/blib/lib/Froody/Walker.pm line 94.
bad attr 'foo' in node 'top' (not in spec) at /home/tf/.cpan/build/Froody-42.041_2-SY40lV/blib/lib/Froody/Walker.pm line 94.
unknown key 'foo' defined within a terse structure at 'top' for structure '<unknown>'. at /home/tf/.cpan/build/Froody-42.041_2-SY40lV/blib/lib/Froody/Walker.pm line 94.
t/walker.t ............. ok
defined(@array) is deprecated at /opt/perl/threads/5.16.2/lib/5.16.2/CGI.pm line 528.
	(Maybe you should just omit the defined()?)
t/xml.t ................ ok

Test Summary Report
-------------------
t/high-level.t       (Wstat: 65280 Tests: 26 Failed: 3)
  Failed tests:  5, 15, 26
  Non-zero exit status: 255
  Parse errors: Bad plan.  You planned 50 tests but ran 26.
Files=32, Tests=850, 18 wallclock secs ( 0.20 usr  0.04 sys +  9.23 cusr  1.28 csys = 10.75 CPU)
Result: FAIL
Failed 1/32 test programs. 3/850 subtests failed.

------------------------------
PREREQUISITES
------------------------------

Prerequisite modules loaded:

requires:

    Module                         Need  Have    
    ------------------------------ ----- --------
    Class::Accessor::Chained::Fast 0     0       
    Class::Data::Inheritable       0     0.08    
    Email::Valid                   0     0.190   
    Error                          0.15  0.17019 
    File::Spec                     0     3.33    
    HTTP::Date                     0     6.02    
    HTTP::Request::Common          0     6.04    
    HTTP::Server::Simple           0     0.44    
    JSON::XS                       0     2.33    
    List::MoreUtils                0     0.33_005
    LWP::Simple                    0     6.00    
    LWP::UserAgent                 0     6.04    
    Module::Pluggable              0     4.5     
    Params::Validate               0     1.07    
    perl                           5.008 5.016002
    Template                       0     2.24    
    UNIVERSAL::require             0     0.13    
    URI                            0     1.60    
    XML::LibXML                    0     2.0014  
    YAML::Syck                     0     1.22    

build_requires:

    Module                         Need  Have    
    ------------------------------ ----- --------
    Test::Differences              0     0.61    
    Test::Exception                0     0.31    
    Test::More                     0     0.98    
    Test::XML                      0     0.08    


------------------------------
ENVIRONMENT AND OTHER CONTEXT
------------------------------

Environment variables:

    AUTOMATED_TESTING = 1
    LANG = C
    PATH = /opt/perl/threads/5.16.2/bin:/usr/local/sbin:/usr/local/bin:/usr/sbin:/usr/bin:/sbin:/bin:/usr/games
    PERL5LIB = 
    PERL5OPT = 
    PERL5_CPANPLUS_IS_RUNNING = 12796
    PERL5_CPAN_IS_RUNNING = 12796
    PERL5_CPAN_IS_RUNNING_IN_RECURSION = 6030,12796
    PERL_CR_SMOKER_CURRENT = Froody-42.041_2
    PERL_EXTUTILS_AUTOINSTALL = --defaultdeps
    PERL_MM_USE_DEFAULT = 1
    SHELL = /bin/bash
    TERM = screen

Perl special variables (and OS-specific diagnostics, for MSWin32):

    $^X = /opt/perl/threads/5.16.2/bin/perl
    $UID/$EUID = 1000 / 1000
    $GID = 1000 4 24 27 30 46 112 113 1000
    $EGID = 1000 4 24 27 30 46 112 113 1000

Perl module toolchain versions installed:

    Module              Have    
    ------------------- --------
    CPAN                1.9800  
    CPAN::Meta          2.120351
    Cwd                 3.33    
    ExtUtils::CBuilder  0.280205
    ExtUtils::Command   1.17    
    ExtUtils::Install   1.52    
    ExtUtils::MakeMaker 6.64    
    ExtUtils::Manifest  1.61    
    ExtUtils::ParseXS   3.18    
    File::Spec          3.33    
    JSON                2.53    
    JSON::PP            2.27200 
    Module::Build       0.4003  
    Module::Signature   0.70    
    Parse::CPAN::Meta   1.4404  
    Test::Harness       3.25    
    Test::More          0.98    
    YAML                0.84    
    YAML::Syck          1.22    
    version             0.9901  


--

Summary of my perl5 (revision 5 version 16 subversion 2) configuration:
   
  Platform:
    osname=linux, osvers=3.2.0-35-virtual, archname=x86_64-linux-thread-multi
    uname='linux cpansmoker 3.2.0-35-virtual #55-ubuntu smp wed dec 5 18:02:05 utc 2012 x86_64 x86_64 x86_64 gnulinux '
    config_args='-des -Dprefix=/opt/perl/threads/5.16.2 -Dusethreads'
    hint=recommended, useposix=true, d_sigaction=define
    useithreads=define, usemultiplicity=define
    useperlio=define, d_sfio=undef, uselargefiles=define, usesocks=undef
    use64bitint=define, use64bitall=define, uselongdouble=undef
    usemymalloc=n, bincompat5005=undef
  Compiler:
    cc='cc', ccflags ='-D_REENTRANT -D_GNU_SOURCE -fno-strict-aliasing -pipe -fstack-protector -I/usr/local/include -D_LARGEFILE_SOURCE -D_FILE_OFFSET_BITS=64',
    optimize='-O2',
    cppflags='-D_REENTRANT -D_GNU_SOURCE -fno-strict-aliasing -pipe -fstack-protector -I/usr/local/include'
    ccversion='', gccversion='4.6.3', gccosandvers=''
    intsize=4, longsize=8, ptrsize=8, doublesize=8, byteorder=12345678
    d_longlong=define, longlongsize=8, d_longdbl=define, longdblsize=16
    ivtype='long', ivsize=8, nvtype='double', nvsize=8, Off_t='off_t', lseeksize=8
    alignbytes=8, prototype=define
  Linker and Libraries:
    ld='cc', ldflags =' -fstack-protector -L/usr/local/lib'
    libpth=/usr/local/lib /lib/x86_64-linux-gnu /lib/../lib /usr/lib/x86_64-linux-gnu /usr/lib/../lib /lib /usr/lib
    libs=-lnsl -lgdbm -ldb -ldl -lm -lcrypt -lutil -lpthread -lc -lgdbm_compat
    perllibs=-lnsl -ldl -lm -lcrypt -lutil -lpthread -lc
    libc=, so=so, useshrplib=false, libperl=libperl.a
    gnulibc_version='2.15'
  Dynamic Linking:
    dlsrc=dl_dlopen.xs, dlext=so, d_dlsymun=undef, ccdlflags='-Wl,-E'
    cccdlflags='-fPIC', lddlflags='-shared -O2 -L/usr/local/lib -fstack-protector'


Characteristics of this binary (from libperl): 
  Compile-time options: HAS_TIMES MULTIPLICITY PERLIO_LAYERS
                        PERL_DONT_CREATE_GVSV PERL_IMPLICIT_CONTEXT
                        PERL_MALLOC_WRAP PERL_PRESERVE_IVUV USE_64_BIT_ALL
                        USE_64_BIT_INT USE_ITHREADS USE_LARGE_FILES
                        USE_LOCALE USE_LOCALE_COLLATE USE_LOCALE_CTYPE
                        USE_LOCALE_NUMERIC USE_PERLIO USE_PERL_ATOF
                        USE_REENTRANT_API
  Built under linux
  Compiled at Dec 26 2012 10:15:24
  %ENV:
    PERL5LIB=""
    PERL5OPT=""
    PERL5_CPANPLUS_IS_RUNNING="12796"
    PERL5_CPAN_IS_RUNNING="12796"
    PERL5_CPAN_IS_RUNNING_IN_RECURSION="6030,12796"
    PERL_CR_SMOKER_CURRENT="Froody-42.041_2"
    PERL_EXTUTILS_AUTOINSTALL="--defaultdeps"
    PERL_MM_USE_DEFAULT="1"
  @INC:
    /opt/perl/threads/5.16.2/lib/site_perl/5.16.2/x86_64-linux-thread-multi
    /opt/perl/threads/5.16.2/lib/site_perl/5.16.2
    /opt/perl/threads/5.16.2/lib/5.16.2/x86_64-linux-thread-multi
    /opt/perl/threads/5.16.2/lib/5.16.2
    .