Report for Module-Install-AutomatedTester-0.02

Back
From: metabase:user:320bfe00-2aae-11df-837a-5e0a49663a4f
Subject: FAIL Module-Install-AutomatedTester-0.02 v5.13.7 GNU/Linux
Date: 2010-12-03T11:29:12Z

This distribution has been tested as part of the CPAN Testers
project, supporting the Perl programming language.  See
http://wiki.cpantesters.org/ for more information or email
questions to cpan-testers-discuss@perl.org


--
Dear Chris Williams,

This is a computer-generated report for Module-Install-AutomatedTester-0.02
on perl 5.13.7, created by CPAN-Reporter-1.1803.

Thank you for uploading your work to CPAN.  However, there was a problem
testing your distribution.

If you think this report is invalid, please consult the CPAN Testers Wiki
for suggestions on how to avoid getting FAIL reports for missing library
or binary dependencies, unsupported operating systems, and so on:

http://wiki.cpantesters.org/wiki/CPANAuthorNotes

Sections of this report:

    * Tester comments
    * Program output
    * Prerequisites
    * Environment and other context

------------------------------
TESTER COMMENTS
------------------------------

Additional comments from tester:

this report is from an automated smoke testing program
and was not reviewed by a human for accuracy

------------------------------
PROGRAM OUTPUT
------------------------------

Output from '/usr/bin/make test':

PERL_DL_NONLAZY=1 /home/src/perl/repoperls/installed-perls/perl/v5.13.7-165-g0145303/bin/perl "-MExtUtils::Command::MM" "-e" "test_harness(0, 'inc', 'blib/lib', 'blib/arch')" t/*.t
# Testing Module::Install::AutomatedTester 0.02, Perl 5.013007, /home/src/perl/repoperls/installed-perls/perl/v5.13.7-165-g0145303/bin/perl
t/00_compile.t ....... ok
# Can't locate inc/Module/Install.pm in @INC (@INC contains: /home/sand/.cpan/build/Module-Install-AutomatedTester-0.02-9bW8GO/inc /home/sand/.cpan/build/Module-Install-AutomatedTester-0.02-9bW8GO/blib/lib /home/sand/.cpan/build/Module-Install-AutomatedTester-0.02-9bW8GO/blib/arch /home/src/perl/repoperls/installed-perls/perl/v5.13.7-165-g0145303/lib/site_perl/5.13.7/x86_64-linux /home/src/perl/repoperls/installed-perls/perl/v5.13.7-165-g0145303/lib/site_perl/5.13.7 /home/src/perl/repoperls/installed-perls/perl/v5.13.7-165-g0145303/lib/5.13.7/x86_64-linux /home/src/perl/repoperls/installed-perls/perl/v5.13.7-165-g0145303/lib/5.13.7 .) at Makefile.PL line 2.
# BEGIN failed--compilation aborted at Makefile.PL line 2.

#   Failed test 'Exists: 'inc/Module/Install/AutomatedTester.pm''
#   at t/01_dist.t line 50.
# make[1]: Entering directory `/home/sand/.cpan/build/Module-Install-AutomatedTester-0.02-9bW8GO/dist'
# make[1]: *** No rule to make target `manifest'.  Stop.
# make[1]: Leaving directory `/home/sand/.cpan/build/Module-Install-AutomatedTester-0.02-9bW8GO/dist'
# make[1]: Entering directory `/home/sand/.cpan/build/Module-Install-AutomatedTester-0.02-9bW8GO/dist'
# make[1]: *** No rule to make target `distdir'.  Stop.
# make[1]: Leaving directory `/home/sand/.cpan/build/Module-Install-AutomatedTester-0.02-9bW8GO/dist'
No such file or directory
! at t/01_dist.t line 61.
# Looks like you planned 3 tests but ran 1.
# Looks like you failed 1 test of 1 run.
# Looks like your test exited with 2 just after 1.
t/01_dist.t .......... 
Dubious, test returned 2 (wstat 512, 0x200)
Failed 3/3 subtests 
t/99_pod.t ........... ok
t/99_pod_coverage.t .. ok

Test Summary Report
-------------------
t/01_dist.t        (Wstat: 512 Tests: 1 Failed: 1)
  Failed test:  1
  Non-zero exit status: 2
  Parse errors: Bad plan.  You planned 3 tests but ran 1.
Files=4, Tests=4,  0 wallclock secs ( 0.03 usr  0.01 sys +  0.19 cusr  0.02 csys =  0.25 CPU)
Result: FAIL
Failed 1/4 test programs. 1/4 subtests failed.
make: *** [test_dynamic] Error 255

------------------------------
PREREQUISITES
------------------------------

Prerequisite modules loaded:

requires:

    Module              Need Have   
    ------------------- ---- -------
    Capture::Tiny       0.05 0.08   
    ExtUtils::MakeMaker 6.42 6.57_05
    Module::Install     0.85 0.87   
    Test::More          0.47 0.97_01

build_requires:

    Module              Need Have   
    ------------------- ---- -------
    ExtUtils::MakeMaker 0    6.57_05

configure_requires:

    Module              Need Have   
    ------------------- ---- -------
    ExtUtils::MakeMaker 6.42 6.57_05


------------------------------
ENVIRONMENT AND OTHER CONTEXT
------------------------------

Environment variables:

    AUTOMATED_TESTING = 1
    LANG = en_US.UTF-8
    PATH = /home/sand/bin:/usr/local/bin:/usr/bin:/bin:/usr/bin/X11:/usr/games:/usr/local/perl/bin:/usr/X11/bin:/sbin:/usr/sbin
    PERL5LIB = 
    PERL5OPT = 
    PERL5_CPANPLUS_IS_RUNNING = 28192
    PERL5_CPAN_IS_RUNNING = 28192
    PERL_MM_USE_DEFAULT = 1
    SHELL = /usr/bin/zsh
    TERM = screen

Perl special variables (and OS-specific diagnostics, for MSWin32):

    $^X = /home/src/perl/repoperls/installed-perls/perl/v5.13.7-165-g0145303/bin/perl
    $UID/$EUID = 1001 / 1001
    $GID = 1001 1001
    $EGID = 1001 1001

Perl module toolchain versions installed:

    Module              Have   
    ------------------- -------
    CPAN                1.94_62
    Cwd                 3.34   
    ExtUtils::CBuilder  0.2703 
    ExtUtils::Command   1.16   
    ExtUtils::Install   1.55   
    ExtUtils::MakeMaker 6.57_05
    ExtUtils::Manifest  1.58   
    ExtUtils::ParseXS   2.2207 
    File::Spec          3.33   
    Module::Build       0.3607 
    Module::Signature   0.66   
    Test::Harness       3.22   
    Test::More          0.97_01
    YAML                0.72   
    YAML::Syck          1.17   
    version             0.86   


--

Summary of my perl5 (revision 5 version 13 subversion 7) configuration:
  Commit id: 014530329eda6c695780760ec2c4307a3c39c523
  Platform:
    osname=linux, osvers=2.6.32-5-amd64, archname=x86_64-linux
    uname='linux k81 2.6.32-5-amd64 #1 smp sat oct 30 14:18:21 utc 2010 x86_64 gnulinux '
    config_args='-Dprefix=/home/src/perl/repoperls/installed-perls/perl/v5.13.7-165-g0145303 -Dinstallusrbinperl=n -Uversiononly -Dusedevel -des -Ui_db -Uuseithreads -Uuselongdouble'
    hint=recommended, useposix=true, d_sigaction=define
    useithreads=undef, usemultiplicity=undef
    useperlio=define, d_sfio=undef, uselargefiles=define, usesocks=undef
    use64bitint=define, use64bitall=define, uselongdouble=undef
    usemymalloc=n, bincompat5005=undef
  Compiler:
    cc='cc', ccflags ='-fno-strict-aliasing -pipe -fstack-protector -I/usr/local/include -D_LARGEFILE_SOURCE -D_FILE_OFFSET_BITS=64',
    optimize='-O2',
    cppflags='-fno-strict-aliasing -pipe -fstack-protector -I/usr/local/include'
    ccversion='', gccversion='4.4.5', gccosandvers=''
    intsize=4, longsize=8, ptrsize=8, doublesize=8, byteorder=12345678
    d_longlong=define, longlongsize=8, d_longdbl=define, longdblsize=16
    ivtype='long', ivsize=8, nvtype='double', nvsize=8, Off_t='off_t', lseeksize=8
    alignbytes=8, prototype=define
  Linker and Libraries:
    ld='cc', ldflags =' -fstack-protector -L/usr/local/lib'
    libpth=/usr/local/lib /lib /usr/lib /lib64 /usr/lib64
    libs=-lnsl -lgdbm -ldb -ldl -lm -lcrypt -lutil -lc -lgdbm_compat
    perllibs=-lnsl -ldl -lm -lcrypt -lutil -lc
    libc=/lib/libc-2.11.2.so, so=so, useshrplib=false, libperl=libperl.a
    gnulibc_version='2.11.2'
  Dynamic Linking:
    dlsrc=dl_dlopen.xs, dlext=so, d_dlsymun=undef, ccdlflags='-Wl,-E'
    cccdlflags='-fPIC', lddlflags='-shared -O2 -L/usr/local/lib -fstack-protector'


Characteristics of this binary (from libperl): 
  Compile-time options: PERL_DONT_CREATE_GVSV PERL_MALLOC_WRAP PERL_USE_DEVEL
                        USE_64_BIT_ALL USE_64_BIT_INT USE_LARGE_FILES
                        USE_PERLIO USE_PERL_ATOF
  Built under linux
  Compiled at Nov 28 2010 16:44:10
  %ENV:
    PERL5LIB=""
    PERL5OPT=""
    PERL5_CPANPLUS_IS_RUNNING="28192"
    PERL5_CPAN_IS_RUNNING="28192"
    PERL_MM_USE_DEFAULT="1"
  @INC:
    /home/src/perl/repoperls/installed-perls/perl/v5.13.7-165-g0145303/lib/site_perl/5.13.7/x86_64-linux
    /home/src/perl/repoperls/installed-perls/perl/v5.13.7-165-g0145303/lib/site_perl/5.13.7
    /home/src/perl/repoperls/installed-perls/perl/v5.13.7-165-g0145303/lib/5.13.7/x86_64-linux
    /home/src/perl/repoperls/installed-perls/perl/v5.13.7-165-g0145303/lib/5.13.7
    .