Plack-Middleware-Profiler-NYTProf v0.17 Perl 5 v5.24.3 RC1 x86_64-linux-ld
- Status
- Fail
- From
- Andreas J. König (ANDK)
- Dist
-
Plack-Middleware-Profiler-NYTProf v0.17
- Platform
- Perl 5 v5.24.3 RC1 x86_64-linux-ld
- Date
- 2017-09-11 06:15:04
- ID
- 8cea808e-96b8-11e7-a51e-75351f2a1ba6
This distribution has been tested as part of the CPAN Testers
project, supporting the Perl programming language. See
http://wiki.cpantesters.org/ for more information or email
questions to cpan-testers-discuss@perl.org
--
Dear dann,
This is a computer-generated report for Plack-Middleware-Profiler-NYTProf-0.17
on perl 5.24.3, created by CPAN-Reporter-1.2018.
Thank you for uploading your work to CPAN. However, there was a problem
testing your distribution.
If you think this report is invalid, please consult the CPAN Testers Wiki
for suggestions on how to avoid getting FAIL reports for missing library
or binary dependencies, unsupported operating systems, and so on:
http://wiki.cpantesters.org/wiki/CPANAuthorNotes
Sections of this report:
* Tester comments
* Program output
* Prerequisites
* Environment and other context
------------------------------
TESTER COMMENTS
------------------------------
Additional comments from tester:
this report is from an automated smoke testing program
and was not reviewed by a human for accuracy
------------------------------
PROGRAM OUTPUT
------------------------------
Output from '/usr/bin/make test':
PERL_DL_NONLAZY=1 "/tmp/basesmoker-reloperl-r_nu/bin/perl" "-MExtUtils::Command::MM" "-MTest::Harness" "-e" "undef *Test::Harness::Switches; test_harness(0, 'inc', 'blib/lib', 'blib/arch')" t/*.t
Possible precedence issue with control flow operator at /tmp/loop_over_bdir-580-oG5piJ/Plack-Middleware-Profiler-NYTProf-0.17-0/inc/Test/Builder.pm line 917.
t/00_compile.t .......... ok
Possible precedence issue with control flow operator at /tmp/loop_over_bdir-580-oG5piJ/Plack-Middleware-Profiler-NYTProf-0.17-0/inc/Test/Builder.pm line 917.
t/01_profile.t .......... skipped: nytprofhtml script is not in your PATH.
Possible precedence issue with control flow operator at /tmp/loop_over_bdir-580-oG5piJ/Plack-Middleware-Profiler-NYTProf-0.17-0/inc/Test/Builder.pm line 917.
t/02_profile_options.t .. skipped: nytprofhtml script is not in your PATH.
Possible precedence issue with control flow operator at /tmp/loop_over_bdir-580-oG5piJ/Plack-Middleware-Profiler-NYTProf-0.17-0/inc/Test/Builder.pm line 917.
Could not find nytprofhtml script. Ensure it's in your path at /tmp/loop_over_bdir-580-oG5piJ/Plack-Middleware-Profiler-NYTProf-0.17-0/blib/lib/Plack/Middleware/Profiler/NYTProf.pm line 87.
# Child (No load Devel::NYTProf) exited without calling finalize()
# Failed test 'No load Devel::NYTProf'
# at /tmp/loop_over_bdir-580-oG5piJ/Plack-Middleware-Profiler-NYTProf-0.17-0/inc/Test/Builder.pm line 251.
# Tests were run but no plan was declared and done_testing() was not seen.
t/03_no_load.t ..........
Dubious, test returned 2 (wstat 512, 0x200)
Failed 1/1 subtests
Possible precedence issue with control flow operator at /tmp/loop_over_bdir-580-oG5piJ/Plack-Middleware-Profiler-NYTProf-0.17-0/inc/Test/Builder.pm line 917.
t/04_preload.t .......... skipped: nytprofhtml script is not in your PATH.
Test Summary Report
-------------------
t/03_no_load.t (Wstat: 512 Tests: 1 Failed: 1)
Failed test: 1
Non-zero exit status: 2
Parse errors: No plan found in TAP output
Files=5, Tests=2, 1 wallclock secs ( 0.02 usr 0.02 sys + 0.25 cusr 0.01 csys = 0.30 CPU)
Result: FAIL
Failed 1/5 test programs. 1/2 subtests failed.
Makefile:778: recipe for target 'test_dynamic' failed
make: *** [test_dynamic] Error 255
------------------------------
PREREQUISITES
------------------------------
Prerequisite modules loaded:
requires:
Module Need Have
---------------------------- ---- --------
Devel::NYTProf 5.06 6.04
File::Which 0 1.22
Filter::Util::Call 0 1.55
parent 0 0.234
Plack 0 1.0044
Time::HiRes 0 1.9741
build_requires:
Module Need Have
---------------------------- ---- --------
Exporter 0 5.72
ExtUtils::MakeMaker 6.36 7.30
File::Spec 0 3.63_01
File::Temp 0 0.2304
Module::Install::AuthorTests 0 0.002
Test::More 0.98 1.302086
configure_requires:
Module Need Have
---------------------------- ---- --------
ExtUtils::MakeMaker 6.36 7.30
------------------------------
ENVIRONMENT AND OTHER CONTEXT
------------------------------
Environment variables:
AUTOMATED_TESTING = 1
LANG = C
PATH = /home/sand/bin:/usr/local/bin:/usr/bin:/bin:/usr/games:/usr/local/perl/bin:/usr/X11/bin:/sbin:/usr/sbin
PERL = /tmp/basesmoker-reloperl-r_nu/bin/perl
PERL5LIB =
PERL5OPT =
PERL5_CPANPLUS_IS_RUNNING = 584
PERL5_CPAN_IS_RUNNING = 584
PERL_CANARY_STABILITY_NOPROMPT = 1
PERL_MM_USE_DEFAULT = 1
PERL_USE_UNSAFE_INC = 1
SHELL = /usr/bin/zsh
TERM = screen
Perl special variables (and OS-specific diagnostics, for MSWin32):
$^X = /tmp/basesmoker-reloperl-r_nu/bin/perl
$UID/$EUID = 1005 / 1005
$GID = 1005 1005
$EGID = 1005 1005
Perl module toolchain versions installed:
Module Have
------------------- ----------
CPAN 2.18
CPAN::Meta 2.150010
Cwd 3.63_01
ExtUtils::CBuilder 0.280226
ExtUtils::Command 7.30
ExtUtils::Install 2.06
ExtUtils::MakeMaker 7.30
ExtUtils::Manifest 1.70
ExtUtils::ParseXS 3.31
File::Spec 3.63_01
JSON 2.94
JSON::PP 2.27300_01
Module::Build 0.4224
Module::Signature 0.81
Parse::CPAN::Meta 2.150010
Test::Harness 3.39
Test::More 1.302086
YAML 1.23
YAML::Syck 1.30
version 0.9916
--
Summary of my perl5 (revision 5 version 24 subversion 3) configuration:
Commit id: 752cb96a6b7f420187942e917feea72e8bbeb461
Platform:
osname=linux, osvers=4.9.0-3-amd64, archname=x86_64-linux-ld
uname='linux k93stretch 4.9.0-3-amd64 #1 smp debian 4.9.30-2+deb9u3 (2017-08-06) x86_64 gnulinux '
config_args='-Dprefix=/home/sand/src/perl/repoperls/installed-perls/host/k93stretch/v5.24.3-RC1/9a27 -Dmyhostname=k93stretch -Dinstallusrbinperl=n -Uversiononly -Dusedevel -des -Ui_db -Dlibswanted=cl pthread socket inet nsl gdbm dbm malloc dl ld sun m crypt sec util c cposix posix ucb BSD gdbm_compat -Uuseithreads -Duselongdouble -DDEBUGGING=-g'
hint=recommended, useposix=true, d_sigaction=define
useithreads=undef, usemultiplicity=undef
use64bitint=define, use64bitall=define, uselongdouble=define
usemymalloc=n, bincompat5005=undef
Compiler:
cc='cc', ccflags ='-fwrapv -fno-strict-aliasing -pipe -fstack-protector-strong -I/usr/local/include -D_LARGEFILE_SOURCE -D_FILE_OFFSET_BITS=64',
optimize='-O2 -g',
cppflags='-fwrapv -fno-strict-aliasing -pipe -fstack-protector-strong -I/usr/local/include'
ccversion='', gccversion='6.3.0 20170516', gccosandvers=''
intsize=4, longsize=8, ptrsize=8, doublesize=8, byteorder=12345678, doublekind=3
d_longlong=define, longlongsize=8, d_longdbl=define, longdblsize=16, longdblkind=3
ivtype='long', ivsize=8, nvtype='long double', nvsize=16, Off_t='off_t', lseeksize=8
alignbytes=16, prototype=define
Linker and Libraries:
ld='cc', ldflags =' -fstack-protector-strong -L/usr/local/lib'
libpth=/usr/local/lib /usr/lib/gcc/x86_64-linux-gnu/6/include-fixed /usr/include/x86_64-linux-gnu /usr/lib /lib/x86_64-linux-gnu /lib/../lib /usr/lib/x86_64-linux-gnu /usr/lib/../lib /lib
libs=-lpthread -lnsl -ldl -lm -lcrypt -lutil -lc
perllibs=-lpthread -lnsl -ldl -lm -lcrypt -lutil -lc
libc=libc-2.24.so, so=so, useshrplib=false, libperl=libperl.a
gnulibc_version='2.24'
Dynamic Linking:
dlsrc=dl_dlopen.xs, dlext=so, d_dlsymun=undef, ccdlflags='-Wl,-E'
cccdlflags='-fPIC', lddlflags='-shared -O2 -g -L/usr/local/lib -fstack-protector-strong'
Characteristics of this binary (from libperl):
Compile-time options: HAS_TIMES PERLIO_LAYERS PERL_COPY_ON_WRITE
PERL_DONT_CREATE_GVSV
PERL_HASH_FUNC_ONE_AT_A_TIME_HARD PERL_MALLOC_WRAP
PERL_PRESERVE_IVUV PERL_USE_DEVEL USE_64_BIT_ALL
USE_64_BIT_INT USE_LARGE_FILES USE_LOCALE
USE_LOCALE_COLLATE USE_LOCALE_CTYPE
USE_LOCALE_NUMERIC USE_LOCALE_TIME USE_LONG_DOUBLE
USE_PERLIO USE_PERL_ATOF
Locally applied patches:
RC1
Built under linux
Compiled at Sep 10 2017 17:27:50
%ENV:
PERL="/tmp/basesmoker-reloperl-r_nu/bin/perl"
PERL5LIB=""
PERL5OPT=""
PERL5_CPANPLUS_IS_RUNNING="584"
PERL5_CPAN_IS_RUNNING="584"
PERL_CANARY_STABILITY_NOPROMPT="1"
PERL_MM_USE_DEFAULT="1"
PERL_USE_UNSAFE_INC="1"
@INC:
/home/sand/src/perl/repoperls/installed-perls/host/k93stretch/v5.24.3-RC1/9a27/lib/site_perl/5.24.3/x86_64-linux-ld
/home/sand/src/perl/repoperls/installed-perls/host/k93stretch/v5.24.3-RC1/9a27/lib/site_perl/5.24.3
/home/sand/src/perl/repoperls/installed-perls/host/k93stretch/v5.24.3-RC1/9a27/lib/5.24.3/x86_64-linux-ld
/home/sand/src/perl/repoperls/installed-perls/host/k93stretch/v5.24.3-RC1/9a27/lib/5.24.3
.