Script-Toolbox v0.56 Perl 5 v5.12.5 x86_64-linux-thread-multi

Status
Fail
From
Nigel Horne
Dist
Script-Toolbox v0.56
Platform
Perl 5 v5.12.5 x86_64-linux-thread-multi
Date
2018-02-16 21:58:41
ID
8ce93318-1364-11e8-af2b-acaf1d79aee4
This distribution has been tested as part of the CPAN Testers
project, supporting the Perl programming language.  See
http://wiki.cpantesters.org/ for more information or email
questions to cpan-testers-discuss@perl.org


--
Dear Matthias Eckardt,

This is a computer-generated report for Script-Toolbox-0.56
on perl 5.12.5, created by CPAN-Reporter-1.2018.

Thank you for uploading your work to CPAN.  However, there was a problem
testing your distribution.

If you think this report is invalid, please consult the CPAN Testers Wiki
for suggestions on how to avoid getting FAIL reports for missing library
or binary dependencies, unsupported operating systems, and so on:

http://wiki.cpantesters.org/wiki/CPANAuthorNotes

Sections of this report:

    * Tester comments
    * Program output
    * Prerequisites
    * Environment and other context

------------------------------
TESTER COMMENTS
------------------------------

Additional comments from tester:

this report is from an automated smoke testing program
and was not reviewed by a human for accuracy

------------------------------
PROGRAM OUTPUT
------------------------------

Output from '/usr/bin/make test':

make[1]: Entering directory '/home/njh/.cpan/build/Script-Toolbox-0.56-11/TableO'
Manifying 1 pod document
make[1]: Leaving directory '/home/njh/.cpan/build/Script-Toolbox-0.56-11/TableO'
make[1]: Entering directory '/home/njh/.cpan/build/Script-Toolbox-0.56-11/Util'
make[2]: Entering directory '/home/njh/.cpan/build/Script-Toolbox-0.56-11/Util/Formatter'
Manifying 1 pod document
make[2]: Leaving directory '/home/njh/.cpan/build/Script-Toolbox-0.56-11/Util/Formatter'
make[2]: Entering directory '/home/njh/.cpan/build/Script-Toolbox-0.56-11/Util/Menues'
Manifying 1 pod document
make[2]: Leaving directory '/home/njh/.cpan/build/Script-Toolbox-0.56-11/Util/Menues'
make[2]: Entering directory '/home/njh/.cpan/build/Script-Toolbox-0.56-11/Util/Menus'
Manifying 1 pod document
make[2]: Leaving directory '/home/njh/.cpan/build/Script-Toolbox-0.56-11/Util/Menus'
make[2]: Entering directory '/home/njh/.cpan/build/Script-Toolbox-0.56-11/Util/Opt'
Manifying 1 pod document
make[2]: Leaving directory '/home/njh/.cpan/build/Script-Toolbox-0.56-11/Util/Opt'
Manifying 1 pod document
make[1]: Leaving directory '/home/njh/.cpan/build/Script-Toolbox-0.56-11/Util'
make[1]: Entering directory '/home/njh/.cpan/build/Script-Toolbox-0.56-11/TableO'
No tests defined for Script::Toolbox::TableO extension.
make[1]: Leaving directory '/home/njh/.cpan/build/Script-Toolbox-0.56-11/TableO'
make[1]: Entering directory '/home/njh/.cpan/build/Script-Toolbox-0.56-11/Util'
make[2]: Entering directory '/home/njh/.cpan/build/Script-Toolbox-0.56-11/Util/Formatter'
Manifying 1 pod document
make[2]: Leaving directory '/home/njh/.cpan/build/Script-Toolbox-0.56-11/Util/Formatter'
make[2]: Entering directory '/home/njh/.cpan/build/Script-Toolbox-0.56-11/Util/Menues'
Manifying 1 pod document
make[2]: Leaving directory '/home/njh/.cpan/build/Script-Toolbox-0.56-11/Util/Menues'
make[2]: Entering directory '/home/njh/.cpan/build/Script-Toolbox-0.56-11/Util/Menus'
Manifying 1 pod document
make[2]: Leaving directory '/home/njh/.cpan/build/Script-Toolbox-0.56-11/Util/Menus'
make[2]: Entering directory '/home/njh/.cpan/build/Script-Toolbox-0.56-11/Util/Opt'
Manifying 1 pod document
make[2]: Leaving directory '/home/njh/.cpan/build/Script-Toolbox-0.56-11/Util/Opt'
make[2]: Entering directory '/home/njh/.cpan/build/Script-Toolbox-0.56-11/Util/Formatter'
No tests defined for Script::Toolbox::Util::Formatter extension.
make[2]: Leaving directory '/home/njh/.cpan/build/Script-Toolbox-0.56-11/Util/Formatter'
make[2]: Entering directory '/home/njh/.cpan/build/Script-Toolbox-0.56-11/Util/Menues'
No tests defined for Script::Toolbox::Util::Menues extension.
make[2]: Leaving directory '/home/njh/.cpan/build/Script-Toolbox-0.56-11/Util/Menues'
make[2]: Entering directory '/home/njh/.cpan/build/Script-Toolbox-0.56-11/Util/Menus'
No tests defined for Script::Toolbox::Util::Menus extension.
make[2]: Leaving directory '/home/njh/.cpan/build/Script-Toolbox-0.56-11/Util/Menus'
make[2]: Entering directory '/home/njh/.cpan/build/Script-Toolbox-0.56-11/Util/Opt'
No tests defined for Script::Toolbox::Util::Opt extension.
make[2]: Leaving directory '/home/njh/.cpan/build/Script-Toolbox-0.56-11/Util/Opt'
No tests defined for Script::Toolbox::Util extension.
make[1]: Leaving directory '/home/njh/.cpan/build/Script-Toolbox-0.56-11/Util'
PERL_DL_NONLAZY=1 "/home/njh/perl5/perlbrew/perls/perl-5.12.5/bin/perl" "-MExtUtils::Command::MM" "-MTest::Harness" "-e" "undef *Test::Harness::Switches; test_harness(0, 'blib/lib', 'blib/arch')" t/*.t

#   Failed test 'Log'
#   at t/02_Log.t line 86.
#          got: '1'
#     expected: '0'

#   Failed test 'Log'
#   at t/02_Log.t line 89.
#                   '_TST_: Fri Feb 16 16:58:37 2018: Invalid option definition, 'opsDef' => {} invalid.
# '
#     doesn't match '(?-xism:^_TST_: [A-z]{3} [A-z]{3} +\d{1,2} \d{2}:\d{2}:\d{2} \d{4}: logtest)'

#   Failed test 'Invalid Option def 1'
#   at t/01_new.t line 52.
#                   undef
#     doesn't match '(?-xism:.*Invalid .*invalid.)'

#   Failed test 'Invalid Option def 1'
#   at t/01_new.t line 57.
#                   undef
#     doesn't match '(?-xism:.*Invalid .*invalid.)'

#   Failed test 'Valid option read.'
#   at t/01_new.t line 66.
#                   undef
#     doesn't match '(?-xism:meier)'
# Looks like you failed 2 tests of 18.
t/02_Log.t ..... 
Dubious, test returned 2 (wstat 512, 0x200)
Failed 2/18 subtests 
# Looks like you failed 3 tests of 11.
t/01_new.t ..... 
Dubious, test returned 3 (wstat 768, 0x300)
Failed 3/11 subtests 
t/04_Open.t .... ok
t/05_GetSet.t .. ok
t/06_Table.t ... ok
t/07_File.t .... ok
t/08_Dir.t ..... ok
t/09_Misc.t .... ok
t/10_Stat.t .... ok
t/03_Exit.t .... ok

Test Summary Report
-------------------
t/02_Log.t   (Wstat: 512 Tests: 18 Failed: 2)
  Failed tests:  1, 4
  Non-zero exit status: 2
t/01_new.t   (Wstat: 768 Tests: 11 Failed: 3)
  Failed tests:  7-9
  Non-zero exit status: 3
Files=10, Tests=137,  3 wallclock secs ( 0.08 usr  0.04 sys +  4.05 cusr  0.69 csys =  4.86 CPU)
Result: FAIL
Failed 2/10 test programs. 5/137 subtests failed.
Makefile:868: recipe for target 'test_dynamic' failed
make: *** [test_dynamic] Error 255

------------------------------
PREREQUISITES
------------------------------

Prerequisite modules loaded:

requires:

    Module              Need Have    
    ------------------- ---- --------
    Data::Dumper        2    2.154   
    Fatal               1    2.06_01 
    File::stat          1    1.02    
    IO::Dir             1    1.07    
    IO::File            1    1.14    
    Time::ParseDate     1    2015.103
    UNIVERSAL           1    1.06    

build_requires:

    Module              Need Have    
    ------------------- ---- --------
    ExtUtils::MakeMaker 0    7.32    

configure_requires:

    Module              Need Have    
    ------------------- ---- --------
    ExtUtils::MakeMaker 0    7.32    


------------------------------
ENVIRONMENT AND OTHER CONTEXT
------------------------------

Environment variables:

    AUTOMATED_TESTING = 1
    HARNESS_OPTIONS = j2
    LANG = en_GB.UTF-8
    LANGUAGE = en_GB:en
    PATH = /home/njh/perl5/perlbrew/bin:/home/njh/perl5/perlbrew/perls/perl-5.12.5/bin:src/njh/smoker/bin:/usr/bin:/bin
    PERL5LIB = /home/njh/.cpan/build/Time-ParseDate-2015.103-40/blib/arch:/home/njh/.cpan/build/Time-ParseDate-2015.103-40/blib/lib:/home/njh/.cpan/build/ExtUtils-MakeMaker-7.32-11/blib/arch:/home/njh/.cpan/build/ExtUtils-MakeMaker-7.32-11/blib/lib
    PERL5OPT = 
    PERL5_CPANPLUS_IS_RUNNING = 28965
    PERL5_CPAN_IS_RUNNING = 28965
    PERLBREW_BASHRC_VERSION = 0.75
    PERLBREW_HOME = /home/njh/.perlbrew
    PERLBREW_MANPATH = /home/njh/perl5/perlbrew/perls/perl-5.12.5/man
    PERLBREW_PATH = /home/njh/perl5/perlbrew/bin:/home/njh/perl5/perlbrew/perls/perl-5.12.5/bin
    PERLBREW_PERL = perl-5.12.5
    PERLBREW_ROOT = /home/njh/perl5/perlbrew
    PERLBREW_VERSION = 0.75
    SHELL = /bin/sh

Perl special variables (and OS-specific diagnostics, for MSWin32):

    $^X = /home/njh/perl5/perlbrew/perls/perl-5.12.5/bin/perl
    $UID/$EUID = 1000 / 1000
    $GID = 1000 4 24 25 29 30 44 46 103 108 116 127 1000
    $EGID = 1000 4 24 25 29 30 44 46 103 108 116 127 1000

Perl module toolchain versions installed:

    Module              Have    
    ------------------- --------
    CPAN                2.16    
    CPAN::Meta          2.150005
    Cwd                 3.47    
    ExtUtils::CBuilder  0.280220
    ExtUtils::Command   7.32    
    ExtUtils::Install   2.06    
    ExtUtils::MakeMaker 7.32    
    ExtUtils::Manifest  1.70    
    ExtUtils::ParseXS   3.30    
    File::Spec          3.47    
    JSON                2.90    
    JSON::PP            2.27400 
    Module::Build       0.3603  
    Module::Signature   n/a     
    Parse::CPAN::Meta   1.4422  
    Test::Harness       3.36    
    Test::More          1.302086
    YAML                1.23    
    YAML::Syck          1.30    
    version             0.9909  


--

Summary of my perl5 (revision 5 version 12 subversion 5) configuration:
   
  Platform:
    osname=linux, osvers=3.16-3-amd64, archname=x86_64-linux-thread-multi
    uname='linux compaq 3.16-3-amd64 #1 smp debian 3.16.5-1 (2014-10-10) x86_64 gnulinux '
    config_args='-de -Dprefix=/home/njh/perl5/perlbrew/perls/perl-5.12.5 -Duseithreads -Dusemultiplicity -Dusedevel -Accflags= -Aeval:scriptdir=/home/njh/perl5/perlbrew/perls/perl-5.12.5/bin'
    hint=recommended, useposix=true, d_sigaction=define
    useithreads=define, usemultiplicity=define
    useperlio=define, d_sfio=undef, uselargefiles=define, usesocks=undef
    use64bitint=define, use64bitall=define, uselongdouble=undef
    usemymalloc=n, bincompat5005=undef
  Compiler:
    cc='cc', ccflags ='-D_REENTRANT -D_GNU_SOURCE -fno-strict-aliasing -pipe -fstack-protector -I/usr/local/include -D_LARGEFILE_SOURCE -D_FILE_OFFSET_BITS=64',
    optimize='-O2',
    cppflags='-D_REENTRANT -D_GNU_SOURCE -fno-strict-aliasing -pipe -fstack-protector -I/usr/local/include'
    ccversion='', gccversion='4.9.2', gccosandvers=''
    intsize=4, longsize=8, ptrsize=8, doublesize=8, byteorder=12345678
    d_longlong=define, longlongsize=8, d_longdbl=define, longdblsize=16
    ivtype='long', ivsize=8, nvtype='double', nvsize=8, Off_t='off_t', lseeksize=8
    alignbytes=8, prototype=define
  Linker and Libraries:
    ld='cc', ldflags =' -fstack-protector -L/usr/local/lib'
    libpth=/usr/local/lib /lib/x86_64-linux-gnu /lib/../lib /usr/lib/x86_64-linux-gnu /usr/lib/../lib /lib /usr/lib
    libs=-lnsl -lgdbm -ldb -ldl -lm -lcrypt -lutil -lpthread -lc -lgdbm_compat
    perllibs=-lnsl -ldl -lm -lcrypt -lutil -lpthread -lc
    libc=, so=so, useshrplib=false, libperl=libperl.a
    gnulibc_version='2.19'
  Dynamic Linking:
    dlsrc=dl_dlopen.xs, dlext=so, d_dlsymun=undef, ccdlflags='-Wl,-E'
    cccdlflags='-fPIC', lddlflags='-shared -O2 -L/usr/local/lib -fstack-protector'


Characteristics of this binary (from libperl): 
  Compile-time options: MULTIPLICITY PERL_DONT_CREATE_GVSV
                        PERL_IMPLICIT_CONTEXT PERL_MALLOC_WRAP PERL_USE_DEVEL
                        USE_64_BIT_ALL USE_64_BIT_INT USE_ITHREADS
                        USE_LARGE_FILES USE_PERLIO USE_PERL_ATOF
                        USE_REENTRANT_API
  Built under linux
  Compiled at Nov 15 2014 06:04:47
  %ENV:
    PERL5LIB="/home/njh/.cpan/build/Time-ParseDate-2015.103-40/blib/arch:/home/njh/.cpan/build/Time-ParseDate-2015.103-40/blib/lib:/home/njh/.cpan/build/ExtUtils-MakeMaker-7.32-11/blib/arch:/home/njh/.cpan/build/ExtUtils-MakeMaker-7.32-11/blib/lib"
    PERL5OPT=""
    PERL5_CPANPLUS_IS_RUNNING="28965"
    PERL5_CPAN_IS_RUNNING="28965"
    PERLBREW_BASHRC_VERSION="0.75"
    PERLBREW_HOME="/home/njh/.perlbrew"
    PERLBREW_MANPATH="/home/njh/perl5/perlbrew/perls/perl-5.12.5/man"
    PERLBREW_PATH="/home/njh/perl5/perlbrew/bin:/home/njh/perl5/perlbrew/perls/perl-5.12.5/bin"
    PERLBREW_PERL="perl-5.12.5"
    PERLBREW_ROOT="/home/njh/perl5/perlbrew"
    PERLBREW_VERSION="0.75"
  @INC:
    /home/njh/.cpan/build/Time-ParseDate-2015.103-40/blib/arch
    /home/njh/.cpan/build/Time-ParseDate-2015.103-40/blib/lib
    /home/njh/.cpan/build/ExtUtils-MakeMaker-7.32-11/blib/arch
    /home/njh/.cpan/build/ExtUtils-MakeMaker-7.32-11/blib/lib
    /home/njh/perl5/perlbrew/perls/perl-5.12.5/lib/site_perl/5.12.5/x86_64-linux-thread-multi
    /home/njh/perl5/perlbrew/perls/perl-5.12.5/lib/site_perl/5.12.5
    /home/njh/perl5/perlbrew/perls/perl-5.12.5/lib/5.12.5/x86_64-linux-thread-multi
    /home/njh/perl5/perlbrew/perls/perl-5.12.5/lib/5.12.5
    .