Back
From: metabase:user:0d96120c-29e2-11e5-b049-ede3035d37de
Subject: FAIL PerlPoint-Package-0.452 v5.22.0 SunOS/Solaris
Date: 2015-07-18T05:19:21Z
This distribution has been tested as part of the CPAN Testers
project, supporting the Perl programming language. See
http://wiki.cpantesters.org/ for more information or email
questions to cpan-testers-discuss@perl.org
--
Dear Jochen Stenzel,
This is a computer-generated report for PerlPoint-Package-0.452
on perl 5.22.0, created by CPAN-Reporter-1.2014.
Thank you for uploading your work to CPAN. However, there was a problem
testing your distribution.
If you think this report is invalid, please consult the CPAN Testers Wiki
for suggestions on how to avoid getting FAIL reports for missing library
or binary dependencies, unsupported operating systems, and so on:
http://wiki.cpantesters.org/wiki/CPANAuthorNotes
Sections of this report:
* Tester comments
* Program output
* Prerequisites
* Environment and other context
------------------------------
TESTER COMMENTS
------------------------------
Additional comments from tester:
this report is from an automated smoke testing program
and was not reviewed by a human for accuracy
------------------------------
PROGRAM OUTPUT
------------------------------
Output from '/usr/bin/make test':
PERL_DL_NONLAZY=1 "/export/home/jmaslak/perl5/perlbrew/perls/perl-5.22.0/bin/perl" "-MExtUtils::Command::MM" "-MTest::Harness" "-e" "undef *Test::Harness::Switches; test_harness(0, 'blib/lib', 'blib/arch')" t/*.t
t/l0_backend-base.t ... ok
t/l0_backend-modes.t .. ok
t/l0_backend-navi.t ... ok
t/l0_backend-toc.t .... ok
Unescaped left brace in regex is deprecated, passed through in regex; marked by <-- HERE in m/^\${ <-- HERE word}/ at ppParser.yp line 4917, <GEN0> line 140.
Unescaped left brace in regex is deprecated, passed through in regex; marked by <-- HERE in m/^\${ <-- HERE words}/ at ppParser.yp line 4917, <GEN0> line 143.
Unescaped left brace in regex is deprecated, passed through in regex; marked by <-- HERE in m/^\${ <-- HERE number}/ at ppParser.yp line 4917, <GEN0> line 146.
Unescaped left brace in regex is deprecated, passed through in regex; marked by <-- HERE in m/^\${ <-- HERE string1}/ at ppParser.yp line 4917, <GEN0> line 146.
Unescaped left brace in regex is deprecated, passed through in regex; marked by <-- HERE in m/^\${ <-- HERE string2}/ at ppParser.yp line 4917, <GEN0> line 146.
Unescaped left brace in regex is deprecated, passed through in regex; marked by <-- HERE in m/^\${ <-- HERE multiline}/ at ppParser.yp line 4917, <GEN0> line 149.
Unescaped left brace in regex is deprecated, passed through in regex; marked by <-- HERE in m/^\${ <-- HERE word}/ at ppParser.yp line 4917, <GEN0> line 158.
t/l0_cache-fill.t ..... ok
Unescaped left brace in regex is deprecated, passed through in regex; marked by <-- HERE in m/^\${ <-- HERE word}/ at ppParser.yp line 4917, <GEN0> line 140.
Unescaped left brace in regex is deprecated, passed through in regex; marked by <-- HERE in m/^\${ <-- HERE words}/ at ppParser.yp line 4917, <GEN0> line 143.
Unescaped left brace in regex is deprecated, passed through in regex; marked by <-- HERE in m/^\${ <-- HERE number}/ at ppParser.yp line 4917, <GEN0> line 146.
Unescaped left brace in regex is deprecated, passed through in regex; marked by <-- HERE in m/^\${ <-- HERE string1}/ at ppParser.yp line 4917, <GEN0> line 146.
Unescaped left brace in regex is deprecated, passed through in regex; marked by <-- HERE in m/^\${ <-- HERE string2}/ at ppParser.yp line 4917, <GEN0> line 146.
Unescaped left brace in regex is deprecated, passed through in regex; marked by <-- HERE in m/^\${ <-- HERE multiline}/ at ppParser.yp line 4917, <GEN0> line 149.
Unescaped left brace in regex is deprecated, passed through in regex; marked by <-- HERE in m/^\${ <-- HERE word}/ at ppParser.yp line 4917, <GEN0> line 158.
t/l0_cache-hits.t ..... ok
Unescaped left brace in regex is deprecated, passed through in regex; marked by <-- HERE in m/^\${ <-- HERE word}/ at ppParser.yp line 4917, <GEN0> line 110.
Unescaped left brace in regex is deprecated, passed through in regex; marked by <-- HERE in m/^\${ <-- HERE words}/ at ppParser.yp line 4917, <GEN0> line 112.
Unescaped left brace in regex is deprecated, passed through in regex; marked by <-- HERE in m/^\${ <-- HERE number}/ at ppParser.yp line 4917, <GEN0> line 114.
Unescaped left brace in regex is deprecated, passed through in regex; marked by <-- HERE in m/^\${ <-- HERE string1}/ at ppParser.yp line 4917, <GEN0> line 114.
Unescaped left brace in regex is deprecated, passed through in regex; marked by <-- HERE in m/^\${ <-- HERE string2}/ at ppParser.yp line 4917, <GEN0> line 114.
Unescaped left brace in regex is deprecated, passed through in regex; marked by <-- HERE in m/^\${ <-- HERE multiline}/ at ppParser.yp line 4917, <GEN0> line 116.
Unescaped left brace in regex is deprecated, passed through in regex; marked by <-- HERE in m/^\${ <-- HERE word}/ at ppParser.yp line 4917, <GEN0> line 124.
t/l0_cache-remove.t ... ok
t/l0_code.t ........... ok
t/l0_comments.t ....... ok
t/l0_conditions.t ..... ok
t/l0_docstreams1.t .... ok
t/l0_docstreams2.t .... ok
t/l0_docstreams3.t .... ok
t/l0_documents.t ...... ok
t/l0_embedded.t ....... ok
t/l0_headlines.t ...... ok
t/l0_ifilters.t ....... ok
t/l0_include1.t ....... ok
# Failed test at t/l0_include2.t line 336.
# got: 'toBeRestored2'
# expected: 'toBeRestored1'
# Failed test at t/l0_include2.t line 337.
# got: 'value2'
# expected: 'value1'
# Failed test at t/l0_include2.t line 344.
# got: 'toBeRestored1'
# expected: 'toBeRestored2'
# Failed test at t/l0_include2.t line 345.
# got: 'value1'
# expected: 'value2'
# Looks like you failed 4 tests of 305.
t/l0_include2.t .......
Dubious, test returned 4 (wstat 1024, 0x400)
Failed 4/305 subtests
t/l0_include3.t ....... ok
t/l0_include6.t ....... ok
t/l0_index.t .......... ok
t/l0_linehints.t ...... ok
t/l0_lists.t .......... ok
t/l0_macros.t ......... ok
t/l0_pfilters.t ....... ok
t/l0_simple.t ......... ok
t/l0_tables.t ......... ok
t/l0_tags.t ........... ok
t/l0_text.t ........... ok
Unescaped left brace in regex is deprecated, passed through in regex; marked by <-- HERE in m/^\${ <-- HERE word}/ at ppParser.yp line 4917, <GEN0> line 37.
Unescaped left brace in regex is deprecated, passed through in regex; marked by <-- HERE in m/^\${ <-- HERE words}/ at ppParser.yp line 4917, <GEN0> line 39.
Unescaped left brace in regex is deprecated, passed through in regex; marked by <-- HERE in m/^\${ <-- HERE number}/ at ppParser.yp line 4917, <GEN0> line 41.
Unescaped left brace in regex is deprecated, passed through in regex; marked by <-- HERE in m/^\${ <-- HERE string1}/ at ppParser.yp line 4917, <GEN0> line 41.
Unescaped left brace in regex is deprecated, passed through in regex; marked by <-- HERE in m/^\${ <-- HERE string2}/ at ppParser.yp line 4917, <GEN0> line 41.
Unescaped left brace in regex is deprecated, passed through in regex; marked by <-- HERE in m/^\${ <-- HERE multiline}/ at ppParser.yp line 4917, <GEN0> line 43.
Unescaped left brace in regex is deprecated, passed through in regex; marked by <-- HERE in m/^\${ <-- HERE word}/ at ppParser.yp line 4917, <GEN0> line 51.
t/l0_variables1.t ..... ok
Unescaped left brace in regex is deprecated, passed through in regex; marked by <-- HERE in m/^\${ <-- HERE word}/ at ppParser.yp line 4917, <GEN0> line 37.
Unescaped left brace in regex is deprecated, passed through in regex; marked by <-- HERE in m/^\${ <-- HERE words}/ at ppParser.yp line 4917, <GEN0> line 39.
Unescaped left brace in regex is deprecated, passed through in regex; marked by <-- HERE in m/^\${ <-- HERE number}/ at ppParser.yp line 4917, <GEN0> line 41.
Unescaped left brace in regex is deprecated, passed through in regex; marked by <-- HERE in m/^\${ <-- HERE string1}/ at ppParser.yp line 4917, <GEN0> line 41.
Unescaped left brace in regex is deprecated, passed through in regex; marked by <-- HERE in m/^\${ <-- HERE string2}/ at ppParser.yp line 4917, <GEN0> line 41.
Unescaped left brace in regex is deprecated, passed through in regex; marked by <-- HERE in m/^\${ <-- HERE multiline}/ at ppParser.yp line 4917, <GEN0> line 43.
Unescaped left brace in regex is deprecated, passed through in regex; marked by <-- HERE in m/^\${ <-- HERE word}/ at ppParser.yp line 4917, <GEN0> line 51.
t/l0_variables2.t ..... ok
Unescaped left brace in regex is deprecated, passed through in regex; marked by <-- HERE in m/^\${ <-- HERE var}/ at ppParser.yp line 4917, <GEN0> line 24.
t/l0_variables3.t ..... ok
t/l0_verbatim.t ....... ok
t/l9_pod-coverage.t ... skipped: Test::Pod::Coverage 1.00 required for testing POD coverage
t/l9_pod.t ............ skipped: Test::Pod 1.00 required for testing POD
Test Summary Report
-------------------
t/l0_include2.t (Wstat: 1024 Tests: 305 Failed: 4)
Failed tests: 267-268, 273-274
Non-zero exit status: 4
Files=36, Tests=14084, 18 wallclock secs ( 1.02 usr 0.32 sys + 4.68 cusr 2.83 csys = 8.85 CPU)
Result: FAIL
Failed 1/36 test programs. 4/14084 subtests failed.
*** Error code 255
make: Fatal error: Command failed for target `test_dynamic'
------------------------------
PREREQUISITES
------------------------------
Prerequisite modules loaded:
requires:
Module Need Have
------------------- ---- --------
Digest::SHA1 1 2.13
File::Spec 0.8 3.56
File::Temp 0.12 0.2304
Getopt::Long 2.24 2.45
IO::File 1 1.16
Pod::Simple 3.02 3.29
Storable 1 2.53
Test::Harness 1.25 3.35
Test::More 0.11 1.001014
build_requires:
Module Need Have
------------------- ---- --------
ExtUtils::MakeMaker 0 7.04_01
------------------------------
ENVIRONMENT AND OTHER CONTEXT
------------------------------
Environment variables:
AUTOMATED_TESTING = 1
LANG = en_US.UTF-8
LC_ALL =
LC_COLLATE =
LC_CTYPE =
LC_MESSAGES =
LC_MONETARY =
LC_NUMERIC =
LC_TIME =
NONINTERACTIVE_TESTING = 1
PATH = /export/home/jmaslak/perl5/perlbrew/bin:/export/home/jmaslak/perl5/perlbrew/perls/perl-5.22.0/bin:/usr/bin:/usr/sbin:/usr/ccs/bin:/opt/solarisstudio12.4/bin
PERL5LIB = /export/home/jmaslak/.cpan/build/Digest-SHA1-2.13-onJkAK/blib/arch:/export/home/jmaslak/.cpan/build/Digest-SHA1-2.13-onJkAK/blib/lib:/export/home/jmaslak/.cpan/build/XML-Generator-1.04-shQ7bD/blib/arch:/export/home/jmaslak/.cpan/build/XML-Generator-1.04-shQ7bD/blib/lib:/export/home/jmaslak/.cpan/build/HTML-TagCloud-Extended-0.10-6aRKlz/blib/arch:/export/home/jmaslak/.cpan/build/HTML-TagCloud-Extended-0.10-6aRKlz/blib/lib:/export/home/jmaslak/.cpan/build/Class-Accessor-0.34-WggU61/blib/arch:/export/home/jmaslak/.cpan/build/Class-Accessor-0.34-WggU61/blib/lib:/export/home/jmaslak/.cpan/build/Readonly-2.00-wKCdGU/blib/arch:/export/home/jmaslak/.cpan/build/Readonly-2.00-wKCdGU/blib/lib:/export/home/jmaslak/.cpan/build/Class-Data-Inheritable-0.08-TeHOMg/blib/arch:/export/home/jmaslak/.cpan/build/Class-Data-Inheritable-0.08-TeHOMg/blib/lib
PERL5OPT =
PERL5_CPANPLUS_IS_RUNNING = 12449
PERL5_CPAN_IS_RUNNING = 12449
PERL5_CPAN_IS_RUNNING_IN_RECURSION = 9713,12449
PERLBREW_BASHRC_VERSION = 0.73
PERLBREW_HOME = /export/home/jmaslak/.perlbrew
PERLBREW_LIB =
PERLBREW_MANPATH = /export/home/jmaslak/perl5/perlbrew/perls/perl-5.22.0-thread-multi-64int/man
PERLBREW_PATH = /export/home/jmaslak/perl5/perlbrew/bin:/export/home/jmaslak/perl5/perlbrew/perls/perl-5.22.0-thread-multi-64int/bin
PERLBREW_PERL = perl-5.22.0-thread-multi-64int
PERLBREW_ROOT = /export/home/jmaslak/perl5/perlbrew
PERLBREW_SKIP_INIT = 1
PERLBREW_VERSION = 0.73
PERL_CR_SMOKER_CURRENT = PerlPoint-XML-XHTML-0.07
PERL_EXTUTILS_AUTOINSTALL = --defaultdeps
PERL_LOCAL_LIB_ROOT =
PERL_MM_USE_DEFAULT = 1
SHELL = /usr/bin/bash
TERM = screen
Perl special variables (and OS-specific diagnostics, for MSWin32):
$^X = /export/home/jmaslak/perl5/perlbrew/perls/perl-5.22.0/bin/perl
$UID/$EUID = 100 / 100
$GID = 10 10
$EGID = 10 10
Perl module toolchain versions installed:
Module Have
------------------- --------
CPAN 2.11
CPAN::Meta 2.150001
Cwd 3.56
ExtUtils::CBuilder 0.280221
ExtUtils::Command 1.20
ExtUtils::Install 2.04
ExtUtils::MakeMaker 7.04_01
ExtUtils::Manifest 1.70
ExtUtils::ParseXS 3.28
File::Spec 3.56
JSON 2.90
JSON::PP 2.27300
Module::Build 0.4214
Module::Signature n/a
Parse::CPAN::Meta 1.4414
Test::Harness 3.35
Test::More 1.001014
YAML 1.15
YAML::Syck n/a
version 0.9909
--
Summary of my perl5 (revision 5 version 22 subversion 0) configuration:
Platform:
osname=solaris, osvers=2.11, archname=i86pc-solaris
uname='sunos solaris.antelope.net 5.11 11.2 i86pc i386 i86pc '
config_args='-de -Dprefix=/export/home/jmaslak/perl5/perlbrew/perls/perl-5.22.0 -Aeval:scriptdir=/export/home/jmaslak/perl5/perlbrew/perls/perl-5.22.0/bin'
hint=recommended, useposix=true, d_sigaction=define
useithreads=undef, usemultiplicity=undef
use64bitint=undef, use64bitall=undef, uselongdouble=undef
usemymalloc=n, bincompat5005=undef
Compiler:
cc='/opt/solarisstudio12.4/bin/cc', ccflags =' -D_LARGEFILE_SOURCE -D_FILE_OFFSET_BITS=64 -DPERL_USE_SAFE_PUTENV',
optimize='-O',
cppflags=''
ccversion='Sun C 5.13 SunOS_i386 2014/10/20', gccversion='', gccosandvers=''
intsize=4, longsize=4, ptrsize=4, doublesize=8, byteorder=1234, doublekind=3
d_longlong=define, longlongsize=8, d_longdbl=define, longdblsize=12, longdblkind=3
ivtype='long', ivsize=4, nvtype='double', nvsize=8, Off_t='off_t', lseeksize=8
alignbytes=4, prototype=define
Linker and Libraries:
ld='/opt/solarisstudio12.4/bin/cc', ldflags =' -L/usr/lib -L/usr/ccs/lib -L/opt/solarisstudio12.4/lib/compilers/staticlib -L/opt/solarisstudio12.4/lib/compilers/sse2 -L/opt/solarisstudio12.4/lib/compilers -L/lib -L/usr/gnu/lib '
libpth=/usr/lib /usr/ccs/lib /opt/solarisstudio12.4/lib/compilers/staticlib /opt/solarisstudio12.4/lib/compilers/sse2 /opt/solarisstudio12.4/lib/compilers /lib /usr/gnu/lib
libs=-lpthread -lsocket -lnsl -lgdbm -ldb -ldl -lm -lc
perllibs=-lpthread -lsocket -lnsl -ldl -lm -lc
libc=/lib/libc.so, so=so, useshrplib=false, libperl=libperl.a
gnulibc_version=''
Dynamic Linking:
dlsrc=dl_dlopen.xs, dlext=so, d_dlsymun=undef, ccdlflags=' '
cccdlflags='-KPIC', lddlflags='-G -L/usr/lib -L/usr/ccs/lib -L/opt/solarisstudio12.4/lib/compilers/staticlib -L/opt/solarisstudio12.4/lib/compilers/sse2 -L/opt/solarisstudio12.4/lib/compilers -L/lib -L/usr/gnu/lib'
Characteristics of this binary (from libperl):
Compile-time options: HAS_TIMES PERLIO_LAYERS PERL_DONT_CREATE_GVSV
PERL_HASH_FUNC_ONE_AT_A_TIME_HARD PERL_MALLOC_WRAP
PERL_NEW_COPY_ON_WRITE PERL_PRESERVE_IVUV
PERL_USE_SAFE_PUTENV USE_LARGE_FILES USE_LOCALE
USE_LOCALE_COLLATE USE_LOCALE_CTYPE
USE_LOCALE_NUMERIC USE_LOCALE_TIME USE_PERLIO
USE_PERL_ATOF
Locally applied patches:
Devel::PatchPerl 1.38
Built under solaris
Compiled at Jul 16 2015 21:27:09
%ENV:
PERL5LIB="/export/home/jmaslak/.cpan/build/Digest-SHA1-2.13-onJkAK/blib/arch:/export/home/jmaslak/.cpan/build/Digest-SHA1-2.13-onJkAK/blib/lib:/export/home/jmaslak/.cpan/build/XML-Generator-1.04-shQ7bD/blib/arch:/export/home/jmaslak/.cpan/build/XML-Generator-1.04-shQ7bD/blib/lib:/export/home/jmaslak/.cpan/build/HTML-TagCloud-Extended-0.10-6aRKlz/blib/arch:/export/home/jmaslak/.cpan/build/HTML-TagCloud-Extended-0.10-6aRKlz/blib/lib:/export/home/jmaslak/.cpan/build/Class-Accessor-0.34-WggU61/blib/arch:/export/home/jmaslak/.cpan/build/Class-Accessor-0.34-WggU61/blib/lib:/export/home/jmaslak/.cpan/build/Readonly-2.00-wKCdGU/blib/arch:/export/home/jmaslak/.cpan/build/Readonly-2.00-wKCdGU/blib/lib:/export/home/jmaslak/.cpan/build/Class-Data-Inheritable-0.08-TeHOMg/blib/arch:/export/home/jmaslak/.cpan/build/Class-Data-Inheritable-0.08-TeHOMg/blib/lib"
PERL5OPT=""
PERL5_CPANPLUS_IS_RUNNING="12449"
PERL5_CPAN_IS_RUNNING="12449"
PERL5_CPAN_IS_RUNNING_IN_RECURSION="9713,12449"
PERLBREW_BASHRC_VERSION="0.73"
PERLBREW_HOME="/export/home/jmaslak/.perlbrew"
PERLBREW_LIB=""
PERLBREW_MANPATH="/export/home/jmaslak/perl5/perlbrew/perls/perl-5.22.0-thread-multi-64int/man"
PERLBREW_PATH="/export/home/jmaslak/perl5/perlbrew/bin:/export/home/jmaslak/perl5/perlbrew/perls/perl-5.22.0-thread-multi-64int/bin"
PERLBREW_PERL="perl-5.22.0-thread-multi-64int"
PERLBREW_ROOT="/export/home/jmaslak/perl5/perlbrew"
PERLBREW_SKIP_INIT="1"
PERLBREW_VERSION="0.73"
PERL_CR_SMOKER_CURRENT="PerlPoint-XML-XHTML-0.07"
PERL_EXTUTILS_AUTOINSTALL="--defaultdeps"
PERL_LOCAL_LIB_ROOT=""
PERL_MM_USE_DEFAULT="1"
@INC:
/export/home/jmaslak/.cpan/build/Digest-SHA1-2.13-onJkAK/blib/arch
/export/home/jmaslak/.cpan/build/Digest-SHA1-2.13-onJkAK/blib/lib
/export/home/jmaslak/.cpan/build/XML-Generator-1.04-shQ7bD/blib/arch
/export/home/jmaslak/.cpan/build/XML-Generator-1.04-shQ7bD/blib/lib
/export/home/jmaslak/.cpan/build/HTML-TagCloud-Extended-0.10-6aRKlz/blib/arch
/export/home/jmaslak/.cpan/build/HTML-TagCloud-Extended-0.10-6aRKlz/blib/lib
/export/home/jmaslak/.cpan/build/Class-Accessor-0.34-WggU61/blib/arch
/export/home/jmaslak/.cpan/build/Class-Accessor-0.34-WggU61/blib/lib
/export/home/jmaslak/.cpan/build/Readonly-2.00-wKCdGU/blib/arch
/export/home/jmaslak/.cpan/build/Readonly-2.00-wKCdGU/blib/lib
/export/home/jmaslak/.cpan/build/Class-Data-Inheritable-0.08-TeHOMg/blib/arch
/export/home/jmaslak/.cpan/build/Class-Data-Inheritable-0.08-TeHOMg/blib/lib
/export/home/jmaslak/perl5/perlbrew/perls/perl-5.22.0/lib/site_perl/5.22.0/i86pc-solaris
/export/home/jmaslak/perl5/perlbrew/perls/perl-5.22.0/lib/site_perl/5.22.0
/export/home/jmaslak/perl5/perlbrew/perls/perl-5.22.0/lib/5.22.0/i86pc-solaris
/export/home/jmaslak/perl5/perlbrew/perls/perl-5.22.0/lib/5.22.0
.