Test-MasterData-Declare v0.01 Perl 5 v5.18.0 darwin-thread-multi-2level

Status
Fail
From
Nigel Horne
Dist
Test-MasterData-Declare v0.01
Platform
Perl 5 v5.18.0 darwin-thread-multi-2level
Date
2017-11-28 03:16:38
ID
8bf4e22c-d3ea-11e7-ada1-83fabf6c69fe
This distribution has been tested as part of the CPAN Testers
project, supporting the Perl programming language.  See
http://wiki.cpantesters.org/ for more information or email
questions to cpan-testers-discuss@perl.org


--
Dear Makoto Taniwaki,

This is a computer-generated report for Test-MasterData-Declare-0.01
on perl 5.18.0, created by CPAN-Reporter-1.2018.

Thank you for uploading your work to CPAN.  However, there was a problem
testing your distribution.

If you think this report is invalid, please consult the CPAN Testers Wiki
for suggestions on how to avoid getting FAIL reports for missing library
or binary dependencies, unsupported operating systems, and so on:

http://wiki.cpantesters.org/wiki/CPANAuthorNotes

Sections of this report:

    * Tester comments
    * Program output
    * Prerequisites
    * Environment and other context

------------------------------
TESTER COMMENTS
------------------------------

Additional comments from tester:

this report is from an automated smoke testing program
and was not reviewed by a human for accuracy

------------------------------
PROGRAM OUTPUT
------------------------------

Output from './Build test':


#   Failed test 'use Test::MasterData::Declare;'
#   at t/00_compile.t line 4.
#     Tried to use 'Test::MasterData::Declare'.
#     Error:  Invalid CODE attribute: prototype(&) at /Users/hornenj/.cpan/build/Test-MasterData-Declare-0.01-14/blib/lib/Test/MasterData/Declare.pm line 56.
# BEGIN failed--compilation aborted at /Users/hornenj/.cpan/build/Test-MasterData-Declare-0.01-14/blib/lib/Test/MasterData/Declare.pm line 56.
# Compilation failed in require at t/00_compile.t line 4.
# BEGIN failed--compilation aborted at t/00_compile.t line 4.
# Looks like you failed 1 test of 1.
# Seeded srand with seed '20171127' from local date.
t/00_compile.t ....... 
Dubious, test returned 1 (wstat 256, 0x100)
Failed 1/1 subtests 
Invalid CODE attribute: prototype(&) at /Users/hornenj/.cpan/build/Test-MasterData-Declare-0.01-14/blib/lib/Test/MasterData/Declare.pm line 56.
BEGIN failed--compilation aborted at /Users/hornenj/.cpan/build/Test-MasterData-Declare-0.01-14/blib/lib/Test/MasterData/Declare.pm line 56.
Compilation failed in require at t/01_csv_expect.t line 4.
BEGIN failed--compilation aborted at t/01_csv_expect.t line 4.
# No tests run!
# Looks like your test exited with 255 after test #0.
# Seeded srand with seed '20171127' from local date.
t/01_csv_expect.t .... 
Dubious, test returned 255 (wstat 65280, 0xff00)
No subtests run 
Invalid CODE attribute: prototype(&) at /Users/hornenj/.cpan/build/Test-MasterData-Declare-0.01-14/blib/lib/Test/MasterData/Declare.pm line 56.
BEGIN failed--compilation aborted at /Users/hornenj/.cpan/build/Test-MasterData-Declare-0.01-14/blib/lib/Test/MasterData/Declare.pm line 56.
Compilation failed in require at t/02_csv_relation.t line 4.
BEGIN failed--compilation aborted at t/02_csv_relation.t line 4.
# No tests run!
# Looks like your test exited with 255 after test #0.
# Seeded srand with seed '20171127' from local date.
t/02_csv_relation.t .. 
Dubious, test returned 255 (wstat 65280, 0xff00)
No subtests run 
Invalid CODE attribute: prototype(&) at /Users/hornenj/.cpan/build/Test-MasterData-Declare-0.01-14/blib/lib/Test/MasterData/Declare.pm line 56.
BEGIN failed--compilation aborted at /Users/hornenj/.cpan/build/Test-MasterData-Declare-0.01-14/blib/lib/Test/MasterData/Declare.pm line 56.
Compilation failed in require at t/04_declare_like.t line 4.
BEGIN failed--compilation aborted at t/04_declare_like.t line 4.
t/04_declare_like.t .. 
Dubious, test returned 255 (wstat 65280, 0xff00)
No subtests run 
Can't locate method header at /Users/hornenj/.cpan/build/Test-MasterData-Declare-0.01-14/blib/lib/Test/MasterData/Declare/Reader.pm line 30.
t/06_reader.t ........ 
Dubious, test returned 25 (wstat 6400, 0x1900)
No subtests run 

Test Summary Report
-------------------
t/00_compile.t     (Wstat: 256 Tests: 1 Failed: 1)
  Failed test:  1
  Non-zero exit status: 1
t/01_csv_expect.t  (Wstat: 65280 Tests: 0 Failed: 0)
  Non-zero exit status: 255
  Parse errors: No plan found in TAP output
t/02_csv_relation.t (Wstat: 65280 Tests: 0 Failed: 0)
  Non-zero exit status: 255
  Parse errors: No plan found in TAP output
t/04_declare_like.t (Wstat: 65280 Tests: 0 Failed: 0)
  Non-zero exit status: 255
  Parse errors: No plan found in TAP output
t/06_reader.t      (Wstat: 6400 Tests: 0 Failed: 0)
  Non-zero exit status: 25
  Parse errors: No plan found in TAP output
Files=5, Tests=1,  0 wallclock secs ( 0.02 usr  0.01 sys +  0.40 cusr  0.07 csys =  0.50 CPU)
Result: FAIL

------------------------------
PREREQUISITES
------------------------------

Prerequisite modules loaded:

requires:

    Module                Need     Have    
    --------------------- -------- --------
    Class::Accessor::Lite 0        0.08    
    JSON                  0        2.93    
    perl                  5.010001 5.018000
    Scalar::Util          0        1.47    
    Test2::V0             0        0.000072
    Test::Simple          1.302015 1.302106
    Text::CSV             0        1.33    

configure_requires:

    Module                Need     Have    
    --------------------- -------- --------
    Module::Build::Tiny   0.035    0.039   


------------------------------
ENVIRONMENT AND OTHER CONTEXT
------------------------------

Environment variables:

    AUTOMATED_TESTING = 1
    LANG = en_US.UTF-8
    LC_ALL = POSIX
    PATH = /Users/hornenj/perl5/perlbrew/bin:/Users/hornenj/perl5/perlbrew/perls/perl-5.18.0/bin:/Users/hornenj/perl5/perlbrew/bin:/Users/hornenj/bin:/usr/bin:/bin:/usr/X11R6/bin:/sw/bin
    PERL5LIB = /Users/hornenj/.cpan/build/Class-Accessor-Lite-0.08-63/blib/arch:/Users/hornenj/.cpan/build/Class-Accessor-Lite-0.08-63/blib/lib
    PERL5OPT = 
    PERL5_CPANPLUS_IS_RUNNING = 88970
    PERL5_CPAN_IS_RUNNING = 88970
    PERL5_MINISMOKEBOX = 0.68
    PERLBREW_BASHRC_VERSION = 0.80
    PERLBREW_HOME = /Users/hornenj/.perlbrew
    PERLBREW_LIB = 
    PERLBREW_MANPATH = /Users/hornenj/perl5/perlbrew/perls/perl-5.18.0/man
    PERLBREW_PATH = /Users/hornenj/perl5/perlbrew/bin:/Users/hornenj/perl5/perlbrew/perls/perl-5.18.0/bin
    PERLBREW_PERL = perl-5.18.0
    PERLBREW_ROOT = /Users/hornenj/perl5/perlbrew
    PERLBREW_VERSION = 0.80
    PERL_EXTUTILS_AUTOINSTALL = --defaultdeps
    PERL_LOCAL_LIB_ROOT = 
    PERL_MM_USE_DEFAULT = 1
    SHELL = /bin/bash
    TERM = xterm-256color
    TMPDIR = /var/folders/pz/pd7y1qjs6s3cbk170cw50fjc000c61/T/

Perl special variables (and OS-specific diagnostics, for MSWin32):

    $^X = /Users/hornenj/perl5/perlbrew/perls/perl-5.18.0/bin/perl5.18.0
    $UID/$EUID = 12481 / 12481
    $GID = 14 14 5344 37191 527 12 62 204 399 206 37223 241 223
    $EGID = 14 14 5344 37191 527 12 62 204 399 206 37223 241 223

Perl module toolchain versions installed:

    Module              Have    
    ------------------- --------
    CPAN                2.16    
    CPAN::Meta          2.150005
    Cwd                 3.47    
    ExtUtils::CBuilder  0.280224
    ExtUtils::Command   7.30    
    ExtUtils::Install   2.06    
    ExtUtils::MakeMaker 7.30    
    ExtUtils::Manifest  1.70    
    ExtUtils::ParseXS   3.30    
    File::Spec          3.47    
    JSON                2.93    
    JSON::PP            2.27400 
    Module::Build       0.4214  
    Module::Signature   n/a     
    Parse::CPAN::Meta   1.4422  
    Test::Harness       3.36    
    Test::More          1.302106
    YAML                1.23    
    YAML::Syck          1.30    
    version             0.9912  


--

Summary of my perl5 (revision 5 version 18 subversion 0) configuration:
   
  Platform:
    osname=darwin, osvers=13.4.0, archname=darwin-thread-multi-2level
    uname='darwin ncbimac2008.ncbi.nlm.nih.gov 13.4.0 darwin kernel version 13.4.0: sun aug 17 19:50:11 pdt 2014; root:xnu-2422.115.4~1release_x86_64 x86_64 '
    config_args='-de -Dprefix=/Users/hornenj/perl5/perlbrew/perls/perl-5.18.0 -Duseithreads -Dusemultiplicity -Dusedevel -Accflags=-O2 -W -Wformat=2 -Wswitch -Wshadow -Wwrite-strings -Wuninitialized -Wall -pipe -mtune=native -march=native -fomit-frame-pointer -msse2 -msse -mmmx -pedantic -D_FORTIFY_SOURCE=2 -Wpointer-arith -Wstrict-prototypes -fstack-protector -Wstack-protector -Wextra -Wbad-function-cast -Wcast-align -Wcast-qual -Wdisabled-optimization -Wendif-labels -Wfloat-equal -Wformat-nonliteral -Winline -Wmissing-declarations -Wmissing-prototypes -Wnested-externs -Wpointer-arith -Wundef -Wformat-security -fassociative-math -Acc=cc -Aeval:scriptdir=/Users/hornenj/perl5/perlbrew/perls/perl-5.18.0/bin'
    hint=recommended, useposix=true, d_sigaction=define
    useithreads=define, usemultiplicity=define
    useperlio=define, d_sfio=undef, uselargefiles=define, usesocks=undef
    use64bitint=define, use64bitall=define, uselongdouble=undef
    usemymalloc=n, bincompat5005=undef
  Compiler:
    cc=' cc', ccflags ='-fno-common -DPERL_DARWIN -O2 -W -Wformat=2 -Wswitch -Wshadow -Wwrite-strings -Wuninitialized -Wall -pipe -mtune=native -march=native -fomit-frame-pointer -msse2 -msse -mmmx -pedantic -D_FORTIFY_SOURCE=2 -Wpointer-arith -Wstrict-prototypes -fstack-protector -Wstack-protector -Wextra -Wbad-function-cast -Wcast-align -Wcast-qual -Wdisabled-optimization -Wendif-labels -Wfloat-equal -Wformat-nonliteral -Winline -Wmissing-declarations -Wmissing-prototypes -Wnested-externs -Wpointer-arith -Wundef -Wformat-security -fassociative-math -fno-strict-aliasing -I/usr/local/include',
    optimize='-O3',
    cppflags='-fno-common -DPERL_DARWIN -O2 -W -Wformat=2 -Wswitch -Wshadow -Wwrite-strings -Wuninitialized -Wall -pipe -mtune=native -march=native -fomit-frame-pointer -msse2 -msse -mmmx -pedantic -D_FORTIFY_SOURCE=2 -Wpointer-arith -Wstrict-prototypes -fstack-protector -Wstack-protector -Wextra -Wbad-function-cast -Wcast-align -Wcast-qual -Wdisabled-optimization -Wendif-labels -Wfloat-equal -Wformat-nonliteral -Winline -Wmissing-declarations -Wmissing-prototypes -Wnested-externs -Wpointer-arith -Wundef -Wformat-security -fassociative-math -fno-strict-aliasing -I/usr/local/include'
    ccversion='', gccversion='4.2.1 Compatible Apple LLVM 6.0 (clang-600.0.51)', gccosandvers=''
    intsize=4, longsize=8, ptrsize=8, doublesize=8, byteorder=12345678
    d_longlong=define, longlongsize=8, d_longdbl=define, longdblsize=16
    ivtype='long', ivsize=8, nvtype='double', nvsize=8, Off_t='off_t', lseeksize=8
    alignbytes=8, prototype=define
  Linker and Libraries:
    ld='env MACOSX_DEPLOYMENT_TARGET=10.3 cc', ldflags =' -fstack-protector -L/usr/local/lib'
    libpth=/usr/local/lib /usr/lib
    libs=-ldbm -ldl -lm -lutil -lc
    perllibs=-ldl -lm -lutil -lc
    libc=, so=dylib, useshrplib=false, libperl=libperl.a
    gnulibc_version=''
  Dynamic Linking:
    dlsrc=dl_dlopen.xs, dlext=bundle, d_dlsymun=undef, ccdlflags=' '
    cccdlflags=' ', lddlflags=' -bundle -undefined dynamic_lookup -L/usr/local/lib -fstack-protector'


Characteristics of this binary (from libperl): 
  Compile-time options: HAS_TIMES MULTIPLICITY PERLIO_LAYERS
                        PERL_DONT_CREATE_GVSV
                        PERL_HASH_FUNC_ONE_AT_A_TIME_HARD
                        PERL_IMPLICIT_CONTEXT PERL_MALLOC_WRAP
                        PERL_PRESERVE_IVUV PERL_SAWAMPERSAND PERL_USE_DEVEL
                        USE_64_BIT_ALL USE_64_BIT_INT USE_ITHREADS
                        USE_LARGE_FILES USE_LOCALE USE_LOCALE_COLLATE
                        USE_LOCALE_CTYPE USE_LOCALE_NUMERIC USE_PERLIO
                        USE_PERL_ATOF USE_REENTRANT_API
  Built under darwin
  Compiled at Dec 15 2014 12:58:05
  %ENV:
    PERL5LIB="/Users/hornenj/.cpan/build/Class-Accessor-Lite-0.08-63/blib/arch:/Users/hornenj/.cpan/build/Class-Accessor-Lite-0.08-63/blib/lib"
    PERL5OPT=""
    PERL5_CPANPLUS_IS_RUNNING="88970"
    PERL5_CPAN_IS_RUNNING="88970"
    PERL5_MINISMOKEBOX="0.68"
    PERLBREW_BASHRC_VERSION="0.80"
    PERLBREW_HOME="/Users/hornenj/.perlbrew"
    PERLBREW_LIB=""
    PERLBREW_MANPATH="/Users/hornenj/perl5/perlbrew/perls/perl-5.18.0/man"
    PERLBREW_PATH="/Users/hornenj/perl5/perlbrew/bin:/Users/hornenj/perl5/perlbrew/perls/perl-5.18.0/bin"
    PERLBREW_PERL="perl-5.18.0"
    PERLBREW_ROOT="/Users/hornenj/perl5/perlbrew"
    PERLBREW_VERSION="0.80"
    PERL_EXTUTILS_AUTOINSTALL="--defaultdeps"
    PERL_LOCAL_LIB_ROOT=""
    PERL_MM_USE_DEFAULT="1"
  @INC:
    /Users/hornenj/.cpan/build/Class-Accessor-Lite-0.08-63/blib/arch
    /Users/hornenj/.cpan/build/Class-Accessor-Lite-0.08-63/blib/lib
    /Users/hornenj/perl5/perlbrew/perls/perl-5.18.0/lib/site_perl/5.18.0/darwin-thread-multi-2level
    /Users/hornenj/perl5/perlbrew/perls/perl-5.18.0/lib/site_perl/5.18.0
    /Users/hornenj/perl5/perlbrew/perls/perl-5.18.0/lib/5.18.0/darwin-thread-multi-2level
    /Users/hornenj/perl5/perlbrew/perls/perl-5.18.0/lib/5.18.0
    .