Back
From: metabase:user:3215efbe-2aae-11df-837a-5e0a49663a4f
Subject: FAIL Getopt-LL-1.0.0 v5.16.1 GNU/Linux
Date: 2012-10-10T16:28:38Z
This distribution has been tested as part of the CPAN Testers
project, supporting the Perl programming language. See
http://wiki.cpantesters.org/ for more information or email
questions to cpan-testers-discuss@perl.org
--
Dear Ask Solem,
This is a computer-generated report for Getopt-LL-1.0.0
on perl 5.16.1, created by CPAN-Reporter-1.2006.
Thank you for uploading your work to CPAN. However, there was a problem
testing your distribution.
If you think this report is invalid, please consult the CPAN Testers Wiki
for suggestions on how to avoid getting FAIL reports for missing library
or binary dependencies, unsupported operating systems, and so on:
http://wiki.cpantesters.org/wiki/CPANAuthorNotes
Sections of this report:
* Tester comments
* Program output
* Prerequisites
* Environment and other context
------------------------------
TESTER COMMENTS
------------------------------
Additional comments from tester:
this report is from an automated smoke testing program
and was not reviewed by a human for accuracy
------------------------------
PROGRAM OUTPUT
------------------------------
Output from './Build test':
Prototype after '@' for Class::Dot::after_property_get : @& at /opt/perl/nothreads/5.16.1/lib/site_perl/5.16.1/Class/Dot.pm line 282.
Prototype after '@' for Class::Dot::after_property_set : @& at /opt/perl/nothreads/5.16.1/lib/site_perl/5.16.1/Class/Dot.pm line 291.
# Testing Getopt::LL 1.0.0
t/00.load.t ................. ok
Prototype after '@' for Class::Dot::after_property_get : @& at /opt/perl/nothreads/5.16.1/lib/site_perl/5.16.1/Class/Dot.pm line 282.
Prototype after '@' for Class::Dot::after_property_set : @& at /opt/perl/nothreads/5.16.1/lib/site_perl/5.16.1/Class/Dot.pm line 291.
t/aliases.t ................. ok
Prototype after '@' for Class::Dot::after_property_get : @& at /opt/perl/nothreads/5.16.1/lib/site_perl/5.16.1/Class/Dot.pm line 282.
Prototype after '@' for Class::Dot::after_property_set : @& at /opt/perl/nothreads/5.16.1/lib/site_perl/5.16.1/Class/Dot.pm line 291.
t/dllist-node.t ............. ok
Prototype after '@' for Class::Dot::after_property_get : @& at /opt/perl/nothreads/5.16.1/lib/site_perl/5.16.1/Class/Dot.pm line 282.
Prototype after '@' for Class::Dot::after_property_set : @& at /opt/perl/nothreads/5.16.1/lib/site_perl/5.16.1/Class/Dot.pm line 291.
t/dllist.t .................. ok
Prototype after '@' for Class::Dot::after_property_get : @& at /opt/perl/nothreads/5.16.1/lib/site_perl/5.16.1/Class/Dot.pm line 282.
Prototype after '@' for Class::Dot::after_property_set : @& at /opt/perl/nothreads/5.16.1/lib/site_perl/5.16.1/Class/Dot.pm line 291.
t/gnu.t ..................... ok
Prototype after '@' for Class::Dot::after_property_get : @& at /opt/perl/nothreads/5.16.1/lib/site_perl/5.16.1/Class/Dot.pm line 282.
Prototype after '@' for Class::Dot::after_property_set : @& at /opt/perl/nothreads/5.16.1/lib/site_perl/5.16.1/Class/Dot.pm line 291.
t/help.t .................... ok
Prototype after '@' for Class::Dot::after_property_get : @& at /opt/perl/nothreads/5.16.1/lib/site_perl/5.16.1/Class/Dot.pm line 282.
Prototype after '@' for Class::Dot::after_property_set : @& at /opt/perl/nothreads/5.16.1/lib/site_perl/5.16.1/Class/Dot.pm line 291.
t/missing.t ................. ok
Prototype after '@' for Class::Dot::after_property_get : @& at /opt/perl/nothreads/5.16.1/lib/site_perl/5.16.1/Class/Dot.pm line 282.
Prototype after '@' for Class::Dot::after_property_set : @& at /opt/perl/nothreads/5.16.1/lib/site_perl/5.16.1/Class/Dot.pm line 291.
t/non-gnu.t ................. ok
Prototype after '@' for Class::Dot::after_property_get : @& at /opt/perl/nothreads/5.16.1/lib/site_perl/5.16.1/Class/Dot.pm line 282.
Prototype after '@' for Class::Dot::after_property_set : @& at /opt/perl/nothreads/5.16.1/lib/site_perl/5.16.1/Class/Dot.pm line 291.
t/nonexisting_rule_type.t ... ok
Prototype after '@' for Class::Dot::after_property_get : @& at /opt/perl/nothreads/5.16.1/lib/site_perl/5.16.1/Class/Dot.pm line 282.
Prototype after '@' for Class::Dot::after_property_set : @& at /opt/perl/nothreads/5.16.1/lib/site_perl/5.16.1/Class/Dot.pm line 291.
t/opt_.t .................... ok
Prototype after '@' for Class::Dot::after_property_get : @& at /opt/perl/nothreads/5.16.1/lib/site_perl/5.16.1/Class/Dot.pm line 282.
Prototype after '@' for Class::Dot::after_property_set : @& at /opt/perl/nothreads/5.16.1/lib/site_perl/5.16.1/Class/Dot.pm line 291.
t/peek.t .................... ok
Prototype after '@' for Class::Dot::after_property_get : @& at /opt/perl/nothreads/5.16.1/lib/site_perl/5.16.1/Class/Dot.pm line 282.
Prototype after '@' for Class::Dot::after_property_set : @& at /opt/perl/nothreads/5.16.1/lib/site_perl/5.16.1/Class/Dot.pm line 291.
# Failed test 'die on regex mismatch'
# at t/regex.t line 36.
# 'Argument --bottom [<no-value>] does not match /(?^msx:\A\w+\z/ at lib/Getopt/LL/DLList.pm line 71.
# '
# doesn't match '(?^:Argument\ \-\-bottom\ \[\<no\-value\>\]\ does\ not\ match\ \/\\A\\w\+\\z\/msx\-i)'
# Failed test 'die on regex mismatch'
# at t/regex.t line 47.
# 'Argument --head [bonjour] does not match /(?^msix:(hello|goodbye)/ at lib/Getopt/LL/DLList.pm line 71.
# '
# doesn't match '(?^:Argument\ \-\-head\ \[bonjour\]\ does\ not\ match\ \/\(hello\|goodbye\)\/msix)'
# Failed test 'die on regex mismatch'
# at t/regex.t line 54.
# 'Argument --bottom [x!x] does not match /(?^msx:\A\w+\z/ at lib/Getopt/LL/DLList.pm line 71.
# '
# doesn't match '(?^:Argument\ \-\-bottom\ \[x\!x\]\ does\ not\ match\ \/\\A\\w\+\\z\/msx\-i)'
# Failed test '_regexp_as_text(qr/((hello))/xms)'
# at t/regex.t line 59.
# got: '/(?^msx:((hello))/'
# expected: '/((hello))/msx-i'
# Failed test '_regexp_as_text(qr/(?:hello|olleh|leoh)/xms)'
# at t/regex.t line 61.
# got: '/(?^msx:(?:hello|olleh|leoh)/'
# expected: '/(?:hello|olleh|leoh)/msx-i'
# Failed test at t/regex.t line 71.
# got: '/(?^msix:
# \A # starts with...
# - # single dash.
# (?!-) # with no dash after that.
# .
# /'
# expected: '/
# \A # starts with...
# - # single dash.
# (?!-) # with no dash after that.
# .
# /msix'
# Looks like you failed 6 tests of 9.
t/regex.t ...................
Dubious, test returned 6 (wstat 1536, 0x600)
Failed 6/9 subtests
Prototype after '@' for Class::Dot::after_property_get : @& at /opt/perl/nothreads/5.16.1/lib/site_perl/5.16.1/Class/Dot.pm line 282.
Prototype after '@' for Class::Dot::after_property_set : @& at /opt/perl/nothreads/5.16.1/lib/site_perl/5.16.1/Class/Dot.pm line 291.
t/required.t ................ ok
Prototype after '@' for Class::Dot::after_property_get : @& at /opt/perl/nothreads/5.16.1/lib/site_perl/5.16.1/Class/Dot.pm line 282.
Prototype after '@' for Class::Dot::after_property_set : @& at /opt/perl/nothreads/5.16.1/lib/site_perl/5.16.1/Class/Dot.pm line 291.
t/rules.t ................... ok
Prototype after '@' for Class::Dot::after_property_get : @& at /opt/perl/nothreads/5.16.1/lib/site_perl/5.16.1/Class/Dot.pm line 282.
Prototype after '@' for Class::Dot::after_property_set : @& at /opt/perl/nothreads/5.16.1/lib/site_perl/5.16.1/Class/Dot.pm line 291.
t/short-simple-w-options.t .. ok
Prototype after '@' for Class::Dot::after_property_get : @& at /opt/perl/nothreads/5.16.1/lib/site_perl/5.16.1/Class/Dot.pm line 282.
Prototype after '@' for Class::Dot::after_property_set : @& at /opt/perl/nothreads/5.16.1/lib/site_perl/5.16.1/Class/Dot.pm line 291.
t/short-simple-wo-rules.t ... ok
Prototype after '@' for Class::Dot::after_property_get : @& at /opt/perl/nothreads/5.16.1/lib/site_perl/5.16.1/Class/Dot.pm line 282.
Prototype after '@' for Class::Dot::after_property_set : @& at /opt/perl/nothreads/5.16.1/lib/site_perl/5.16.1/Class/Dot.pm line 291.
t/short-simple.t ............ ok
Prototype after '@' for Class::Dot::after_property_get : @& at /opt/perl/nothreads/5.16.1/lib/site_perl/5.16.1/Class/Dot.pm line 282.
Prototype after '@' for Class::Dot::after_property_set : @& at /opt/perl/nothreads/5.16.1/lib/site_perl/5.16.1/Class/Dot.pm line 291.
t/short.t ................... ok
Prototype after '@' for Class::Dot::after_property_get : @& at /opt/perl/nothreads/5.16.1/lib/site_perl/5.16.1/Class/Dot.pm line 282.
Prototype after '@' for Class::Dot::after_property_set : @& at /opt/perl/nothreads/5.16.1/lib/site_perl/5.16.1/Class/Dot.pm line 291.
t/simple.t .................. ok
t/simpleExporter.t .......... ok
Prototype after '@' for Class::Dot::after_property_get : @& at /opt/perl/nothreads/5.16.1/lib/site_perl/5.16.1/Class/Dot.pm line 282.
Prototype after '@' for Class::Dot::after_property_set : @& at /opt/perl/nothreads/5.16.1/lib/site_perl/5.16.1/Class/Dot.pm line 291.
t/slurp.t ................... ok
Prototype after '@' for Class::Dot::after_property_get : @& at /opt/perl/nothreads/5.16.1/lib/site_perl/5.16.1/Class/Dot.pm line 282.
Prototype after '@' for Class::Dot::after_property_set : @& at /opt/perl/nothreads/5.16.1/lib/site_perl/5.16.1/Class/Dot.pm line 291.
t/type-check.t .............. ok
Test Summary Report
-------------------
t/regex.t (Wstat: 1536 Tests: 9 Failed: 6)
Failed tests: 1, 3-7
Non-zero exit status: 6
Files=22, Tests=361, 1 wallclock secs ( 0.04 usr 0.05 sys + 0.58 cusr 0.05 csys = 0.72 CPU)
Result: FAIL
Failed 1/22 test programs. 6/361 subtests failed.
------------------------------
PREREQUISITES
------------------------------
Prerequisite modules loaded:
requires:
Module Need Have
------------------- ---- -------
Class::Dot 1 1.5.0
version 0 0.9901
build_requires:
Module Need Have
------------------- ---- -------
IO::Capture::Stderr 0 0
Test::Exception 0.25 0.31
Test::Simple 0.42 0.98_03
------------------------------
ENVIRONMENT AND OTHER CONTEXT
------------------------------
Environment variables:
AUTOMATED_TESTING = 1
LANG = C
PATH = /opt/perl/nothreads/5.16.1/bin:/usr/local/sbin:/usr/local/bin:/usr/sbin:/usr/bin:/sbin:/bin:/usr/games
PERL5LIB =
PERL5OPT =
PERL5_CPANPLUS_IS_RUNNING = 2862
PERL5_CPAN_IS_RUNNING = 2862
PERL5_CPAN_IS_RUNNING_IN_RECURSION = 22142,2862
PERL_CR_SMOKER_CURRENT = Dist-Zilla-Plugin-Web-0.0.6
PERL_EXTUTILS_AUTOINSTALL = --defaultdeps
PERL_MM_USE_DEFAULT = 1
SHELL = /bin/bash
TERM = screen
Perl special variables (and OS-specific diagnostics, for MSWin32):
$^X = /opt/perl/nothreads/5.16.1/bin/perl
$UID/$EUID = 1000 / 1000
$GID = 1000 4 24 27 30 46 112 113 1000
$EGID = 1000 4 24 27 30 46 112 113 1000
Perl module toolchain versions installed:
Module Have
------------------- --------
CPAN 1.9800
CPAN::Meta 2.120921
Cwd 3.39_02
ExtUtils::CBuilder 0.280206
ExtUtils::Command 1.17
ExtUtils::Install 1.58
ExtUtils::MakeMaker 6.63_02
ExtUtils::Manifest 1.61
ExtUtils::ParseXS 3.16
File::Spec 3.39_02
JSON 2.53
JSON::PP 2.27200
Module::Build 0.4003
Module::Signature 0.68
Parse::CPAN::Meta 1.4404
Test::Harness 3.25
Test::More 0.98_03
YAML 0.81
YAML::Syck 1.21
version 0.9901
--
Summary of my perl5 (revision 5 version 16 subversion 1) configuration:
Platform:
osname=linux, osvers=3.2.0-31-virtual, archname=x86_64-linux
uname='linux cpansmoker 3.2.0-31-virtual #50-ubuntu smp fri sep 7 16:36:36 utc 2012 x86_64 x86_64 x86_64 gnulinux '
config_args='-des -Dprefix=/opt/perl/nothreads/5.16.1'
hint=recommended, useposix=true, d_sigaction=define
useithreads=undef, usemultiplicity=undef
useperlio=define, d_sfio=undef, uselargefiles=define, usesocks=undef
use64bitint=define, use64bitall=define, uselongdouble=undef
usemymalloc=n, bincompat5005=undef
Compiler:
cc='cc', ccflags ='-fno-strict-aliasing -pipe -fstack-protector -I/usr/local/include -D_LARGEFILE_SOURCE -D_FILE_OFFSET_BITS=64',
optimize='-O2',
cppflags='-fno-strict-aliasing -pipe -fstack-protector -I/usr/local/include'
ccversion='', gccversion='4.6.3', gccosandvers=''
intsize=4, longsize=8, ptrsize=8, doublesize=8, byteorder=12345678
d_longlong=define, longlongsize=8, d_longdbl=define, longdblsize=16
ivtype='long', ivsize=8, nvtype='double', nvsize=8, Off_t='off_t', lseeksize=8
alignbytes=8, prototype=define
Linker and Libraries:
ld='cc', ldflags =' -fstack-protector -L/usr/local/lib'
libpth=/usr/local/lib /lib/x86_64-linux-gnu /lib/../lib /usr/lib/x86_64-linux-gnu /usr/lib/../lib /lib /usr/lib
libs=-lnsl -lgdbm -ldb -ldl -lm -lcrypt -lutil -lc -lgdbm_compat
perllibs=-lnsl -ldl -lm -lcrypt -lutil -lc
libc=, so=so, useshrplib=false, libperl=libperl.a
gnulibc_version='2.15'
Dynamic Linking:
dlsrc=dl_dlopen.xs, dlext=so, d_dlsymun=undef, ccdlflags='-Wl,-E'
cccdlflags='-fPIC', lddlflags='-shared -O2 -L/usr/local/lib -fstack-protector'
Characteristics of this binary (from libperl):
Compile-time options: HAS_TIMES PERLIO_LAYERS PERL_DONT_CREATE_GVSV
PERL_MALLOC_WRAP PERL_PRESERVE_IVUV USE_64_BIT_ALL
USE_64_BIT_INT USE_LARGE_FILES USE_LOCALE
USE_LOCALE_COLLATE USE_LOCALE_CTYPE
USE_LOCALE_NUMERIC USE_PERLIO USE_PERL_ATOF
Built under linux
Compiled at Oct 7 2012 11:40:56
%ENV:
PERL5LIB=""
PERL5OPT=""
PERL5_CPANPLUS_IS_RUNNING="2862"
PERL5_CPAN_IS_RUNNING="2862"
PERL5_CPAN_IS_RUNNING_IN_RECURSION="22142,2862"
PERL_CR_SMOKER_CURRENT="Dist-Zilla-Plugin-Web-0.0.6"
PERL_EXTUTILS_AUTOINSTALL="--defaultdeps"
PERL_MM_USE_DEFAULT="1"
@INC:
/opt/perl/nothreads/5.16.1/lib/site_perl/5.16.1/x86_64-linux
/opt/perl/nothreads/5.16.1/lib/site_perl/5.16.1
/opt/perl/nothreads/5.16.1/lib/5.16.1/x86_64-linux
/opt/perl/nothreads/5.16.1/lib/5.16.1
.