Back
From: metabase:user:d2c9f356-b46f-11df-9a90-20a83c0b7757
Subject: FAIL Froody-42.005 v5.15.7 SunOS/Solaris
Date: 2012-02-21T22:08:12Z
This distribution has been tested as part of the CPAN Testers
project, supporting the Perl programming language. See
http://wiki.cpantesters.org/ for more information or email
questions to cpan-testers-discuss@perl.org
--
Dear Fotango Ltd,
This is a computer-generated report for Froody-42.005
on perl 5.15.7, created by CPAN-Reporter-1.2004.
Thank you for uploading your work to CPAN. However, there was a problem
testing your distribution.
If you think this report is invalid, please consult the CPAN Testers Wiki
for suggestions on how to avoid getting FAIL reports for missing library
or binary dependencies, unsupported operating systems, and so on:
http://wiki.cpantesters.org/wiki/CPANAuthorNotes
Sections of this report:
* Tester comments
* Program output
* Prerequisites
* Environment and other context
------------------------------
TESTER COMMENTS
------------------------------
Additional comments from tester:
this report is from an automated smoke testing program
and was not reviewed by a human for accuracy
------------------------------
PROGRAM OUTPUT
------------------------------
Output from './Build test':
main::path_to_pkg() called too early to check prototype at t/000compile.t line 13.
t/000compile.t ...... ok
t/001pragmas.t ...... ok
t/003pod.t .......... ok
t/004uselib.t ....... ok
t/api.t ............. ok
t/complex_invoke.t .. ok
t/copy.t ............ ok
# Failed test 'expected XML'
# at t/dispatch.t line 44.
# got: '<?xml version="1.0" encoding="utf-8"?>
# <rsp stat="ok">
# <value>é</value>
# </rsp>
# '
# expected: '<?xml version="1.0" encoding="utf-8"?>
# <rsp stat="ok">
# <value>é</value>
# </rsp>
# '
# Failed test 'expected XML'
# at t/dispatch.t line 44.
# got: '<?xml version="1.0" encoding="utf-8"?>
# <rsp stat="ok">
# <value>â¤</value>
# </rsp>
# '
# expected: '<?xml version="1.0" encoding="utf-8"?>
# <rsp stat="ok">
# <value>â¤</value>
# </rsp>
# '
froody.invoke.nosuchmethod - Method 'y.y.y' not found:
Method 'y.y.y' not found at /export/home/cpant4/.cpan/build/Froody-42.005-LVuxvq/blib/lib/Froody/Repository.pm line 137.
Froody::Repository::get_method() called at /export/home/cpant4/.cpan/build/Froody-42.005-LVuxvq/blib/lib/Froody/Dispatch.pm line 223
eval {...} called at /export/home/cpant4/.cpan/build/Froody-42.005-LVuxvq/blib/lib/Froody/Dispatch.pm line 211
Froody::Dispatch::dispatch() called at /export/home/cpant4/.cpan/build/Froody-42.005-LVuxvq/blib/lib/Froody/Dispatch.pm line 334
Froody::Dispatch::call() called at t/dispatch.t line 53
Test::Exception::throws_ok() called at t/dispatch.t line 54
froody.invoke.nosuchmethod - Method 'y.y.y' not found:
Method 'y.y.y' not found at /export/home/cpant4/.cpan/build/Froody-42.005-LVuxvq/blib/lib/Froody/Repository.pm line 137.
Froody::Repository::get_method() called at /export/home/cpant4/.cpan/build/Froody-42.005-LVuxvq/blib/lib/Froody/Dispatch.pm line 223
eval {...} called at /export/home/cpant4/.cpan/build/Froody-42.005-LVuxvq/blib/lib/Froody/Dispatch.pm line 211
Froody::Dispatch::dispatch() called at t/dispatch.t line 57
Test::Exception::throws_ok() called at t/dispatch.t line 58
An error occurred while executing "foo.test.haltandcatchfire": test.error - I'm on fire:
I'm on fire at t/lib/DTest/Test.pm line 24.
DTest::Test::haltandcatchfire() called at /export/home/cpant4/.cpan/build/Froody-42.005-LVuxvq/blib/lib/Froody/Invoker/Implementation.pm line 42
eval {...} called at /export/home/cpant4/.cpan/build/Froody-42.005-LVuxvq/blib/lib/Froody/Invoker/Implementation.pm line 37
Froody::Invoker::Implementation::invoke() called at /export/home/cpant4/.cpan/build/Froody-42.005-LVuxvq/blib/lib/Froody/Method.pm line 74
Froody::Method::call() called at /export/home/cpant4/.cpan/build/Froody-42.005-LVuxvq/blib/lib/Froody/Dispatch.pm line 224
eval {...} called at /export/home/cpant4/.cpan/build/Froody-42.005-LVuxvq/blib/lib/Froody/Dispatch.pm line 211
Froody::Dispatch::dispatch() called at /export/home/cpant4/.cpan/build/Froody-42.005-LVuxvq/blib/lib/Froody/Dispatch.pm line 334
Froody::Dispatch::call() called at t/dispatch.t line 72
Test::Exception::throws_ok() called at t/dispatch.t line 73
at t/dispatch.t line 72.
# Looks like you failed 2 tests of 19.
t/dispatch.t ........
Dubious, test returned 2 (wstat 512, 0x200)
Failed 2/19 subtests
t/err_isa.t ......... ok
t/error.t ........... ok
Use of uninitialized value in subroutine entry at /export/home/cpant4/perl5/lib/site_perl/5.15.7/i86pc-solaris-64int/XML/LibXML.pm line 1544, <DATA> line 16.
Use of uninitialized value in subroutine entry at /export/home/cpant4/perl5/lib/site_perl/5.15.7/i86pc-solaris-64int/XML/LibXML.pm line 1544, <DATA> line 16.
Use of uninitialized value in subroutine entry at /export/home/cpant4/perl5/lib/site_perl/5.15.7/i86pc-solaris-64int/XML/LibXML.pm line 1544, <DATA> line 16.
Use of uninitialized value in subroutine entry at /export/home/cpant4/perl5/lib/site_perl/5.15.7/i86pc-solaris-64int/XML/LibXML.pm line 1544, <DATA> line 16.
Use of uninitialized value in subroutine entry at /export/home/cpant4/perl5/lib/site_perl/5.15.7/i86pc-solaris-64int/XML/LibXML.pm line 1544, <DATA> line 16.
Use of uninitialized value in subroutine entry at /export/home/cpant4/perl5/lib/site_perl/5.15.7/i86pc-solaris-64int/XML/LibXML.pm line 1544, <DATA> line 16.
Use of uninitialized value in subroutine entry at /export/home/cpant4/perl5/lib/site_perl/5.15.7/i86pc-solaris-64int/XML/LibXML.pm line 1544, <DATA> line 16.
Use of uninitialized value in subroutine entry at /export/home/cpant4/perl5/lib/site_perl/5.15.7/i86pc-solaris-64int/XML/LibXML.pm line 1544, <DATA> line 16.
Use of uninitialized value in subroutine entry at /export/home/cpant4/perl5/lib/site_perl/5.15.7/i86pc-solaris-64int/XML/LibXML.pm line 1544, <DATA> line 16.
# Failed test 'We get the right answer back.'
# at t/high-level.t line 60.
# got: 'é'
# expected: 'é'
froody.invoke.nosuchmethod - Method 'foo.foo.bar' not found:
Method 'foo.foo.bar' not found at /export/home/cpant4/.cpan/build/Froody-42.005-LVuxvq/blib/lib/Froody/Repository.pm line 137.
Froody::Repository::get_method() called at /export/home/cpant4/.cpan/build/Froody-42.005-LVuxvq/blib/lib/Froody/Dispatch.pm line 223
eval {...} called at /export/home/cpant4/.cpan/build/Froody-42.005-LVuxvq/blib/lib/Froody/Dispatch.pm line 211
Froody::Dispatch::dispatch() called at /export/home/cpant4/.cpan/build/Froody-42.005-LVuxvq/blib/lib/Froody/Dispatch.pm line 334
Froody::Dispatch::call() called at t/high-level.t line 69
Test::Exception::throws_ok() called at t/high-level.t line 70
An error occurred while executing "foo.test.haltandcatchfire": test.error - I'm on fire:
I'm on fire at t/lib/DTest/Test.pm line 24, <DATA> line 16.
DTest::Test::haltandcatchfire('Froody::Invoker::Implementation=HASH(0x886e290)', 'HASH(0x88795b0)') called at /export/home/cpant4/.cpan/build/Froody-42.005-LVuxvq/blib/lib/Froody/Invoker/Implementation.pm line 42
eval {...} called at /export/home/cpant4/.cpan/build/Froody-42.005-LVuxvq/blib/lib/Froody/Invoker/Implementation.pm line 37
Froody::Invoker::Implementation::invoke('Froody::Invoker::Implementation=HASH(0x886e290)', 'Froody::Method=HASH(0x889a0e0)', 'HASH(0x88795b0)') called at /export/home/cpant4/.cpan/build/Froody-42.005-LVuxvq/blib/lib/Froody/Method.pm line 74
Froody::Method::call('Froody::Method=HASH(0x889a0e0)', 'HASH(0x88795b0)') called at /export/home/cpant4/.cpan/build/Froody-42.005-LVuxvq/blib/lib/Froody/Dispatch.pm line 224
eval {...} called at /export/home/cpant4/.cpan/build/Froody-42.005-LVuxvq/blib/lib/Froody/Dispatch.pm line 211
Froody::Dispatch::dispatch('Froody::Dispatch=HASH(0x888a0b4)', 'method', 'foo.test.haltandcatchfire', 'params', 'HASH(0x88795b0)') called at /export/home/cpant4/.cpan/build/Froody-42.005-LVuxvq/blib/lib/Froody/Server/Standalone.pm line 48
Froody::Server::Standalone::handle_request('Froody::Server::Standalone=HASH(0x818b0ac)', 'CGI=HASH(0x882c538)') called at /export/home/cpant4/perl5/lib/site_perl/5.15.7/HTTP/Server/Simple/CGI.pm line 154
eval {...} called at /export/home/cpant4/perl5/lib/site_perl/5.15.7/HTTP/Server/Simple/CGI.pm line 154
HTTP::Server::Simple::CGI::handler('Froody::Server::Standalone=HASH(0x818b0ac)') called at /export/home/cpant4/perl5/lib/site_perl/5.15.7/HTTP/Server/Simple.pm line 402
HTTP::Server::Simple::__ANON__('Froody::Server::Standalone::NetServer0') called at /export/home/cpant4/perl5/lib/site_perl/5.15.7/HTTP/Server/Simple.pm line 307
HTTP::Server::Simple::__ANON__('Froody::Server::Standalone::NetServer0', 'port', 17650) called at /export/home/cpant4/perl5/lib/site_perl/5.15.7/HTTP/Server/Simple.pm line 271
HTTP::Server::Simple::run('Froody::Server::Standalone=HASH(0x818b0ac)') called at t/high-level.t line 41
at /export/home/cpant4/.cpan/build/Froody-42.005-LVuxvq/blib/lib/Froody/Server/Standalone.pm line 48.
# Looks like you failed 1 test of 12.
t/high-level.t ......
Dubious, test returned 1 (wstat 256, 0x100)
Failed 1/12 subtests
t/implementation.t .. ok
t/inv_rem.t ......... ok
t/meta_err.t ........ ok
t/method.t .......... ok
t/method_basic.t .... ok
t/reflection.t ...... ok
Use of uninitialized value in subroutine entry at /export/home/cpant4/perl5/lib/site_perl/5.15.7/i86pc-solaris-64int/XML/LibXML.pm line 1544.
t/reflection2.t ..... ok
t/repos.t ........... ok
t/rsp_basic.t ....... ok
t/rsp_convert.t ..... ok
t/rsp_err.t ......... ok
error : string is not in UTF-8
encoding error : output conversion failed due to conv error, bytes 0xE9 0x6F 0x6E 0x3D
I/O error : encoder error
t/rsp_perlds.t ...... ok
# Failed test 'Boney's fine'
# at t/rsp_terse.t line 91.
Undefined subroutine &main::Dump called at t/rsp_terse.t line 91.
# Looks like you failed 1 test of 9.
# Looks like your test exited with 255 just after 9.
t/rsp_terse.t .......
Dubious, test returned 255 (wstat 65280, 0xff00)
Failed 1/9 subtests
# Failed test 'contains right thing'
# at t/rsp_xml.t line 32.
# '<?xml version="1.0" encoding="utf-8"?>
# <rsp stat="ok"><foo>Léon</foo></rsp>
# '
# doesn't match '(?^:<foo>L\x{c3}\x{a9}on</foo>)'
# Looks like you failed 1 test of 4.
t/rsp_xml.t .........
Dubious, test returned 1 (wstat 256, 0x100)
Failed 1/4 subtests
t/structure.t ....... ok
t/t.t ............... ok
t/xml.t ............. ok
Test Summary Report
-------------------
t/dispatch.t (Wstat: 512 Tests: 19 Failed: 2)
Failed tests: 5, 9
Non-zero exit status: 2
t/high-level.t (Wstat: 256 Tests: 12 Failed: 1)
Failed test: 5
Non-zero exit status: 1
t/rsp_terse.t (Wstat: 65280 Tests: 9 Failed: 1)
Failed test: 9
Non-zero exit status: 255
t/rsp_xml.t (Wstat: 256 Tests: 4 Failed: 1)
Failed test: 3
Non-zero exit status: 1
Files=28, Tests=825, 11 wallclock secs ( 0.19 usr 0.06 sys + 5.96 cusr 0.66 csys = 6.87 CPU)
Result: FAIL
Failed 4/28 test programs. 5/825 subtests failed.
------------------------------
PREREQUISITES
------------------------------
Prerequisite modules loaded:
requires:
Module Need Have
------------------------ ----- --------
Class::Accessor 0 0.34
Class::Accessor::Chained 0 0.01
Error 0.15 0.17017
File::Spec 0 3.39_01
HTTP::Request::Common 0 6.03
HTTP::Server::Simple 0 0.44
List::MoreUtils 0 0.33
LWP::Simple 0 6.00
LWP::UserAgent 0 6.04
Params::Validate 0 1.06
perl 5.008 5.015007
UNIVERSAL::require 0 0.13
XML::LibXML 0 1.90
YAML 0 0.78
build_requires:
Module Need Have
------------------------ ----- --------
File::Find::Rule 0 0.33
Test::Differences 0 0.61
Test::Exception 0 0.31
Test::More 0 0.98
Test::XML 0 0.08
------------------------------
ENVIRONMENT AND OTHER CONTEXT
------------------------------
Environment variables:
AUTOMATED_TESTING = 1
LANG = C
LD_LIBRARY_PATH = /usr/local/lib:
PATH = /export/home/cpant4/perl5/bin:/usr/local/bin:/usr/bin
PERL5LIB = /export/home/cpant4/.cpan/build/Test-XML-0.08-mhYaXM/blib/arch:/export/home/cpant4/.cpan/build/Test-XML-0.08-mhYaXM/blib/lib:/export/home/cpant4/.cpan/build/XML-SemanticDiff-1.0000-zyQp4q/blib/arch:/export/home/cpant4/.cpan/build/XML-SemanticDiff-1.0000-zyQp4q/blib/lib
PERL5OPT =
PERL5_CPANPLUS_IS_RUNNING = 8214
PERL5_CPAN_IS_RUNNING = 8214
PERL5_CPAN_IS_RUNNING_IN_RECURSION = 5674,8214
PERL_CR_SMOKER_CURRENT = Froody-42.005
PERL_EXTUTILS_AUTOINSTALL = --defaultdeps
PERL_MM_USE_DEFAULT = 1
SHELL = /bin/bash
TERM = xterm
Perl special variables (and OS-specific diagnostics, for MSWin32):
$^X = /export/home/cpant4/perl5/bin/perl5.15.7
$UID/$EUID = 104 / 104
$GID = 1 1
$EGID = 1 1
Perl module toolchain versions installed:
Module Have
------------------- --------
CPAN 1.9800
CPAN::Meta 2.120351
Cwd 3.39_01
ExtUtils::CBuilder 0.280205
ExtUtils::Command 1.17
ExtUtils::Install 1.57
ExtUtils::MakeMaker 6.63_02
ExtUtils::Manifest 1.61
ExtUtils::ParseXS 3.15
File::Spec 3.39_01
JSON 2.53
JSON::PP 2.27200
Module::Build 0.39_01
Module::Signature n/a
Parse::CPAN::Meta 1.4402
Test::Harness 3.23
Test::More 0.98
YAML 0.78
YAML::Syck 1.20
version 0.96
--
Summary of my perl5 (revision 5 version 15 subversion 7) configuration:
Platform:
osname=solaris, osvers=2.10, archname=i86pc-solaris-64int
uname='sunos vmrz0046 5.10 generic_141445-09 i86pc i386 i86pc solaris '
config_args='-Dcc=gcc -Dprefix=~/perl5 -Duse64bitint -Dusedevel -d'
hint=recommended, useposix=true, d_sigaction=define
useithreads=undef, usemultiplicity=undef
useperlio=define, d_sfio=undef, uselargefiles=define, usesocks=undef
use64bitint=define, use64bitall=undef, uselongdouble=undef
usemymalloc=n, bincompat5005=undef
Compiler:
cc='gcc', ccflags ='-DPTR_IS_LONG -fno-strict-aliasing -pipe -I/usr/local/include -D_LARGEFILE_SOURCE -D_FILE_OFFSET_BITS=64 -DPERL_USE_SAFE_PUTENV',
optimize='-O',
cppflags='-DPTR_IS_LONG -fno-strict-aliasing -pipe -I/usr/local/include'
ccversion='', gccversion='3.4.6', gccosandvers='solaris2.10'
intsize=4, longsize=4, ptrsize=4, doublesize=8, byteorder=12345678
d_longlong=define, longlongsize=8, d_longdbl=define, longdblsize=12
ivtype='long long', ivsize=8, nvtype='double', nvsize=8, Off_t='off_t', lseeksize=8
alignbytes=4, prototype=define
Linker and Libraries:
ld='gcc', ldflags =' -L/usr/local/lib '
libpth=/usr/local/lib /usr/lib /usr/ccs/lib
libs=-lsocket -lnsl -lgdbm -ldl -lm -lc
perllibs=-lsocket -lnsl -ldl -lm -lc
libc=/lib/libc.so, so=so, useshrplib=false, libperl=libperl.a
gnulibc_version=''
Dynamic Linking:
dlsrc=dl_dlopen.xs, dlext=so, d_dlsymun=undef, ccdlflags=' '
cccdlflags='-fPIC', lddlflags='-G -L/usr/local/lib'
Characteristics of this binary (from libperl):
Compile-time options: HAS_TIMES PERLIO_LAYERS PERL_DONT_CREATE_GVSV
PERL_MALLOC_WRAP PERL_PRESERVE_IVUV PERL_USE_DEVEL
PERL_USE_SAFE_PUTENV USE_64_BIT_INT USE_LARGE_FILES
USE_LOCALE USE_LOCALE_COLLATE USE_LOCALE_CTYPE
USE_LOCALE_NUMERIC USE_PERLIO USE_PERL_ATOF
Built under solaris
Compiled at Feb 1 2012 12:32:41
%ENV:
PERL5LIB="/export/home/cpant4/.cpan/build/Test-XML-0.08-mhYaXM/blib/arch:/export/home/cpant4/.cpan/build/Test-XML-0.08-mhYaXM/blib/lib:/export/home/cpant4/.cpan/build/XML-SemanticDiff-1.0000-zyQp4q/blib/arch:/export/home/cpant4/.cpan/build/XML-SemanticDiff-1.0000-zyQp4q/blib/lib"
PERL5OPT=""
PERL5_CPANPLUS_IS_RUNNING="8214"
PERL5_CPAN_IS_RUNNING="8214"
PERL5_CPAN_IS_RUNNING_IN_RECURSION="5674,8214"
PERL_CR_SMOKER_CURRENT="Froody-42.005"
PERL_EXTUTILS_AUTOINSTALL="--defaultdeps"
PERL_MM_USE_DEFAULT="1"
@INC:
/export/home/cpant4/.cpan/build/Test-XML-0.08-mhYaXM/blib/arch
/export/home/cpant4/.cpan/build/Test-XML-0.08-mhYaXM/blib/lib
/export/home/cpant4/.cpan/build/XML-SemanticDiff-1.0000-zyQp4q/blib/arch
/export/home/cpant4/.cpan/build/XML-SemanticDiff-1.0000-zyQp4q/blib/lib
/export/home/cpant4/perl5/lib/site_perl/5.15.7/i86pc-solaris-64int
/export/home/cpant4/perl5/lib/site_perl/5.15.7
/export/home/cpant4/perl5/lib/5.15.7/i86pc-solaris-64int
/export/home/cpant4/perl5/lib/5.15.7
/export/home/cpant4/perl5/lib/site_perl
.