MooseX-DOM v0.00999_02 Perl 5 v5.27.5 x86_64-linux
- Status
- Fail
- From
- Andreas J. König (ANDK)
- Dist
-
MooseX-DOM v0.00999_02
- Platform
- Perl 5 v5.27.5 x86_64-linux
- Date
- 2017-11-10 19:08:32
- ID
- 8b495db0-c64a-11e7-9a04-cb0c5d8c738e
This distribution has been tested as part of the CPAN Testers
project, supporting the Perl programming language. See
http://wiki.cpantesters.org/ for more information or email
questions to cpan-testers-discuss@perl.org
--
Dear Daisuke Maki,
This is a computer-generated report for MooseX-DOM-0.00999_02
on perl 5.27.5, created by CPAN-Reporter-1.2018.
Thank you for uploading your work to CPAN. However, there was a problem
testing your distribution.
If you think this report is invalid, please consult the CPAN Testers Wiki
for suggestions on how to avoid getting FAIL reports for missing library
or binary dependencies, unsupported operating systems, and so on:
http://wiki.cpantesters.org/wiki/CPANAuthorNotes
Sections of this report:
* Tester comments
* Program output
* Prerequisites
* Environment and other context
------------------------------
TESTER COMMENTS
------------------------------
Additional comments from tester:
this report is from an automated smoke testing program
and was not reviewed by a human for accuracy
------------------------------
PROGRAM OUTPUT
------------------------------
Output from '/usr/bin/make test':
PERL_DL_NONLAZY=1 "/home/sand/src/perl/repoperls/installed-perls/host/k93msid/v5.27.5/d2d1/bin/perl" "-MExtUtils::Command::MM" "-MTest::Harness" "-e" "undef *Test::Harness::Switches; test_harness(0, 'inc', 'blib/lib', 'blib/arch')" t/*.t t/*/*.t
t/99-pod-coverage.t .. skipped: Enable TEST_POD environment variable to test POD
t/99-pod.t ........... skipped: Enable TEST_POD environment variable to test POD
Class::MOP::load_class is deprecated at /home/sand/src/perl/repoperls/installed-perls/host/k93msid/v5.27.5/d2d1/lib/site_perl/5.27.5/x86_64-linux/Class/MOP.pm line 69.
Class::MOP::load_class("MooseX::DOM::Meta::LibXML") called at /tmp/loop_over_bdir-15850-2Ey6aZ/MooseX-DOM-0.00999-0/blib/lib/MooseX/DOM.pm line 17
MooseX::DOM::import("MooseX::DOM") called at t/lib/Test/MooseX/DOM/Recipe001.pm line 5
Test::MooseX::DOM::Recipe001::BEGIN() called at t/lib/Test/MooseX/DOM/Recipe001.pm line 5
eval {...} called at t/lib/Test/MooseX/DOM/Recipe001.pm line 5
require Test/MooseX/DOM/Recipe001.pm called at t/recipe/001.t line 7
main::BEGIN() called at t/lib/Test/MooseX/DOM/Recipe001.pm line 5
eval {...} called at t/lib/Test/MooseX/DOM/Recipe001.pm line 5
eval 'package main;
BEGIN { ${^WARNING_BITS} = $args[-1] if defined $args[-1] }
#line 7 t/recipe/001.t
use Test::MooseX::DOM::Recipe001 @{$args[0]};
1;
' called at /home/sand/src/perl/repoperls/installed-perls/host/k93msid/v5.27.5/d2d1/lib/site_perl/5.27.5/Test/More.pm line 1031
Test::More::_eval("package main;\x{a}BEGIN { \${^WARNING_BITS} = \$args[-1] if defined"..., ARRAY(0x55c11ebfbcd0), undef) called at /home/sand/src/perl/repoperls/installed-perls/host/k93msid/v5.27.5/d2d1/lib/site_perl/5.27.5/Test/More.pm line 1007
Test::More::use_ok("Test::MooseX::DOM::Recipe001") called at t/recipe/001.t line 7
main::BEGIN() called at t/lib/Test/MooseX/DOM/Recipe001.pm line 5
eval {...} called at t/lib/Test/MooseX/DOM/Recipe001.pm line 5
# Failed test 'use Test::MooseX::DOM::Recipe001;'
# at t/recipe/001.t line 7.
# Tried to use 'Test::MooseX::DOM::Recipe001'.
# Error: Undefined subroutine &Moose::Util::MetaRole::apply_metaclass_roles called at /tmp/loop_over_bdir-15850-2Ey6aZ/MooseX-DOM-0.00999-0/blib/lib/MooseX/DOM.pm line 19.
# BEGIN failed--compilation aborted at t/lib/Test/MooseX/DOM/Recipe001.pm line 5.
# Compilation failed in require at t/recipe/001.t line 7.
# BEGIN failed--compilation aborted at t/recipe/001.t line 7.
Can't locate object method "parse_string" via package "Test::MooseX::DOM::Recipe001" at t/recipe/001.t line 10.
# Looks like your test exited with 255 just after 1.
t/recipe/001.t .......
Dubious, test returned 255 (wstat 65280, 0xff00)
Failed 5/5 subtests
Class::MOP::load_class is deprecated at /home/sand/src/perl/repoperls/installed-perls/host/k93msid/v5.27.5/d2d1/lib/site_perl/5.27.5/x86_64-linux/Class/MOP.pm line 69.
Class::MOP::load_class("MooseX::DOM::Meta::LibXML") called at /tmp/loop_over_bdir-15850-2Ey6aZ/MooseX-DOM-0.00999-0/blib/lib/MooseX/DOM.pm line 17
MooseX::DOM::import("MooseX::DOM") called at t/lib/Test/MooseX/DOM/Recipe002.pm line 5
Test::MooseX::DOM::Recipe002::BEGIN() called at t/lib/Test/MooseX/DOM/Recipe002.pm line 5
eval {...} called at t/lib/Test/MooseX/DOM/Recipe002.pm line 5
require Test/MooseX/DOM/Recipe002.pm called at t/recipe/002.t line 7
main::BEGIN() called at t/lib/Test/MooseX/DOM/Recipe002.pm line 5
eval {...} called at t/lib/Test/MooseX/DOM/Recipe002.pm line 5
eval 'package main;
BEGIN { ${^WARNING_BITS} = $args[-1] if defined $args[-1] }
#line 7 t/recipe/002.t
use Test::MooseX::DOM::Recipe002 @{$args[0]};
1;
' called at /home/sand/src/perl/repoperls/installed-perls/host/k93msid/v5.27.5/d2d1/lib/site_perl/5.27.5/Test/More.pm line 1031
Test::More::_eval("package main;\x{a}BEGIN { \${^WARNING_BITS} = \$args[-1] if defined"..., ARRAY(0x5589dc99b990), undef) called at /home/sand/src/perl/repoperls/installed-perls/host/k93msid/v5.27.5/d2d1/lib/site_perl/5.27.5/Test/More.pm line 1007
Test::More::use_ok("Test::MooseX::DOM::Recipe002") called at t/recipe/002.t line 7
main::BEGIN() called at t/lib/Test/MooseX/DOM/Recipe002.pm line 5
eval {...} called at t/lib/Test/MooseX/DOM/Recipe002.pm line 5
# Failed test 'use Test::MooseX::DOM::Recipe002;'
# at t/recipe/002.t line 7.
# Tried to use 'Test::MooseX::DOM::Recipe002'.
# Error: Undefined subroutine &Moose::Util::MetaRole::apply_metaclass_roles called at /tmp/loop_over_bdir-15850-2Ey6aZ/MooseX-DOM-0.00999-0/blib/lib/MooseX/DOM.pm line 19.
# BEGIN failed--compilation aborted at t/lib/Test/MooseX/DOM/Recipe002.pm line 5.
# Compilation failed in require at t/recipe/002.t line 7.
# BEGIN failed--compilation aborted at t/recipe/002.t line 7.
Can't locate object method "parse_string" via package "Test::MooseX::DOM::Recipe002" at t/recipe/002.t line 10.
# Looks like your test exited with 255 just after 1.
t/recipe/002.t .......
Dubious, test returned 255 (wstat 65280, 0xff00)
Failed 5/5 subtests
Test Summary Report
-------------------
t/recipe/001.t (Wstat: 65280 Tests: 1 Failed: 1)
Failed test: 1
Non-zero exit status: 255
Parse errors: Bad plan. You planned 5 tests but ran 1.
t/recipe/002.t (Wstat: 65280 Tests: 1 Failed: 1)
Failed test: 1
Non-zero exit status: 255
Parse errors: Bad plan. You planned 5 tests but ran 1.
Files=4, Tests=2, 7 wallclock secs ( 0.04 usr 0.02 sys + 0.77 cusr 0.13 csys = 0.96 CPU)
Result: FAIL
Failed 2/4 test programs. 2/2 subtests failed.
Makefile:794: recipe for target 'test_dynamic' failed
make: *** [test_dynamic] Error 255
------------------------------
PREREQUISITES
------------------------------
Prerequisite modules loaded:
requires:
Module Need Have
------------------- ---- --------
ExtUtils::MakeMaker 7.3 7.30
Moose 0 2.2006
Test::More 0 1.302106
Test::UseAllModules 0 0.17
XML::LibXML 0 2.0130
build_requires:
Module Need Have
------------------- ---- --------
ExtUtils::MakeMaker 0 7.30
------------------------------
ENVIRONMENT AND OTHER CONTEXT
------------------------------
Environment variables:
AUTOMATED_TESTING = 1
LANG = en_US.UTF-8
PATH = /home/sand/bin:/usr/local/bin:/usr/bin:/bin:/usr/games:/usr/local/perl/bin:/usr/X11/bin:/sbin:/usr/sbin
PERL5LIB =
PERL5OPT =
PERL5_CPANPLUS_IS_RUNNING = 15871
PERL5_CPAN_IS_RUNNING = 15871
PERL5_CPAN_IS_RUNNING_IN_RECURSION = 5905,15871
PERL_CANARY_STABILITY_NOPROMPT = 1
PERL_MM_USE_DEFAULT = 1
PERL_USE_UNSAFE_INC = 1
SHELL = /usr/bin/zsh
TERM = screen
Perl special variables (and OS-specific diagnostics, for MSWin32):
$^X = /home/sand/src/perl/repoperls/installed-perls/host/k93msid/v5.27.5/d2d1/bin/perl
$UID/$EUID = 1005 / 1005
$GID = 1005 1005
$EGID = 1005 1005
Perl module toolchain versions installed:
Module Have
------------------- --------
CPAN 2.19
CPAN::Meta 2.150010
Cwd 3.68
ExtUtils::CBuilder 0.280228
ExtUtils::Command 7.30
ExtUtils::Install 2.14
ExtUtils::MakeMaker 7.30
ExtUtils::Manifest 1.70
ExtUtils::ParseXS 3.35
File::Spec 3.68
JSON 2.94
JSON::PP 2.94
Module::Build 0.4224
Module::Signature 0.81
Parse::CPAN::Meta 2.150010
Test::Harness 3.39
Test::More 1.302106
YAML 1.23_003
YAML::Syck 1.30
version 0.9918
--
Summary of my perl5 (revision 5 version 27 subversion 5) configuration:
Commit id: 3c675937046386c0f536bcf1409bcbb3af65588c
Platform:
osname=linux
osvers=4.12.0-2-amd64
archname=x86_64-linux
uname='linux k93msid 4.12.0-2-amd64 #1 smp debian 4.12.13-1 (2017-09-19) x86_64 gnulinux '
config_args='-Dprefix=/home/sand/src/perl/repoperls/installed-perls/host/k93msid/v5.27.5/d2d1 -Dmyhostname=k93msid -Dinstallusrbinperl=n -Uversiononly -Dusedevel -des -Ui_db -Dlibswanted=cl pthread socket inet nsl gdbm dbm malloc dl ld sun m crypt sec util c cposix posix ucb BSD gdbm_compat -Uuseithreads -Uuselongdouble -DDEBUGGING=both'
hint=recommended
useposix=true
d_sigaction=define
useithreads=undef
usemultiplicity=undef
use64bitint=define
use64bitall=define
uselongdouble=undef
usemymalloc=n
default_inc_excludes_dot=define
bincompat5005=undef
Compiler:
cc='cc'
ccflags ='-fwrapv -DDEBUGGING -fno-strict-aliasing -pipe -fstack-protector-strong -I/usr/local/include -D_LARGEFILE_SOURCE -D_FILE_OFFSET_BITS=64 -D_FORTIFY_SOURCE=2'
optimize='-O2 -g'
cppflags='-fwrapv -DDEBUGGING -fno-strict-aliasing -pipe -fstack-protector-strong -I/usr/local/include'
ccversion=''
gccversion='7.2.0'
gccosandvers=''
intsize=4
longsize=8
ptrsize=8
doublesize=8
byteorder=12345678
doublekind=3
d_longlong=define
longlongsize=8
d_longdbl=define
longdblsize=16
longdblkind=3
ivtype='long'
ivsize=8
nvtype='double'
nvsize=8
Off_t='off_t'
lseeksize=8
alignbytes=8
prototype=define
Linker and Libraries:
ld='cc'
ldflags =' -fstack-protector-strong -L/usr/local/lib'
libpth=/usr/local/lib /usr/lib/gcc/x86_64-linux-gnu/7/include-fixed /usr/include/x86_64-linux-gnu /usr/lib /lib/x86_64-linux-gnu /lib/../lib /usr/lib/x86_64-linux-gnu /usr/lib/../lib /lib
libs=-lpthread -lnsl -ldl -lm -lcrypt -lutil -lc
perllibs=-lpthread -lnsl -ldl -lm -lcrypt -lutil -lc
libc=libc-2.24.so
so=so
useshrplib=false
libperl=libperl.a
gnulibc_version='2.24'
Dynamic Linking:
dlsrc=dl_dlopen.xs
dlext=so
d_dlsymun=undef
ccdlflags='-Wl,-E'
cccdlflags='-fPIC'
lddlflags='-shared -O2 -g -L/usr/local/lib -fstack-protector-strong'
Characteristics of this binary (from libperl):
Compile-time options:
DEBUGGING
HAS_TIMES
PERLIO_LAYERS
PERL_COPY_ON_WRITE
PERL_DONT_CREATE_GVSV
PERL_MALLOC_WRAP
PERL_OP_PARENT
PERL_PRESERVE_IVUV
PERL_USE_DEVEL
USE_64_BIT_ALL
USE_64_BIT_INT
USE_LARGE_FILES
USE_LOCALE
USE_LOCALE_COLLATE
USE_LOCALE_CTYPE
USE_LOCALE_NUMERIC
USE_LOCALE_TIME
USE_PERLIO
USE_PERL_ATOF
Built under linux
Compiled at Oct 21 2017 05:01:20
%ENV:
PERL5LIB=""
PERL5OPT=""
PERL5_CPANPLUS_IS_RUNNING="15871"
PERL5_CPAN_IS_RUNNING="15871"
PERL5_CPAN_IS_RUNNING_IN_RECURSION="5905,15871"
PERL_CANARY_STABILITY_NOPROMPT="1"
PERL_MM_USE_DEFAULT="1"
PERL_USE_UNSAFE_INC="1"
@INC:
/home/sand/src/perl/repoperls/installed-perls/host/k93msid/v5.27.5/d2d1/lib/site_perl/5.27.5/x86_64-linux
/home/sand/src/perl/repoperls/installed-perls/host/k93msid/v5.27.5/d2d1/lib/site_perl/5.27.5
/home/sand/src/perl/repoperls/installed-perls/host/k93msid/v5.27.5/d2d1/lib/5.27.5/x86_64-linux
/home/sand/src/perl/repoperls/installed-perls/host/k93msid/v5.27.5/d2d1/lib/5.27.5
.