TPath v1.007 Perl 5 v5.41.10 x86_64-linux-thread-multi-ld

Status
Fail
From
Andreas J. König (ANDK)
Dist
TPath v1.007
Platform
Perl 5 v5.41.10 x86_64-linux-thread-multi-ld
Date
2025-03-29 19:53:54
ID
8b408100-0cd7-11f0-b70c-cf96f07c7f59
This distribution has been tested as part of the CPAN Testers
project, supporting the Perl programming language.  See
http://wiki.cpantesters.org/ for more information or email
questions to cpan-testers-discuss@perl.org


--
Dear David F. Houghton,

This is a computer-generated report for TPath-1.007
on perl 5.41.10, created by CPAN-Reporter-1.2020.

Thank you for uploading your work to CPAN.  However, there was a problem
testing your distribution.

If you think this report is invalid, please consult the CPAN Testers Wiki
for suggestions on how to avoid getting FAIL reports for missing library
or binary dependencies, unsupported operating systems, and so on:

http://wiki.cpantesters.org/wiki/CPANAuthorNotes

Sections of this report:

    * Tester comments
    * Program output
    * Prerequisites
    * Environment and other context

------------------------------
TESTER COMMENTS
------------------------------

Additional comments from tester:

this report is from an automated smoke testing program
and was not reviewed by a human for accuracy

------------------------------
PROGRAM OUTPUT
------------------------------

Output from '/usr/bin/make test':

PERL_DL_NONLAZY=1 "/tmp/basesmoker-reloperl-V1HQ/bin/perl" "-MExtUtils::Command::MM" "-MTest::Harness" "-e" "undef *Test::Harness::Switches; test_harness(0, 'blib/lib', 'blib/arch')" t/*.t

#   Failed test 'TPath/Attribute.pm loaded ok'
#   at t/00-compile.t line 100.
#          got: '65280'
#     expected: '0'
Eval-group not allowed at runtime, use re 'eval' in regex m/(?x)(?{; *Regexp::Grammars::LOGFILE
                        = Regexp::Grammars::_open_log('>>','-', 'for regex gramma.../ at (eval 161) line 2366.
Compilation failed in require at /tmp/loop_over_bdir-379475-q5o5iV/TPath-1.007-0/blib/lib/TPath/TypeConstraints.pm line 6.
BEGIN failed--compilation aborted at /tmp/loop_over_bdir-379475-q5o5iV/TPath-1.007-0/blib/lib/TPath/TypeConstraints.pm line 6.
Compilation failed in require at /tmp/loop_over_bdir-379475-q5o5iV/TPath-1.007-0/blib/lib/TPath/Attribute.pm line 10.
BEGIN failed--compilation aborted at /tmp/loop_over_bdir-379475-q5o5iV/TPath-1.007-0/blib/lib/TPath/Attribute.pm line 10.
Compilation failed in require at -e line 1.

#   Failed test 'TPath/AttributeTest.pm loaded ok'
#   at t/00-compile.t line 100.
#          got: '65280'
#     expected: '0'
Eval-group not allowed at runtime, use re 'eval' in regex m/(?x)(?{; *Regexp::Grammars::LOGFILE
                        = Regexp::Grammars::_open_log('>>','-', 'for regex gramma.../ at (eval 163) line 2366.
Compilation failed in require at /tmp/loop_over_bdir-379475-q5o5iV/TPath-1.007-0/blib/lib/TPath/TypeConstraints.pm line 6.
BEGIN failed--compilation aborted at /tmp/loop_over_bdir-379475-q5o5iV/TPath-1.007-0/blib/lib/TPath/TypeConstraints.pm line 6.
Compilation failed in require at /tmp/loop_over_bdir-379475-q5o5iV/TPath-1.007-0/blib/lib/TPath/AttributeTest.pm line 11.
BEGIN failed--compilation aborted at /tmp/loop_over_bdir-379475-q5o5iV/TPath-1.007-0/blib/lib/TPath/AttributeTest.pm line 11.
Compilation failed in require at -e line 1.

#   Failed test 'TPath/Compiler.pm loaded ok'
#   at t/00-compile.t line 100.
#          got: '512'
#     expected: '0'
Eval-group not allowed at runtime, use re 'eval' in regex m/(?x)(?{; *Regexp::Grammars::LOGFILE
                        = Regexp::Grammars::_open_log('>>','-', 'for regex gramma.../ at (eval 9) line 2366.
Compilation failed in require at /tmp/loop_over_bdir-379475-q5o5iV/TPath-1.007-0/blib/lib/TPath/Compiler.pm line 12.
BEGIN failed--compilation aborted at /tmp/loop_over_bdir-379475-q5o5iV/TPath-1.007-0/blib/lib/TPath/Compiler.pm line 12.
Compilation failed in require at -e line 1.

#   Failed test 'TPath/Concatenation.pm loaded ok'
#   at t/00-compile.t line 100.
#          got: '65280'
#     expected: '0'
Eval-group not allowed at runtime, use re 'eval' in regex m/(?x)(?{; *Regexp::Grammars::LOGFILE
                        = Regexp::Grammars::_open_log('>>','-', 'for regex gramma.../ at (eval 161) line 2366.
Compilation failed in require at /tmp/loop_over_bdir-379475-q5o5iV/TPath-1.007-0/blib/lib/TPath/TypeConstraints.pm line 6.
BEGIN failed--compilation aborted at /tmp/loop_over_bdir-379475-q5o5iV/TPath-1.007-0/blib/lib/TPath/TypeConstraints.pm line 6.
Compilation failed in require at /tmp/loop_over_bdir-379475-q5o5iV/TPath-1.007-0/blib/lib/TPath/Concatenation.pm line 10.
BEGIN failed--compilation aborted at /tmp/loop_over_bdir-379475-q5o5iV/TPath-1.007-0/blib/lib/TPath/Concatenation.pm line 10.
Compilation failed in require at -e line 1.

#   Failed test 'TPath/Expression.pm loaded ok'
#   at t/00-compile.t line 100.
#          got: '65280'
#     expected: '0'
Eval-group not allowed at runtime, use re 'eval' in regex m/(?x)(?{; *Regexp::Grammars::LOGFILE
                        = Regexp::Grammars::_open_log('>>','-', 'for regex gramma.../ at (eval 161) line 2366.
Compilation failed in require at /tmp/loop_over_bdir-379475-q5o5iV/TPath-1.007-0/blib/lib/TPath/TypeConstraints.pm line 6.
BEGIN failed--compilation aborted at /tmp/loop_over_bdir-379475-q5o5iV/TPath-1.007-0/blib/lib/TPath/TypeConstraints.pm line 6.
Compilation failed in require at /tmp/loop_over_bdir-379475-q5o5iV/TPath-1.007-0/blib/lib/TPath/Expression.pm line 7.
BEGIN failed--compilation aborted at /tmp/loop_over_bdir-379475-q5o5iV/TPath-1.007-0/blib/lib/TPath/Expression.pm line 7.
Compilation failed in require at -e line 1.

#   Failed test 'TPath/Forester.pm loaded ok'
#   at t/00-compile.t line 100.
#          got: '65280'
#     expected: '0'
Eval-group not allowed at runtime, use re 'eval' in regex m/(?x)(?{; *Regexp::Grammars::LOGFILE
                        = Regexp::Grammars::_open_log('>>','-', 'for regex gramma.../ at (eval 161) line 2366.
Compilation failed in require at /tmp/loop_over_bdir-379475-q5o5iV/TPath-1.007-0/blib/lib/TPath/Compiler.pm line 12.
BEGIN failed--compilation aborted at /tmp/loop_over_bdir-379475-q5o5iV/TPath-1.007-0/blib/lib/TPath/Compiler.pm line 12.
Compilation failed in require at /tmp/loop_over_bdir-379475-q5o5iV/TPath-1.007-0/blib/lib/TPath/Forester.pm line 11.
BEGIN failed--compilation aborted at /tmp/loop_over_bdir-379475-q5o5iV/TPath-1.007-0/blib/lib/TPath/Forester.pm line 11.
Compilation failed in require at -e line 1.

#   Failed test 'TPath/Grammar.pm loaded ok'
#   at t/00-compile.t line 100.
#          got: '512'
#     expected: '0'
Eval-group not allowed at runtime, use re 'eval' in regex m/(?x)(?{; *Regexp::Grammars::LOGFILE
                        = Regexp::Grammars::_open_log('>>','-', 'for regex gramma.../ at (eval 9) line 2366.
Compilation failed in require at -e line 1.

#   Failed test 'TPath/Index.pm loaded ok'
#   at t/00-compile.t line 100.
#          got: '65280'
#     expected: '0'
Eval-group not allowed at runtime, use re 'eval' in regex m/(?x)(?{; *Regexp::Grammars::LOGFILE
                        = Regexp::Grammars::_open_log('>>','-', 'for regex gramma.../ at (eval 162) line 2366.
Compilation failed in require at /tmp/loop_over_bdir-379475-q5o5iV/TPath-1.007-0/blib/lib/TPath/TypeConstraints.pm line 6.
BEGIN failed--compilation aborted at /tmp/loop_over_bdir-379475-q5o5iV/TPath-1.007-0/blib/lib/TPath/TypeConstraints.pm line 6.
Compilation failed in require at /tmp/loop_over_bdir-379475-q5o5iV/TPath-1.007-0/blib/lib/TPath/Index.pm line 10.
BEGIN failed--compilation aborted at /tmp/loop_over_bdir-379475-q5o5iV/TPath-1.007-0/blib/lib/TPath/Index.pm line 10.
Compilation failed in require at -e line 1.

#   Failed test 'TPath/Math.pm loaded ok'
#   at t/00-compile.t line 100.
#          got: '65280'
#     expected: '0'
Eval-group not allowed at runtime, use re 'eval' in regex m/(?x)(?{; *Regexp::Grammars::LOGFILE
                        = Regexp::Grammars::_open_log('>>','-', 'for regex gramma.../ at (eval 161) line 2366.
Compilation failed in require at /tmp/loop_over_bdir-379475-q5o5iV/TPath-1.007-0/blib/lib/TPath/TypeConstraints.pm line 6.
BEGIN failed--compilation aborted at /tmp/loop_over_bdir-379475-q5o5iV/TPath-1.007-0/blib/lib/TPath/TypeConstraints.pm line 6.
Compilation failed in require at /tmp/loop_over_bdir-379475-q5o5iV/TPath-1.007-0/blib/lib/TPath/Math.pm line 7.
BEGIN failed--compilation aborted at /tmp/loop_over_bdir-379475-q5o5iV/TPath-1.007-0/blib/lib/TPath/Math.pm line 7.
Compilation failed in require at -e line 1.

#   Failed test 'TPath/Predicate/Attribute.pm loaded ok'
#   at t/00-compile.t line 100.
#          got: '65280'
#     expected: '0'
Eval-group not allowed at runtime, use re 'eval' in regex m/(?x)(?{; *Regexp::Grammars::LOGFILE
                        = Regexp::Grammars::_open_log('>>','-', 'for regex gramma.../ at (eval 161) line 2366.
Compilation failed in require at /tmp/loop_over_bdir-379475-q5o5iV/TPath-1.007-0/blib/lib/TPath/TypeConstraints.pm line 6.
BEGIN failed--compilation aborted at /tmp/loop_over_bdir-379475-q5o5iV/TPath-1.007-0/blib/lib/TPath/TypeConstraints.pm line 6.
Compilation failed in require at /tmp/loop_over_bdir-379475-q5o5iV/TPath-1.007-0/blib/lib/TPath/Predicate/Attribute.pm line 7.
BEGIN failed--compilation aborted at /tmp/loop_over_bdir-379475-q5o5iV/TPath-1.007-0/blib/lib/TPath/Predicate/Attribute.pm line 7.
Compilation failed in require at -e line 1.

#   Failed test 'TPath/Predicate/AttributeTest.pm loaded ok'
#   at t/00-compile.t line 100.
#          got: '65280'
#     expected: '0'
Eval-group not allowed at runtime, use re 'eval' in regex m/(?x)(?{; *Regexp::Grammars::LOGFILE
                        = Regexp::Grammars::_open_log('>>','-', 'for regex gramma.../ at (eval 161) line 2366.
Compilation failed in require at /tmp/loop_over_bdir-379475-q5o5iV/TPath-1.007-0/blib/lib/TPath/TypeConstraints.pm line 6.
BEGIN failed--compilation aborted at /tmp/loop_over_bdir-379475-q5o5iV/TPath-1.007-0/blib/lib/TPath/TypeConstraints.pm line 6.
Compilation failed in require at /tmp/loop_over_bdir-379475-q5o5iV/TPath-1.007-0/blib/lib/TPath/Predicate/AttributeTest.pm line 7.
BEGIN failed--compilation aborted at /tmp/loop_over_bdir-379475-q5o5iV/TPath-1.007-0/blib/lib/TPath/Predicate/AttributeTest.pm line 7.
Compilation failed in require at -e line 1.

#   Failed test 'TPath/Predicate/Boolean.pm loaded ok'
#   at t/00-compile.t line 100.
#          got: '65280'
#     expected: '0'
Eval-group not allowed at runtime, use re 'eval' in regex m/(?x)(?{; *Regexp::Grammars::LOGFILE
                        = Regexp::Grammars::_open_log('>>','-', 'for regex gramma.../ at (eval 161) line 2366.
Compilation failed in require at /tmp/loop_over_bdir-379475-q5o5iV/TPath-1.007-0/blib/lib/TPath/TypeConstraints.pm line 6.
BEGIN failed--compilation aborted at /tmp/loop_over_bdir-379475-q5o5iV/TPath-1.007-0/blib/lib/TPath/TypeConstraints.pm line 6.
Compilation failed in require at /tmp/loop_over_bdir-379475-q5o5iV/TPath-1.007-0/blib/lib/TPath/Predicate/Boolean.pm line 7.
BEGIN failed--compilation aborted at /tmp/loop_over_bdir-379475-q5o5iV/TPath-1.007-0/blib/lib/TPath/Predicate/Boolean.pm line 7.
Compilation failed in require at -e line 1.

#   Failed test 'TPath/Predicate/Expression.pm loaded ok'
#   at t/00-compile.t line 100.
#          got: '65280'
#     expected: '0'
Eval-group not allowed at runtime, use re 'eval' in regex m/(?x)(?{; *Regexp::Grammars::LOGFILE
                        = Regexp::Grammars::_open_log('>>','-', 'for regex gramma.../ at (eval 161) line 2366.
Compilation failed in require at /tmp/loop_over_bdir-379475-q5o5iV/TPath-1.007-0/blib/lib/TPath/TypeConstraints.pm line 6.
BEGIN failed--compilation aborted at /tmp/loop_over_bdir-379475-q5o5iV/TPath-1.007-0/blib/lib/TPath/TypeConstraints.pm line 6.
Compilation failed in require at /tmp/loop_over_bdir-379475-q5o5iV/TPath-1.007-0/blib/lib/TPath/Predicate/Expression.pm line 7.
BEGIN failed--compilation aborted at /tmp/loop_over_bdir-379475-q5o5iV/TPath-1.007-0/blib/lib/TPath/Predicate/Expression.pm line 7.
Compilation failed in require at -e line 1.

#   Failed test 'TPath/Selector/Expression.pm loaded ok'
#   at t/00-compile.t line 100.
#          got: '65280'
#     expected: '0'
Eval-group not allowed at runtime, use re 'eval' in regex m/(?x)(?{; *Regexp::Grammars::LOGFILE
                        = Regexp::Grammars::_open_log('>>','-', 'for regex gramma.../ at (eval 161) line 2366.
Compilation failed in require at /tmp/loop_over_bdir-379475-q5o5iV/TPath-1.007-0/blib/lib/TPath/TypeConstraints.pm line 6.
BEGIN failed--compilation aborted at /tmp/loop_over_bdir-379475-q5o5iV/TPath-1.007-0/blib/lib/TPath/TypeConstraints.pm line 6.
Compilation failed in require at /tmp/loop_over_bdir-379475-q5o5iV/TPath-1.007-0/blib/lib/TPath/Selector/Expression.pm line 9.
BEGIN failed--compilation aborted at /tmp/loop_over_bdir-379475-q5o5iV/TPath-1.007-0/blib/lib/TPath/Selector/Expression.pm line 9.
Compilation failed in require at -e line 1.

#   Failed test 'TPath/Selector/Predicated.pm loaded ok'
#   at t/00-compile.t line 100.
#          got: '65280'
#     expected: '0'
Eval-group not allowed at runtime, use re 'eval' in regex m/(?x)(?{; *Regexp::Grammars::LOGFILE
                        = Regexp::Grammars::_open_log('>>','-', 'for regex gramma.../ at (eval 161) line 2366.
Compilation failed in require at /tmp/loop_over_bdir-379475-q5o5iV/TPath-1.007-0/blib/lib/TPath/TypeConstraints.pm line 6.
BEGIN failed--compilation aborted at /tmp/loop_over_bdir-379475-q5o5iV/TPath-1.007-0/blib/lib/TPath/TypeConstraints.pm line 6.
Compilation failed in require at /tmp/loop_over_bdir-379475-q5o5iV/TPath-1.007-0/blib/lib/TPath/Selector/Predicated.pm line 9.
BEGIN failed--compilation aborted at /tmp/loop_over_bdir-379475-q5o5iV/TPath-1.007-0/blib/lib/TPath/Selector/Predicated.pm line 9.
Compilation failed in require at -e line 1.

#   Failed test 'TPath/Selector/Previous.pm loaded ok'
#   at t/00-compile.t line 100.
#          got: '65280'
#     expected: '0'
Eval-group not allowed at runtime, use re 'eval' in regex m/(?x)(?{; *Regexp::Grammars::LOGFILE
                        = Regexp::Grammars::_open_log('>>','-', 'for regex gramma.../ at (eval 164) line 2366.
Compilation failed in require at /tmp/loop_over_bdir-379475-q5o5iV/TPath-1.007-0/blib/lib/TPath/TypeConstraints.pm line 6.
BEGIN failed--compilation aborted at /tmp/loop_over_bdir-379475-q5o5iV/TPath-1.007-0/blib/lib/TPath/TypeConstraints.pm line 6.
Compilation failed in require at /tmp/loop_over_bdir-379475-q5o5iV/TPath-1.007-0/blib/lib/TPath/Selector/Test.pm line 10.
BEGIN failed--compilation aborted at /tmp/loop_over_bdir-379475-q5o5iV/TPath-1.007-0/blib/lib/TPath/Selector/Test.pm line 10.
Compilation failed in require at /home/sand/src/perl/repoperls/installed-perls/host/k93jammy/v5.41.10/322f/lib/site_perl/5.41.10/Module/Runtime.pm line 314.
Compilation failed in require at -e line 1.

#   Failed test 'TPath/Selector/Quantified.pm loaded ok'
#   at t/00-compile.t line 100.
#          got: '65280'
#     expected: '0'
Eval-group not allowed at runtime, use re 'eval' in regex m/(?x)(?{; *Regexp::Grammars::LOGFILE
                        = Regexp::Grammars::_open_log('>>','-', 'for regex gramma.../ at (eval 161) line 2366.
Compilation failed in require at /tmp/loop_over_bdir-379475-q5o5iV/TPath-1.007-0/blib/lib/TPath/TypeConstraints.pm line 6.
BEGIN failed--compilation aborted at /tmp/loop_over_bdir-379475-q5o5iV/TPath-1.007-0/blib/lib/TPath/TypeConstraints.pm line 6.
Compilation failed in require at /tmp/loop_over_bdir-379475-q5o5iV/TPath-1.007-0/blib/lib/TPath/Selector/Quantified.pm line 10.
BEGIN failed--compilation aborted at /tmp/loop_over_bdir-379475-q5o5iV/TPath-1.007-0/blib/lib/TPath/Selector/Quantified.pm line 10.
Compilation failed in require at -e line 1.

#   Failed test 'TPath/Selector/Test.pm loaded ok'
#   at t/00-compile.t line 100.
#          got: '65280'
#     expected: '0'
Eval-group not allowed at runtime, use re 'eval' in regex m/(?x)(?{; *Regexp::Grammars::LOGFILE
                        = Regexp::Grammars::_open_log('>>','-', 'for regex gramma.../ at (eval 161) line 2366.
Compilation failed in require at /tmp/loop_over_bdir-379475-q5o5iV/TPath-1.007-0/blib/lib/TPath/TypeConstraints.pm line 6.
BEGIN failed--compilation aborted at /tmp/loop_over_bdir-379475-q5o5iV/TPath-1.007-0/blib/lib/TPath/TypeConstraints.pm line 6.
Compilation failed in require at /tmp/loop_over_bdir-379475-q5o5iV/TPath-1.007-0/blib/lib/TPath/Selector/Test.pm line 10.
BEGIN failed--compilation aborted at /tmp/loop_over_bdir-379475-q5o5iV/TPath-1.007-0/blib/lib/TPath/Selector/Test.pm line 10.
Compilation failed in require at -e line 1.

#   Failed test 'TPath/Selector/Test/Anywhere.pm loaded ok'
#   at t/00-compile.t line 100.
#          got: '65280'
#     expected: '0'
Eval-group not allowed at runtime, use re 'eval' in regex m/(?x)(?{; *Regexp::Grammars::LOGFILE
                        = Regexp::Grammars::_open_log('>>','-', 'for regex gramma.../ at (eval 170) line 2366.
Compilation failed in require at /tmp/loop_over_bdir-379475-q5o5iV/TPath-1.007-0/blib/lib/TPath/TypeConstraints.pm line 6.
BEGIN failed--compilation aborted at /tmp/loop_over_bdir-379475-q5o5iV/TPath-1.007-0/blib/lib/TPath/TypeConstraints.pm line 6.
Compilation failed in require at /tmp/loop_over_bdir-379475-q5o5iV/TPath-1.007-0/blib/lib/TPath/Selector/Test.pm line 10.
BEGIN failed--compilation aborted at /tmp/loop_over_bdir-379475-q5o5iV/TPath-1.007-0/blib/lib/TPath/Selector/Test.pm line 10.
Compilation failed in require at /home/sand/src/perl/repoperls/installed-perls/host/k93jammy/v5.41.10/322f/lib/site_perl/5.41.10/Module/Runtime.pm line 314.
Compilation failed in require at -e line 1.

#   Failed test 'TPath/Selector/Test/AnywhereAttribute.pm loaded ok'
#   at t/00-compile.t line 100.
#          got: '65280'
#     expected: '0'
Eval-group not allowed at runtime, use re 'eval' in regex m/(?x)(?{; *Regexp::Grammars::LOGFILE
                        = Regexp::Grammars::_open_log('>>','-', 'for regex gramma.../ at (eval 172) line 2366.
Compilation failed in require at /tmp/loop_over_bdir-379475-q5o5iV/TPath-1.007-0/blib/lib/TPath/TypeConstraints.pm line 6.
BEGIN failed--compilation aborted at /tmp/loop_over_bdir-379475-q5o5iV/TPath-1.007-0/blib/lib/TPath/TypeConstraints.pm line 6.
Compilation failed in require at /tmp/loop_over_bdir-379475-q5o5iV/TPath-1.007-0/blib/lib/TPath/Selector/Test/AnywhereAttribute.pm line 7.
BEGIN failed--compilation aborted at /tmp/loop_over_bdir-379475-q5o5iV/TPath-1.007-0/blib/lib/TPath/Selector/Test/AnywhereAttribute.pm line 7.
Compilation failed in require at -e line 1.

#   Failed test 'TPath/Selector/Test/AnywhereMatch.pm loaded ok'
#   at t/00-compile.t line 100.
#          got: '65280'
#     expected: '0'
Eval-group not allowed at runtime, use re 'eval' in regex m/(?x)(?{; *Regexp::Grammars::LOGFILE
                        = Regexp::Grammars::_open_log('>>','-', 'for regex gramma.../ at (eval 174) line 2366.
Compilation failed in require at /tmp/loop_over_bdir-379475-q5o5iV/TPath-1.007-0/blib/lib/TPath/TypeConstraints.pm line 6.
BEGIN failed--compilation aborted at /tmp/loop_over_bdir-379475-q5o5iV/TPath-1.007-0/blib/lib/TPath/TypeConstraints.pm line 6.
Compilation failed in require at /tmp/loop_over_bdir-379475-q5o5iV/TPath-1.007-0/blib/lib/TPath/Selector/Test.pm line 10.
BEGIN failed--compilation aborted at /tmp/loop_over_bdir-379475-q5o5iV/TPath-1.007-0/blib/lib/TPath/Selector/Test.pm line 10.
Compilation failed in require at /home/sand/src/perl/repoperls/installed-perls/host/k93jammy/v5.41.10/322f/lib/site_perl/5.41.10/Module/Runtime.pm line 314.
Compilation failed in require at /home/sand/src/perl/repoperls/installed-perls/host/k93jammy/v5.41.10/322f/lib/site_perl/5.41.10/Module/Runtime.pm line 314.
Compilation failed in require at -e line 1.

#   Failed test 'TPath/Selector/Test/AnywhereTag.pm loaded ok'
#   at t/00-compile.t line 100.
#          got: '65280'
#     expected: '0'
Eval-group not allowed at runtime, use re 'eval' in regex m/(?x)(?{; *Regexp::Grammars::LOGFILE
                        = Regexp::Grammars::_open_log('>>','-', 'for regex gramma.../ at (eval 172) line 2366.
Compilation failed in require at /tmp/loop_over_bdir-379475-q5o5iV/TPath-1.007-0/blib/lib/TPath/TypeConstraints.pm line 6.
BEGIN failed--compilation aborted at /tmp/loop_over_bdir-379475-q5o5iV/TPath-1.007-0/blib/lib/TPath/TypeConstraints.pm line 6.
Compilation failed in require at /tmp/loop_over_bdir-379475-q5o5iV/TPath-1.007-0/blib/lib/TPath/Selector/Test.pm line 10.
BEGIN failed--compilation aborted at /tmp/loop_over_bdir-379475-q5o5iV/TPath-1.007-0/blib/lib/TPath/Selector/Test.pm line 10.
Compilation failed in require at /home/sand/src/perl/repoperls/installed-perls/host/k93jammy/v5.41.10/322f/lib/site_perl/5.41.10/Module/Runtime.pm line 314.
Compilation failed in require at -e line 1.

#   Failed test 'TPath/Selector/Test/AxisAttribute.pm loaded ok'
#   at t/00-compile.t line 100.
#          got: '65280'
#     expected: '0'
Eval-group not allowed at runtime, use re 'eval' in regex m/(?x)(?{; *Regexp::Grammars::LOGFILE
                        = Regexp::Grammars::_open_log('>>','-', 'for regex gramma.../ at (eval 172) line 2366.
Compilation failed in require at /tmp/loop_over_bdir-379475-q5o5iV/TPath-1.007-0/blib/lib/TPath/TypeConstraints.pm line 6.
BEGIN failed--compilation aborted at /tmp/loop_over_bdir-379475-q5o5iV/TPath-1.007-0/blib/lib/TPath/TypeConstraints.pm line 6.
Compilation failed in require at /tmp/loop_over_bdir-379475-q5o5iV/TPath-1.007-0/blib/lib/TPath/Selector/Test/AxisAttribute.pm line 7.
BEGIN failed--compilation aborted at /tmp/loop_over_bdir-379475-q5o5iV/TPath-1.007-0/blib/lib/TPath/Selector/Test/AxisAttribute.pm line 7.
Compilation failed in require at -e line 1.

#   Failed test 'TPath/Selector/Test/AxisMatch.pm loaded ok'
#   at t/00-compile.t line 100.
#          got: '65280'
#     expected: '0'
Eval-group not allowed at runtime, use re 'eval' in regex m/(?x)(?{; *Regexp::Grammars::LOGFILE
                        = Regexp::Grammars::_open_log('>>','-', 'for regex gramma.../ at (eval 174) line 2366.
Compilation failed in require at /tmp/loop_over_bdir-379475-q5o5iV/TPath-1.007-0/blib/lib/TPath/TypeConstraints.pm line 6.
BEGIN failed--compilation aborted at /tmp/loop_over_bdir-379475-q5o5iV/TPath-1.007-0/blib/lib/TPath/TypeConstraints.pm line 6.
Compilation failed in require at /tmp/loop_over_bdir-379475-q5o5iV/TPath-1.007-0/blib/lib/TPath/Selector/Test.pm line 10.
BEGIN failed--compilation aborted at /tmp/loop_over_bdir-379475-q5o5iV/TPath-1.007-0/blib/lib/TPath/Selector/Test.pm line 10.
Compilation failed in require at /home/sand/src/perl/repoperls/installed-perls/host/k93jammy/v5.41.10/322f/lib/site_perl/5.41.10/Module/Runtime.pm line 314.
Compilation failed in require at /home/sand/src/perl/repoperls/installed-perls/host/k93jammy/v5.41.10/322f/lib/site_perl/5.41.10/Module/Runtime.pm line 314.
Compilation failed in require at -e line 1.

#   Failed test 'TPath/Selector/Test/AxisTag.pm loaded ok'
#   at t/00-compile.t line 100.
#          got: '65280'
#     expected: '0'
Eval-group not allowed at runtime, use re 'eval' in regex m/(?x)(?{; *Regexp::Grammars::LOGFILE
                        = Regexp::Grammars::_open_log('>>','-', 'for regex gramma.../ at (eval 172) line 2366.
Compilation failed in require at /tmp/loop_over_bdir-379475-q5o5iV/TPath-1.007-0/blib/lib/TPath/TypeConstraints.pm line 6.
BEGIN failed--compilation aborted at /tmp/loop_over_bdir-379475-q5o5iV/TPath-1.007-0/blib/lib/TPath/TypeConstraints.pm line 6.
Compilation failed in require at /tmp/loop_over_bdir-379475-q5o5iV/TPath-1.007-0/blib/lib/TPath/Selector/Test.pm line 10.
BEGIN failed--compilation aborted at /tmp/loop_over_bdir-379475-q5o5iV/TPath-1.007-0/blib/lib/TPath/Selector/Test.pm line 10.
Compilation failed in require at /home/sand/src/perl/repoperls/installed-perls/host/k93jammy/v5.41.10/322f/lib/site_perl/5.41.10/Module/Runtime.pm line 314.
Compilation failed in require at -e line 1.

#   Failed test 'TPath/Selector/Test/AxisWildcard.pm loaded ok'
#   at t/00-compile.t line 100.
#          got: '65280'
#     expected: '0'
Eval-group not allowed at runtime, use re 'eval' in regex m/(?x)(?{; *Regexp::Grammars::LOGFILE
                        = Regexp::Grammars::_open_log('>>','-', 'for regex gramma.../ at (eval 170) line 2366.
Compilation failed in require at /tmp/loop_over_bdir-379475-q5o5iV/TPath-1.007-0/blib/lib/TPath/TypeConstraints.pm line 6.
BEGIN failed--compilation aborted at /tmp/loop_over_bdir-379475-q5o5iV/TPath-1.007-0/blib/lib/TPath/TypeConstraints.pm line 6.
Compilation failed in require at /tmp/loop_over_bdir-379475-q5o5iV/TPath-1.007-0/blib/lib/TPath/Selector/Test.pm line 10.
BEGIN failed--compilation aborted at /tmp/loop_over_bdir-379475-q5o5iV/TPath-1.007-0/blib/lib/TPath/Selector/Test.pm line 10.
Compilation failed in require at /home/sand/src/perl/repoperls/installed-perls/host/k93jammy/v5.41.10/322f/lib/site_perl/5.41.10/Module/Runtime.pm line 314.
Compilation failed in require at -e line 1.

#   Failed test 'TPath/Selector/Test/ChildAttribute.pm loaded ok'
#   at t/00-compile.t line 100.
#          got: '65280'
#     expected: '0'
Eval-group not allowed at runtime, use re 'eval' in regex m/(?x)(?{; *Regexp::Grammars::LOGFILE
                        = Regexp::Grammars::_open_log('>>','-', 'for regex gramma.../ at (eval 172) line 2366.
Compilation failed in require at /tmp/loop_over_bdir-379475-q5o5iV/TPath-1.007-0/blib/lib/TPath/TypeConstraints.pm line 6.
BEGIN failed--compilation aborted at /tmp/loop_over_bdir-379475-q5o5iV/TPath-1.007-0/blib/lib/TPath/TypeConstraints.pm line 6.
Compilation failed in require at /tmp/loop_over_bdir-379475-q5o5iV/TPath-1.007-0/blib/lib/TPath/Selector/Test/ChildAttribute.pm line 7.
BEGIN failed--compilation aborted at /tmp/loop_over_bdir-379475-q5o5iV/TPath-1.007-0/blib/lib/TPath/Selector/Test/ChildAttribute.pm line 7.
Compilation failed in require at -e line 1.

#   Failed test 'TPath/Selector/Test/ChildMatch.pm loaded ok'
#   at t/00-compile.t line 100.
#          got: '65280'
#     expected: '0'
Eval-group not allowed at runtime, use re 'eval' in regex m/(?x)(?{; *Regexp::Grammars::LOGFILE
                        = Regexp::Grammars::_open_log('>>','-', 'for regex gramma.../ at (eval 174) line 2366.
Compilation failed in require at /tmp/loop_over_bdir-379475-q5o5iV/TPath-1.007-0/blib/lib/TPath/TypeConstraints.pm line 6.
BEGIN failed--compilation aborted at /tmp/loop_over_bdir-379475-q5o5iV/TPath-1.007-0/blib/lib/TPath/TypeConstraints.pm line 6.
Compilation failed in require at /tmp/loop_over_bdir-379475-q5o5iV/TPath-1.007-0/blib/lib/TPath/Selector/Test.pm line 10.
BEGIN failed--compilation aborted at /tmp/loop_over_bdir-379475-q5o5iV/TPath-1.007-0/blib/lib/TPath/Selector/Test.pm line 10.
Compilation failed in require at /home/sand/src/perl/repoperls/installed-perls/host/k93jammy/v5.41.10/322f/lib/site_perl/5.41.10/Module/Runtime.pm line 314.
Compilation failed in require at /home/sand/src/perl/repoperls/installed-perls/host/k93jammy/v5.41.10/322f/lib/site_perl/5.41.10/Module/Runtime.pm line 314.
Compilation failed in require at -e line 1.

#   Failed test 'TPath/Selector/Test/ChildTag.pm loaded ok'
#   at t/00-compile.t line 100.
#          got: '65280'
#     expected: '0'
Eval-group not allowed at runtime, use re 'eval' in regex m/(?x)(?{; *Regexp::Grammars::LOGFILE
                        = Regexp::Grammars::_open_log('>>','-', 'for regex gramma.../ at (eval 172) line 2366.
Compilation failed in require at /tmp/loop_over_bdir-379475-q5o5iV/TPath-1.007-0/blib/lib/TPath/TypeConstraints.pm line 6.
BEGIN failed--compilation aborted at /tmp/loop_over_bdir-379475-q5o5iV/TPath-1.007-0/blib/lib/TPath/TypeConstraints.pm line 6.
Compilation failed in require at /tmp/loop_over_bdir-379475-q5o5iV/TPath-1.007-0/blib/lib/TPath/Selector/Test.pm line 10.
BEGIN failed--compilation aborted at /tmp/loop_over_bdir-379475-q5o5iV/TPath-1.007-0/blib/lib/TPath/Selector/Test.pm line 10.
Compilation failed in require at /home/sand/src/perl/repoperls/installed-perls/host/k93jammy/v5.41.10/322f/lib/site_perl/5.41.10/Module/Runtime.pm line 314.
Compilation failed in require at -e line 1.

#   Failed test 'TPath/Selector/Test/ClosestAttribute.pm loaded ok'
#   at t/00-compile.t line 100.
#          got: '65280'
#     expected: '0'
Eval-group not allowed at runtime, use re 'eval' in regex m/(?x)(?{; *Regexp::Grammars::LOGFILE
                        = Regexp::Grammars::_open_log('>>','-', 'for regex gramma.../ at (eval 172) line 2366.
Compilation failed in require at /tmp/loop_over_bdir-379475-q5o5iV/TPath-1.007-0/blib/lib/TPath/TypeConstraints.pm line 6.
BEGIN failed--compilation aborted at /tmp/loop_over_bdir-379475-q5o5iV/TPath-1.007-0/blib/lib/TPath/TypeConstraints.pm line 6.
Compilation failed in require at /tmp/loop_over_bdir-379475-q5o5iV/TPath-1.007-0/blib/lib/TPath/Selector/Test/ClosestAttribute.pm line 7.
BEGIN failed--compilation aborted at /tmp/loop_over_bdir-379475-q5o5iV/TPath-1.007-0/blib/lib/TPath/Selector/Test/ClosestAttribute.pm line 7.
Compilation failed in require at -e line 1.

#   Failed test 'TPath/Selector/Test/ClosestMatch.pm loaded ok'
#   at t/00-compile.t line 100.
#          got: '65280'
#     expected: '0'
Eval-group not allowed at runtime, use re 'eval' in regex m/(?x)(?{; *Regexp::Grammars::LOGFILE
                        = Regexp::Grammars::_open_log('>>','-', 'for regex gramma.../ at (eval 174) line 2366.
Compilation failed in require at /tmp/loop_over_bdir-379475-q5o5iV/TPath-1.007-0/blib/lib/TPath/TypeConstraints.pm line 6.
BEGIN failed--compilation aborted at /tmp/loop_over_bdir-379475-q5o5iV/TPath-1.007-0/blib/lib/TPath/TypeConstraints.pm line 6.
Compilation failed in require at /tmp/loop_over_bdir-379475-q5o5iV/TPath-1.007-0/blib/lib/TPath/Selector/Test.pm line 10.
BEGIN failed--compilation aborted at /tmp/loop_over_bdir-379475-q5o5iV/TPath-1.007-0/blib/lib/TPath/Selector/Test.pm line 10.
Compilation failed in require at /home/sand/src/perl/repoperls/installed-perls/host/k93jammy/v5.41.10/322f/lib/site_perl/5.41.10/Module/Runtime.pm line 314.
Compilation failed in require at /home/sand/src/perl/repoperls/installed-perls/host/k93jammy/v5.41.10/322f/lib/site_perl/5.41.10/Module/Runtime.pm line 314.
Compilation failed in require at -e line 1.

#   Failed test 'TPath/Selector/Test/ClosestTag.pm loaded ok'
#   at t/00-compile.t line 100.
#          got: '65280'
#     expected: '0'
Eval-group not allowed at runtime, use re 'eval' in regex m/(?x)(?{; *Regexp::Grammars::LOGFILE
                        = Regexp::Grammars::_open_log('>>','-', 'for regex gramma.../ at (eval 172) line 2366.
Compilation failed in require at /tmp/loop_over_bdir-379475-q5o5iV/TPath-1.007-0/blib/lib/TPath/TypeConstraints.pm line 6.
BEGIN failed--compilation aborted at /tmp/loop_over_bdir-379475-q5o5iV/TPath-1.007-0/blib/lib/TPath/TypeConstraints.pm line 6.
Compilation failed in require at /tmp/loop_over_bdir-379475-q5o5iV/TPath-1.007-0/blib/lib/TPath/Selector/Test.pm line 10.
BEGIN failed--compilation aborted at /tmp/loop_over_bdir-379475-q5o5iV/TPath-1.007-0/blib/lib/TPath/Selector/Test.pm line 10.
Compilation failed in require at /home/sand/src/perl/repoperls/installed-perls/host/k93jammy/v5.41.10/322f/lib/site_perl/5.41.10/Module/Runtime.pm line 314.
Compilation failed in require at -e line 1.

#   Failed test 'TPath/Selector/Test/Match.pm loaded ok'
#   at t/00-compile.t line 100.
#          got: '65280'
#     expected: '0'
Eval-group not allowed at runtime, use re 'eval' in regex m/(?x)(?{; *Regexp::Grammars::LOGFILE
                        = Regexp::Grammars::_open_log('>>','-', 'for regex gramma.../ at (eval 163) line 2366.
Compilation failed in require at /tmp/loop_over_bdir-379475-q5o5iV/TPath-1.007-0/blib/lib/TPath/TypeConstraints.pm line 6.
BEGIN failed--compilation aborted at /tmp/loop_over_bdir-379475-q5o5iV/TPath-1.007-0/blib/lib/TPath/TypeConstraints.pm line 6.
Compilation failed in require at /tmp/loop_over_bdir-379475-q5o5iV/TPath-1.007-0/blib/lib/TPath/Selector/Test.pm line 10.
BEGIN failed--compilation aborted at /tmp/loop_over_bdir-379475-q5o5iV/TPath-1.007-0/blib/lib/TPath/Selector/Test.pm line 10.
Compilation failed in require at /home/sand/src/perl/repoperls/installed-perls/host/k93jammy/v5.41.10/322f/lib/site_perl/5.41.10/Module/Runtime.pm line 314.
Compilation failed in require at -e line 1.

#   Failed test 'TPath/Selector/Test/Root.pm loaded ok'
#   at t/00-compile.t line 100.
#          got: '65280'
#     expected: '0'
Eval-group not allowed at runtime, use re 'eval' in regex m/(?x)(?{; *Regexp::Grammars::LOGFILE
                        = Regexp::Grammars::_open_log('>>','-', 'for regex gramma.../ at (eval 164) line 2366.
Compilation failed in require at /tmp/loop_over_bdir-379475-q5o5iV/TPath-1.007-0/blib/lib/TPath/TypeConstraints.pm line 6.
BEGIN failed--compilation aborted at /tmp/loop_over_bdir-379475-q5o5iV/TPath-1.007-0/blib/lib/TPath/TypeConstraints.pm line 6.
Compilation failed in require at /tmp/loop_over_bdir-379475-q5o5iV/TPath-1.007-0/blib/lib/TPath/Selector/Test.pm line 10.
BEGIN failed--compilation aborted at /tmp/loop_over_bdir-379475-q5o5iV/TPath-1.007-0/blib/lib/TPath/Selector/Test.pm line 10.
Compilation failed in require at /home/sand/src/perl/repoperls/installed-perls/host/k93jammy/v5.41.10/322f/lib/site_perl/5.41.10/Module/Runtime.pm line 314.
Compilation failed in require at -e line 1.

#   Failed test 'TPath/Test/And.pm loaded ok'
#   at t/00-compile.t line 100.
#          got: '65280'
#     expected: '0'
Eval-group not allowed at runtime, use re 'eval' in regex m/(?x)(?{; *Regexp::Grammars::LOGFILE
                        = Regexp::Grammars::_open_log('>>','-', 'for regex gramma.../ at (eval 163) line 2366.
Compilation failed in require at /tmp/loop_over_bdir-379475-q5o5iV/TPath-1.007-0/blib/lib/TPath/TypeConstraints.pm line 6.
BEGIN failed--compilation aborted at /tmp/loop_over_bdir-379475-q5o5iV/TPath-1.007-0/blib/lib/TPath/TypeConstraints.pm line 6.
Compilation failed in require at /tmp/loop_over_bdir-379475-q5o5iV/TPath-1.007-0/blib/lib/TPath/Test/Compound.pm line 6.
BEGIN failed--compilation aborted at /tmp/loop_over_bdir-379475-q5o5iV/TPath-1.007-0/blib/lib/TPath/Test/Compound.pm line 6.
Compilation failed in require at /home/sand/src/perl/repoperls/installed-perls/host/k93jammy/v5.41.10/322f/lib/site_perl/5.41.10/Module/Runtime.pm line 314.
Compilation failed in require at -e line 1.

#   Failed test 'TPath/Test/Compound.pm loaded ok'
#   at t/00-compile.t line 100.
#          got: '65280'
#     expected: '0'
Eval-group not allowed at runtime, use re 'eval' in regex m/(?x)(?{; *Regexp::Grammars::LOGFILE
                        = Regexp::Grammars::_open_log('>>','-', 'for regex gramma.../ at (eval 161) line 2366.
Compilation failed in require at /tmp/loop_over_bdir-379475-q5o5iV/TPath-1.007-0/blib/lib/TPath/TypeConstraints.pm line 6.
BEGIN failed--compilation aborted at /tmp/loop_over_bdir-379475-q5o5iV/TPath-1.007-0/blib/lib/TPath/TypeConstraints.pm line 6.
Compilation failed in require at /tmp/loop_over_bdir-379475-q5o5iV/TPath-1.007-0/blib/lib/TPath/Test/Compound.pm line 6.
BEGIN failed--compilation aborted at /tmp/loop_over_bdir-379475-q5o5iV/TPath-1.007-0/blib/lib/TPath/Test/Compound.pm line 6.
Compilation failed in require at -e line 1.

#   Failed test 'TPath/Test/Not.pm loaded ok'
#   at t/00-compile.t line 100.
#          got: '65280'
#     expected: '0'
Eval-group not allowed at runtime, use re 'eval' in regex m/(?x)(?{; *Regexp::Grammars::LOGFILE
                        = Regexp::Grammars::_open_log('>>','-', 'for regex gramma.../ at (eval 165) line 2366.
Compilation failed in require at /tmp/loop_over_bdir-379475-q5o5iV/TPath-1.007-0/blib/lib/TPath/TypeConstraints.pm line 6.
BEGIN failed--compilation aborted at /tmp/loop_over_bdir-379475-q5o5iV/TPath-1.007-0/blib/lib/TPath/TypeConstraints.pm line 6.
Compilation failed in require at /tmp/loop_over_bdir-379475-q5o5iV/TPath-1.007-0/blib/lib/TPath/Test/Not.pm line 8.
BEGIN failed--compilation aborted at /tmp/loop_over_bdir-379475-q5o5iV/TPath-1.007-0/blib/lib/TPath/Test/Not.pm line 8.
Compilation failed in require at -e line 1.

#   Failed test 'TPath/Test/One.pm loaded ok'
#   at t/00-compile.t line 100.
#          got: '65280'
#     expected: '0'
Eval-group not allowed at runtime, use re 'eval' in regex m/(?x)(?{; *Regexp::Grammars::LOGFILE
                        = Regexp::Grammars::_open_log('>>','-', 'for regex gramma.../ at (eval 163) line 2366.
Compilation failed in require at /tmp/loop_over_bdir-379475-q5o5iV/TPath-1.007-0/blib/lib/TPath/TypeConstraints.pm line 6.
BEGIN failed--compilation aborted at /tmp/loop_over_bdir-379475-q5o5iV/TPath-1.007-0/blib/lib/TPath/TypeConstraints.pm line 6.
Compilation failed in require at /tmp/loop_over_bdir-379475-q5o5iV/TPath-1.007-0/blib/lib/TPath/Test/Compound.pm line 6.
BEGIN failed--compilation aborted at /tmp/loop_over_bdir-379475-q5o5iV/TPath-1.007-0/blib/lib/TPath/Test/Compound.pm line 6.
Compilation failed in require at /home/sand/src/perl/repoperls/installed-perls/host/k93jammy/v5.41.10/322f/lib/site_perl/5.41.10/Module/Runtime.pm line 314.
Compilation failed in require at -e line 1.

#   Failed test 'TPath/Test/Or.pm loaded ok'
#   at t/00-compile.t line 100.
#          got: '65280'
#     expected: '0'
Eval-group not allowed at runtime, use re 'eval' in regex m/(?x)(?{; *Regexp::Grammars::LOGFILE
                        = Regexp::Grammars::_open_log('>>','-', 'for regex gramma.../ at (eval 163) line 2366.
Compilation failed in require at /tmp/loop_over_bdir-379475-q5o5iV/TPath-1.007-0/blib/lib/TPath/TypeConstraints.pm line 6.
BEGIN failed--compilation aborted at /tmp/loop_over_bdir-379475-q5o5iV/TPath-1.007-0/blib/lib/TPath/TypeConstraints.pm line 6.
Compilation failed in require at /tmp/loop_over_bdir-379475-q5o5iV/TPath-1.007-0/blib/lib/TPath/Test/Compound.pm line 6.
BEGIN failed--compilation aborted at /tmp/loop_over_bdir-379475-q5o5iV/TPath-1.007-0/blib/lib/TPath/Test/Compound.pm line 6.
Compilation failed in require at /home/sand/src/perl/repoperls/installed-perls/host/k93jammy/v5.41.10/322f/lib/site_perl/5.41.10/Module/Runtime.pm line 314.
Compilation failed in require at -e line 1.

#   Failed test 'TPath/TypeConstraints.pm loaded ok'
#   at t/00-compile.t line 100.
#          got: '65280'
#     expected: '0'
Eval-group not allowed at runtime, use re 'eval' in regex m/(?x)(?{; *Regexp::Grammars::LOGFILE
                        = Regexp::Grammars::_open_log('>>','-', 'for regex gramma.../ at (eval 75) line 2366.
Compilation failed in require at /tmp/loop_over_bdir-379475-q5o5iV/TPath-1.007-0/blib/lib/TPath/TypeConstraints.pm line 6.
BEGIN failed--compilation aborted at /tmp/loop_over_bdir-379475-q5o5iV/TPath-1.007-0/blib/lib/TPath/TypeConstraints.pm line 6.
Compilation failed in require at -e line 1.
# Looks like you failed 40 tests of 64.
t/00-compile.t ................ 
Dubious, test returned 40 (wstat 10240, 0x2800)
Failed 40/64 subtests 
# 
# if: syntax error at (eval 210) line 1, at EOF
# Execution of (eval 210) aborted due to compilation errors.
# 
# Generated by Dist::Zilla::Plugin::ReportVersions::Tiny v1.10
# perl: 5.041010 (wanted v5.10.0) on linux from /tmp/basesmoker-reloperl-V1HQ/bin/perl
# 
# Carp                                          => 1.54       (want any version)
# Exporter                                      => 5.79       (want any version)
# ExtUtils::MakeMaker                           => 7.72       (want any version)
# File::Basename                                => 2.86       (want any version)
# File::Spec                                    => 3.93       (want any version)
# IO::Handle                                    => 1.55       (want any version)
# IPC::Open3                                    => 1.24       (want any version)
# List::MoreUtils                               => 0.430      (want any version)
# List::Util                                    => 1.6801     (want any version)
# Math::Trig                                    => 1.63       (want any version)
# Moose                                         => 2.2207     (want 2.0604) 
# Moose::Role                                   => 2.2207     (want 2.0604) 
# Moose::Util::TypeConstraints                  => 2.2207     (want 2.0604) 
# MooseX::MethodAttributes                      => 0.32       (want any version)
# MooseX::MethodAttributes::Role                => 0.32       (want 0.28)   
# MooseX::SingletonMethod                       => 0.03       (want 0.03)   
# POSIX                                         => 2.23       (want any version)
# Regexp::Grammars                              => 1.058      (want 1.026)  
# Scalar::Util                                  => 1.6801     (want any version)
# Test::Exception                               => 0.43       (want any version)
# Test::More                                    => 1.302209   (want 0.88)   
# Test::Trap                                    => 0.3.5      (want any version)
# Time::HiRes                                   => 1.9777     (want any version)
# aliased                                       => 0.34       (want any version)
# base                                          => 2.27       (want any version)
# feature                                       => 1.95       (want any version)
# if                                            => died during require. (want any version)
# namespace::autoclean                          => 0.31       (want any version)
# overload                                      => 1.40       (want any version)
# parent                                        => 0.244      (want any version)
# strict                                        => 1.13       (want any version)
# warnings                                      => 1.74       (want any version)
# 
# Thanks for using my code.  I hope it works for you.
# If not, please try and include this output in the bug report.
# That will help me reproduce the issue and solve your problem.
# 
t/000-report-versions-tiny.t .. ok
Eval-group not allowed at runtime, use re 'eval' in regex m/(?x)(?{; *Regexp::Grammars::LOGFILE
                        = Regexp::Grammars::_open_log('>>','-', 'for regex gramma.../ at (eval 202) line 2366.
Compilation failed in require at /tmp/loop_over_bdir-379475-q5o5iV/TPath-1.007-0/blib/lib/TPath/TypeConstraints.pm line 6.
BEGIN failed--compilation aborted at /tmp/loop_over_bdir-379475-q5o5iV/TPath-1.007-0/blib/lib/TPath/TypeConstraints.pm line 6.
Compilation failed in require at /tmp/loop_over_bdir-379475-q5o5iV/TPath-1.007-0/blib/lib/TPath/Index.pm line 10.
BEGIN failed--compilation aborted at /tmp/loop_over_bdir-379475-q5o5iV/TPath-1.007-0/blib/lib/TPath/Index.pm line 10.
Compilation failed in require at t/ToyXMLForester.pm line 21.
BEGIN failed--compilation aborted at t/ToyXMLForester.pm line 21.
Compilation failed in require at t/attribute_tests.t line 14.
BEGIN failed--compilation aborted at t/attribute_tests.t line 14.
# Looks like your test exited with 255 before it could output anything.
t/attribute_tests.t ........... 
Dubious, test returned 255 (wstat 65280, 0xff00)
Failed 45/45 subtests 
Eval-group not allowed at runtime, use re 'eval' in regex m/(?x)(?{; *Regexp::Grammars::LOGFILE
                        = Regexp::Grammars::_open_log('>>','-', 'for regex gramma.../ at (eval 202) line 2366.
Compilation failed in require at /tmp/loop_over_bdir-379475-q5o5iV/TPath-1.007-0/blib/lib/TPath/TypeConstraints.pm line 6.
BEGIN failed--compilation aborted at /tmp/loop_over_bdir-379475-q5o5iV/TPath-1.007-0/blib/lib/TPath/TypeConstraints.pm line 6.
Compilation failed in require at /tmp/loop_over_bdir-379475-q5o5iV/TPath-1.007-0/blib/lib/TPath/Index.pm line 10.
BEGIN failed--compilation aborted at /tmp/loop_over_bdir-379475-q5o5iV/TPath-1.007-0/blib/lib/TPath/Index.pm line 10.
Compilation failed in require at t/ToyXMLForester.pm line 21.
BEGIN failed--compilation aborted at t/ToyXMLForester.pm line 21.
Compilation failed in require at t/attributes.t line 14.
BEGIN failed--compilation aborted at t/attributes.t line 14.
# Looks like your test exited with 255 before it could output anything.
t/attributes.t ................ 
Dubious, test returned 255 (wstat 65280, 0xff00)
Failed 63/63 subtests 
Eval-group not allowed at runtime, use re 'eval' in regex m/(?x)(?{; *Regexp::Grammars::LOGFILE
                        = Regexp::Grammars::_open_log('>>','-', 'for regex gramma.../ at (eval 193) line 2366.
Compilation failed in require at /tmp/loop_over_bdir-379475-q5o5iV/TPath-1.007-0/blib/lib/TPath/TypeConstraints.pm line 6.
BEGIN failed--compilation aborted at /tmp/loop_over_bdir-379475-q5o5iV/TPath-1.007-0/blib/lib/TPath/TypeConstraints.pm line 6.
Compilation failed in require at /tmp/loop_over_bdir-379475-q5o5iV/TPath-1.007-0/blib/lib/TPath/Index.pm line 10.
BEGIN failed--compilation aborted at /tmp/loop_over_bdir-379475-q5o5iV/TPath-1.007-0/blib/lib/TPath/Index.pm line 10.
Compilation failed in require at t/ToyXMLForester.pm line 21.
BEGIN failed--compilation aborted at t/ToyXMLForester.pm line 21.
Compilation failed in require at t/axis.t line 12.
BEGIN failed--compilation aborted at t/axis.t line 12.
# Looks like your test exited with 255 before it could output anything.
t/axis.t ...................... 
Dubious, test returned 255 (wstat 65280, 0xff00)
Failed 29/29 subtests 
Eval-group not allowed at runtime, use re 'eval' in regex m/(?x)(?{; *Regexp::Grammars::LOGFILE
                        = Regexp::Grammars::_open_log('>>','-', 'for regex gramma.../ at (eval 193) line 2366.
Compilation failed in require at /tmp/loop_over_bdir-379475-q5o5iV/TPath-1.007-0/blib/lib/TPath/TypeConstraints.pm line 6.
BEGIN failed--compilation aborted at /tmp/loop_over_bdir-379475-q5o5iV/TPath-1.007-0/blib/lib/TPath/TypeConstraints.pm line 6.
Compilation failed in require at /tmp/loop_over_bdir-379475-q5o5iV/TPath-1.007-0/blib/lib/TPath/Index.pm line 10.
BEGIN failed--compilation aborted at /tmp/loop_over_bdir-379475-q5o5iV/TPath-1.007-0/blib/lib/TPath/Index.pm line 10.
Compilation failed in require at t/ToyXMLForester.pm line 21.
BEGIN failed--compilation aborted at t/ToyXMLForester.pm line 21.
Compilation failed in require at t/axis_order.t line 12.
BEGIN failed--compilation aborted at t/axis_order.t line 12.
t/axis_order.t ................ 
Dubious, test returned 255 (wstat 65280, 0xff00)
No subtests run 
Eval-group not allowed at runtime, use re 'eval' in regex m/(?x)(?{; *Regexp::Grammars::LOGFILE
                        = Regexp::Grammars::_open_log('>>','-', 'for regex gramma.../ at (eval 202) line 2366.
Compilation failed in require at /tmp/loop_over_bdir-379475-q5o5iV/TPath-1.007-0/blib/lib/TPath/TypeConstraints.pm line 6.
BEGIN failed--compilation aborted at /tmp/loop_over_bdir-379475-q5o5iV/TPath-1.007-0/blib/lib/TPath/TypeConstraints.pm line 6.
Compilation failed in require at /tmp/loop_over_bdir-379475-q5o5iV/TPath-1.007-0/blib/lib/TPath/Index.pm line 10.
BEGIN failed--compilation aborted at /tmp/loop_over_bdir-379475-q5o5iV/TPath-1.007-0/blib/lib/TPath/Index.pm line 10.
Compilation failed in require at t/ToyXMLForester.pm line 21.
BEGIN failed--compilation aborted at t/ToyXMLForester.pm line 21.
Compilation failed in require at t/basic.t line 15.
BEGIN failed--compilation aborted at t/basic.t line 15.
# Looks like your test exited with 255 before it could output anything.
t/basic.t ..................... 
Dubious, test returned 255 (wstat 65280, 0xff00)
Failed 106/106 subtests 
Eval-group not allowed at runtime, use re 'eval' in regex m/(?x)(?{; *Regexp::Grammars::LOGFILE
                        = Regexp::Grammars::_open_log('>>','-', 'for regex gramma.../ at (eval 193) line 2366.
Compilation failed in require at /tmp/loop_over_bdir-379475-q5o5iV/TPath-1.007-0/blib/lib/TPath/TypeConstraints.pm line 6.
BEGIN failed--compilation aborted at /tmp/loop_over_bdir-379475-q5o5iV/TPath-1.007-0/blib/lib/TPath/TypeConstraints.pm line 6.
Compilation failed in require at /tmp/loop_over_bdir-379475-q5o5iV/TPath-1.007-0/blib/lib/TPath/Index.pm line 10.
BEGIN failed--compilation aborted at /tmp/loop_over_bdir-379475-q5o5iV/TPath-1.007-0/blib/lib/TPath/Index.pm line 10.
Compilation failed in require at t/ToyXMLForester.pm line 21.
BEGIN failed--compilation aborted at t/ToyXMLForester.pm line 21.
Compilation failed in require at t/case_sensitivity.t line 12.
BEGIN failed--compilation aborted at t/case_sensitivity.t line 12.
t/case_sensitivity.t .......... 
Dubious, test returned 255 (wstat 65280, 0xff00)
No subtests run 
Eval-group not allowed at runtime, use re 'eval' in regex m/(?x)(?{; *Regexp::Grammars::LOGFILE
                        = Regexp::Grammars::_open_log('>>','-', 'for regex gramma.../ at (eval 193) line 2366.
Compilation failed in require at /tmp/loop_over_bdir-379475-q5o5iV/TPath-1.007-0/blib/lib/TPath/TypeConstraints.pm line 6.
BEGIN failed--compilation aborted at /tmp/loop_over_bdir-379475-q5o5iV/TPath-1.007-0/blib/lib/TPath/TypeConstraints.pm line 6.
Compilation failed in require at /tmp/loop_over_bdir-379475-q5o5iV/TPath-1.007-0/blib/lib/TPath/Index.pm line 10.
BEGIN failed--compilation aborted at /tmp/loop_over_bdir-379475-q5o5iV/TPath-1.007-0/blib/lib/TPath/Index.pm line 10.
Compilation failed in require at t/ToyXMLForester.pm line 21.
BEGIN failed--compilation aborted at t/ToyXMLForester.pm line 21.
Compilation failed in require at t/compound.t line 12.
BEGIN failed--compilation aborted at t/compound.t line 12.
t/compound.t .................. 
Dubious, test returned 255 (wstat 65280, 0xff00)
No subtests run 
Eval-group not allowed at runtime, use re 'eval' in regex m/(?x)(?{; *Regexp::Grammars::LOGFILE
                        = Regexp::Grammars::_open_log('>>','-', 'for regex gramma.../ at (eval 194) line 2366.
Compilation failed in require at /tmp/loop_over_bdir-379475-q5o5iV/TPath-1.007-0/blib/lib/TPath/TypeConstraints.pm line 6.
BEGIN failed--compilation aborted at /tmp/loop_over_bdir-379475-q5o5iV/TPath-1.007-0/blib/lib/TPath/TypeConstraints.pm line 6.
Compilation failed in require at /tmp/loop_over_bdir-379475-q5o5iV/TPath-1.007-0/blib/lib/TPath/Index.pm line 10.
BEGIN failed--compilation aborted at /tmp/loop_over_bdir-379475-q5o5iV/TPath-1.007-0/blib/lib/TPath/Index.pm line 10.
Compilation failed in require at t/ToyXMLForester.pm line 21.
BEGIN failed--compilation aborted at t/ToyXMLForester.pm line 21.
Compilation failed in require at t/equality.t line 16.
BEGIN failed--compilation aborted at t/equality.t line 16.
t/equality.t .................. 
Dubious, test returned 255 (wstat 65280, 0xff00)
No subtests run 
Eval-group not allowed at runtime, use re 'eval' in regex m/(?x)(?{; *Regexp::Grammars::LOGFILE
                        = Regexp::Grammars::_open_log('>>','-', 'for regex gramma.../ at (eval 202) line 2366.
Compilation failed in require at /tmp/loop_over_bdir-379475-q5o5iV/TPath-1.007-0/blib/lib/TPath/TypeConstraints.pm line 6.
BEGIN failed--compilation aborted at /tmp/loop_over_bdir-379475-q5o5iV/TPath-1.007-0/blib/lib/TPath/TypeConstraints.pm line 6.
Compilation failed in require at /tmp/loop_over_bdir-379475-q5o5iV/TPath-1.007-0/blib/lib/TPath/Index.pm line 10.
BEGIN failed--compilation aborted at /tmp/loop_over_bdir-379475-q5o5iV/TPath-1.007-0/blib/lib/TPath/Index.pm line 10.
Compilation failed in require at t/ToyXMLForester.pm line 21.
BEGIN failed--compilation aborted at t/ToyXMLForester.pm line 21.
Compilation failed in require at t/extended_attributes.t line 14.
BEGIN failed--compilation aborted at t/extended_attributes.t line 14.
# Looks like your test exited with 255 before it could output anything.
t/extended_attributes.t ....... 
Dubious, test returned 255 (wstat 65280, 0xff00)
Failed 39/39 subtests 
Eval-group not allowed at runtime, use re 'eval' in regex m/(?x)(?{; *Regexp::Grammars::LOGFILE
                        = Regexp::Grammars::_open_log('>>','-', 'for regex gramma.../ at (eval 193) line 2366.
Compilation failed in require at /tmp/loop_over_bdir-379475-q5o5iV/TPath-1.007-0/blib/lib/TPath/TypeConstraints.pm line 6.
BEGIN failed--compilation aborted at /tmp/loop_over_bdir-379475-q5o5iV/TPath-1.007-0/blib/lib/TPath/TypeConstraints.pm line 6.
Compilation failed in require at /tmp/loop_over_bdir-379475-q5o5iV/TPath-1.007-0/blib/lib/TPath/Index.pm line 10.
BEGIN failed--compilation aborted at /tmp/loop_over_bdir-379475-q5o5iV/TPath-1.007-0/blib/lib/TPath/Index.pm line 10.
Compilation failed in require at t/ToyXMLForester.pm line 21.
BEGIN failed--compilation aborted at t/ToyXMLForester.pm line 21.
Compilation failed in require at t/index_functions.t line 12.
BEGIN failed--compilation aborted at t/index_functions.t line 12.
# Looks like your test exited with 255 before it could output anything.
t/index_functions.t ........... 
Dubious, test returned 255 (wstat 65280, 0xff00)
Failed 8/8 subtests 
Eval-group not allowed at runtime, use re 'eval' in regex m/(?x)(?{; *Regexp::Grammars::LOGFILE
                        = Regexp::Grammars::_open_log('>>','-', 'for regex gramma.../ at (eval 193) line 2366.
Compilation failed in require at /tmp/loop_over_bdir-379475-q5o5iV/TPath-1.007-0/blib/lib/TPath/TypeConstraints.pm line 6.
BEGIN failed--compilation aborted at /tmp/loop_over_bdir-379475-q5o5iV/TPath-1.007-0/blib/lib/TPath/TypeConstraints.pm line 6.
Compilation failed in require at /tmp/loop_over_bdir-379475-q5o5iV/TPath-1.007-0/blib/lib/TPath/Index.pm line 10.
BEGIN failed--compilation aborted at /tmp/loop_over_bdir-379475-q5o5iV/TPath-1.007-0/blib/lib/TPath/Index.pm line 10.
Compilation failed in require at t/ToyXMLForester.pm line 21.
BEGIN failed--compilation aborted at t/ToyXMLForester.pm line 21.
Compilation failed in require at t/match.t line 12.
BEGIN failed--compilation aborted at t/match.t line 12.
t/match.t ..................... 
Dubious, test returned 255 (wstat 65280, 0xff00)
No subtests run 
Eval-group not allowed at runtime, use re 'eval' in regex m/(?x)(?{; *Regexp::Grammars::LOGFILE
                        = Regexp::Grammars::_open_log('>>','-', 'for regex gramma.../ at (eval 193) line 2366.
Compilation failed in require at /tmp/loop_over_bdir-379475-q5o5iV/TPath-1.007-0/blib/lib/TPath/TypeConstraints.pm line 6.
BEGIN failed--compilation aborted at /tmp/loop_over_bdir-379475-q5o5iV/TPath-1.007-0/blib/lib/TPath/TypeConstraints.pm line 6.
Compilation failed in require at /tmp/loop_over_bdir-379475-q5o5iV/TPath-1.007-0/blib/lib/TPath/Index.pm line 10.
BEGIN failed--compilation aborted at /tmp/loop_over_bdir-379475-q5o5iV/TPath-1.007-0/blib/lib/TPath/Index.pm line 10.
Compilation failed in require at t/ToyXMLForester.pm line 21.
BEGIN failed--compilation aborted at t/ToyXMLForester.pm line 21.
Compilation failed in require at t/one_based_index.t line 12.
BEGIN failed--compilation aborted at t/one_based_index.t line 12.
t/one_based_index.t ........... 
Dubious, test returned 255 (wstat 65280, 0xff00)
No subtests run 
Eval-group not allowed at runtime, use re 'eval' in regex m/(?x)(?{; *Regexp::Grammars::LOGFILE
                        = Regexp::Grammars::_open_log('>>','-', 'for regex gramma.../ at (eval 9) line 2366.
Compilation failed in require at t/parsing.t line 6.
BEGIN failed--compilation aborted at t/parsing.t line 6.
t/parsing.t ................... 
Dubious, test returned 2 (wstat 512, 0x200)
No subtests run 
Eval-group not allowed at runtime, use re 'eval' in regex m/(?x)(?{; *Regexp::Grammars::LOGFILE
                        = Regexp::Grammars::_open_log('>>','-', 'for regex gramma.../ at (eval 193) line 2366.
Compilation failed in require at /tmp/loop_over_bdir-379475-q5o5iV/TPath-1.007-0/blib/lib/TPath/TypeConstraints.pm line 6.
BEGIN failed--compilation aborted at /tmp/loop_over_bdir-379475-q5o5iV/TPath-1.007-0/blib/lib/TPath/TypeConstraints.pm line 6.
Compilation failed in require at /tmp/loop_over_bdir-379475-q5o5iV/TPath-1.007-0/blib/lib/TPath/Index.pm line 10.
BEGIN failed--compilation aborted at /tmp/loop_over_bdir-379475-q5o5iV/TPath-1.007-0/blib/lib/TPath/Index.pm line 10.
Compilation failed in require at t/ToyXMLForester.pm line 21.
BEGIN failed--compilation aborted at t/ToyXMLForester.pm line 21.
Compilation failed in require at t/precedence.t line 13.
BEGIN failed--compilation aborted at t/precedence.t line 13.
# Looks like your test exited with 255 before it could output anything.
t/precedence.t ................ 
Dubious, test returned 255 (wstat 65280, 0xff00)
Failed 10/10 subtests 
Eval-group not allowed at runtime, use re 'eval' in regex m/(?x)(?{; *Regexp::Grammars::LOGFILE
                        = Regexp::Grammars::_open_log('>>','-', 'for regex gramma.../ at (eval 193) line 2366.
Compilation failed in require at /tmp/loop_over_bdir-379475-q5o5iV/TPath-1.007-0/blib/lib/TPath/TypeConstraints.pm line 6.
BEGIN failed--compilation aborted at /tmp/loop_over_bdir-379475-q5o5iV/TPath-1.007-0/blib/lib/TPath/TypeConstraints.pm line 6.
Compilation failed in require at /tmp/loop_over_bdir-379475-q5o5iV/TPath-1.007-0/blib/lib/TPath/Index.pm line 10.
BEGIN failed--compilation aborted at /tmp/loop_over_bdir-379475-q5o5iV/TPath-1.007-0/blib/lib/TPath/Index.pm line 10.
Compilation failed in require at t/ToyXMLForester.pm line 21.
BEGIN failed--compilation aborted at t/ToyXMLForester.pm line 21.
Compilation failed in require at t/predicate_scope.t line 12.
BEGIN failed--compilation aborted at t/predicate_scope.t line 12.
t/predicate_scope.t ........... 
Dubious, test returned 255 (wstat 65280, 0xff00)
No subtests run 
Eval-group not allowed at runtime, use re 'eval' in regex m/(?x)(?{; *Regexp::Grammars::LOGFILE
                        = Regexp::Grammars::_open_log('>>','-', 'for regex gramma.../ at (eval 194) line 2366.
Compilation failed in require at /tmp/loop_over_bdir-379475-q5o5iV/TPath-1.007-0/blib/lib/TPath/TypeConstraints.pm line 6.
BEGIN failed--compilation aborted at /tmp/loop_over_bdir-379475-q5o5iV/TPath-1.007-0/blib/lib/TPath/TypeConstraints.pm line 6.
Compilation failed in require at /tmp/loop_over_bdir-379475-q5o5iV/TPath-1.007-0/blib/lib/TPath/Index.pm line 10.
BEGIN failed--compilation aborted at /tmp/loop_over_bdir-379475-q5o5iV/TPath-1.007-0/blib/lib/TPath/Index.pm line 10.
Compilation failed in require at t/ToyXMLForester.pm line 21.
BEGIN failed--compilation aborted at t/ToyXMLForester.pm line 21.
Compilation failed in require at t/previous.t line 13.
BEGIN failed--compilation aborted at t/previous.t line 13.
t/previous.t .................. 
Dubious, test returned 255 (wstat 65280, 0xff00)
No subtests run 
t/release-00element.t ......... skipped: these tests are for release candidate testing
t/release-01parsing.t ......... skipped: these tests are for release candidate testing
t/release-unused-vars.t ....... skipped: these tests are for release candidate testing
Eval-group not allowed at runtime, use re 'eval' in regex m/(?x)(?{; *Regexp::Grammars::LOGFILE
                        = Regexp::Grammars::_open_log('>>','-', 'for regex gramma.../ at (eval 194) line 2366.
Compilation failed in require at /tmp/loop_over_bdir-379475-q5o5iV/TPath-1.007-0/blib/lib/TPath/TypeConstraints.pm line 6.
BEGIN failed--compilation aborted at /tmp/loop_over_bdir-379475-q5o5iV/TPath-1.007-0/blib/lib/TPath/TypeConstraints.pm line 6.
Compilation failed in require at /tmp/loop_over_bdir-379475-q5o5iV/TPath-1.007-0/blib/lib/TPath/Index.pm line 10.
BEGIN failed--compilation aborted at /tmp/loop_over_bdir-379475-q5o5iV/TPath-1.007-0/blib/lib/TPath/Index.pm line 10.
Compilation failed in require at t/ToyXMLForester.pm line 21.
BEGIN failed--compilation aborted at t/ToyXMLForester.pm line 21.
Compilation failed in require at t/stringification.t line 14.
BEGIN failed--compilation aborted at t/stringification.t line 14.
t/stringification.t ........... 
Dubious, test returned 255 (wstat 65280, 0xff00)
No subtests run 

Test Summary Report
-------------------
t/00-compile.t              (Wstat: 10240 (exited 40) Tests: 64 Failed: 40)
  Failed tests:  2-3, 6-7, 9-10, 12-13, 15, 18-21, 24, 27-29
                31-47, 51, 53, 60-62, 64
  Non-zero exit status: 40
t/attribute_tests.t         (Wstat: 65280 (exited 255) Tests: 0 Failed: 0)
  Non-zero exit status: 255
  Parse errors: Bad plan.  You planned 45 tests but ran 0.
t/attributes.t              (Wstat: 65280 (exited 255) Tests: 0 Failed: 0)
  Non-zero exit status: 255
  Parse errors: Bad plan.  You planned 63 tests but ran 0.
t/axis.t                    (Wstat: 65280 (exited 255) Tests: 0 Failed: 0)
  Non-zero exit status: 255
  Parse errors: Bad plan.  You planned 29 tests but ran 0.
t/axis_order.t              (Wstat: 65280 (exited 255) Tests: 0 Failed: 0)
  Non-zero exit status: 255
  Parse errors: No plan found in TAP output
t/basic.t                   (Wstat: 65280 (exited 255) Tests: 0 Failed: 0)
  Non-zero exit status: 255
  Parse errors: Bad plan.  You planned 106 tests but ran 0.
t/case_sensitivity.t        (Wstat: 65280 (exited 255) Tests: 0 Failed: 0)
  Non-zero exit status: 255
  Parse errors: No plan found in TAP output
t/compound.t                (Wstat: 65280 (exited 255) Tests: 0 Failed: 0)
  Non-zero exit status: 255
  Parse errors: No plan found in TAP output
t/equality.t                (Wstat: 65280 (exited 255) Tests: 0 Failed: 0)
  Non-zero exit status: 255
  Parse errors: No plan found in TAP output
t/extended_attributes.t     (Wstat: 65280 (exited 255) Tests: 0 Failed: 0)
  Non-zero exit status: 255
  Parse errors: Bad plan.  You planned 39 tests but ran 0.
t/index_functions.t         (Wstat: 65280 (exited 255) Tests: 0 Failed: 0)
  Non-zero exit status: 255
  Parse errors: Bad plan.  You planned 8 tests but ran 0.
t/match.t                   (Wstat: 65280 (exited 255) Tests: 0 Failed: 0)
  Non-zero exit status: 255
  Parse errors: No plan found in TAP output
t/one_based_index.t         (Wstat: 65280 (exited 255) Tests: 0 Failed: 0)
  Non-zero exit status: 255
  Parse errors: No plan found in TAP output
t/parsing.t                 (Wstat: 512 (exited 2) Tests: 0 Failed: 0)
  Non-zero exit status: 2
  Parse errors: No plan found in TAP output
t/precedence.t              (Wstat: 65280 (exited 255) Tests: 0 Failed: 0)
  Non-zero exit status: 255
  Parse errors: Bad plan.  You planned 10 tests but ran 0.
t/predicate_scope.t         (Wstat: 65280 (exited 255) Tests: 0 Failed: 0)
  Non-zero exit status: 255
  Parse errors: No plan found in TAP output
t/previous.t                (Wstat: 65280 (exited 255) Tests: 0 Failed: 0)
  Non-zero exit status: 255
  Parse errors: No plan found in TAP output
t/stringification.t         (Wstat: 65280 (exited 255) Tests: 0 Failed: 0)
  Non-zero exit status: 255
  Parse errors: No plan found in TAP output
Files=22, Tests=65, 24 wallclock secs ( 0.07 usr  0.04 sys + 21.27 cusr  2.97 csys = 24.35 CPU)
Result: FAIL
Failed 18/22 test programs. 40/65 subtests failed.
make: *** [Makefile:1168: test_dynamic] Error 255

------------------------------
PREREQUISITES
------------------------------

Prerequisite modules loaded:

requires:

    Module                         Need   Have    
    ------------------------------ ------ --------
    aliased                        0      0.34    
    Exporter                       0      5.79    
    if                             0      0.0610  
    List::Util                     0      1.68_01 
    Math::Trig                     0      1.63    
    Moose                          2.0604 2.2207  
    Moose::Role                    2.0604 2.2207  
    Moose::Util::TypeConstraints   2.0604 2.2207  
    MooseX::MethodAttributes::Role 0.28   0.32    
    MooseX::SingletonMethod        0.03   0.03    
    namespace::autoclean           0      0.31    
    overload                       0      1.40    
    parent                         0      0.244   
    POSIX                          0      2.23    
    Regexp::Grammars               1.026  1.058   
    Scalar::Util                   0      1.68_01 
    strict                         0      1.13    
    Time::HiRes                    0      1.9777  
    warnings                       0      1.74    

build_requires:

    Module                         Need   Have    
    ------------------------------ ------ --------
    base                           0      2.27    
    Carp                           0      1.54    
    ExtUtils::MakeMaker            0      7.72    
    feature                        0      1.95    
    File::Basename                 0      2.86    
    File::Spec                     0      3.93    
    IO::Handle                     0      1.55    
    IPC::Open3                     0      1.24    
    List::MoreUtils                0      0.430   
    MooseX::MethodAttributes       0      0.32    
    Test::Exception                0      0.43    
    Test::More                     0.88   1.302209
    Test::Trap                     0      0.3.5   

configure_requires:

    Module                         Need   Have    
    ------------------------------ ------ --------
    ExtUtils::MakeMaker            0      7.72    


------------------------------
ENVIRONMENT AND OTHER CONTEXT
------------------------------

Environment variables:

    AUTOMATED_TESTING = 1
    LANG = en_US.UTF-8
    LC_ADDRESS = de_DE.UTF-8
    LC_IDENTIFICATION = de_DE.UTF-8
    LC_MEASUREMENT = de_DE.UTF-8
    LC_MONETARY = de_DE.UTF-8
    LC_NAME = de_DE.UTF-8
    LC_NUMERIC = de_DE.UTF-8
    LC_PAPER = de_DE.UTF-8
    LC_TELEPHONE = de_DE.UTF-8
    LC_TIME = de_DE.UTF-8
    PATH = /home/sand/bin:/usr/local/bin:/usr/local/sbin:/usr/sbin:/usr/bin:/sbin:/bin:/usr/games:/usr/local/games:/snap/bin:/usr/local/perl/bin:/usr/X11/bin
    PERL = /tmp/basesmoker-reloperl-V1HQ/bin/perl
    PERL5LIB = /tmp/loop_over_bdir-379475-q5o5iV/Net-ISP-Balance-1.31-0/blib/arch:/tmp/loop_over_bdir-379475-q5o5iV/Net-ISP-Balance-1.31-0/blib/lib:/tmp/loop_over_bdir-379475-q5o5iV/Lingua-YaTeA-0.626-0/blib/arch:/tmp/loop_over_bdir-379475-q5o5iV/Lingua-YaTeA-0.626-0/blib/lib:/tmp/loop_over_bdir-379475-q5o5iV/Module-ScanDeps-Static-1.7.2-0/blib/arch:/tmp/loop_over_bdir-379475-q5o5iV/Module-ScanDeps-Static-1.7.2-0/blib/lib:/tmp/loop_over_bdir-379475-q5o5iV/App-oo_modulino_zsh_completion_helper-0.06-0/blib/arch:/tmp/loop_over_bdir-379475-q5o5iV/App-oo_modulino_zsh_completion_helper-0.06-0/blib/lib:/tmp/loop_over_bdir-379475-q5o5iV/Devel-Required-0.16-0/blib/arch:/tmp/loop_over_bdir-379475-q5o5iV/Devel-Required-0.16-0/blib/lib
    PERL5OPT = 
    PERL5_CPANPLUS_IS_RUNNING = 379484
    PERL5_CPAN_IS_RUNNING = 379484
    PERL_CANARY_STABILITY_NOPROMPT = 1
    PERL_MM_USE_DEFAULT = 1
    PERL_USE_UNSAFE_INC = 1
    SHELL = /usr/bin/zsh
    TERM = screen

Perl special variables (and OS-specific diagnostics, for MSWin32):

    $^X = /tmp/basesmoker-reloperl-V1HQ/bin/perl
    $UID/$EUID = 1005 / 1005
    $GID = 1005 1005
    $EGID = 1005 1005

Perl module toolchain versions installed:

    Module              Have    
    ------------------- --------
    CPAN                2.38    
    CPAN::Meta          2.150010
    Cwd                 3.92    
    ExtUtils::CBuilder  0.280240
    ExtUtils::Command   7.72    
    ExtUtils::Install   2.22    
    ExtUtils::MakeMaker 7.72    
    ExtUtils::Manifest  1.75    
    ExtUtils::ParseXS   3.57    
    File::Spec          3.93    
    JSON                4.10    
    JSON::PP            4.16    
    Module::Build       0.4234  
    Module::Signature   0.89    
    Parse::CPAN::Meta   2.150010
    Test2               1.302209
    Test::Harness       3.50    
    Test::More          1.302209
    YAML                1.31    
    YAML::Syck          1.34    
    version             0.9933  


--

Summary of my perl5 (revision 5 version 41 subversion 10) configuration:
  Commit id: 6a1cf63fc3f0e8d25b8f3837f9ca46b3bbc65885
  Platform:
    osname=linux
    osvers=6.8.0-52-generic
    archname=x86_64-linux-thread-multi-ld
    uname='linux k93jammy 6.8.0-52-generic #53~22.04.1-ubuntu smp preempt_dynamic wed jan 15 19:18:46 utc 2 x86_64 x86_64 x86_64 gnulinux '
    config_args='-Dprefix=/home/sand/src/perl/repoperls/installed-perls/host/k93jammy/v5.41.10/322f -Dmyhostname=k93jammy -Dinstallusrbinperl=n -Uversiononly -Dusedevel -des -Ui_db -Dlibswanted=cl pthread socket inet nsl gdbm dbm malloc dl ld sun m crypt sec util c cposix posix ucb BSD gdbm_compat -Duseithreads -Duselongdouble -DEBUGGING=-g'
    hint=recommended
    useposix=true
    d_sigaction=define
    useithreads=define
    usemultiplicity=define
    use64bitint=define
    use64bitall=define
    uselongdouble=define
    usemymalloc=n
    default_inc_excludes_dot=define
  Compiler:
    cc='cc'
    ccflags ='-D_REENTRANT -D_GNU_SOURCE -fwrapv -fno-strict-aliasing -pipe -fstack-protector-strong -I/usr/local/include -D_LARGEFILE_SOURCE -D_FILE_OFFSET_BITS=64'
    optimize='-O2 -g'
    cppflags='-D_REENTRANT -D_GNU_SOURCE -fwrapv -fno-strict-aliasing -pipe -fstack-protector-strong -I/usr/local/include'
    ccversion=''
    gccversion='11.4.0'
    gccosandvers=''
    intsize=4
    longsize=8
    ptrsize=8
    doublesize=8
    byteorder=12345678
    doublekind=3
    d_longlong=define
    longlongsize=8
    d_longdbl=define
    longdblsize=16
    longdblkind=3
    ivtype='long'
    ivsize=8
    nvtype='long double'
    nvsize=16
    Off_t='off_t'
    lseeksize=8
    alignbytes=16
    prototype=define
  Linker and Libraries:
    ld='cc'
    ldflags =' -fstack-protector-strong -L/usr/local/lib'
    libpth=/usr/local/lib /usr/lib/x86_64-linux-gnu /usr/lib /usr/lib64
    libs=-lpthread -lnsl -ldl -lm -lcrypt -lutil -lc
    perllibs=-lpthread -lnsl -ldl -lm -lcrypt -lutil -lc
    libc=/lib/x86_64-linux-gnu/libc.so.6
    so=so
    useshrplib=false
    libperl=libperl.a
    gnulibc_version='2.35'
  Dynamic Linking:
    dlsrc=dl_dlopen.xs
    dlext=so
    d_dlsymun=undef
    ccdlflags='-Wl,-E'
    cccdlflags='-fPIC'
    lddlflags='-shared -O2 -g -L/usr/local/lib -fstack-protector-strong'


Characteristics of this binary (from libperl): 
  Compile-time options:
    HAS_LONG_DOUBLE
    HAS_STRTOLD
    HAS_TIMES
    MULTIPLICITY
    PERLIO_LAYERS
    PERL_COPY_ON_WRITE
    PERL_DONT_CREATE_GVSV
    PERL_HASH_FUNC_SIPHASH13
    PERL_HASH_USE_SBOX32
    PERL_MALLOC_WRAP
    PERL_OP_PARENT
    PERL_PRESERVE_IVUV
    PERL_USE_DEVEL
    PERL_USE_SAFE_PUTENV
    USE_64_BIT_ALL
    USE_64_BIT_INT
    USE_ITHREADS
    USE_LARGE_FILES
    USE_LOCALE
    USE_LOCALE_COLLATE
    USE_LOCALE_CTYPE
    USE_LOCALE_NUMERIC
    USE_LOCALE_TIME
    USE_LONG_DOUBLE
    USE_PERLIO
    USE_PERL_ATOF
    USE_REENTRANT_API
    USE_THREAD_SAFE_LOCALE
  Built under linux
  Compiled at Mar 25 2025 13:30:32
  %ENV:
    PERL="/tmp/basesmoker-reloperl-V1HQ/bin/perl"
    PERL5LIB="/tmp/loop_over_bdir-379475-q5o5iV/Net-ISP-Balance-1.31-0/blib/arch:/tmp/loop_over_bdir-379475-q5o5iV/Net-ISP-Balance-1.31-0/blib/lib:/tmp/loop_over_bdir-379475-q5o5iV/Lingua-YaTeA-0.626-0/blib/arch:/tmp/loop_over_bdir-379475-q5o5iV/Lingua-YaTeA-0.626-0/blib/lib:/tmp/loop_over_bdir-379475-q5o5iV/Module-ScanDeps-Static-1.7.2-0/blib/arch:/tmp/loop_over_bdir-379475-q5o5iV/Module-ScanDeps-Static-1.7.2-0/blib/lib:/tmp/loop_over_bdir-379475-q5o5iV/App-oo_modulino_zsh_completion_helper-0.06-0/blib/arch:/tmp/loop_over_bdir-379475-q5o5iV/App-oo_modulino_zsh_completion_helper-0.06-0/blib/lib:/tmp/loop_over_bdir-379475-q5o5iV/Devel-Required-0.16-0/blib/arch:/tmp/loop_over_bdir-379475-q5o5iV/Devel-Required-0.16-0/blib/lib"
    PERL5OPT=""
    PERL5_CPANPLUS_IS_RUNNING="379484"
    PERL5_CPAN_IS_RUNNING="379484"
    PERL_CANARY_STABILITY_NOPROMPT="1"
    PERL_MM_USE_DEFAULT="1"
    PERL_USE_UNSAFE_INC="1"
  @INC:
    /tmp/loop_over_bdir-379475-q5o5iV/Net-ISP-Balance-1.31-0/blib/arch
    /tmp/loop_over_bdir-379475-q5o5iV/Net-ISP-Balance-1.31-0/blib/lib
    /tmp/loop_over_bdir-379475-q5o5iV/Lingua-YaTeA-0.626-0/blib/arch
    /tmp/loop_over_bdir-379475-q5o5iV/Lingua-YaTeA-0.626-0/blib/lib
    /tmp/loop_over_bdir-379475-q5o5iV/Module-ScanDeps-Static-1.7.2-0/blib/arch
    /tmp/loop_over_bdir-379475-q5o5iV/Module-ScanDeps-Static-1.7.2-0/blib/lib
    /tmp/loop_over_bdir-379475-q5o5iV/App-oo_modulino_zsh_completion_helper-0.06-0/blib/arch
    /tmp/loop_over_bdir-379475-q5o5iV/App-oo_modulino_zsh_completion_helper-0.06-0/blib/lib
    /tmp/loop_over_bdir-379475-q5o5iV/Devel-Required-0.16-0/blib/arch
    /tmp/loop_over_bdir-379475-q5o5iV/Devel-Required-0.16-0/blib/lib
    /home/sand/src/perl/repoperls/installed-perls/host/k93jammy/v5.41.10/322f/lib/site_perl/5.41.10/x86_64-linux-thread-multi-ld
    /home/sand/src/perl/repoperls/installed-perls/host/k93jammy/v5.41.10/322f/lib/site_perl/5.41.10
    /home/sand/src/perl/repoperls/installed-perls/host/k93jammy/v5.41.10/322f/lib/5.41.10/x86_64-linux-thread-multi-ld
    /home/sand/src/perl/repoperls/installed-perls/host/k93jammy/v5.41.10/322f/lib/5.41.10
    .