Back
From: metabase:user:320bfe00-2aae-11df-837a-5e0a49663a4f
Subject: FAIL Catmandu-Fix-marc_spec-0.0.1 v5.22.3 GNU/Linux
Date: 2017-03-08T18:03:33Z
This distribution has been tested as part of the CPAN Testers
project, supporting the Perl programming language. See
http://wiki.cpantesters.org/ for more information or email
questions to cpan-testers-discuss@perl.org
--
Dear Carsten Klee,
This is a computer-generated report for Catmandu-Fix-marc_spec-0.0.1
on perl 5.22.3, created by CPAN-Reporter-1.2018.
Thank you for uploading your work to CPAN. However, there was a problem
testing your distribution.
If you think this report is invalid, please consult the CPAN Testers Wiki
for suggestions on how to avoid getting FAIL reports for missing library
or binary dependencies, unsupported operating systems, and so on:
http://wiki.cpantesters.org/wiki/CPANAuthorNotes
Sections of this report:
* Tester comments
* Program output
* Prerequisites
* Environment and other context
------------------------------
TESTER COMMENTS
------------------------------
Additional comments from tester:
this report is from an automated smoke testing program
and was not reviewed by a human for accuracy
------------------------------
PROGRAM OUTPUT
------------------------------
Output from './Build test':
deprecatedOops! Importer "USMARC" is deprecated. Use "ISO" instead. at /home/sand/src/perl/repoperls/installed-perls/host/k93msid/v5.22.3/2d7c/lib/site_perl/5.22.3/Catmandu/Importer/MARC.pm line 34.
# Failed test 'fix: marc_spec('001', my.id);'
# at t/18-marc_spec.t line 13.
# got: undef
# expected: 'fol05731351 '
# Failed test 'fix: marc_spec('245', my.title.all);'
# at t/18-marc_spec.t line 20.
# got: undef
# expected: 'Cross-platform Perl /Eric F. Johnson.'
# Failed test 'fix: marc_spec('245', my.title.default, value:'the title');'
# at t/18-marc_spec.t line 22.
# got: undef
# expected: 'the title'
# Failed test 'fix: marc_spec('650', my.subjects.all);'
# at t/18-marc_spec.t line 24.
# got: undef
# expected: 'Perl (Computer program language)Web servers.Cross-platform software development.'
# Failed test 'fix: marc_spec('650', my.subjects.joined, join:'###');'
# at t/18-marc_spec.t line 26.
# got: undef
# expected: 'Perl (Computer program language)###Web servers.###Cross-platform software development.'
# Failed test 'fix: marc_spec('650', my.append.subjects.$append);'
# at t/18-marc_spec.t line 30.
# Structures begin differing at:
# $got = undef
# $expected = ARRAY(0x555e787419e8)
# Failed test 'fix: marc_spec('650', my.split.subjects, split:1);'
# at t/18-marc_spec.t line 35.
# Structures begin differing at:
# $got = undef
# $expected = ARRAY(0x555e785ea090)
# Failed test 'fix: marc_spec('650', my.append.split.subjects.$append, split:1);'
# at t/18-marc_spec.t line 42.
# Structures begin differing at:
# $got = undef
# $expected = ARRAY(0x555e785d0738)
# Failed test 'fix: marc_spec('..._10', my.fields.indicators10.$append);'
# at t/18-marc_spec.t line 51.
# Structures begin differing at:
# $got = undef
# $expected = ARRAY(0x555e785e9fa0)
# Failed test 'fix: marc_spec('...__0', my.fields.indicators_0, split:1);'
# at t/18-marc_spec.t line 54.
# got: '0'
# expected: '9'
# Failed test 'fix: marc_spec('LDR', my.ldr.all);'
# at t/18-marc_spec.t line 56.
# got: undef
# expected: '00696nam 22002538a 4500'
# Failed test 'fix: marc_spec('LDR', my.firstcharpos.ldr);'
# at t/18-marc_spec.t line 58.
# got: undef
# expected: '0069'
# Failed test 'fix: marc_spec('LDR/#-3', my.lastcharpos.ldr);'
# at t/18-marc_spec.t line 60.
# got: undef
# expected: '4500'
# Failed test 'fix: marc_spec('245$a', my.title.proper);'
# at t/18-marc_spec.t line 62.
# got: undef
# expected: 'Cross-platform Perl /'
# Failed test 'fix: marc_spec('245_10$a', my.title.indicator.proper);'
# at t/18-marc_spec.t line 64.
# got: undef
# expected: 'Cross-platform Perl /'
# Failed test 'fix: marc_spec('245$a/0-1', my.title.charpos);'
# at t/18-marc_spec.t line 66.
# got: undef
# expected: 'Cr'
# Failed test 'fix: marc_spec('650[1]', my.second.subjects);'
# at t/18-marc_spec.t line 68.
# got: undef
# expected: 'Web servers.'
# Failed test 'fix: marc_spec('650[#]', my.last.subjects);'
# at t/18-marc_spec.t line 69.
# got: undef
# expected: 'Cross-platform software development.'
# Failed test 'fix: marc_spec('650[0-1]', my.two.split.subjects, split:1);'
# at t/18-marc_spec.t line 73.
# Structures begin differing at:
# $got = undef
# $expected = ARRAY(0x555e786d3238)
# Failed test 'fix: marc_spec('650[#-1]', my.two.join.subjects, join:'###');'
# at t/18-marc_spec.t line 76.
# got: undef
# expected: 'Web servers.###Cross-platform software development.'
# Failed test 'fix: marc_spec('020$a[0]', my.isbn.number);'
# at t/18-marc_spec.t line 78.
# got: undef
# expected: '0764547291 (alk. paper)0491001304test0491001304'
# Failed test 'fix: marc_spec('020$a[0]', my.isbn.numbers);'
# at t/18-marc_spec.t line 79.
# got: undef
# expected: '0764547291 (alk. paper)0491001304'
# Failed test 'fix: marc_spec('020$q[0]', my.isbn.qual.first);'
# at t/18-marc_spec.t line 81.
# got: undef
# expected: 'black leather'
# Failed test 'fix: marc_spec('020$q[1]', my.isbn.qual.second);'
# at t/18-marc_spec.t line 82.
# got: undef
# expected: 'blue pigskin'
# Failed test 'fix: marc_spec('020$q[#]', my.isbn.qual.last);'
# at t/18-marc_spec.t line 83.
# got: undef
# expected: 'easel binding'
# Failed test 'fix: marc_spec('020$q$a', my.isbns.all, split:1);'
# at t/18-marc_spec.t line 87.
# Structures begin differing at:
# $got = undef
# $expected = ARRAY(0x555e786d2a28)
# Failed test 'fix: marc_spec('020$q$a', my.isbns.all, split:1, pluck:1);'
# at t/18-marc_spec.t line 98.
# Structures begin differing at:
# $got = undef
# $expected = ARRAY(0x555e78772170)
# Failed test 'fix: marc_spec('020$q[#]$a[1]', my.isbn.qual.other, split:1);'
# at t/18-marc_spec.t line 109.
# Structures begin differing at:
# $got = undef
# $expected = ARRAY(0x555e787763b0)
# Failed test 'fix: marc_spec('020$q[#-1]$a[0-1]', my.isbn.qual.range, split:1);'
# at t/18-marc_spec.t line 116.
# Structures begin differing at:
# $got = undef
# $expected = ARRAY(0x555e78767610)
# Failed test 'fix: marc_spec('020$q[#]/0-4$a[1]/#-0', my.isbn.qual.substring.other, split:1);'
# at t/18-marc_spec.t line 126.
# Structures begin differing at:
# $got = undef
# $expected = ARRAY(0x555e787763b0)
# Failed test 'fix: marc_spec('260[#]$b$a', my.level3.inverted, invert:1);'
# at t/18-marc_spec.t line 131.
# got: undef
# expected: '2000.'
# Failed test 'fix: marc_spec('020$a$q[#]', my.level2.inverted, invert:1);'
# at t/18-marc_spec.t line 132.
# got: undef
# expected: 'black leatherblue pigskin'
# Failed test 'fix: marc_spec('020[#]$a$q[#]/1-5', my.level1.inverted, invert:1);'
# at t/18-marc_spec.t line 133.
# got: undef
# expected: 'ebinding'
# Failed test 'fix: marc_spec('020[#]$a$q[0]/1-5$q[1]/1-5$q[2]/1-5', my.multi.level1.inverted, invert:1);'
# at t/18-marc_spec.t line 134.
# got: undef
# expected: 'bleatherbigskinebinding'
# Looks like you failed 34 tests of 37.
t/18-marc_spec.t ........
Dubious, test returned 34 (wstat 8704, 0x2200)
Failed 34/37 subtests
t/basic.t ............... ok
t/release-pod-syntax.t .. skipped: these tests are for release candidate testing
Test Summary Report
-------------------
t/18-marc_spec.t (Wstat: 8704 Tests: 37 Failed: 34)
Failed tests: 1, 4-24, 26-37
Non-zero exit status: 34
Files=3, Tests=38, 2 wallclock secs ( 0.03 usr 0.04 sys + 0.72 cusr 0.18 csys = 0.97 CPU)
Result: FAIL
------------------------------
PREREQUISITES
------------------------------
Prerequisite modules loaded:
requires:
Module Need Have
------------------- ------- --------
Catmandu 1.0201 1.0305
Catmandu::MARC 0.218 1.08
Const::Fast 0.014 0.014
MARC::Spec 0 0.1.1
Moo 1.0 2.003000
perl v5.10.1 5.022003
build_requires:
Module Need Have
------------------- ------- --------
Test::More 0.96 1.302078
configure_requires:
Module Need Have
------------------- ------- --------
Module::Build::Tiny 0.034 0.039
------------------------------
ENVIRONMENT AND OTHER CONTEXT
------------------------------
Environment variables:
AUTOMATED_TESTING = 1
LANG = en_US.UTF-8
PATH = /home/sand/bin:/usr/local/bin:/usr/bin:/bin:/usr/games:/usr/local/perl/bin:/usr/X11/bin:/sbin:/usr/sbin
PERL5LIB =
PERL5OPT =
PERL5_CPANPLUS_IS_RUNNING = 2536
PERL5_CPAN_IS_RUNNING = 2536
PERL_CANARY_STABILITY_NOPROMPT = 1
PERL_MM_USE_DEFAULT = 1
PERL_USE_UNSAFE_INC = 1
SHELL = /usr/bin/zsh
TERM = screen
Perl special variables (and OS-specific diagnostics, for MSWin32):
$^X = /home/sand/src/perl/repoperls/installed-perls/host/k93msid/v5.22.3/2d7c/bin/perl
$UID/$EUID = 1005 / 1005
$GID = 1005 1005
$EGID = 1005 1005
Perl module toolchain versions installed:
Module Have
------------------- --------
CPAN 2.17
CPAN::Meta 2.150010
Cwd 3.62
ExtUtils::CBuilder 0.280224
ExtUtils::Command 7.25_01
ExtUtils::Install 2.04
ExtUtils::MakeMaker 7.25_01
ExtUtils::Manifest 1.70
ExtUtils::ParseXS 3.28
File::Spec 3.62
JSON 2.90
JSON::PP 2.27400
Module::Build 0.4220
Module::Signature 0.81
Parse::CPAN::Meta 2.150010
Test::Harness 3.37_01
Test::More 1.302078
YAML 1.23
YAML::Syck 1.29
version 0.9909
--
Summary of my perl5 (revision 5 version 22 subversion 3) configuration:
Derived from: 16b638b0a20de774856b3a21a75a5e373af5262c
Platform:
osname=linux, osvers=4.8.0-2-amd64, archname=x86_64-linux-ld
uname='linux k93msid 4.8.0-2-amd64 #1 smp debian 4.8.11-1 (2016-12-02) x86_64 gnulinux '
config_args='-Dprefix=/home/sand/src/perl/repoperls/installed-perls/host/k93msid/v5.22.3/2d7c -Dmyhostname=k93msid -Dinstallusrbinperl=n -Uversiononly -Dusedevel -des -Ui_db -Dlibswanted=cl pthread socket inet nsl gdbm dbm malloc dl ld sun m crypt sec util c cposix posix ucb BSD gdbm_compat -Uuseithreads -Duselongdouble -DDEBUGGING=-g'
hint=recommended, useposix=true, d_sigaction=define
useithreads=undef, usemultiplicity=undef
use64bitint=define, use64bitall=define, uselongdouble=define
usemymalloc=n, bincompat5005=undef
Compiler:
cc='cc', ccflags ='-fwrapv -fno-strict-aliasing -pipe -fstack-protector-strong -I/usr/local/include -D_LARGEFILE_SOURCE -D_FILE_OFFSET_BITS=64',
optimize='-O2 -g',
cppflags='-fwrapv -fno-strict-aliasing -pipe -fstack-protector-strong -I/usr/local/include'
ccversion='', gccversion='6.2.1 20161124', gccosandvers=''
intsize=4, longsize=8, ptrsize=8, doublesize=8, byteorder=12345678, doublekind=3
d_longlong=define, longlongsize=8, d_longdbl=define, longdblsize=16, longdblkind=3
ivtype='long', ivsize=8, nvtype='long double', nvsize=16, Off_t='off_t', lseeksize=8
alignbytes=16, prototype=define
Linker and Libraries:
ld='cc', ldflags =' -fstack-protector-strong -L/usr/local/lib'
libpth=/usr/local/lib /usr/lib/gcc/x86_64-linux-gnu/6/include-fixed /usr/include/x86_64-linux-gnu /usr/lib /lib/x86_64-linux-gnu /lib/../lib /usr/lib/x86_64-linux-gnu /usr/lib/../lib /lib
libs=-lpthread -lnsl -ldl -lm -lcrypt -lutil -lc
perllibs=-lpthread -lnsl -ldl -lm -lcrypt -lutil -lc
libc=libc-2.24.so, so=so, useshrplib=false, libperl=libperl.a
gnulibc_version='2.24'
Dynamic Linking:
dlsrc=dl_dlopen.xs, dlext=so, d_dlsymun=undef, ccdlflags='-Wl,-E'
cccdlflags='-fPIC', lddlflags='-shared -O2 -g -L/usr/local/lib -fstack-protector-strong'
Characteristics of this binary (from libperl):
Compile-time options: HAS_TIMES PERLIO_LAYERS PERL_DONT_CREATE_GVSV
PERL_HASH_FUNC_ONE_AT_A_TIME_HARD PERL_MALLOC_WRAP
PERL_NEW_COPY_ON_WRITE PERL_PRESERVE_IVUV
PERL_USE_DEVEL USE_64_BIT_ALL USE_64_BIT_INT
USE_LARGE_FILES USE_LOCALE USE_LOCALE_COLLATE
USE_LOCALE_CTYPE USE_LOCALE_NUMERIC USE_LOCALE_TIME
USE_LONG_DOUBLE USE_PERLIO USE_PERL_ATOF
Locally applied patches:
uncommitted-changes
Built under linux
Compiled at Jan 15 2017 19:50:25
%ENV:
PERL5LIB=""
PERL5OPT=""
PERL5_CPANPLUS_IS_RUNNING="2536"
PERL5_CPAN_IS_RUNNING="2536"
PERL_CANARY_STABILITY_NOPROMPT="1"
PERL_MM_USE_DEFAULT="1"
PERL_USE_UNSAFE_INC="1"
@INC:
/home/sand/src/perl/repoperls/installed-perls/host/k93msid/v5.22.3/2d7c/lib/site_perl/5.22.3/x86_64-linux-ld
/home/sand/src/perl/repoperls/installed-perls/host/k93msid/v5.22.3/2d7c/lib/site_perl/5.22.3
/home/sand/src/perl/repoperls/installed-perls/host/k93msid/v5.22.3/2d7c/lib/5.22.3/x86_64-linux-ld
/home/sand/src/perl/repoperls/installed-perls/host/k93msid/v5.22.3/2d7c/lib/5.22.3
.