GOBO v0.03 Perl 5 v5.20.2 amd64-freebsd

Status
Fail
From
Slaven Rezić (SREZIC)
Dist
GOBO v0.03
Platform
Perl 5 v5.20.2 amd64-freebsd
Date
2019-03-04 22:33:33
ID
8b0872f8-3ecd-11e9-b433-898b1f24ea8f
This distribution has been tested as part of the CPAN Testers
project, supporting the Perl programming language.  See
http://wiki.cpantesters.org/ for more information or email
questions to cpan-testers-discuss@perl.org


--
Dear Chris Mungall,

This is a computer-generated report for GOBO-0.03
on perl 5.20.2, created by CPAN-Reporter-1.2018.

Thank you for uploading your work to CPAN.  However, there was a problem
testing your distribution.

If you think this report is invalid, please consult the CPAN Testers Wiki
for suggestions on how to avoid getting FAIL reports for missing library
or binary dependencies, unsupported operating systems, and so on:

http://wiki.cpantesters.org/wiki/CPANAuthorNotes

Sections of this report:

    * Tester comments
    * Program output
    * Prerequisites
    * Environment and other context

------------------------------
TESTER COMMENTS
------------------------------

Additional comments from tester:

none provided

------------------------------
PROGRAM OUTPUT
------------------------------

Output from '/usr/bin/make test':

PERL_DL_NONLAZY=1 "/usr/perl5.20.2p/bin/perl" "-MExtUtils::Command::MM" "-MTest::Harness" "-e" "undef *Test::Harness::Switches; test_harness(0, 'blib/lib', 'blib/arch')" t/*.t
You cannot coerce an attribute (provenance) unless its type (GOBO::Node) has a coercion at /usr/perl5.20.2p/lib/site_perl/5.20.2/amd64-freebsd/Moose/Exporter.pm line 419
	Moose::with('GOBO::Attributed') called at /home/cpansand/.cpan/build/2019030423/GOBO-0.03-8/blib/lib/GOBO/Synonym.pm line 17
	require GOBO/Synonym.pm at /home/cpansand/.cpan/build/2019030423/GOBO-0.03-8/blib/lib/GOBO/Labeled.pm line 23
	GOBO::Labeled::BEGIN at /home/cpansand/.cpan/build/2019030423/GOBO-0.03-8/blib/lib/GOBO/Synonym.pm line 0
	eval {...} at /home/cpansand/.cpan/build/2019030423/GOBO-0.03-8/blib/lib/GOBO/Synonym.pm line 0
	require GOBO/Labeled.pm at /usr/perl5.20.2p/lib/site_perl/5.20.2/Module/Runtime.pm line 314
	Module::Runtime::require_module('GOBO::Labeled') called at /usr/perl5.20.2p/lib/site_perl/5.20.2/Module/Runtime.pm line 391
	eval {...} at /usr/perl5.20.2p/lib/site_perl/5.20.2/Module/Runtime.pm line 391
	Module::Runtime::use_package_optimistically('GOBO::Labeled') called at /usr/perl5.20.2p/lib/site_perl/5.20.2/amd64-freebsd/Moose/Util.pm line 348
	Moose::Util::_load_user_class('GOBO::Labeled', undef) called at /usr/perl5.20.2p/lib/site_perl/5.20.2/amd64-freebsd/Moose/Util.pm line 146
	Moose::Util::_apply_all_roles('Moose::Meta::Class=HASH(0x4472e708)', undef, 'GOBO::Labeled') called at /usr/perl5.20.2p/lib/site_perl/5.20.2/amd64-freebsd/Moose/Util.pm line 113
	Moose::Util::apply_all_roles('Moose::Meta::Class=HASH(0x4472e708)', 'GOBO::Labeled') called at /usr/perl5.20.2p/lib/site_perl/5.20.2/amd64-freebsd/Moose.pm line 57
	Moose::with('Moose::Meta::Class=HASH(0x4472e708)', 'GOBO::Labeled') called at /usr/perl5.20.2p/lib/site_perl/5.20.2/amd64-freebsd/Moose/Exporter.pm line 419
	Moose::with('GOBO::Labeled') called at /home/cpansand/.cpan/build/2019030423/GOBO-0.03-8/blib/lib/GOBO/Node.pm line 6
	require GOBO/Node.pm at /usr/perl5.20.2p/lib/site_perl/5.20.2/Module/Runtime.pm line 314
	Module::Runtime::require_module('GOBO::Node') called at /usr/perl5.20.2p/lib/site_perl/5.20.2/Module/Runtime.pm line 391
	eval {...} at /usr/perl5.20.2p/lib/site_perl/5.20.2/Module/Runtime.pm line 391
	Module::Runtime::use_package_optimistically('GOBO::Node') called at /usr/perl5.20.2p/lib/site_perl/5.20.2/amd64-freebsd/Moose/Util.pm line 348
	Moose::Util::_load_user_class('GOBO::Node', undef) called at /usr/perl5.20.2p/lib/site_perl/5.20.2/amd64-freebsd/Moose/Meta/Class.pm line 569
	Moose::Meta::Class::superclasses(undef, 'GOBO::Node') called at /usr/perl5.20.2p/lib/site_perl/5.20.2/amd64-freebsd/Moose.pm line 53
	Moose::extends('Moose::Meta::Class=HASH(0x41e20c30)', 'GOBO::Node') called at /usr/perl5.20.2p/lib/site_perl/5.20.2/amd64-freebsd/Moose/Exporter.pm line 419
	Moose::extends('GOBO::Node') called at /home/cpansand/.cpan/build/2019030423/GOBO-0.03-8/blib/lib/GOBO/Evidence.pm line 4
	require GOBO/Evidence.pm at /home/cpansand/.cpan/build/2019030423/GOBO-0.03-8/blib/lib/GOBO/Annotation.pm line 5
	GOBO::Annotation::BEGIN at /home/cpansand/.cpan/build/2019030423/GOBO-0.03-8/blib/lib/GOBO/Synonym.pm line 0
	eval {...} at /home/cpansand/.cpan/build/2019030423/GOBO-0.03-8/blib/lib/GOBO/Synonym.pm line 0
	require GOBO/Annotation.pm at /home/cpansand/.cpan/build/2019030423/GOBO-0.03-8/blib/lib/GOBO/Graph.pm line 55
	GOBO::Graph::BEGIN at /home/cpansand/.cpan/build/2019030423/GOBO-0.03-8/blib/lib/GOBO/Synonym.pm line 0
	eval {...} at /home/cpansand/.cpan/build/2019030423/GOBO-0.03-8/blib/lib/GOBO/Synonym.pm line 0
	require GOBO/Graph.pm at t/analysis_test.t line 4
	main::BEGIN at /home/cpansand/.cpan/build/2019030423/GOBO-0.03-8/blib/lib/GOBO/Synonym.pm line 0
	eval {...} at /home/cpansand/.cpan/build/2019030423/GOBO-0.03-8/blib/lib/GOBO/Synonym.pm line 0
Compilation failed in require at /home/cpansand/.cpan/build/2019030423/GOBO-0.03-8/blib/lib/GOBO/Labeled.pm line 23.
BEGIN failed--compilation aborted at /home/cpansand/.cpan/build/2019030423/GOBO-0.03-8/blib/lib/GOBO/Labeled.pm line 23.
Compilation failed in require at /usr/perl5.20.2p/lib/site_perl/5.20.2/Module/Runtime.pm line 314.
Compilation failed in require at /usr/perl5.20.2p/lib/site_perl/5.20.2/Module/Runtime.pm line 314.
Compilation failed in require at /home/cpansand/.cpan/build/2019030423/GOBO-0.03-8/blib/lib/GOBO/Annotation.pm line 5.
BEGIN failed--compilation aborted at /home/cpansand/.cpan/build/2019030423/GOBO-0.03-8/blib/lib/GOBO/Annotation.pm line 5.
Compilation failed in require at /home/cpansand/.cpan/build/2019030423/GOBO-0.03-8/blib/lib/GOBO/Graph.pm line 55.
BEGIN failed--compilation aborted at /home/cpansand/.cpan/build/2019030423/GOBO-0.03-8/blib/lib/GOBO/Graph.pm line 55.
Compilation failed in require at t/analysis_test.t line 4.
BEGIN failed--compilation aborted at t/analysis_test.t line 4.
t/analysis_test.t ............ 
Dubious, test returned 255 (wstat 65280, 0xff00)
No subtests run 
You cannot coerce an attribute (provenance) unless its type (GOBO::Node) has a coercion at /usr/perl5.20.2p/lib/site_perl/5.20.2/amd64-freebsd/Moose/Exporter.pm line 419
	Moose::with('GOBO::Attributed') called at /home/cpansand/.cpan/build/2019030423/GOBO-0.03-8/blib/lib/GOBO/Synonym.pm line 17
	require GOBO/Synonym.pm at /home/cpansand/.cpan/build/2019030423/GOBO-0.03-8/blib/lib/GOBO/Labeled.pm line 23
	GOBO::Labeled::BEGIN at /home/cpansand/.cpan/build/2019030423/GOBO-0.03-8/blib/lib/GOBO/Synonym.pm line 0
	eval {...} at /home/cpansand/.cpan/build/2019030423/GOBO-0.03-8/blib/lib/GOBO/Synonym.pm line 0
	require GOBO/Labeled.pm at /usr/perl5.20.2p/lib/site_perl/5.20.2/Module/Runtime.pm line 314
	Module::Runtime::require_module('GOBO::Labeled') called at /usr/perl5.20.2p/lib/site_perl/5.20.2/Module/Runtime.pm line 391
	eval {...} at /usr/perl5.20.2p/lib/site_perl/5.20.2/Module/Runtime.pm line 391
	Module::Runtime::use_package_optimistically('GOBO::Labeled') called at /usr/perl5.20.2p/lib/site_perl/5.20.2/amd64-freebsd/Moose/Util.pm line 348
	Moose::Util::_load_user_class('GOBO::Labeled', undef) called at /usr/perl5.20.2p/lib/site_perl/5.20.2/amd64-freebsd/Moose/Util.pm line 146
	Moose::Util::_apply_all_roles('Moose::Meta::Class=HASH(0x41e1e7c8)', undef, 'GOBO::Labeled') called at /usr/perl5.20.2p/lib/site_perl/5.20.2/amd64-freebsd/Moose/Util.pm line 113
	Moose::Util::apply_all_roles('Moose::Meta::Class=HASH(0x41e1e7c8)', 'GOBO::Labeled') called at /usr/perl5.20.2p/lib/site_perl/5.20.2/amd64-freebsd/Moose.pm line 57
	Moose::with('Moose::Meta::Class=HASH(0x41e1e7c8)', 'GOBO::Labeled') called at /usr/perl5.20.2p/lib/site_perl/5.20.2/amd64-freebsd/Moose/Exporter.pm line 419
	Moose::with('GOBO::Labeled') called at /home/cpansand/.cpan/build/2019030423/GOBO-0.03-8/blib/lib/GOBO/Node.pm line 6
	require GOBO/Node.pm at /home/cpansand/.cpan/build/2019030423/GOBO-0.03-8/blib/lib/GOBO/Statement.pm line 7
	GOBO::Statement::BEGIN at /home/cpansand/.cpan/build/2019030423/GOBO-0.03-8/blib/lib/GOBO/Synonym.pm line 0
	eval {...} at /home/cpansand/.cpan/build/2019030423/GOBO-0.03-8/blib/lib/GOBO/Synonym.pm line 0
	require GOBO/Statement.pm at /home/cpansand/.cpan/build/2019030423/GOBO-0.03-8/blib/lib/GOBO/ClassExpression/RelationalExpression.pm line 5
	GOBO::ClassExpression::RelationalExpression::BEGIN at /home/cpansand/.cpan/build/2019030423/GOBO-0.03-8/blib/lib/GOBO/Synonym.pm line 0
	eval {...} at /home/cpansand/.cpan/build/2019030423/GOBO-0.03-8/blib/lib/GOBO/Synonym.pm line 0
	require GOBO/ClassExpression/RelationalExpression.pm at /home/cpansand/.cpan/build/2019030423/GOBO-0.03-8/blib/lib/GOBO/ClassExpression.pm line 80
	GOBO::ClassExpression::BEGIN at /home/cpansand/.cpan/build/2019030423/GOBO-0.03-8/blib/lib/GOBO/Synonym.pm line 0
	eval {...} at /home/cpansand/.cpan/build/2019030423/GOBO-0.03-8/blib/lib/GOBO/Synonym.pm line 0
	require GOBO/ClassExpression.pm at t/classexpr.t line 3
	main::BEGIN at /home/cpansand/.cpan/build/2019030423/GOBO-0.03-8/blib/lib/GOBO/Synonym.pm line 0
	eval {...} at /home/cpansand/.cpan/build/2019030423/GOBO-0.03-8/blib/lib/GOBO/Synonym.pm line 0
Compilation failed in require at /home/cpansand/.cpan/build/2019030423/GOBO-0.03-8/blib/lib/GOBO/Labeled.pm line 23.
BEGIN failed--compilation aborted at /home/cpansand/.cpan/build/2019030423/GOBO-0.03-8/blib/lib/GOBO/Labeled.pm line 23.
Compilation failed in require at /usr/perl5.20.2p/lib/site_perl/5.20.2/Module/Runtime.pm line 314.
Compilation failed in require at /home/cpansand/.cpan/build/2019030423/GOBO-0.03-8/blib/lib/GOBO/Statement.pm line 7.
BEGIN failed--compilation aborted at /home/cpansand/.cpan/build/2019030423/GOBO-0.03-8/blib/lib/GOBO/Statement.pm line 7.
Compilation failed in require at /home/cpansand/.cpan/build/2019030423/GOBO-0.03-8/blib/lib/GOBO/ClassExpression/RelationalExpression.pm line 5.
BEGIN failed--compilation aborted at /home/cpansand/.cpan/build/2019030423/GOBO-0.03-8/blib/lib/GOBO/ClassExpression/RelationalExpression.pm line 5.
Compilation failed in require at /home/cpansand/.cpan/build/2019030423/GOBO-0.03-8/blib/lib/GOBO/ClassExpression.pm line 80.
BEGIN failed--compilation aborted at /home/cpansand/.cpan/build/2019030423/GOBO-0.03-8/blib/lib/GOBO/ClassExpression.pm line 80.
Compilation failed in require at t/classexpr.t line 3.
BEGIN failed--compilation aborted at t/classexpr.t line 3.
t/classexpr.t ................ 
Dubious, test returned 255 (wstat 65280, 0xff00)
No subtests run 
You cannot coerce an attribute (provenance) unless its type (GOBO::Node) has a coercion at /usr/perl5.20.2p/lib/site_perl/5.20.2/amd64-freebsd/Moose/Exporter.pm line 419
	Moose::with('GOBO::Attributed') called at /home/cpansand/.cpan/build/2019030423/GOBO-0.03-8/blib/lib/GOBO/Synonym.pm line 17
	require GOBO/Synonym.pm at /home/cpansand/.cpan/build/2019030423/GOBO-0.03-8/blib/lib/GOBO/Labeled.pm line 23
	GOBO::Labeled::BEGIN at /home/cpansand/.cpan/build/2019030423/GOBO-0.03-8/blib/lib/GOBO/Synonym.pm line 0
	eval {...} at /home/cpansand/.cpan/build/2019030423/GOBO-0.03-8/blib/lib/GOBO/Synonym.pm line 0
	require GOBO/Labeled.pm at /usr/perl5.20.2p/lib/site_perl/5.20.2/Module/Runtime.pm line 314
	Module::Runtime::require_module('GOBO::Labeled') called at /usr/perl5.20.2p/lib/site_perl/5.20.2/Module/Runtime.pm line 391
	eval {...} at /usr/perl5.20.2p/lib/site_perl/5.20.2/Module/Runtime.pm line 391
	Module::Runtime::use_package_optimistically('GOBO::Labeled') called at /usr/perl5.20.2p/lib/site_perl/5.20.2/amd64-freebsd/Moose/Util.pm line 348
	Moose::Util::_load_user_class('GOBO::Labeled', undef) called at /usr/perl5.20.2p/lib/site_perl/5.20.2/amd64-freebsd/Moose/Util.pm line 146
	Moose::Util::_apply_all_roles('Moose::Meta::Class=HASH(0x447326d8)', undef, 'GOBO::Labeled') called at /usr/perl5.20.2p/lib/site_perl/5.20.2/amd64-freebsd/Moose/Util.pm line 113
	Moose::Util::apply_all_roles('Moose::Meta::Class=HASH(0x447326d8)', 'GOBO::Labeled') called at /usr/perl5.20.2p/lib/site_perl/5.20.2/amd64-freebsd/Moose.pm line 57
	Moose::with('Moose::Meta::Class=HASH(0x447326d8)', 'GOBO::Labeled') called at /usr/perl5.20.2p/lib/site_perl/5.20.2/amd64-freebsd/Moose/Exporter.pm line 419
	Moose::with('GOBO::Labeled') called at /home/cpansand/.cpan/build/2019030423/GOBO-0.03-8/blib/lib/GOBO/Node.pm line 6
	require GOBO/Node.pm at /usr/perl5.20.2p/lib/site_perl/5.20.2/Module/Runtime.pm line 314
	Module::Runtime::require_module('GOBO::Node') called at /usr/perl5.20.2p/lib/site_perl/5.20.2/Module/Runtime.pm line 391
	eval {...} at /usr/perl5.20.2p/lib/site_perl/5.20.2/Module/Runtime.pm line 391
	Module::Runtime::use_package_optimistically('GOBO::Node') called at /usr/perl5.20.2p/lib/site_perl/5.20.2/amd64-freebsd/Moose/Util.pm line 348
	Moose::Util::_load_user_class('GOBO::Node', undef) called at /usr/perl5.20.2p/lib/site_perl/5.20.2/amd64-freebsd/Moose/Meta/Class.pm line 569
	Moose::Meta::Class::superclasses(undef, 'GOBO::Node') called at /usr/perl5.20.2p/lib/site_perl/5.20.2/amd64-freebsd/Moose.pm line 53
	Moose::extends('Moose::Meta::Class=HASH(0x41e20b40)', 'GOBO::Node') called at /usr/perl5.20.2p/lib/site_perl/5.20.2/amd64-freebsd/Moose/Exporter.pm line 419
	Moose::extends('GOBO::Node') called at /home/cpansand/.cpan/build/2019030423/GOBO-0.03-8/blib/lib/GOBO/Evidence.pm line 4
	require GOBO/Evidence.pm at /home/cpansand/.cpan/build/2019030423/GOBO-0.03-8/blib/lib/GOBO/Annotation.pm line 5
	GOBO::Annotation::BEGIN at /home/cpansand/.cpan/build/2019030423/GOBO-0.03-8/blib/lib/GOBO/Synonym.pm line 0
	eval {...} at /home/cpansand/.cpan/build/2019030423/GOBO-0.03-8/blib/lib/GOBO/Synonym.pm line 0
	require GOBO/Annotation.pm at /home/cpansand/.cpan/build/2019030423/GOBO-0.03-8/blib/lib/GOBO/Graph.pm line 55
	GOBO::Graph::BEGIN at /home/cpansand/.cpan/build/2019030423/GOBO-0.03-8/blib/lib/GOBO/Synonym.pm line 0
	eval {...} at /home/cpansand/.cpan/build/2019030423/GOBO-0.03-8/blib/lib/GOBO/Synonym.pm line 0
	require GOBO/Graph.pm at t/dbconnect.t line 4
	main::BEGIN at /home/cpansand/.cpan/build/2019030423/GOBO-0.03-8/blib/lib/GOBO/Synonym.pm line 0
	eval {...} at /home/cpansand/.cpan/build/2019030423/GOBO-0.03-8/blib/lib/GOBO/Synonym.pm line 0
Compilation failed in require at /home/cpansand/.cpan/build/2019030423/GOBO-0.03-8/blib/lib/GOBO/Labeled.pm line 23.
BEGIN failed--compilation aborted at /home/cpansand/.cpan/build/2019030423/GOBO-0.03-8/blib/lib/GOBO/Labeled.pm line 23.
Compilation failed in require at /usr/perl5.20.2p/lib/site_perl/5.20.2/Module/Runtime.pm line 314.
Compilation failed in require at /usr/perl5.20.2p/lib/site_perl/5.20.2/Module/Runtime.pm line 314.
Compilation failed in require at /home/cpansand/.cpan/build/2019030423/GOBO-0.03-8/blib/lib/GOBO/Annotation.pm line 5.
BEGIN failed--compilation aborted at /home/cpansand/.cpan/build/2019030423/GOBO-0.03-8/blib/lib/GOBO/Annotation.pm line 5.
Compilation failed in require at /home/cpansand/.cpan/build/2019030423/GOBO-0.03-8/blib/lib/GOBO/Graph.pm line 55.
BEGIN failed--compilation aborted at /home/cpansand/.cpan/build/2019030423/GOBO-0.03-8/blib/lib/GOBO/Graph.pm line 55.
Compilation failed in require at t/dbconnect.t line 4.
BEGIN failed--compilation aborted at t/dbconnect.t line 4.
t/dbconnect.t ................ 
Dubious, test returned 255 (wstat 65280, 0xff00)
No subtests run 
You cannot coerce an attribute (provenance) unless its type (GOBO::Node) has a coercion at /usr/perl5.20.2p/lib/site_perl/5.20.2/amd64-freebsd/Moose/Exporter.pm line 419
	Moose::with('GOBO::Attributed') called at /home/cpansand/.cpan/build/2019030423/GOBO-0.03-8/blib/lib/GOBO/Synonym.pm line 17
	require GOBO/Synonym.pm at /home/cpansand/.cpan/build/2019030423/GOBO-0.03-8/blib/lib/GOBO/Labeled.pm line 23
	GOBO::Labeled::BEGIN at /home/cpansand/.cpan/build/2019030423/GOBO-0.03-8/blib/lib/GOBO/Synonym.pm line 0
	eval {...} at /home/cpansand/.cpan/build/2019030423/GOBO-0.03-8/blib/lib/GOBO/Synonym.pm line 0
	require GOBO/Labeled.pm at /usr/perl5.20.2p/lib/site_perl/5.20.2/Module/Runtime.pm line 314
	Module::Runtime::require_module('GOBO::Labeled') called at /usr/perl5.20.2p/lib/site_perl/5.20.2/Module/Runtime.pm line 391
	eval {...} at /usr/perl5.20.2p/lib/site_perl/5.20.2/Module/Runtime.pm line 391
	Module::Runtime::use_package_optimistically('GOBO::Labeled') called at /usr/perl5.20.2p/lib/site_perl/5.20.2/amd64-freebsd/Moose/Util.pm line 348
	Moose::Util::_load_user_class('GOBO::Labeled', undef) called at /usr/perl5.20.2p/lib/site_perl/5.20.2/amd64-freebsd/Moose/Util.pm line 146
	Moose::Util::_apply_all_roles('Moose::Meta::Class=HASH(0x4472e6c0)', undef, 'GOBO::Labeled') called at /usr/perl5.20.2p/lib/site_perl/5.20.2/amd64-freebsd/Moose/Util.pm line 113
	Moose::Util::apply_all_roles('Moose::Meta::Class=HASH(0x4472e6c0)', 'GOBO::Labeled') called at /usr/perl5.20.2p/lib/site_perl/5.20.2/amd64-freebsd/Moose.pm line 57
	Moose::with('Moose::Meta::Class=HASH(0x4472e6c0)', 'GOBO::Labeled') called at /usr/perl5.20.2p/lib/site_perl/5.20.2/amd64-freebsd/Moose/Exporter.pm line 419
	Moose::with('GOBO::Labeled') called at /home/cpansand/.cpan/build/2019030423/GOBO-0.03-8/blib/lib/GOBO/Node.pm line 6
	require GOBO/Node.pm at /usr/perl5.20.2p/lib/site_perl/5.20.2/Module/Runtime.pm line 314
	Module::Runtime::require_module('GOBO::Node') called at /usr/perl5.20.2p/lib/site_perl/5.20.2/Module/Runtime.pm line 391
	eval {...} at /usr/perl5.20.2p/lib/site_perl/5.20.2/Module/Runtime.pm line 391
	Module::Runtime::use_package_optimistically('GOBO::Node') called at /usr/perl5.20.2p/lib/site_perl/5.20.2/amd64-freebsd/Moose/Util.pm line 348
	Moose::Util::_load_user_class('GOBO::Node', undef) called at /usr/perl5.20.2p/lib/site_perl/5.20.2/amd64-freebsd/Moose/Meta/Class.pm line 569
	Moose::Meta::Class::superclasses(undef, 'GOBO::Node') called at /usr/perl5.20.2p/lib/site_perl/5.20.2/amd64-freebsd/Moose.pm line 53
	Moose::extends('Moose::Meta::Class=HASH(0x41e1ebd0)', 'GOBO::Node') called at /usr/perl5.20.2p/lib/site_perl/5.20.2/amd64-freebsd/Moose/Exporter.pm line 419
	Moose::extends('GOBO::Node') called at /home/cpansand/.cpan/build/2019030423/GOBO-0.03-8/blib/lib/GOBO/Evidence.pm line 4
	require GOBO/Evidence.pm at /home/cpansand/.cpan/build/2019030423/GOBO-0.03-8/blib/lib/GOBO/Annotation.pm line 5
	GOBO::Annotation::BEGIN at /home/cpansand/.cpan/build/2019030423/GOBO-0.03-8/blib/lib/GOBO/Synonym.pm line 0
	eval {...} at /home/cpansand/.cpan/build/2019030423/GOBO-0.03-8/blib/lib/GOBO/Synonym.pm line 0
	require GOBO/Annotation.pm at /home/cpansand/.cpan/build/2019030423/GOBO-0.03-8/blib/lib/GOBO/Graph.pm line 55
	GOBO::Graph::BEGIN at /home/cpansand/.cpan/build/2019030423/GOBO-0.03-8/blib/lib/GOBO/Synonym.pm line 0
	eval {...} at /home/cpansand/.cpan/build/2019030423/GOBO-0.03-8/blib/lib/GOBO/Synonym.pm line 0
	require GOBO/Graph.pm at t/gaf_inference_test.t line 4
	main::BEGIN at /home/cpansand/.cpan/build/2019030423/GOBO-0.03-8/blib/lib/GOBO/Synonym.pm line 0
	eval {...} at /home/cpansand/.cpan/build/2019030423/GOBO-0.03-8/blib/lib/GOBO/Synonym.pm line 0
Compilation failed in require at /home/cpansand/.cpan/build/2019030423/GOBO-0.03-8/blib/lib/GOBO/Labeled.pm line 23.
BEGIN failed--compilation aborted at /home/cpansand/.cpan/build/2019030423/GOBO-0.03-8/blib/lib/GOBO/Labeled.pm line 23.
Compilation failed in require at /usr/perl5.20.2p/lib/site_perl/5.20.2/Module/Runtime.pm line 314.
Compilation failed in require at /usr/perl5.20.2p/lib/site_perl/5.20.2/Module/Runtime.pm line 314.
Compilation failed in require at /home/cpansand/.cpan/build/2019030423/GOBO-0.03-8/blib/lib/GOBO/Annotation.pm line 5.
BEGIN failed--compilation aborted at /home/cpansand/.cpan/build/2019030423/GOBO-0.03-8/blib/lib/GOBO/Annotation.pm line 5.
Compilation failed in require at /home/cpansand/.cpan/build/2019030423/GOBO-0.03-8/blib/lib/GOBO/Graph.pm line 55.
BEGIN failed--compilation aborted at /home/cpansand/.cpan/build/2019030423/GOBO-0.03-8/blib/lib/GOBO/Graph.pm line 55.
Compilation failed in require at t/gaf_inference_test.t line 4.
BEGIN failed--compilation aborted at t/gaf_inference_test.t line 4.
t/gaf_inference_test.t ....... 
Dubious, test returned 255 (wstat 65280, 0xff00)
No subtests run 
You cannot coerce an attribute (source) unless its type (GOBO::Node) has a coercion at /usr/perl5.20.2p/lib/site_perl/5.20.2/amd64-freebsd/Moose/Exporter.pm line 419
	Moose::with('GOBO::Attributed') called at /home/cpansand/.cpan/build/2019030423/GOBO-0.03-8/blib/lib/GOBO/Synonym.pm line 17
	require GOBO/Synonym.pm at /home/cpansand/.cpan/build/2019030423/GOBO-0.03-8/blib/lib/GOBO/Labeled.pm line 23
	GOBO::Labeled::BEGIN at /home/cpansand/.cpan/build/2019030423/GOBO-0.03-8/blib/lib/GOBO/Synonym.pm line 0
	eval {...} at /home/cpansand/.cpan/build/2019030423/GOBO-0.03-8/blib/lib/GOBO/Synonym.pm line 0
	require GOBO/Labeled.pm at /usr/perl5.20.2p/lib/site_perl/5.20.2/Module/Runtime.pm line 314
	Module::Runtime::require_module('GOBO::Labeled') called at /usr/perl5.20.2p/lib/site_perl/5.20.2/Module/Runtime.pm line 391
	eval {...} at /usr/perl5.20.2p/lib/site_perl/5.20.2/Module/Runtime.pm line 391
	Module::Runtime::use_package_optimistically('GOBO::Labeled') called at /usr/perl5.20.2p/lib/site_perl/5.20.2/amd64-freebsd/Moose/Util.pm line 348
	Moose::Util::_load_user_class('GOBO::Labeled', undef) called at /usr/perl5.20.2p/lib/site_perl/5.20.2/amd64-freebsd/Moose/Util.pm line 146
	Moose::Util::_apply_all_roles('Moose::Meta::Class=HASH(0x44724bb8)', undef, 'GOBO::Labeled') called at /usr/perl5.20.2p/lib/site_perl/5.20.2/amd64-freebsd/Moose/Util.pm line 113
	Moose::Util::apply_all_roles('Moose::Meta::Class=HASH(0x44724bb8)', 'GOBO::Labeled') called at /usr/perl5.20.2p/lib/site_perl/5.20.2/amd64-freebsd/Moose.pm line 57
	Moose::with('Moose::Meta::Class=HASH(0x44724bb8)', 'GOBO::Labeled') called at /usr/perl5.20.2p/lib/site_perl/5.20.2/amd64-freebsd/Moose/Exporter.pm line 419
	Moose::with('GOBO::Labeled') called at /home/cpansand/.cpan/build/2019030423/GOBO-0.03-8/blib/lib/GOBO/Node.pm line 6
	require GOBO/Node.pm at /usr/perl5.20.2p/lib/site_perl/5.20.2/Module/Runtime.pm line 314
	Module::Runtime::require_module('GOBO::Node') called at /usr/perl5.20.2p/lib/site_perl/5.20.2/Module/Runtime.pm line 391
	eval {...} at /usr/perl5.20.2p/lib/site_perl/5.20.2/Module/Runtime.pm line 391
	Module::Runtime::use_package_optimistically('GOBO::Node') called at /usr/perl5.20.2p/lib/site_perl/5.20.2/amd64-freebsd/Moose/Util.pm line 348
	Moose::Util::_load_user_class('GOBO::Node', undef) called at /usr/perl5.20.2p/lib/site_perl/5.20.2/amd64-freebsd/Moose/Meta/Class.pm line 569
	Moose::Meta::Class::superclasses(undef, 'GOBO::Node') called at /usr/perl5.20.2p/lib/site_perl/5.20.2/amd64-freebsd/Moose.pm line 53
	Moose::extends('Moose::Meta::Class=HASH(0x4471dbd0)', 'GOBO::Node') called at /usr/perl5.20.2p/lib/site_perl/5.20.2/amd64-freebsd/Moose/Exporter.pm line 419
	Moose::extends('GOBO::Node') called at /home/cpansand/.cpan/build/2019030423/GOBO-0.03-8/blib/lib/GOBO/Evidence.pm line 4
	require GOBO/Evidence.pm at /home/cpansand/.cpan/build/2019030423/GOBO-0.03-8/blib/lib/GOBO/Annotation.pm line 5
	GOBO::Annotation::BEGIN at /home/cpansand/.cpan/build/2019030423/GOBO-0.03-8/blib/lib/GOBO/Synonym.pm line 0
	eval {...} at /home/cpansand/.cpan/build/2019030423/GOBO-0.03-8/blib/lib/GOBO/Synonym.pm line 0
	require GOBO/Annotation.pm at /home/cpansand/.cpan/build/2019030423/GOBO-0.03-8/blib/lib/GOBO/Graph.pm line 55
	GOBO::Graph::BEGIN at /home/cpansand/.cpan/build/2019030423/GOBO-0.03-8/blib/lib/GOBO/Synonym.pm line 0
	eval {...} at /home/cpansand/.cpan/build/2019030423/GOBO-0.03-8/blib/lib/GOBO/Synonym.pm line 0
	require GOBO/Graph.pm at t/gaftest.t line 3
	main::BEGIN at /home/cpansand/.cpan/build/2019030423/GOBO-0.03-8/blib/lib/GOBO/Synonym.pm line 0
	eval {...} at /home/cpansand/.cpan/build/2019030423/GOBO-0.03-8/blib/lib/GOBO/Synonym.pm line 0
Compilation failed in require at /home/cpansand/.cpan/build/2019030423/GOBO-0.03-8/blib/lib/GOBO/Labeled.pm line 23.
BEGIN failed--compilation aborted at /home/cpansand/.cpan/build/2019030423/GOBO-0.03-8/blib/lib/GOBO/Labeled.pm line 23.
Compilation failed in require at /usr/perl5.20.2p/lib/site_perl/5.20.2/Module/Runtime.pm line 314.
Compilation failed in require at /usr/perl5.20.2p/lib/site_perl/5.20.2/Module/Runtime.pm line 314.
Compilation failed in require at /home/cpansand/.cpan/build/2019030423/GOBO-0.03-8/blib/lib/GOBO/Annotation.pm line 5.
BEGIN failed--compilation aborted at /home/cpansand/.cpan/build/2019030423/GOBO-0.03-8/blib/lib/GOBO/Annotation.pm line 5.
Compilation failed in require at /home/cpansand/.cpan/build/2019030423/GOBO-0.03-8/blib/lib/GOBO/Graph.pm line 55.
BEGIN failed--compilation aborted at /home/cpansand/.cpan/build/2019030423/GOBO-0.03-8/blib/lib/GOBO/Graph.pm line 55.
Compilation failed in require at t/gaftest.t line 3.
BEGIN failed--compilation aborted at t/gaftest.t line 3.
t/gaftest.t .................. 
Dubious, test returned 255 (wstat 65280, 0xff00)
No subtests run 
You cannot coerce an attribute (provenance) unless its type (GOBO::Node) has a coercion at /usr/perl5.20.2p/lib/site_perl/5.20.2/amd64-freebsd/Moose/Exporter.pm line 419
	Moose::with('GOBO::Attributed') called at /home/cpansand/.cpan/build/2019030423/GOBO-0.03-8/blib/lib/GOBO/Synonym.pm line 17
	require GOBO/Synonym.pm at /home/cpansand/.cpan/build/2019030423/GOBO-0.03-8/blib/lib/GOBO/Labeled.pm line 23
	GOBO::Labeled::BEGIN at /home/cpansand/.cpan/build/2019030423/GOBO-0.03-8/blib/lib/GOBO/Synonym.pm line 0
	eval {...} at /home/cpansand/.cpan/build/2019030423/GOBO-0.03-8/blib/lib/GOBO/Synonym.pm line 0
	require GOBO/Labeled.pm at /usr/perl5.20.2p/lib/site_perl/5.20.2/Module/Runtime.pm line 314
	Module::Runtime::require_module('GOBO::Labeled') called at /usr/perl5.20.2p/lib/site_perl/5.20.2/Module/Runtime.pm line 391
	eval {...} at /usr/perl5.20.2p/lib/site_perl/5.20.2/Module/Runtime.pm line 391
	Module::Runtime::use_package_optimistically('GOBO::Labeled') called at /usr/perl5.20.2p/lib/site_perl/5.20.2/amd64-freebsd/Moose/Util.pm line 348
	Moose::Util::_load_user_class('GOBO::Labeled', undef) called at /usr/perl5.20.2p/lib/site_perl/5.20.2/amd64-freebsd/Moose/Util.pm line 146
	Moose::Util::_apply_all_roles('Moose::Meta::Class=HASH(0x4472e690)', undef, 'GOBO::Labeled') called at /usr/perl5.20.2p/lib/site_perl/5.20.2/amd64-freebsd/Moose/Util.pm line 113
	Moose::Util::apply_all_roles('Moose::Meta::Class=HASH(0x4472e690)', 'GOBO::Labeled') called at /usr/perl5.20.2p/lib/site_perl/5.20.2/amd64-freebsd/Moose.pm line 57
	Moose::with('Moose::Meta::Class=HASH(0x4472e690)', 'GOBO::Labeled') called at /usr/perl5.20.2p/lib/site_perl/5.20.2/amd64-freebsd/Moose/Exporter.pm line 419
	Moose::with('GOBO::Labeled') called at /home/cpansand/.cpan/build/2019030423/GOBO-0.03-8/blib/lib/GOBO/Node.pm line 6
	require GOBO/Node.pm at /usr/perl5.20.2p/lib/site_perl/5.20.2/Module/Runtime.pm line 314
	Module::Runtime::require_module('GOBO::Node') called at /usr/perl5.20.2p/lib/site_perl/5.20.2/Module/Runtime.pm line 391
	eval {...} at /usr/perl5.20.2p/lib/site_perl/5.20.2/Module/Runtime.pm line 391
	Module::Runtime::use_package_optimistically('GOBO::Node') called at /usr/perl5.20.2p/lib/site_perl/5.20.2/amd64-freebsd/Moose/Util.pm line 348
	Moose::Util::_load_user_class('GOBO::Node', undef) called at /usr/perl5.20.2p/lib/site_perl/5.20.2/amd64-freebsd/Moose/Meta/Class.pm line 569
	Moose::Meta::Class::superclasses(undef, 'GOBO::Node') called at /usr/perl5.20.2p/lib/site_perl/5.20.2/amd64-freebsd/Moose.pm line 53
	Moose::extends('Moose::Meta::Class=HASH(0x4457e978)', 'GOBO::Node') called at /usr/perl5.20.2p/lib/site_perl/5.20.2/amd64-freebsd/Moose/Exporter.pm line 419
	Moose::extends('GOBO::Node') called at /home/cpansand/.cpan/build/2019030423/GOBO-0.03-8/blib/lib/GOBO/Evidence.pm line 4
	require GOBO/Evidence.pm at /home/cpansand/.cpan/build/2019030423/GOBO-0.03-8/blib/lib/GOBO/Annotation.pm line 5
	GOBO::Annotation::BEGIN at /home/cpansand/.cpan/build/2019030423/GOBO-0.03-8/blib/lib/GOBO/Synonym.pm line 0
	eval {...} at /home/cpansand/.cpan/build/2019030423/GOBO-0.03-8/blib/lib/GOBO/Synonym.pm line 0
	require GOBO/Annotation.pm at /home/cpansand/.cpan/build/2019030423/GOBO-0.03-8/blib/lib/GOBO/Graph.pm line 55
	GOBO::Graph::BEGIN at /home/cpansand/.cpan/build/2019030423/GOBO-0.03-8/blib/lib/GOBO/Synonym.pm line 0
	eval {...} at /home/cpansand/.cpan/build/2019030423/GOBO-0.03-8/blib/lib/GOBO/Synonym.pm line 0
	require GOBO/Graph.pm at t/gaftest_chunked.t line 3
	main::BEGIN at /home/cpansand/.cpan/build/2019030423/GOBO-0.03-8/blib/lib/GOBO/Synonym.pm line 0
	eval {...} at /home/cpansand/.cpan/build/2019030423/GOBO-0.03-8/blib/lib/GOBO/Synonym.pm line 0
Compilation failed in require at /home/cpansand/.cpan/build/2019030423/GOBO-0.03-8/blib/lib/GOBO/Labeled.pm line 23.
BEGIN failed--compilation aborted at /home/cpansand/.cpan/build/2019030423/GOBO-0.03-8/blib/lib/GOBO/Labeled.pm line 23.
Compilation failed in require at /usr/perl5.20.2p/lib/site_perl/5.20.2/Module/Runtime.pm line 314.
Compilation failed in require at /usr/perl5.20.2p/lib/site_perl/5.20.2/Module/Runtime.pm line 314.
Compilation failed in require at /home/cpansand/.cpan/build/2019030423/GOBO-0.03-8/blib/lib/GOBO/Annotation.pm line 5.
BEGIN failed--compilation aborted at /home/cpansand/.cpan/build/2019030423/GOBO-0.03-8/blib/lib/GOBO/Annotation.pm line 5.
Compilation failed in require at /home/cpansand/.cpan/build/2019030423/GOBO-0.03-8/blib/lib/GOBO/Graph.pm line 55.
BEGIN failed--compilation aborted at /home/cpansand/.cpan/build/2019030423/GOBO-0.03-8/blib/lib/GOBO/Graph.pm line 55.
Compilation failed in require at t/gaftest_chunked.t line 3.
BEGIN failed--compilation aborted at t/gaftest_chunked.t line 3.
t/gaftest_chunked.t .......... 
Dubious, test returned 255 (wstat 65280, 0xff00)
No subtests run 
You cannot coerce an attribute (source) unless its type (GOBO::Node) has a coercion at /usr/perl5.20.2p/lib/site_perl/5.20.2/amd64-freebsd/Moose/Exporter.pm line 419
	Moose::with('GOBO::Attributed') called at /home/cpansand/.cpan/build/2019030423/GOBO-0.03-8/blib/lib/GOBO/Synonym.pm line 17
	require GOBO/Synonym.pm at /home/cpansand/.cpan/build/2019030423/GOBO-0.03-8/blib/lib/GOBO/Labeled.pm line 23
	GOBO::Labeled::BEGIN at /home/cpansand/.cpan/build/2019030423/GOBO-0.03-8/blib/lib/GOBO/Synonym.pm line 0
	eval {...} at /home/cpansand/.cpan/build/2019030423/GOBO-0.03-8/blib/lib/GOBO/Synonym.pm line 0
	require GOBO/Labeled.pm at /usr/perl5.20.2p/lib/site_perl/5.20.2/Module/Runtime.pm line 314
	Module::Runtime::require_module('GOBO::Labeled') called at /usr/perl5.20.2p/lib/site_perl/5.20.2/Module/Runtime.pm line 391
	eval {...} at /usr/perl5.20.2p/lib/site_perl/5.20.2/Module/Runtime.pm line 391
	Module::Runtime::use_package_optimistically('GOBO::Labeled') called at /usr/perl5.20.2p/lib/site_perl/5.20.2/amd64-freebsd/Moose/Util.pm line 348
	Moose::Util::_load_user_class('GOBO::Labeled', undef) called at /usr/perl5.20.2p/lib/site_perl/5.20.2/amd64-freebsd/Moose/Util.pm line 146
	Moose::Util::_apply_all_roles('Moose::Meta::Class=HASH(0x4472e6c0)', undef, 'GOBO::Labeled') called at /usr/perl5.20.2p/lib/site_perl/5.20.2/amd64-freebsd/Moose/Util.pm line 113
	Moose::Util::apply_all_roles('Moose::Meta::Class=HASH(0x4472e6c0)', 'GOBO::Labeled') called at /usr/perl5.20.2p/lib/site_perl/5.20.2/amd64-freebsd/Moose.pm line 57
	Moose::with('Moose::Meta::Class=HASH(0x4472e6c0)', 'GOBO::Labeled') called at /usr/perl5.20.2p/lib/site_perl/5.20.2/amd64-freebsd/Moose/Exporter.pm line 419
	Moose::with('GOBO::Labeled') called at /home/cpansand/.cpan/build/2019030423/GOBO-0.03-8/blib/lib/GOBO/Node.pm line 6
	require GOBO/Node.pm at /usr/perl5.20.2p/lib/site_perl/5.20.2/Module/Runtime.pm line 314
	Module::Runtime::require_module('GOBO::Node') called at /usr/perl5.20.2p/lib/site_perl/5.20.2/Module/Runtime.pm line 391
	eval {...} at /usr/perl5.20.2p/lib/site_perl/5.20.2/Module/Runtime.pm line 391
	Module::Runtime::use_package_optimistically('GOBO::Node') called at /usr/perl5.20.2p/lib/site_perl/5.20.2/amd64-freebsd/Moose/Util.pm line 348
	Moose::Util::_load_user_class('GOBO::Node', undef) called at /usr/perl5.20.2p/lib/site_perl/5.20.2/amd64-freebsd/Moose/Meta/Class.pm line 569
	Moose::Meta::Class::superclasses(undef, 'GOBO::Node') called at /usr/perl5.20.2p/lib/site_perl/5.20.2/amd64-freebsd/Moose.pm line 53
	Moose::extends('Moose::Meta::Class=HASH(0x446ffcf0)', 'GOBO::Node') called at /usr/perl5.20.2p/lib/site_perl/5.20.2/amd64-freebsd/Moose/Exporter.pm line 419
	Moose::extends('GOBO::Node') called at /home/cpansand/.cpan/build/2019030423/GOBO-0.03-8/blib/lib/GOBO/Evidence.pm line 4
	require GOBO/Evidence.pm at /home/cpansand/.cpan/build/2019030423/GOBO-0.03-8/blib/lib/GOBO/Annotation.pm line 5
	GOBO::Annotation::BEGIN at /home/cpansand/.cpan/build/2019030423/GOBO-0.03-8/blib/lib/GOBO/Synonym.pm line 0
	eval {...} at /home/cpansand/.cpan/build/2019030423/GOBO-0.03-8/blib/lib/GOBO/Synonym.pm line 0
	require GOBO/Annotation.pm at /home/cpansand/.cpan/build/2019030423/GOBO-0.03-8/blib/lib/GOBO/Graph.pm line 55
	GOBO::Graph::BEGIN at /home/cpansand/.cpan/build/2019030423/GOBO-0.03-8/blib/lib/GOBO/Synonym.pm line 0
	eval {...} at /home/cpansand/.cpan/build/2019030423/GOBO-0.03-8/blib/lib/GOBO/Synonym.pm line 0
	require GOBO/Graph.pm at t/gaftest_chunked_gzipped.t line 3
	main::BEGIN at /home/cpansand/.cpan/build/2019030423/GOBO-0.03-8/blib/lib/GOBO/Synonym.pm line 0
	eval {...} at /home/cpansand/.cpan/build/2019030423/GOBO-0.03-8/blib/lib/GOBO/Synonym.pm line 0
Compilation failed in require at /home/cpansand/.cpan/build/2019030423/GOBO-0.03-8/blib/lib/GOBO/Labeled.pm line 23.
BEGIN failed--compilation aborted at /home/cpansand/.cpan/build/2019030423/GOBO-0.03-8/blib/lib/GOBO/Labeled.pm line 23.
Compilation failed in require at /usr/perl5.20.2p/lib/site_perl/5.20.2/Module/Runtime.pm line 314.
Compilation failed in require at /usr/perl5.20.2p/lib/site_perl/5.20.2/Module/Runtime.pm line 314.
Compilation failed in require at /home/cpansand/.cpan/build/2019030423/GOBO-0.03-8/blib/lib/GOBO/Annotation.pm line 5.
BEGIN failed--compilation aborted at /home/cpansand/.cpan/build/2019030423/GOBO-0.03-8/blib/lib/GOBO/Annotation.pm line 5.
Compilation failed in require at /home/cpansand/.cpan/build/2019030423/GOBO-0.03-8/blib/lib/GOBO/Graph.pm line 55.
BEGIN failed--compilation aborted at /home/cpansand/.cpan/build/2019030423/GOBO-0.03-8/blib/lib/GOBO/Graph.pm line 55.
Compilation failed in require at t/gaftest_chunked_gzipped.t line 3.
BEGIN failed--compilation aborted at t/gaftest_chunked_gzipped.t line 3.
t/gaftest_chunked_gzipped.t .. 
Dubious, test returned 255 (wstat 65280, 0xff00)
No subtests run 
You cannot coerce an attribute (source) unless its type (GOBO::Node) has a coercion at /usr/perl5.20.2p/lib/site_perl/5.20.2/amd64-freebsd/Moose/Exporter.pm line 419
	Moose::with('GOBO::Attributed') called at /home/cpansand/.cpan/build/2019030423/GOBO-0.03-8/blib/lib/GOBO/Synonym.pm line 17
	require GOBO/Synonym.pm at /home/cpansand/.cpan/build/2019030423/GOBO-0.03-8/blib/lib/GOBO/Labeled.pm line 23
	GOBO::Labeled::BEGIN at /home/cpansand/.cpan/build/2019030423/GOBO-0.03-8/blib/lib/GOBO/Synonym.pm line 0
	eval {...} at /home/cpansand/.cpan/build/2019030423/GOBO-0.03-8/blib/lib/GOBO/Synonym.pm line 0
	require GOBO/Labeled.pm at /usr/perl5.20.2p/lib/site_perl/5.20.2/Module/Runtime.pm line 314
	Module::Runtime::require_module('GOBO::Labeled') called at /usr/perl5.20.2p/lib/site_perl/5.20.2/Module/Runtime.pm line 391
	eval {...} at /usr/perl5.20.2p/lib/site_perl/5.20.2/Module/Runtime.pm line 391
	Module::Runtime::use_package_optimistically('GOBO::Labeled') called at /usr/perl5.20.2p/lib/site_perl/5.20.2/amd64-freebsd/Moose/Util.pm line 348
	Moose::Util::_load_user_class('GOBO::Labeled', undef) called at /usr/perl5.20.2p/lib/site_perl/5.20.2/amd64-freebsd/Moose/Util.pm line 146
	Moose::Util::_apply_all_roles('Moose::Meta::Class=HASH(0x46089240)', undef, 'GOBO::Labeled') called at /usr/perl5.20.2p/lib/site_perl/5.20.2/amd64-freebsd/Moose/Util.pm line 113
	Moose::Util::apply_all_roles('Moose::Meta::Class=HASH(0x46089240)', 'GOBO::Labeled') called at /usr/perl5.20.2p/lib/site_perl/5.20.2/amd64-freebsd/Moose.pm line 57
	Moose::with('Moose::Meta::Class=HASH(0x46089240)', 'GOBO::Labeled') called at /usr/perl5.20.2p/lib/site_perl/5.20.2/amd64-freebsd/Moose/Exporter.pm line 419
	Moose::with('GOBO::Labeled') called at /home/cpansand/.cpan/build/2019030423/GOBO-0.03-8/blib/lib/GOBO/Node.pm line 6
	require GOBO/Node.pm at /usr/perl5.20.2p/lib/site_perl/5.20.2/Module/Runtime.pm line 314
	Module::Runtime::require_module('GOBO::Node') called at /usr/perl5.20.2p/lib/site_perl/5.20.2/Module/Runtime.pm line 391
	eval {...} at /usr/perl5.20.2p/lib/site_perl/5.20.2/Module/Runtime.pm line 391
	Module::Runtime::use_package_optimistically('GOBO::Node') called at /usr/perl5.20.2p/lib/site_perl/5.20.2/amd64-freebsd/Moose/Util.pm line 348
	Moose::Util::_load_user_class('GOBO::Node', undef) called at /usr/perl5.20.2p/lib/site_perl/5.20.2/amd64-freebsd/Moose/Meta/Class.pm line 569
	Moose::Meta::Class::superclasses(undef, 'GOBO::Node') called at /usr/perl5.20.2p/lib/site_perl/5.20.2/amd64-freebsd/Moose.pm line 53
	Moose::extends('Moose::Meta::Class=HASH(0x46078510)', 'GOBO::Node') called at /usr/perl5.20.2p/lib/site_perl/5.20.2/amd64-freebsd/Moose/Exporter.pm line 419
	Moose::extends('GOBO::Node') called at /home/cpansand/.cpan/build/2019030423/GOBO-0.03-8/blib/lib/GOBO/Evidence.pm line 4
	require GOBO/Evidence.pm at /home/cpansand/.cpan/build/2019030423/GOBO-0.03-8/blib/lib/GOBO/Annotation.pm line 5
	GOBO::Annotation::BEGIN at /home/cpansand/.cpan/build/2019030423/GOBO-0.03-8/blib/lib/GOBO/Synonym.pm line 0
	eval {...} at /home/cpansand/.cpan/build/2019030423/GOBO-0.03-8/blib/lib/GOBO/Synonym.pm line 0
	require GOBO/Annotation.pm at /home/cpansand/.cpan/build/2019030423/GOBO-0.03-8/blib/lib/GOBO/Graph.pm line 55
	GOBO::Graph::BEGIN at /home/cpansand/.cpan/build/2019030423/GOBO-0.03-8/blib/lib/GOBO/Synonym.pm line 0
	eval {...} at /home/cpansand/.cpan/build/2019030423/GOBO-0.03-8/blib/lib/GOBO/Synonym.pm line 0
	require GOBO/Graph.pm at t/graph_creation.t line 11
	main::BEGIN at /home/cpansand/.cpan/build/2019030423/GOBO-0.03-8/blib/lib/GOBO/Synonym.pm line 0
	eval {...} at /home/cpansand/.cpan/build/2019030423/GOBO-0.03-8/blib/lib/GOBO/Synonym.pm line 0
Compilation failed in require at /home/cpansand/.cpan/build/2019030423/GOBO-0.03-8/blib/lib/GOBO/Labeled.pm line 23.
BEGIN failed--compilation aborted at /home/cpansand/.cpan/build/2019030423/GOBO-0.03-8/blib/lib/GOBO/Labeled.pm line 23.
Compilation failed in require at /usr/perl5.20.2p/lib/site_perl/5.20.2/Module/Runtime.pm line 314.
Compilation failed in require at /usr/perl5.20.2p/lib/site_perl/5.20.2/Module/Runtime.pm line 314.
Compilation failed in require at /home/cpansand/.cpan/build/2019030423/GOBO-0.03-8/blib/lib/GOBO/Annotation.pm line 5.
BEGIN failed--compilation aborted at /home/cpansand/.cpan/build/2019030423/GOBO-0.03-8/blib/lib/GOBO/Annotation.pm line 5.
Compilation failed in require at /home/cpansand/.cpan/build/2019030423/GOBO-0.03-8/blib/lib/GOBO/Graph.pm line 55.
BEGIN failed--compilation aborted at /home/cpansand/.cpan/build/2019030423/GOBO-0.03-8/blib/lib/GOBO/Graph.pm line 55.
Compilation failed in require at t/graph_creation.t line 11.
BEGIN failed--compilation aborted at t/graph_creation.t line 11.
t/graph_creation.t ........... 
Dubious, test returned 255 (wstat 65280, 0xff00)
No subtests run 
You cannot coerce an attribute (source) unless its type (GOBO::Node) has a coercion at /usr/perl5.20.2p/lib/site_perl/5.20.2/amd64-freebsd/Moose/Exporter.pm line 419
	Moose::with('GOBO::Attributed') called at /home/cpansand/.cpan/build/2019030423/GOBO-0.03-8/blib/lib/GOBO/Synonym.pm line 17
	require GOBO/Synonym.pm at /home/cpansand/.cpan/build/2019030423/GOBO-0.03-8/blib/lib/GOBO/Labeled.pm line 23
	GOBO::Labeled::BEGIN at /home/cpansand/.cpan/build/2019030423/GOBO-0.03-8/blib/lib/GOBO/Synonym.pm line 0
	eval {...} at /home/cpansand/.cpan/build/2019030423/GOBO-0.03-8/blib/lib/GOBO/Synonym.pm line 0
	require GOBO/Labeled.pm at /usr/perl5.20.2p/lib/site_perl/5.20.2/Module/Runtime.pm line 314
	Module::Runtime::require_module('GOBO::Labeled') called at /usr/perl5.20.2p/lib/site_perl/5.20.2/Module/Runtime.pm line 391
	eval {...} at /usr/perl5.20.2p/lib/site_perl/5.20.2/Module/Runtime.pm line 391
	Module::Runtime::use_package_optimistically('GOBO::Labeled') called at /usr/perl5.20.2p/lib/site_perl/5.20.2/amd64-freebsd/Moose/Util.pm line 348
	Moose::Util::_load_user_class('GOBO::Labeled', undef) called at /usr/perl5.20.2p/lib/site_perl/5.20.2/amd64-freebsd/Moose/Util.pm line 146
	Moose::Util::_apply_all_roles('Moose::Meta::Class=HASH(0x44731690)', undef, 'GOBO::Labeled') called at /usr/perl5.20.2p/lib/site_perl/5.20.2/amd64-freebsd/Moose/Util.pm line 113
	Moose::Util::apply_all_roles('Moose::Meta::Class=HASH(0x44731690)', 'GOBO::Labeled') called at /usr/perl5.20.2p/lib/site_perl/5.20.2/amd64-freebsd/Moose.pm line 57
	Moose::with('Moose::Meta::Class=HASH(0x44731690)', 'GOBO::Labeled') called at /usr/perl5.20.2p/lib/site_perl/5.20.2/amd64-freebsd/Moose/Exporter.pm line 419
	Moose::with('GOBO::Labeled') called at /home/cpansand/.cpan/build/2019030423/GOBO-0.03-8/blib/lib/GOBO/Node.pm line 6
	require GOBO/Node.pm at /usr/perl5.20.2p/lib/site_perl/5.20.2/Module/Runtime.pm line 314
	Module::Runtime::require_module('GOBO::Node') called at /usr/perl5.20.2p/lib/site_perl/5.20.2/Module/Runtime.pm line 391
	eval {...} at /usr/perl5.20.2p/lib/site_perl/5.20.2/Module/Runtime.pm line 391
	Module::Runtime::use_package_optimistically('GOBO::Node') called at /usr/perl5.20.2p/lib/site_perl/5.20.2/amd64-freebsd/Moose/Util.pm line 348
	Moose::Util::_load_user_class('GOBO::Node', undef) called at /usr/perl5.20.2p/lib/site_perl/5.20.2/amd64-freebsd/Moose/Meta/Class.pm line 569
	Moose::Meta::Class::superclasses(undef, 'GOBO::Node') called at /usr/perl5.20.2p/lib/site_perl/5.20.2/amd64-freebsd/Moose.pm line 53
	Moose::extends('Moose::Meta::Class=HASH(0x41e209c0)', 'GOBO::Node') called at /usr/perl5.20.2p/lib/site_perl/5.20.2/amd64-freebsd/Moose/Exporter.pm line 419
	Moose::extends('GOBO::Node') called at /home/cpansand/.cpan/build/2019030423/GOBO-0.03-8/blib/lib/GOBO/Evidence.pm line 4
	require GOBO/Evidence.pm at /home/cpansand/.cpan/build/2019030423/GOBO-0.03-8/blib/lib/GOBO/Annotation.pm line 5
	GOBO::Annotation::BEGIN at /home/cpansand/.cpan/build/2019030423/GOBO-0.03-8/blib/lib/GOBO/Synonym.pm line 0
	eval {...} at /home/cpansand/.cpan/build/2019030423/GOBO-0.03-8/blib/lib/GOBO/Synonym.pm line 0
	require GOBO/Annotation.pm at /home/cpansand/.cpan/build/2019030423/GOBO-0.03-8/blib/lib/GOBO/Graph.pm line 55
	GOBO::Graph::BEGIN at /home/cpansand/.cpan/build/2019030423/GOBO-0.03-8/blib/lib/GOBO/Synonym.pm line 0
	eval {...} at /home/cpansand/.cpan/build/2019030423/GOBO-0.03-8/blib/lib/GOBO/Synonym.pm line 0
	require GOBO/Graph.pm at t/inference_engine_test.t line 4
	main::BEGIN at /home/cpansand/.cpan/build/2019030423/GOBO-0.03-8/blib/lib/GOBO/Synonym.pm line 0
	eval {...} at /home/cpansand/.cpan/build/2019030423/GOBO-0.03-8/blib/lib/GOBO/Synonym.pm line 0
Compilation failed in require at /home/cpansand/.cpan/build/2019030423/GOBO-0.03-8/blib/lib/GOBO/Labeled.pm line 23.
BEGIN failed--compilation aborted at /home/cpansand/.cpan/build/2019030423/GOBO-0.03-8/blib/lib/GOBO/Labeled.pm line 23.
Compilation failed in require at /usr/perl5.20.2p/lib/site_perl/5.20.2/Module/Runtime.pm line 314.
Compilation failed in require at /usr/perl5.20.2p/lib/site_perl/5.20.2/Module/Runtime.pm line 314.
Compilation failed in require at /home/cpansand/.cpan/build/2019030423/GOBO-0.03-8/blib/lib/GOBO/Annotation.pm line 5.
BEGIN failed--compilation aborted at /home/cpansand/.cpan/build/2019030423/GOBO-0.03-8/blib/lib/GOBO/Annotation.pm line 5.
Compilation failed in require at /home/cpansand/.cpan/build/2019030423/GOBO-0.03-8/blib/lib/GOBO/Graph.pm line 55.
BEGIN failed--compilation aborted at /home/cpansand/.cpan/build/2019030423/GOBO-0.03-8/blib/lib/GOBO/Graph.pm line 55.
Compilation failed in require at t/inference_engine_test.t line 4.
BEGIN failed--compilation aborted at t/inference_engine_test.t line 4.
t/inference_engine_test.t .... 
Dubious, test returned 255 (wstat 65280, 0xff00)
No subtests run 
You cannot coerce an attribute (source) unless its type (GOBO::Node) has a coercion at /usr/perl5.20.2p/lib/site_perl/5.20.2/amd64-freebsd/Moose/Exporter.pm line 419
	Moose::with('GOBO::Attributed') called at /home/cpansand/.cpan/build/2019030423/GOBO-0.03-8/blib/lib/GOBO/Synonym.pm line 17
	require GOBO/Synonym.pm at /home/cpansand/.cpan/build/2019030423/GOBO-0.03-8/blib/lib/GOBO/Labeled.pm line 23
	GOBO::Labeled::BEGIN at /home/cpansand/.cpan/build/2019030423/GOBO-0.03-8/blib/lib/GOBO/Synonym.pm line 0
	eval {...} at /home/cpansand/.cpan/build/2019030423/GOBO-0.03-8/blib/lib/GOBO/Synonym.pm line 0
	require GOBO/Labeled.pm at /usr/perl5.20.2p/lib/site_perl/5.20.2/Module/Runtime.pm line 314
	Module::Runtime::require_module('GOBO::Labeled') called at /usr/perl5.20.2p/lib/site_perl/5.20.2/Module/Runtime.pm line 391
	eval {...} at /usr/perl5.20.2p/lib/site_perl/5.20.2/Module/Runtime.pm line 391
	Module::Runtime::use_package_optimistically('GOBO::Labeled') called at /usr/perl5.20.2p/lib/site_perl/5.20.2/amd64-freebsd/Moose/Util.pm line 348
	Moose::Util::_load_user_class('GOBO::Labeled', undef) called at /usr/perl5.20.2p/lib/site_perl/5.20.2/amd64-freebsd/Moose/Util.pm line 146
	Moose::Util::_apply_all_roles('Moose::Meta::Class=HASH(0x44732708)', undef, 'GOBO::Labeled') called at /usr/perl5.20.2p/lib/site_perl/5.20.2/amd64-freebsd/Moose/Util.pm line 113
	Moose::Util::apply_all_roles('Moose::Meta::Class=HASH(0x44732708)', 'GOBO::Labeled') called at /usr/perl5.20.2p/lib/site_perl/5.20.2/amd64-freebsd/Moose.pm line 57
	Moose::with('Moose::Meta::Class=HASH(0x44732708)', 'GOBO::Labeled') called at /usr/perl5.20.2p/lib/site_perl/5.20.2/amd64-freebsd/Moose/Exporter.pm line 419
	Moose::with('GOBO::Labeled') called at /home/cpansand/.cpan/build/2019030423/GOBO-0.03-8/blib/lib/GOBO/Node.pm line 6
	require GOBO/Node.pm at /usr/perl5.20.2p/lib/site_perl/5.20.2/Module/Runtime.pm line 314
	Module::Runtime::require_module('GOBO::Node') called at /usr/perl5.20.2p/lib/site_perl/5.20.2/Module/Runtime.pm line 391
	eval {...} at /usr/perl5.20.2p/lib/site_perl/5.20.2/Module/Runtime.pm line 391
	Module::Runtime::use_package_optimistically('GOBO::Node') called at /usr/perl5.20.2p/lib/site_perl/5.20.2/amd64-freebsd/Moose/Util.pm line 348
	Moose::Util::_load_user_class('GOBO::Node', undef) called at /usr/perl5.20.2p/lib/site_perl/5.20.2/amd64-freebsd/Moose/Meta/Class.pm line 569
	Moose::Meta::Class::superclasses(undef, 'GOBO::Node') called at /usr/perl5.20.2p/lib/site_perl/5.20.2/amd64-freebsd/Moose.pm line 53
	Moose::extends('Moose::Meta::Class=HASH(0x41ded630)', 'GOBO::Node') called at /usr/perl5.20.2p/lib/site_perl/5.20.2/amd64-freebsd/Moose/Exporter.pm line 419
	Moose::extends('GOBO::Node') called at /home/cpansand/.cpan/build/2019030423/GOBO-0.03-8/blib/lib/GOBO/Evidence.pm line 4
	require GOBO/Evidence.pm at /home/cpansand/.cpan/build/2019030423/GOBO-0.03-8/blib/lib/GOBO/Annotation.pm line 5
	GOBO::Annotation::BEGIN at /home/cpansand/.cpan/build/2019030423/GOBO-0.03-8/blib/lib/GOBO/Synonym.pm line 0
	eval {...} at /home/cpansand/.cpan/build/2019030423/GOBO-0.03-8/blib/lib/GOBO/Synonym.pm line 0
	require GOBO/Annotation.pm at /home/cpansand/.cpan/build/2019030423/GOBO-0.03-8/blib/lib/GOBO/Graph.pm line 55
	GOBO::Graph::BEGIN at /home/cpansand/.cpan/build/2019030423/GOBO-0.03-8/blib/lib/GOBO/Synonym.pm line 0
	eval {...} at /home/cpansand/.cpan/build/2019030423/GOBO-0.03-8/blib/lib/GOBO/Synonym.pm line 0
	require GOBO/Graph.pm at t/logical_definition_test.t line 4
	main::BEGIN at /home/cpansand/.cpan/build/2019030423/GOBO-0.03-8/blib/lib/GOBO/Synonym.pm line 0
	eval {...} at /home/cpansand/.cpan/build/2019030423/GOBO-0.03-8/blib/lib/GOBO/Synonym.pm line 0
Compilation failed in require at /home/cpansand/.cpan/build/2019030423/GOBO-0.03-8/blib/lib/GOBO/Labeled.pm line 23.
BEGIN failed--compilation aborted at /home/cpansand/.cpan/build/2019030423/GOBO-0.03-8/blib/lib/GOBO/Labeled.pm line 23.
Compilation failed in require at /usr/perl5.20.2p/lib/site_perl/5.20.2/Module/Runtime.pm line 314.
Compilation failed in require at /usr/perl5.20.2p/lib/site_perl/5.20.2/Module/Runtime.pm line 314.
Compilation failed in require at /home/cpansand/.cpan/build/2019030423/GOBO-0.03-8/blib/lib/GOBO/Annotation.pm line 5.
BEGIN failed--compilation aborted at /home/cpansand/.cpan/build/2019030423/GOBO-0.03-8/blib/lib/GOBO/Annotation.pm line 5.
Compilation failed in require at /home/cpansand/.cpan/build/2019030423/GOBO-0.03-8/blib/lib/GOBO/Graph.pm line 55.
BEGIN failed--compilation aborted at /home/cpansand/.cpan/build/2019030423/GOBO-0.03-8/blib/lib/GOBO/Graph.pm line 55.
Compilation failed in require at t/logical_definition_test.t line 4.
BEGIN failed--compilation aborted at t/logical_definition_test.t line 4.
t/logical_definition_test.t .. 
Dubious, test returned 255 (wstat 65280, 0xff00)
No subtests run 
You cannot coerce an attribute (provenance) unless its type (GOBO::Node) has a coercion at /usr/perl5.20.2p/lib/site_perl/5.20.2/amd64-freebsd/Moose/Exporter.pm line 419
	Moose::with('GOBO::Attributed') called at /home/cpansand/.cpan/build/2019030423/GOBO-0.03-8/blib/lib/GOBO/Synonym.pm line 17
	require GOBO/Synonym.pm at /home/cpansand/.cpan/build/2019030423/GOBO-0.03-8/blib/lib/GOBO/Labeled.pm line 23
	GOBO::Labeled::BEGIN at /home/cpansand/.cpan/build/2019030423/GOBO-0.03-8/blib/lib/GOBO/Synonym.pm line 0
	eval {...} at /home/cpansand/.cpan/build/2019030423/GOBO-0.03-8/blib/lib/GOBO/Synonym.pm line 0
	require GOBO/Labeled.pm at /usr/perl5.20.2p/lib/site_perl/5.20.2/Module/Runtime.pm line 314
	Module::Runtime::require_module('GOBO::Labeled') called at /usr/perl5.20.2p/lib/site_perl/5.20.2/Module/Runtime.pm line 391
	eval {...} at /usr/perl5.20.2p/lib/site_perl/5.20.2/Module/Runtime.pm line 391
	Module::Runtime::use_package_optimistically('GOBO::Labeled') called at /usr/perl5.20.2p/lib/site_perl/5.20.2/amd64-freebsd/Moose/Util.pm line 348
	Moose::Util::_load_user_class('GOBO::Labeled', undef) called at /usr/perl5.20.2p/lib/site_perl/5.20.2/amd64-freebsd/Moose/Util.pm line 146
	Moose::Util::_apply_all_roles('Moose::Meta::Class=HASH(0x4479cfd8)', undef, 'GOBO::Labeled') called at /usr/perl5.20.2p/lib/site_perl/5.20.2/amd64-freebsd/Moose/Util.pm line 113
	Moose::Util::apply_all_roles('Moose::Meta::Class=HASH(0x4479cfd8)', 'GOBO::Labeled') called at /usr/perl5.20.2p/lib/site_perl/5.20.2/amd64-freebsd/Moose.pm line 57
	Moose::with('Moose::Meta::Class=HASH(0x4479cfd8)', 'GOBO::Labeled') called at /usr/perl5.20.2p/lib/site_perl/5.20.2/amd64-freebsd/Moose/Exporter.pm line 419
	Moose::with('GOBO::Labeled') called at /home/cpansand/.cpan/build/2019030423/GOBO-0.03-8/blib/lib/GOBO/Node.pm line 6
	require GOBO/Node.pm at /usr/perl5.20.2p/lib/site_perl/5.20.2/Module/Runtime.pm line 314
	Module::Runtime::require_module('GOBO::Node') called at /usr/perl5.20.2p/lib/site_perl/5.20.2/Module/Runtime.pm line 391
	eval {...} at /usr/perl5.20.2p/lib/site_perl/5.20.2/Module/Runtime.pm line 391
	Module::Runtime::use_package_optimistically('GOBO::Node') called at /usr/perl5.20.2p/lib/site_perl/5.20.2/amd64-freebsd/Moose/Util.pm line 348
	Moose::Util::_load_user_class('GOBO::Node', undef) called at /usr/perl5.20.2p/lib/site_perl/5.20.2/amd64-freebsd/Moose/Meta/Class.pm line 569
	Moose::Meta::Class::superclasses(undef, 'GOBO::Node') called at /usr/perl5.20.2p/lib/site_perl/5.20.2/amd64-freebsd/Moose.pm line 53
	Moose::extends('Moose::Meta::Class=HASH(0x41f97450)', 'GOBO::Node') called at /usr/perl5.20.2p/lib/site_perl/5.20.2/amd64-freebsd/Moose/Exporter.pm line 419
	Moose::extends('GOBO::Node') called at /home/cpansand/.cpan/build/2019030423/GOBO-0.03-8/blib/lib/GOBO/Evidence.pm line 4
	require GOBO/Evidence.pm at /home/cpansand/.cpan/build/2019030423/GOBO-0.03-8/blib/lib/GOBO/Annotation.pm line 5
	GOBO::Annotation::BEGIN at /home/cpansand/.cpan/build/2019030423/GOBO-0.03-8/blib/lib/GOBO/Synonym.pm line 0
	eval {...} at /home/cpansand/.cpan/build/2019030423/GOBO-0.03-8/blib/lib/GOBO/Synonym.pm line 0
	require GOBO/Annotation.pm at /home/cpansand/.cpan/build/2019030423/GOBO-0.03-8/blib/lib/GOBO/Graph.pm line 55
	GOBO::Graph::BEGIN at /home/cpansand/.cpan/build/2019030423/GOBO-0.03-8/blib/lib/GOBO/Synonym.pm line 0
	eval {...} at /home/cpansand/.cpan/build/2019030423/GOBO-0.03-8/blib/lib/GOBO/Synonym.pm line 0
	require GOBO/Graph.pm at t/node_removal.t line 8
	main::BEGIN at /home/cpansand/.cpan/build/2019030423/GOBO-0.03-8/blib/lib/GOBO/Synonym.pm line 0
	eval {...} at /home/cpansand/.cpan/build/2019030423/GOBO-0.03-8/blib/lib/GOBO/Synonym.pm line 0
Compilation failed in require at /home/cpansand/.cpan/build/2019030423/GOBO-0.03-8/blib/lib/GOBO/Labeled.pm line 23.
BEGIN failed--compilation aborted at /home/cpansand/.cpan/build/2019030423/GOBO-0.03-8/blib/lib/GOBO/Labeled.pm line 23.
Compilation failed in require at /usr/perl5.20.2p/lib/site_perl/5.20.2/Module/Runtime.pm line 314.
Compilation failed in require at /usr/perl5.20.2p/lib/site_perl/5.20.2/Module/Runtime.pm line 314.
Compilation failed in require at /home/cpansand/.cpan/build/2019030423/GOBO-0.03-8/blib/lib/GOBO/Annotation.pm line 5.
BEGIN failed--compilation aborted at /home/cpansand/.cpan/build/2019030423/GOBO-0.03-8/blib/lib/GOBO/Annotation.pm line 5.
Compilation failed in require at /home/cpansand/.cpan/build/2019030423/GOBO-0.03-8/blib/lib/GOBO/Graph.pm line 55.
BEGIN failed--compilation aborted at /home/cpansand/.cpan/build/2019030423/GOBO-0.03-8/blib/lib/GOBO/Graph.pm line 55.
Compilation failed in require at t/node_removal.t line 8.
BEGIN failed--compilation aborted at t/node_removal.t line 8.
t/node_removal.t ............. 
Dubious, test returned 255 (wstat 65280, 0xff00)
No subtests run 
You cannot coerce an attribute (provenance) unless its type (GOBO::Node) has a coercion at /usr/perl5.20.2p/lib/site_perl/5.20.2/amd64-freebsd/Moose/Exporter.pm line 419
	Moose::with('GOBO::Attributed') called at /home/cpansand/.cpan/build/2019030423/GOBO-0.03-8/blib/lib/GOBO/Synonym.pm line 17
	require GOBO/Synonym.pm at /home/cpansand/.cpan/build/2019030423/GOBO-0.03-8/blib/lib/GOBO/Labeled.pm line 23
	GOBO::Labeled::BEGIN at /home/cpansand/.cpan/build/2019030423/GOBO-0.03-8/blib/lib/GOBO/Synonym.pm line 0
	eval {...} at /home/cpansand/.cpan/build/2019030423/GOBO-0.03-8/blib/lib/GOBO/Synonym.pm line 0
	require GOBO/Labeled.pm at /usr/perl5.20.2p/lib/site_perl/5.20.2/Module/Runtime.pm line 314
	Module::Runtime::require_module('GOBO::Labeled') called at /usr/perl5.20.2p/lib/site_perl/5.20.2/Module/Runtime.pm line 391
	eval {...} at /usr/perl5.20.2p/lib/site_perl/5.20.2/Module/Runtime.pm line 391
	Module::Runtime::use_package_optimistically('GOBO::Labeled') called at /usr/perl5.20.2p/lib/site_perl/5.20.2/amd64-freebsd/Moose/Util.pm line 348
	Moose::Util::_load_user_class('GOBO::Labeled', undef) called at /usr/perl5.20.2p/lib/site_perl/5.20.2/amd64-freebsd/Moose/Util.pm line 146
	Moose::Util::_apply_all_roles('Moose::Meta::Class=HASH(0x44728bb8)', undef, 'GOBO::Labeled') called at /usr/perl5.20.2p/lib/site_perl/5.20.2/amd64-freebsd/Moose/Util.pm line 113
	Moose::Util::apply_all_roles('Moose::Meta::Class=HASH(0x44728bb8)', 'GOBO::Labeled') called at /usr/perl5.20.2p/lib/site_perl/5.20.2/amd64-freebsd/Moose.pm line 57
	Moose::with('Moose::Meta::Class=HASH(0x44728bb8)', 'GOBO::Labeled') called at /usr/perl5.20.2p/lib/site_perl/5.20.2/amd64-freebsd/Moose/Exporter.pm line 419
	Moose::with('GOBO::Labeled') called at /home/cpansand/.cpan/build/2019030423/GOBO-0.03-8/blib/lib/GOBO/Node.pm line 6
	require GOBO/Node.pm at /usr/perl5.20.2p/lib/site_perl/5.20.2/Module/Runtime.pm line 314
	Module::Runtime::require_module('GOBO::Node') called at /usr/perl5.20.2p/lib/site_perl/5.20.2/Module/Runtime.pm line 391
	eval {...} at /usr/perl5.20.2p/lib/site_perl/5.20.2/Module/Runtime.pm line 391
	Module::Runtime::use_package_optimistically('GOBO::Node') called at /usr/perl5.20.2p/lib/site_perl/5.20.2/amd64-freebsd/Moose/Util.pm line 348
	Moose::Util::_load_user_class('GOBO::Node', undef) called at /usr/perl5.20.2p/lib/site_perl/5.20.2/amd64-freebsd/Moose/Meta/Class.pm line 569
	Moose::Meta::Class::superclasses(undef, 'GOBO::Node') called at /usr/perl5.20.2p/lib/site_perl/5.20.2/amd64-freebsd/Moose.pm line 53
	Moose::extends('Moose::Meta::Class=HASH(0x445dbbb8)', 'GOBO::Node') called at /usr/perl5.20.2p/lib/site_perl/5.20.2/amd64-freebsd/Moose/Exporter.pm line 419
	Moose::extends('GOBO::Node') called at /home/cpansand/.cpan/build/2019030423/GOBO-0.03-8/blib/lib/GOBO/Evidence.pm line 4
	require GOBO/Evidence.pm at /home/cpansand/.cpan/build/2019030423/GOBO-0.03-8/blib/lib/GOBO/Annotation.pm line 5
	GOBO::Annotation::BEGIN at /home/cpansand/.cpan/build/2019030423/GOBO-0.03-8/blib/lib/GOBO/Synonym.pm line 0
	eval {...} at /home/cpansand/.cpan/build/2019030423/GOBO-0.03-8/blib/lib/GOBO/Synonym.pm line 0
	require GOBO/Annotation.pm at /home/cpansand/.cpan/build/2019030423/GOBO-0.03-8/blib/lib/GOBO/Graph.pm line 55
	GOBO::Graph::BEGIN at /home/cpansand/.cpan/build/2019030423/GOBO-0.03-8/blib/lib/GOBO/Synonym.pm line 0
	eval {...} at /home/cpansand/.cpan/build/2019030423/GOBO-0.03-8/blib/lib/GOBO/Synonym.pm line 0
	require GOBO/Graph.pm at t/oboparsertest.t line 6
	main::BEGIN at /home/cpansand/.cpan/build/2019030423/GOBO-0.03-8/blib/lib/GOBO/Synonym.pm line 0
	eval {...} at /home/cpansand/.cpan/build/2019030423/GOBO-0.03-8/blib/lib/GOBO/Synonym.pm line 0
Compilation failed in require at /home/cpansand/.cpan/build/2019030423/GOBO-0.03-8/blib/lib/GOBO/Labeled.pm line 23.
BEGIN failed--compilation aborted at /home/cpansand/.cpan/build/2019030423/GOBO-0.03-8/blib/lib/GOBO/Labeled.pm line 23.
Compilation failed in require at /usr/perl5.20.2p/lib/site_perl/5.20.2/Module/Runtime.pm line 314.
Compilation failed in require at /usr/perl5.20.2p/lib/site_perl/5.20.2/Module/Runtime.pm line 314.
Compilation failed in require at /home/cpansand/.cpan/build/2019030423/GOBO-0.03-8/blib/lib/GOBO/Annotation.pm line 5.
BEGIN failed--compilation aborted at /home/cpansand/.cpan/build/2019030423/GOBO-0.03-8/blib/lib/GOBO/Annotation.pm line 5.
Compilation failed in require at /home/cpansand/.cpan/build/2019030423/GOBO-0.03-8/blib/lib/GOBO/Graph.pm line 55.
BEGIN failed--compilation aborted at /home/cpansand/.cpan/build/2019030423/GOBO-0.03-8/blib/lib/GOBO/Graph.pm line 55.
Compilation failed in require at t/oboparsertest.t line 6.
BEGIN failed--compilation aborted at t/oboparsertest.t line 6.
t/oboparsertest.t ............ 
Dubious, test returned 255 (wstat 65280, 0xff00)
No subtests run 
Subroutine main::ok redefined at /usr/perl5.20.2p/lib/site_perl/5.20.2/Exporter.pm line 66.
 at t/parsetest.t line 6.
Prototype mismatch: sub main::ok ($;$$) vs ($;$) at /usr/perl5.20.2p/lib/site_perl/5.20.2/Exporter.pm line 66.
 at t/parsetest.t line 6.
Subroutine main::skip redefined at /usr/perl5.20.2p/lib/site_perl/5.20.2/Exporter.pm line 66.
 at t/parsetest.t line 6.
Prototype mismatch: sub main::skip ($;$$$) vs none at /usr/perl5.20.2p/lib/site_perl/5.20.2/Exporter.pm line 66.
 at t/parsetest.t line 6.
Subroutine main::plan redefined at /usr/perl5.20.2p/lib/site_perl/5.20.2/Exporter.pm line 66.
 at t/parsetest.t line 6.
You cannot coerce an attribute (provenance) unless its type (GOBO::Node) has a coercion at /usr/perl5.20.2p/lib/site_perl/5.20.2/amd64-freebsd/Moose/Exporter.pm line 419
	Moose::with('GOBO::Attributed') called at /home/cpansand/.cpan/build/2019030423/GOBO-0.03-8/blib/lib/GOBO/Synonym.pm line 17
	require GOBO/Synonym.pm at /home/cpansand/.cpan/build/2019030423/GOBO-0.03-8/blib/lib/GOBO/Labeled.pm line 23
	GOBO::Labeled::BEGIN at /home/cpansand/.cpan/build/2019030423/GOBO-0.03-8/blib/lib/GOBO/Synonym.pm line 0
	eval {...} at /home/cpansand/.cpan/build/2019030423/GOBO-0.03-8/blib/lib/GOBO/Synonym.pm line 0
	require GOBO/Labeled.pm at /usr/perl5.20.2p/lib/site_perl/5.20.2/Module/Runtime.pm line 314
	Module::Runtime::require_module('GOBO::Labeled') called at /usr/perl5.20.2p/lib/site_perl/5.20.2/Module/Runtime.pm line 391
	eval {...} at /usr/perl5.20.2p/lib/site_perl/5.20.2/Module/Runtime.pm line 391
	Module::Runtime::use_package_optimistically('GOBO::Labeled') called at /usr/perl5.20.2p/lib/site_perl/5.20.2/amd64-freebsd/Moose/Util.pm line 348
	Moose::Util::_load_user_class('GOBO::Labeled', undef) called at /usr/perl5.20.2p/lib/site_perl/5.20.2/amd64-freebsd/Moose/Util.pm line 146
	Moose::Util::_apply_all_roles('Moose::Meta::Class=HASH(0x4605d9a8)', undef, 'GOBO::Labeled') called at /usr/perl5.20.2p/lib/site_perl/5.20.2/amd64-freebsd/Moose/Util.pm line 113
	Moose::Util::apply_all_roles('Moose::Meta::Class=HASH(0x4605d9a8)', 'GOBO::Labeled') called at /usr/perl5.20.2p/lib/site_perl/5.20.2/amd64-freebsd/Moose.pm line 57
	Moose::with('Moose::Meta::Class=HASH(0x4605d9a8)', 'GOBO::Labeled') called at /usr/perl5.20.2p/lib/site_perl/5.20.2/amd64-freebsd/Moose/Exporter.pm line 419
	Moose::with('GOBO::Labeled') called at /home/cpansand/.cpan/build/2019030423/GOBO-0.03-8/blib/lib/GOBO/Node.pm line 6
	require GOBO/Node.pm at /home/cpansand/.cpan/build/2019030423/GOBO-0.03-8/blib/lib/GOBO/Parsers/GAFParser.pm line 7
	GOBO::Parsers::GAFParser::BEGIN at /home/cpansand/.cpan/build/2019030423/GOBO-0.03-8/blib/lib/GOBO/Synonym.pm line 0
	eval {...} at /home/cpansand/.cpan/build/2019030423/GOBO-0.03-8/blib/lib/GOBO/Synonym.pm line 0
	require GOBO/Parsers/GAFParser.pm at t/parsetest.t line 10
	main::BEGIN at /home/cpansand/.cpan/build/2019030423/GOBO-0.03-8/blib/lib/GOBO/Synonym.pm line 0
	eval {...} at /home/cpansand/.cpan/build/2019030423/GOBO-0.03-8/blib/lib/GOBO/Synonym.pm line 0
Compilation failed in require at /home/cpansand/.cpan/build/2019030423/GOBO-0.03-8/blib/lib/GOBO/Labeled.pm line 23.
BEGIN failed--compilation aborted at /home/cpansand/.cpan/build/2019030423/GOBO-0.03-8/blib/lib/GOBO/Labeled.pm line 23.
Compilation failed in require at /usr/perl5.20.2p/lib/site_perl/5.20.2/Module/Runtime.pm line 314.
Compilation failed in require at /home/cpansand/.cpan/build/2019030423/GOBO-0.03-8/blib/lib/GOBO/Parsers/GAFParser.pm line 7.
BEGIN failed--compilation aborted at /home/cpansand/.cpan/build/2019030423/GOBO-0.03-8/blib/lib/GOBO/Parsers/GAFParser.pm line 7.
Compilation failed in require at t/parsetest.t line 10.
BEGIN failed--compilation aborted at t/parsetest.t line 10.
t/parsetest.t ................ skipped: (no reason given)
You cannot coerce an attribute (provenance) unless its type (GOBO::Node) has a coercion at /usr/perl5.20.2p/lib/site_perl/5.20.2/amd64-freebsd/Moose/Exporter.pm line 419
	Moose::with('GOBO::Attributed') called at /home/cpansand/.cpan/build/2019030423/GOBO-0.03-8/blib/lib/GOBO/Synonym.pm line 17
	require GOBO/Synonym.pm at /home/cpansand/.cpan/build/2019030423/GOBO-0.03-8/blib/lib/GOBO/Labeled.pm line 23
	GOBO::Labeled::BEGIN at /home/cpansand/.cpan/build/2019030423/GOBO-0.03-8/blib/lib/GOBO/Synonym.pm line 0
	eval {...} at /home/cpansand/.cpan/build/2019030423/GOBO-0.03-8/blib/lib/GOBO/Synonym.pm line 0
	require GOBO/Labeled.pm at /usr/perl5.20.2p/lib/site_perl/5.20.2/Module/Runtime.pm line 314
	Module::Runtime::require_module('GOBO::Labeled') called at /usr/perl5.20.2p/lib/site_perl/5.20.2/Module/Runtime.pm line 391
	eval {...} at /usr/perl5.20.2p/lib/site_perl/5.20.2/Module/Runtime.pm line 391
	Module::Runtime::use_package_optimistically('GOBO::Labeled') called at /usr/perl5.20.2p/lib/site_perl/5.20.2/amd64-freebsd/Moose/Util.pm line 348
	Moose::Util::_load_user_class('GOBO::Labeled', undef) called at /usr/perl5.20.2p/lib/site_perl/5.20.2/amd64-freebsd/Moose/Util.pm line 146
	Moose::Util::_apply_all_roles('Moose::Meta::Class=HASH(0x45b987f8)', undef, 'GOBO::Labeled') called at /usr/perl5.20.2p/lib/site_perl/5.20.2/amd64-freebsd/Moose/Util.pm line 113
	Moose::Util::apply_all_roles('Moose::Meta::Class=HASH(0x45b987f8)', 'GOBO::Labeled') called at /usr/perl5.20.2p/lib/site_perl/5.20.2/amd64-freebsd/Moose.pm line 57
	Moose::with('Moose::Meta::Class=HASH(0x45b987f8)', 'GOBO::Labeled') called at /usr/perl5.20.2p/lib/site_perl/5.20.2/amd64-freebsd/Moose/Exporter.pm line 419
	Moose::with('GOBO::Labeled') called at /home/cpansand/.cpan/build/2019030423/GOBO-0.03-8/blib/lib/GOBO/Node.pm line 6
	require GOBO/Node.pm at /usr/perl5.20.2p/lib/site_perl/5.20.2/Module/Runtime.pm line 314
	Module::Runtime::require_module('GOBO::Node') called at /usr/perl5.20.2p/lib/site_perl/5.20.2/Module/Runtime.pm line 391
	eval {...} at /usr/perl5.20.2p/lib/site_perl/5.20.2/Module/Runtime.pm line 391
	Module::Runtime::use_package_optimistically('GOBO::Node') called at /usr/perl5.20.2p/lib/site_perl/5.20.2/amd64-freebsd/Moose/Util.pm line 348
	Moose::Util::_load_user_class('GOBO::Node', undef) called at /usr/perl5.20.2p/lib/site_perl/5.20.2/amd64-freebsd/Moose/Meta/Class.pm line 569
	Moose::Meta::Class::superclasses(undef, 'GOBO::Node') called at /usr/perl5.20.2p/lib/site_perl/5.20.2/amd64-freebsd/Moose.pm line 53
	Moose::extends('Moose::Meta::Class=HASH(0x4377ca98)', 'GOBO::Node') called at /usr/perl5.20.2p/lib/site_perl/5.20.2/amd64-freebsd/Moose/Exporter.pm line 419
	Moose::extends('GOBO::Node') called at /home/cpansand/.cpan/build/2019030423/GOBO-0.03-8/blib/lib/GOBO/Evidence.pm line 4
	require GOBO/Evidence.pm at /home/cpansand/.cpan/build/2019030423/GOBO-0.03-8/blib/lib/GOBO/Annotation.pm line 5
	GOBO::Annotation::BEGIN at /home/cpansand/.cpan/build/2019030423/GOBO-0.03-8/blib/lib/GOBO/Synonym.pm line 0
	eval {...} at /home/cpansand/.cpan/build/2019030423/GOBO-0.03-8/blib/lib/GOBO/Synonym.pm line 0
	require GOBO/Annotation.pm at /home/cpansand/.cpan/build/2019030423/GOBO-0.03-8/blib/lib/GOBO/Graph.pm line 55
	GOBO::Graph::BEGIN at /home/cpansand/.cpan/build/2019030423/GOBO-0.03-8/blib/lib/GOBO/Synonym.pm line 0
	eval {...} at /home/cpansand/.cpan/build/2019030423/GOBO-0.03-8/blib/lib/GOBO/Synonym.pm line 0
	require GOBO/Graph.pm at t/relation_test.t line 3
	main::BEGIN at /home/cpansand/.cpan/build/2019030423/GOBO-0.03-8/blib/lib/GOBO/Synonym.pm line 0
	eval {...} at /home/cpansand/.cpan/build/2019030423/GOBO-0.03-8/blib/lib/GOBO/Synonym.pm line 0
Compilation failed in require at /home/cpansand/.cpan/build/2019030423/GOBO-0.03-8/blib/lib/GOBO/Labeled.pm line 23.
BEGIN failed--compilation aborted at /home/cpansand/.cpan/build/2019030423/GOBO-0.03-8/blib/lib/GOBO/Labeled.pm line 23.
Compilation failed in require at /usr/perl5.20.2p/lib/site_perl/5.20.2/Module/Runtime.pm line 314.
Compilation failed in require at /usr/perl5.20.2p/lib/site_perl/5.20.2/Module/Runtime.pm line 314.
Compilation failed in require at /home/cpansand/.cpan/build/2019030423/GOBO-0.03-8/blib/lib/GOBO/Annotation.pm line 5.
BEGIN failed--compilation aborted at /home/cpansand/.cpan/build/2019030423/GOBO-0.03-8/blib/lib/GOBO/Annotation.pm line 5.
Compilation failed in require at /home/cpansand/.cpan/build/2019030423/GOBO-0.03-8/blib/lib/GOBO/Graph.pm line 55.
BEGIN failed--compilation aborted at /home/cpansand/.cpan/build/2019030423/GOBO-0.03-8/blib/lib/GOBO/Graph.pm line 55.
Compilation failed in require at t/relation_test.t line 3.
BEGIN failed--compilation aborted at t/relation_test.t line 3.
# Looks like your test exited with 255 before it could output anything.
t/relation_test.t ............ 
Dubious, test returned 255 (wstat 65280, 0xff00)
Failed 29/29 subtests 
You cannot coerce an attribute (source) unless its type (GOBO::Node) has a coercion at /usr/perl5.20.2p/lib/site_perl/5.20.2/amd64-freebsd/Moose/Exporter.pm line 419
	Moose::with('GOBO::Attributed') called at /home/cpansand/.cpan/build/2019030423/GOBO-0.03-8/blib/lib/GOBO/Synonym.pm line 17
	require GOBO/Synonym.pm at /home/cpansand/.cpan/build/2019030423/GOBO-0.03-8/blib/lib/GOBO/Labeled.pm line 23
	GOBO::Labeled::BEGIN at /home/cpansand/.cpan/build/2019030423/GOBO-0.03-8/blib/lib/GOBO/Synonym.pm line 0
	eval {...} at /home/cpansand/.cpan/build/2019030423/GOBO-0.03-8/blib/lib/GOBO/Synonym.pm line 0
	require GOBO/Labeled.pm at /usr/perl5.20.2p/lib/site_perl/5.20.2/Module/Runtime.pm line 314
	Module::Runtime::require_module('GOBO::Labeled') called at /usr/perl5.20.2p/lib/site_perl/5.20.2/Module/Runtime.pm line 391
	eval {...} at /usr/perl5.20.2p/lib/site_perl/5.20.2/Module/Runtime.pm line 391
	Module::Runtime::use_package_optimistically('GOBO::Labeled') called at /usr/perl5.20.2p/lib/site_perl/5.20.2/amd64-freebsd/Moose/Util.pm line 348
	Moose::Util::_load_user_class('GOBO::Labeled', undef) called at /usr/perl5.20.2p/lib/site_perl/5.20.2/amd64-freebsd/Moose/Util.pm line 146
	Moose::Util::_apply_all_roles('Moose::Meta::Class=HASH(0x4472d720)', undef, 'GOBO::Labeled') called at /usr/perl5.20.2p/lib/site_perl/5.20.2/amd64-freebsd/Moose/Util.pm line 113
	Moose::Util::apply_all_roles('Moose::Meta::Class=HASH(0x4472d720)', 'GOBO::Labeled') called at /usr/perl5.20.2p/lib/site_perl/5.20.2/amd64-freebsd/Moose.pm line 57
	Moose::with('Moose::Meta::Class=HASH(0x4472d720)', 'GOBO::Labeled') called at /usr/perl5.20.2p/lib/site_perl/5.20.2/amd64-freebsd/Moose/Exporter.pm line 419
	Moose::with('GOBO::Labeled') called at /home/cpansand/.cpan/build/2019030423/GOBO-0.03-8/blib/lib/GOBO/Node.pm line 6
	require GOBO/Node.pm at /usr/perl5.20.2p/lib/site_perl/5.20.2/Module/Runtime.pm line 314
	Module::Runtime::require_module('GOBO::Node') called at /usr/perl5.20.2p/lib/site_perl/5.20.2/Module/Runtime.pm line 391
	eval {...} at /usr/perl5.20.2p/lib/site_perl/5.20.2/Module/Runtime.pm line 391
	Module::Runtime::use_package_optimistically('GOBO::Node') called at /usr/perl5.20.2p/lib/site_perl/5.20.2/amd64-freebsd/Moose/Util.pm line 348
	Moose::Util::_load_user_class('GOBO::Node', undef) called at /usr/perl5.20.2p/lib/site_perl/5.20.2/amd64-freebsd/Moose/Meta/Class.pm line 569
	Moose::Meta::Class::superclasses(undef, 'GOBO::Node') called at /usr/perl5.20.2p/lib/site_perl/5.20.2/amd64-freebsd/Moose.pm line 53
	Moose::extends('Moose::Meta::Class=HASH(0x41e1eb70)', 'GOBO::Node') called at /usr/perl5.20.2p/lib/site_perl/5.20.2/amd64-freebsd/Moose/Exporter.pm line 419
	Moose::extends('GOBO::Node') called at /home/cpansand/.cpan/build/2019030423/GOBO-0.03-8/blib/lib/GOBO/Evidence.pm line 4
	require GOBO/Evidence.pm at /home/cpansand/.cpan/build/2019030423/GOBO-0.03-8/blib/lib/GOBO/Annotation.pm line 5
	GOBO::Annotation::BEGIN at /home/cpansand/.cpan/build/2019030423/GOBO-0.03-8/blib/lib/GOBO/Synonym.pm line 0
	eval {...} at /home/cpansand/.cpan/build/2019030423/GOBO-0.03-8/blib/lib/GOBO/Synonym.pm line 0
	require GOBO/Annotation.pm at /home/cpansand/.cpan/build/2019030423/GOBO-0.03-8/blib/lib/GOBO/Graph.pm line 55
	GOBO::Graph::BEGIN at /home/cpansand/.cpan/build/2019030423/GOBO-0.03-8/blib/lib/GOBO/Synonym.pm line 0
	eval {...} at /home/cpansand/.cpan/build/2019030423/GOBO-0.03-8/blib/lib/GOBO/Synonym.pm line 0
	require GOBO/Graph.pm at t/roundtrip.t line 6
	main::BEGIN at /home/cpansand/.cpan/build/2019030423/GOBO-0.03-8/blib/lib/GOBO/Synonym.pm line 0
	eval {...} at /home/cpansand/.cpan/build/2019030423/GOBO-0.03-8/blib/lib/GOBO/Synonym.pm line 0
Compilation failed in require at /home/cpansand/.cpan/build/2019030423/GOBO-0.03-8/blib/lib/GOBO/Labeled.pm line 23.
BEGIN failed--compilation aborted at /home/cpansand/.cpan/build/2019030423/GOBO-0.03-8/blib/lib/GOBO/Labeled.pm line 23.
Compilation failed in require at /usr/perl5.20.2p/lib/site_perl/5.20.2/Module/Runtime.pm line 314.
Compilation failed in require at /usr/perl5.20.2p/lib/site_perl/5.20.2/Module/Runtime.pm line 314.
Compilation failed in require at /home/cpansand/.cpan/build/2019030423/GOBO-0.03-8/blib/lib/GOBO/Annotation.pm line 5.
BEGIN failed--compilation aborted at /home/cpansand/.cpan/build/2019030423/GOBO-0.03-8/blib/lib/GOBO/Annotation.pm line 5.
Compilation failed in require at /home/cpansand/.cpan/build/2019030423/GOBO-0.03-8/blib/lib/GOBO/Graph.pm line 55.
BEGIN failed--compilation aborted at /home/cpansand/.cpan/build/2019030423/GOBO-0.03-8/blib/lib/GOBO/Graph.pm line 55.
Compilation failed in require at t/roundtrip.t line 6.
BEGIN failed--compilation aborted at t/roundtrip.t line 6.
t/roundtrip.t ................ 
Dubious, test returned 255 (wstat 65280, 0xff00)
No subtests run 
You cannot coerce an attribute (source) unless its type (GOBO::Node) has a coercion at /usr/perl5.20.2p/lib/site_perl/5.20.2/amd64-freebsd/Moose/Exporter.pm line 419
	Moose::with('GOBO::Attributed') called at /home/cpansand/.cpan/build/2019030423/GOBO-0.03-8/blib/lib/GOBO/Synonym.pm line 17
	require GOBO/Synonym.pm at /home/cpansand/.cpan/build/2019030423/GOBO-0.03-8/blib/lib/GOBO/Labeled.pm line 23
	GOBO::Labeled::BEGIN at /home/cpansand/.cpan/build/2019030423/GOBO-0.03-8/blib/lib/GOBO/Synonym.pm line 0
	eval {...} at /home/cpansand/.cpan/build/2019030423/GOBO-0.03-8/blib/lib/GOBO/Synonym.pm line 0
	require GOBO/Labeled.pm at /usr/perl5.20.2p/lib/site_perl/5.20.2/Module/Runtime.pm line 314
	Module::Runtime::require_module('GOBO::Labeled') called at /usr/perl5.20.2p/lib/site_perl/5.20.2/Module/Runtime.pm line 391
	eval {...} at /usr/perl5.20.2p/lib/site_perl/5.20.2/Module/Runtime.pm line 391
	Module::Runtime::use_package_optimistically('GOBO::Labeled') called at /usr/perl5.20.2p/lib/site_perl/5.20.2/amd64-freebsd/Moose/Util.pm line 348
	Moose::Util::_load_user_class('GOBO::Labeled', undef) called at /usr/perl5.20.2p/lib/site_perl/5.20.2/amd64-freebsd/Moose/Util.pm line 146
	Moose::Util::_apply_all_roles('Moose::Meta::Class=HASH(0x44c10528)', undef, 'GOBO::Labeled') called at /usr/perl5.20.2p/lib/site_perl/5.20.2/amd64-freebsd/Moose/Util.pm line 113
	Moose::Util::apply_all_roles('Moose::Meta::Class=HASH(0x44c10528)', 'GOBO::Labeled') called at /usr/perl5.20.2p/lib/site_perl/5.20.2/amd64-freebsd/Moose.pm line 57
	Moose::with('Moose::Meta::Class=HASH(0x44c10528)', 'GOBO::Labeled') called at /usr/perl5.20.2p/lib/site_perl/5.20.2/amd64-freebsd/Moose/Exporter.pm line 419
	Moose::with('GOBO::Labeled') called at /home/cpansand/.cpan/build/2019030423/GOBO-0.03-8/blib/lib/GOBO/Node.pm line 6
	require GOBO/Node.pm at /usr/perl5.20.2p/lib/site_perl/5.20.2/Module/Runtime.pm line 314
	Module::Runtime::require_module('GOBO::Node') called at /usr/perl5.20.2p/lib/site_perl/5.20.2/Module/Runtime.pm line 391
	eval {...} at /usr/perl5.20.2p/lib/site_perl/5.20.2/Module/Runtime.pm line 391
	Module::Runtime::use_package_optimistically('GOBO::Node') called at /usr/perl5.20.2p/lib/site_perl/5.20.2/amd64-freebsd/Moose/Util.pm line 348
	Moose::Util::_load_user_class('GOBO::Node', undef) called at /usr/perl5.20.2p/lib/site_perl/5.20.2/amd64-freebsd/Moose/Meta/Class.pm line 569
	Moose::Meta::Class::superclasses(undef, 'GOBO::Node') called at /usr/perl5.20.2p/lib/site_perl/5.20.2/amd64-freebsd/Moose.pm line 53
	Moose::extends('Moose::Meta::Class=HASH(0x447f3a08)', 'GOBO::Node') called at /usr/perl5.20.2p/lib/site_perl/5.20.2/amd64-freebsd/Moose/Exporter.pm line 419
	Moose::extends('GOBO::Node') called at /home/cpansand/.cpan/build/2019030423/GOBO-0.03-8/blib/lib/GOBO/Evidence.pm line 4
	require GOBO/Evidence.pm at /home/cpansand/.cpan/build/2019030423/GOBO-0.03-8/blib/lib/GOBO/Annotation.pm line 5
	GOBO::Annotation::BEGIN at /home/cpansand/.cpan/build/2019030423/GOBO-0.03-8/blib/lib/GOBO/Synonym.pm line 0
	eval {...} at /home/cpansand/.cpan/build/2019030423/GOBO-0.03-8/blib/lib/GOBO/Synonym.pm line 0
	require GOBO/Annotation.pm at /home/cpansand/.cpan/build/2019030423/GOBO-0.03-8/blib/lib/GOBO/Graph.pm line 55
	GOBO::Graph::BEGIN at /home/cpansand/.cpan/build/2019030423/GOBO-0.03-8/blib/lib/GOBO/Synonym.pm line 0
	eval {...} at /home/cpansand/.cpan/build/2019030423/GOBO-0.03-8/blib/lib/GOBO/Synonym.pm line 0
	require GOBO/Graph.pm at /home/cpansand/.cpan/build/2019030423/GOBO-0.03-8/blib/lib/GOBO/Parsers/OBOParser.pm line 7
	GOBO::Parsers::OBOParser::BEGIN at /home/cpansand/.cpan/build/2019030423/GOBO-0.03-8/blib/lib/GOBO/Synonym.pm line 0
	eval {...} at /home/cpansand/.cpan/build/2019030423/GOBO-0.03-8/blib/lib/GOBO/Synonym.pm line 0
	require GOBO/Parsers/OBOParser.pm at t/slimmer_test.t line 9
	main::BEGIN at /home/cpansand/.cpan/build/2019030423/GOBO-0.03-8/blib/lib/GOBO/Synonym.pm line 0
	eval {...} at /home/cpansand/.cpan/build/2019030423/GOBO-0.03-8/blib/lib/GOBO/Synonym.pm line 0
Compilation failed in require at /home/cpansand/.cpan/build/2019030423/GOBO-0.03-8/blib/lib/GOBO/Labeled.pm line 23.
BEGIN failed--compilation aborted at /home/cpansand/.cpan/build/2019030423/GOBO-0.03-8/blib/lib/GOBO/Labeled.pm line 23.
Compilation failed in require at /usr/perl5.20.2p/lib/site_perl/5.20.2/Module/Runtime.pm line 314.
Compilation failed in require at /usr/perl5.20.2p/lib/site_perl/5.20.2/Module/Runtime.pm line 314.
Compilation failed in require at /home/cpansand/.cpan/build/2019030423/GOBO-0.03-8/blib/lib/GOBO/Annotation.pm line 5.
BEGIN failed--compilation aborted at /home/cpansand/.cpan/build/2019030423/GOBO-0.03-8/blib/lib/GOBO/Annotation.pm line 5.
Compilation failed in require at /home/cpansand/.cpan/build/2019030423/GOBO-0.03-8/blib/lib/GOBO/Graph.pm line 55.
BEGIN failed--compilation aborted at /home/cpansand/.cpan/build/2019030423/GOBO-0.03-8/blib/lib/GOBO/Graph.pm line 55.
Compilation failed in require at /home/cpansand/.cpan/build/2019030423/GOBO-0.03-8/blib/lib/GOBO/Parsers/OBOParser.pm line 7.
BEGIN failed--compilation aborted at /home/cpansand/.cpan/build/2019030423/GOBO-0.03-8/blib/lib/GOBO/Parsers/OBOParser.pm line 7.
Compilation failed in require at t/slimmer_test.t line 9.
BEGIN failed--compilation aborted at t/slimmer_test.t line 9.
t/slimmer_test.t ............. 
Dubious, test returned 255 (wstat 65280, 0xff00)
No subtests run 
You cannot coerce an attribute (source) unless its type (GOBO::Node) has a coercion at /usr/perl5.20.2p/lib/site_perl/5.20.2/amd64-freebsd/Moose/Exporter.pm line 419
	Moose::with('GOBO::Attributed') called at /home/cpansand/.cpan/build/2019030423/GOBO-0.03-8/blib/lib/GOBO/Synonym.pm line 17
	require GOBO/Synonym.pm at /home/cpansand/.cpan/build/2019030423/GOBO-0.03-8/blib/lib/GOBO/Labeled.pm line 23
	GOBO::Labeled::BEGIN at /home/cpansand/.cpan/build/2019030423/GOBO-0.03-8/blib/lib/GOBO/Synonym.pm line 0
	eval {...} at /home/cpansand/.cpan/build/2019030423/GOBO-0.03-8/blib/lib/GOBO/Synonym.pm line 0
	require GOBO/Labeled.pm at /usr/perl5.20.2p/lib/site_perl/5.20.2/Module/Runtime.pm line 314
	Module::Runtime::require_module('GOBO::Labeled') called at /usr/perl5.20.2p/lib/site_perl/5.20.2/Module/Runtime.pm line 391
	eval {...} at /usr/perl5.20.2p/lib/site_perl/5.20.2/Module/Runtime.pm line 391
	Module::Runtime::use_package_optimistically('GOBO::Labeled') called at /usr/perl5.20.2p/lib/site_perl/5.20.2/amd64-freebsd/Moose/Util.pm line 348
	Moose::Util::_load_user_class('GOBO::Labeled', undef) called at /usr/perl5.20.2p/lib/site_perl/5.20.2/amd64-freebsd/Moose/Util.pm line 146
	Moose::Util::_apply_all_roles('Moose::Meta::Class=HASH(0x44731708)', undef, 'GOBO::Labeled') called at /usr/perl5.20.2p/lib/site_perl/5.20.2/amd64-freebsd/Moose/Util.pm line 113
	Moose::Util::apply_all_roles('Moose::Meta::Class=HASH(0x44731708)', 'GOBO::Labeled') called at /usr/perl5.20.2p/lib/site_perl/5.20.2/amd64-freebsd/Moose.pm line 57
	Moose::with('Moose::Meta::Class=HASH(0x44731708)', 'GOBO::Labeled') called at /usr/perl5.20.2p/lib/site_perl/5.20.2/amd64-freebsd/Moose/Exporter.pm line 419
	Moose::with('GOBO::Labeled') called at /home/cpansand/.cpan/build/2019030423/GOBO-0.03-8/blib/lib/GOBO/Node.pm line 6
	require GOBO/Node.pm at /usr/perl5.20.2p/lib/site_perl/5.20.2/Module/Runtime.pm line 314
	Module::Runtime::require_module('GOBO::Node') called at /usr/perl5.20.2p/lib/site_perl/5.20.2/Module/Runtime.pm line 391
	eval {...} at /usr/perl5.20.2p/lib/site_perl/5.20.2/Module/Runtime.pm line 391
	Module::Runtime::use_package_optimistically('GOBO::Node') called at /usr/perl5.20.2p/lib/site_perl/5.20.2/amd64-freebsd/Moose/Util.pm line 348
	Moose::Util::_load_user_class('GOBO::Node', undef) called at /usr/perl5.20.2p/lib/site_perl/5.20.2/amd64-freebsd/Moose/Meta/Class.pm line 569
	Moose::Meta::Class::superclasses(undef, 'GOBO::Node') called at /usr/perl5.20.2p/lib/site_perl/5.20.2/amd64-freebsd/Moose.pm line 53
	Moose::extends('Moose::Meta::Class=HASH(0x41e20b58)', 'GOBO::Node') called at /usr/perl5.20.2p/lib/site_perl/5.20.2/amd64-freebsd/Moose/Exporter.pm line 419
	Moose::extends('GOBO::Node') called at /home/cpansand/.cpan/build/2019030423/GOBO-0.03-8/blib/lib/GOBO/Evidence.pm line 4
	require GOBO/Evidence.pm at /home/cpansand/.cpan/build/2019030423/GOBO-0.03-8/blib/lib/GOBO/Annotation.pm line 5
	GOBO::Annotation::BEGIN at /home/cpansand/.cpan/build/2019030423/GOBO-0.03-8/blib/lib/GOBO/Synonym.pm line 0
	eval {...} at /home/cpansand/.cpan/build/2019030423/GOBO-0.03-8/blib/lib/GOBO/Synonym.pm line 0
	require GOBO/Annotation.pm at /home/cpansand/.cpan/build/2019030423/GOBO-0.03-8/blib/lib/GOBO/Graph.pm line 55
	GOBO::Graph::BEGIN at /home/cpansand/.cpan/build/2019030423/GOBO-0.03-8/blib/lib/GOBO/Synonym.pm line 0
	eval {...} at /home/cpansand/.cpan/build/2019030423/GOBO-0.03-8/blib/lib/GOBO/Synonym.pm line 0
	require GOBO/Graph.pm at t/union_inference_test.t line 4
	main::BEGIN at /home/cpansand/.cpan/build/2019030423/GOBO-0.03-8/blib/lib/GOBO/Synonym.pm line 0
	eval {...} at /home/cpansand/.cpan/build/2019030423/GOBO-0.03-8/blib/lib/GOBO/Synonym.pm line 0
Compilation failed in require at /home/cpansand/.cpan/build/2019030423/GOBO-0.03-8/blib/lib/GOBO/Labeled.pm line 23.
BEGIN failed--compilation aborted at /home/cpansand/.cpan/build/2019030423/GOBO-0.03-8/blib/lib/GOBO/Labeled.pm line 23.
Compilation failed in require at /usr/perl5.20.2p/lib/site_perl/5.20.2/Module/Runtime.pm line 314.
Compilation failed in require at /usr/perl5.20.2p/lib/site_perl/5.20.2/Module/Runtime.pm line 314.
Compilation failed in require at /home/cpansand/.cpan/build/2019030423/GOBO-0.03-8/blib/lib/GOBO/Annotation.pm line 5.
BEGIN failed--compilation aborted at /home/cpansand/.cpan/build/2019030423/GOBO-0.03-8/blib/lib/GOBO/Annotation.pm line 5.
Compilation failed in require at /home/cpansand/.cpan/build/2019030423/GOBO-0.03-8/blib/lib/GOBO/Graph.pm line 55.
BEGIN failed--compilation aborted at /home/cpansand/.cpan/build/2019030423/GOBO-0.03-8/blib/lib/GOBO/Graph.pm line 55.
Compilation failed in require at t/union_inference_test.t line 4.
BEGIN failed--compilation aborted at t/union_inference_test.t line 4.
t/union_inference_test.t ..... 
Dubious, test returned 255 (wstat 65280, 0xff00)
No subtests run 

Test Summary Report
-------------------
t/analysis_test.t          (Wstat: 65280 Tests: 0 Failed: 0)
  Non-zero exit status: 255
  Parse errors: No plan found in TAP output
t/classexpr.t              (Wstat: 65280 Tests: 0 Failed: 0)
  Non-zero exit status: 255
  Parse errors: No plan found in TAP output
t/dbconnect.t              (Wstat: 65280 Tests: 0 Failed: 0)
  Non-zero exit status: 255
  Parse errors: No plan found in TAP output
t/gaf_inference_test.t     (Wstat: 65280 Tests: 0 Failed: 0)
  Non-zero exit status: 255
  Parse errors: No plan found in TAP output
t/gaftest.t                (Wstat: 65280 Tests: 0 Failed: 0)
  Non-zero exit status: 255
  Parse errors: No plan found in TAP output
t/gaftest_chunked.t        (Wstat: 65280 Tests: 0 Failed: 0)
  Non-zero exit status: 255
  Parse errors: No plan found in TAP output
t/gaftest_chunked_gzipped.t (Wstat: 65280 Tests: 0 Failed: 0)
  Non-zero exit status: 255
  Parse errors: No plan found in TAP output
t/graph_creation.t         (Wstat: 65280 Tests: 0 Failed: 0)
  Non-zero exit status: 255
  Parse errors: No plan found in TAP output
t/inference_engine_test.t  (Wstat: 65280 Tests: 0 Failed: 0)
  Non-zero exit status: 255
  Parse errors: No plan found in TAP output
t/logical_definition_test.t (Wstat: 65280 Tests: 0 Failed: 0)
  Non-zero exit status: 255
  Parse errors: No plan found in TAP output
t/node_removal.t           (Wstat: 65280 Tests: 0 Failed: 0)
  Non-zero exit status: 255
  Parse errors: No plan found in TAP output
t/oboparsertest.t          (Wstat: 65280 Tests: 0 Failed: 0)
  Non-zero exit status: 255
  Parse errors: No plan found in TAP output
t/parsetest.t              (Wstat: 65280 Tests: 0 Failed: 0)
  Non-zero exit status: 255
t/relation_test.t          (Wstat: 65280 Tests: 0 Failed: 0)
  Non-zero exit status: 255
  Parse errors: Bad plan.  You planned 29 tests but ran 0.
t/roundtrip.t              (Wstat: 65280 Tests: 0 Failed: 0)
  Non-zero exit status: 255
  Parse errors: No plan found in TAP output
t/slimmer_test.t           (Wstat: 65280 Tests: 0 Failed: 0)
  Non-zero exit status: 255
  Parse errors: No plan found in TAP output
t/union_inference_test.t   (Wstat: 65280 Tests: 0 Failed: 0)
  Non-zero exit status: 255
  Parse errors: No plan found in TAP output
Files=17, Tests=0, 10 wallclock secs ( 0.00 usr  0.12 sys +  1.43 cusr  4.51 csys =  6.05 CPU)
Result: FAIL
Failed 17/17 test programs. 0/0 subtests failed.
*** Error code 255

Stop.
make: stopped in /home/cpansand/.cpan/build/2019030423/GOBO-0.03-8

------------------------------
PREREQUISITES
------------------------------

Prerequisite modules loaded:

requires:

    Module                    Need Have  
    ------------------------- ---- ------
    DateTime::Format::ISO8601 0    0.08  
    List::MoreUtils           0    0.428 
    Moose                     0.81 2.2011
    Test::Deep                0    1.128 

build_requires:

    Module                    Need Have  
    ------------------------- ---- ------
    ExtUtils::MakeMaker       0    7.34  

configure_requires:

    Module                    Need Have  
    ------------------------- ---- ------
    ExtUtils::MakeMaker       0    7.34  


------------------------------
ENVIRONMENT AND OTHER CONTEXT
------------------------------

Environment variables:

    LC_ALL = de_DE.ISO8859-1
    PATH = /usr/local/bin:/usr/bin:/bin:/usr/local/sbin:/usr/sbin:/sbin:/home/cpansand/bin/freebsd10.3:/home/cpansand/bin/sh:/home/cpansand/bin:/usr/games:/home/cpansand/devel:/home/eserte/src/srezic-misc/scripts
    PERL5LIB = 
    PERL5OPT = 
    PERL5_CPANPLUS_IS_RUNNING = 25304
    PERL5_CPAN_IS_RUNNING = 25304
    PERL5_CPAN_IS_RUNNING_IN_RECURSION = 22409,25304
    PERLDOC = -MPod::Perldoc::ToTextOverstrike
    PERL_BATCH = yes
    PERL_CANARY_STABILITY_NOPROMPT = 1
    PERL_CPAN_REPORTER_CONFIG = /var/tmp/cpansmoker-1023/2019030423/cpanreporter_000_config.ini
    PERL_EXTUTILS_AUTOINSTALL = --defaultdeps
    SHELL = /usr/local/bin/zsh
    TERM = screen
    TMPDIR = /var/tmp/cpansmoker-1023/2019030423

Perl special variables (and OS-specific diagnostics, for MSWin32):

    $^X = /usr/perl5.20.2p/bin/perl
    $UID/$EUID = 1023 / 1023
    $GID = 1023 1023
    $EGID = 1023 1023

Perl module toolchain versions installed:

    Module              Have    
    ------------------- --------
    CPAN                2.16    
    CPAN::Meta          2.150010
    Cwd                 3.75    
    ExtUtils::CBuilder  0.280230
    ExtUtils::Command   7.34    
    ExtUtils::Install   2.14    
    ExtUtils::MakeMaker 7.34    
    ExtUtils::Manifest  1.70    
    ExtUtils::ParseXS   3.35    
    File::Spec          3.75    
    JSON                2.97001 
    JSON::PP            2.97001 
    Module::Build       0.4224  
    Module::Signature   0.83    
    Parse::CPAN::Meta   2.150010
    Test::Harness       3.42    
    Test::More          1.302162
    YAML                1.27    
    YAML::Syck          1.30    
    version             0.9922  


--

Summary of my perl5 (revision 5 version 20 subversion 2) configuration:
   
  Platform:
    osname=freebsd, osvers=10.1-release, archname=amd64-freebsd
    uname='freebsd cvrsnica-freebsd-101.herceg.de 10.1-release freebsd 10.1-release #0 r274401: tue nov 11 21:02:49 utc 2014 root@releng1.nyi.freebsd.org:usrobjusrsrcsysgeneric amd64 '
    config_args='-ds -e -Dprefix=/usr/perl5.20.2p'
    hint=recommended, useposix=true, d_sigaction=define
    useithreads=undef, usemultiplicity=undef
    use64bitint=define, use64bitall=define, uselongdouble=undef
    usemymalloc=n, bincompat5005=undef
  Compiler:
    cc='cc', ccflags ='-DHAS_FPSETMASK -DHAS_FLOATINGPOINT_H -fno-strict-aliasing -pipe -fstack-protector -I/usr/local/include',
    optimize='-O',
    cppflags='-DHAS_FPSETMASK -DHAS_FLOATINGPOINT_H -fno-strict-aliasing -pipe -fstack-protector -I/usr/local/include'
    ccversion='', gccversion='4.2.1 Compatible FreeBSD Clang 3.4.1 (tags/RELEASE_34/dot1-final 208032)', gccosandvers=''
    intsize=4, longsize=8, ptrsize=8, doublesize=8, byteorder=12345678
    d_longlong=define, longlongsize=8, d_longdbl=define, longdblsize=16
    ivtype='long', ivsize=8, nvtype='double', nvsize=8, Off_t='off_t', lseeksize=8
    alignbytes=8, prototype=define
  Linker and Libraries:
    ld='cc', ldflags ='-pthread -Wl,-E  -fstack-protector -L/usr/local/lib'
    libpth=/usr/lib /usr/local/lib /usr/include/clang/3.4.1 /usr/lib
    libs=-lgdbm -lm -lcrypt -lutil -lc
    perllibs=-lm -lcrypt -lutil -lc
    libc=, so=so, useshrplib=false, libperl=libperl.a
    gnulibc_version=''
  Dynamic Linking:
    dlsrc=dl_dlopen.xs, dlext=so, d_dlsymun=undef, ccdlflags=' '
    cccdlflags='-DPIC -fPIC', lddlflags='-shared  -L/usr/local/lib -fstack-protector'


Characteristics of this binary (from libperl): 
  Compile-time options: HAS_TIMES PERLIO_LAYERS PERL_DONT_CREATE_GVSV
                        PERL_HASH_FUNC_ONE_AT_A_TIME_HARD PERL_MALLOC_WRAP
                        PERL_NEW_COPY_ON_WRITE PERL_PRESERVE_IVUV
                        USE_64_BIT_ALL USE_64_BIT_INT USE_LARGE_FILES
                        USE_LOCALE USE_LOCALE_COLLATE USE_LOCALE_CTYPE
                        USE_LOCALE_NUMERIC USE_PERLIO USE_PERL_ATOF
  Built under freebsd
  Compiled at Feb 14 2015 20:35:40
  %ENV:
    PERL5LIB=""
    PERL5OPT=""
    PERL5_CPANPLUS_IS_RUNNING="25304"
    PERL5_CPAN_IS_RUNNING="25304"
    PERL5_CPAN_IS_RUNNING_IN_RECURSION="22409,25304"
    PERLDOC="-MPod::Perldoc::ToTextOverstrike"
    PERL_BATCH="yes"
    PERL_CANARY_STABILITY_NOPROMPT="1"
    PERL_CPAN_REPORTER_CONFIG="/var/tmp/cpansmoker-1023/2019030423/cpanreporter_000_config.ini"
    PERL_EXTUTILS_AUTOINSTALL="--defaultdeps"
  @INC:
    /usr/perl5.20.2p/lib/site_perl/5.20.2/amd64-freebsd
    /usr/perl5.20.2p/lib/site_perl/5.20.2
    /usr/perl5.20.2p/lib/5.20.2/amd64-freebsd
    /usr/perl5.20.2p/lib/5.20.2
    .