Report for Froody-42.005

Back
From: metabase:user:3198cbe2-2aae-11df-837a-5e0a49663a4f
Subject: FAIL Froody-42.005 v5.18.0 GNU/Linux
Date: 2014-01-14T18:06:07Z

This distribution has been tested as part of the CPAN Testers
project, supporting the Perl programming language.  See
http://wiki.cpantesters.org/ for more information or email
questions to cpan-testers-discuss@perl.org


--
Dear Fotango Ltd,

This is a computer-generated report for Froody-42.005
on perl 5.18.0, created by CPAN-Reporter-1.2010.

Thank you for uploading your work to CPAN.  However, there was a problem
testing your distribution.

If you think this report is invalid, please consult the CPAN Testers Wiki
for suggestions on how to avoid getting FAIL reports for missing library
or binary dependencies, unsupported operating systems, and so on:

http://wiki.cpantesters.org/wiki/CPANAuthorNotes

Sections of this report:

    * Tester comments
    * Program output
    * Prerequisites
    * Environment and other context

------------------------------
TESTER COMMENTS
------------------------------

Additional comments from tester:

this report is from an automated smoke testing program
and was not reviewed by a human for accuracy

------------------------------
PROGRAM OUTPUT
------------------------------

Output from './Build test':

main::path_to_pkg() called too early to check prototype at t/000compile.t line 13.
t/000compile.t ...... ok
t/001pragmas.t ...... ok
t/003pod.t .......... ok
t/004uselib.t ....... ok
t/api.t ............. ok
t/complex_invoke.t .. ok
t/copy.t ............ ok

#   Failed test 'expected XML'
#   at t/dispatch.t line 44.
#          got: '<?xml version="1.0" encoding="utf-8"?>
# <rsp stat="ok">
#   <value>é</value>
# </rsp>
# '
#     expected: '<?xml version="1.0" encoding="utf-8"?>
# <rsp stat="ok">
#   <value>é</value>
# </rsp>
# '

#   Failed test 'expected XML'
#   at t/dispatch.t line 44.
#          got: '<?xml version="1.0" encoding="utf-8"?>
# <rsp stat="ok">
#   <value>≤</value>
# </rsp>
# '
#     expected: '<?xml version="1.0" encoding="utf-8"?>
# <rsp stat="ok">
#   <value>≤</value>
# </rsp>
# '
froody.invoke.nosuchmethod - Method 'y.y.y' not found:
  Method 'y.y.y' not found at /home/graham/perls/caches/perl-5.18.0-thread/build/Froody-42.005-HfgJta/blib/lib/Froody/Repository.pm line 137.
  	Froody::Repository::get_method() called at /home/graham/perls/caches/perl-5.18.0-thread/build/Froody-42.005-HfgJta/blib/lib/Froody/Dispatch.pm line 223
  	eval {...} called at /home/graham/perls/caches/perl-5.18.0-thread/build/Froody-42.005-HfgJta/blib/lib/Froody/Dispatch.pm line 211
  	Froody::Dispatch::dispatch() called at /home/graham/perls/caches/perl-5.18.0-thread/build/Froody-42.005-HfgJta/blib/lib/Froody/Dispatch.pm line 334
  	Froody::Dispatch::call() called at t/dispatch.t line 53
  	Test::Exception::throws_ok() called at t/dispatch.t line 54
froody.invoke.nosuchmethod - Method 'y.y.y' not found:
  Method 'y.y.y' not found at /home/graham/perls/caches/perl-5.18.0-thread/build/Froody-42.005-HfgJta/blib/lib/Froody/Repository.pm line 137.
  	Froody::Repository::get_method() called at /home/graham/perls/caches/perl-5.18.0-thread/build/Froody-42.005-HfgJta/blib/lib/Froody/Dispatch.pm line 223
  	eval {...} called at /home/graham/perls/caches/perl-5.18.0-thread/build/Froody-42.005-HfgJta/blib/lib/Froody/Dispatch.pm line 211
  	Froody::Dispatch::dispatch() called at t/dispatch.t line 57
  	Test::Exception::throws_ok() called at t/dispatch.t line 58
An error occurred while executing "foo.test.haltandcatchfire": test.error - I'm on fire:
  I'm on fire at t/lib/DTest/Test.pm line 24.
  	DTest::Test::haltandcatchfire() called at /home/graham/perls/caches/perl-5.18.0-thread/build/Froody-42.005-HfgJta/blib/lib/Froody/Invoker/Implementation.pm line 42
  	eval {...} called at /home/graham/perls/caches/perl-5.18.0-thread/build/Froody-42.005-HfgJta/blib/lib/Froody/Invoker/Implementation.pm line 37
  	Froody::Invoker::Implementation::invoke() called at /home/graham/perls/caches/perl-5.18.0-thread/build/Froody-42.005-HfgJta/blib/lib/Froody/Method.pm line 74
  	Froody::Method::call() called at /home/graham/perls/caches/perl-5.18.0-thread/build/Froody-42.005-HfgJta/blib/lib/Froody/Dispatch.pm line 224
  	eval {...} called at /home/graham/perls/caches/perl-5.18.0-thread/build/Froody-42.005-HfgJta/blib/lib/Froody/Dispatch.pm line 211
  	Froody::Dispatch::dispatch() called at /home/graham/perls/caches/perl-5.18.0-thread/build/Froody-42.005-HfgJta/blib/lib/Froody/Dispatch.pm line 334
  	Froody::Dispatch::call() called at t/dispatch.t line 72
  	Test::Exception::throws_ok() called at t/dispatch.t line 73
 at t/dispatch.t line 72.
# Looks like you failed 2 tests of 19.
t/dispatch.t ........ 
Dubious, test returned 2 (wstat 512, 0x200)
Failed 2/19 subtests 
t/err_isa.t ......... ok
t/error.t ........... ok

#   Failed test 'We get the right answer back.'
#   at t/high-level.t line 60.
#          got: 'é'
#     expected: 'é'
froody.invoke.nosuchmethod - Method 'foo.foo.bar' not found:
  Method 'foo.foo.bar' not found at /home/graham/perls/caches/perl-5.18.0-thread/build/Froody-42.005-HfgJta/blib/lib/Froody/Repository.pm line 137.
  	Froody::Repository::get_method() called at /home/graham/perls/caches/perl-5.18.0-thread/build/Froody-42.005-HfgJta/blib/lib/Froody/Dispatch.pm line 223
  	eval {...} called at /home/graham/perls/caches/perl-5.18.0-thread/build/Froody-42.005-HfgJta/blib/lib/Froody/Dispatch.pm line 211
  	Froody::Dispatch::dispatch() called at /home/graham/perls/caches/perl-5.18.0-thread/build/Froody-42.005-HfgJta/blib/lib/Froody/Dispatch.pm line 334
  	Froody::Dispatch::call() called at t/high-level.t line 69
  	Test::Exception::throws_ok() called at t/high-level.t line 70
An error occurred while executing "foo.test.haltandcatchfire": test.error - I'm on fire:
  I'm on fire at t/lib/DTest/Test.pm line 24, <DATA> line 16.
  	DTest::Test::haltandcatchfire(Froody::Invoker::Implementation=HASH(0x367af00), HASH(0x3687858)) called at /home/graham/perls/caches/perl-5.18.0-thread/build/Froody-42.005-HfgJta/blib/lib/Froody/Invoker/Implementation.pm line 42
  	eval {...} called at /home/graham/perls/caches/perl-5.18.0-thread/build/Froody-42.005-HfgJta/blib/lib/Froody/Invoker/Implementation.pm line 37
  	Froody::Invoker::Implementation::invoke(Froody::Invoker::Implementation=HASH(0x367af00), Froody::Method=HASH(0x367f0c0), HASH(0x3687858)) called at /home/graham/perls/caches/perl-5.18.0-thread/build/Froody-42.005-HfgJta/blib/lib/Froody/Method.pm line 74
  	Froody::Method::call(Froody::Method=HASH(0x367f0c0), HASH(0x3687858)) called at /home/graham/perls/caches/perl-5.18.0-thread/build/Froody-42.005-HfgJta/blib/lib/Froody/Dispatch.pm line 224
  	eval {...} called at /home/graham/perls/caches/perl-5.18.0-thread/build/Froody-42.005-HfgJta/blib/lib/Froody/Dispatch.pm line 211
  	Froody::Dispatch::dispatch(Froody::Dispatch=HASH(0x36657b8), "method", "foo.test.haltandcatchfire", "params", HASH(0x3687858)) called at /home/graham/perls/caches/perl-5.18.0-thread/build/Froody-42.005-HfgJta/blib/lib/Froody/Server/Standalone.pm line 48
  	Froody::Server::Standalone::handle_request(Froody::Server::Standalone=HASH(0x273f410), CGI=HASH(0x36799a8)) called at /home/graham/perls/perl5.18.0-thread/lib/site_perl/5.18.0/HTTP/Server/Simple/CGI.pm line 154
  	eval {...} called at /home/graham/perls/perl5.18.0-thread/lib/site_perl/5.18.0/HTTP/Server/Simple/CGI.pm line 154
  	HTTP::Server::Simple::CGI::handler(Froody::Server::Standalone=HASH(0x273f410)) called at /home/graham/perls/perl5.18.0-thread/lib/site_perl/5.18.0/HTTP/Server/Simple.pm line 402
  	HTTP::Server::Simple::__ANON__("Froody::Server::Standalone::NetServer0") called at /home/graham/perls/perl5.18.0-thread/lib/site_perl/5.18.0/HTTP/Server/Simple.pm line 307
  	HTTP::Server::Simple::__ANON__("Froody::Server::Standalone::NetServer0", "port", 32050) called at /home/graham/perls/perl5.18.0-thread/lib/site_perl/5.18.0/HTTP/Server/Simple.pm line 271
  	HTTP::Server::Simple::run(Froody::Server::Standalone=HASH(0x273f410)) called at t/high-level.t line 41
 at /home/graham/perls/caches/perl-5.18.0-thread/build/Froody-42.005-HfgJta/blib/lib/Froody/Server/Standalone.pm line 48.
# Looks like you failed 1 test of 12.
t/high-level.t ...... 
Dubious, test returned 1 (wstat 256, 0x100)
Failed 1/12 subtests 
t/implementation.t .. ok
t/inv_rem.t ......... ok
t/meta_err.t ........ ok
t/method.t .......... ok
t/method_basic.t .... ok
t/reflection.t ...... ok
t/reflection2.t ..... ok
t/repos.t ........... ok
t/rsp_basic.t ....... ok
t/rsp_convert.t ..... ok
t/rsp_err.t ......... ok
error : string is not in UTF-8
encoding error : output conversion failed due to conv error, bytes 0xE9 0x6F 0x6E 0x3D
I/O error : encoder error
t/rsp_perlds.t ...... ok

#   Failed test 'I'm in there'
#   at t/rsp_terse.t line 69.
Undefined subroutine &main::Dump called at t/rsp_terse.t line 69.
# Looks like you planned 9 tests but ran 6.
# Looks like you failed 1 test of 6 run.
# Looks like your test exited with 255 just after 6.
t/rsp_terse.t ....... 
Dubious, test returned 255 (wstat 65280, 0xff00)
Failed 4/9 subtests 

#   Failed test 'contains right thing'
#   at t/rsp_xml.t line 32.
#                   '<?xml version="1.0" encoding="utf-8"?>
# <rsp stat="ok"><foo>Léon</foo></rsp>
# '
#     doesn't match '(?^:<foo>L\x{c3}\x{a9}on</foo>)'
# Looks like you failed 1 test of 4.
t/rsp_xml.t ......... 
Dubious, test returned 1 (wstat 256, 0x100)
Failed 1/4 subtests 
t/structure.t ....... ok
t/t.t ............... ok
t/xml.t ............. ok

Test Summary Report
-------------------
t/dispatch.t      (Wstat: 512 Tests: 19 Failed: 2)
  Failed tests:  5, 9
  Non-zero exit status: 2
t/high-level.t    (Wstat: 256 Tests: 12 Failed: 1)
  Failed test:  5
  Non-zero exit status: 1
t/rsp_terse.t     (Wstat: 65280 Tests: 6 Failed: 1)
  Failed test:  6
  Non-zero exit status: 255
  Parse errors: Bad plan.  You planned 9 tests but ran 6.
t/rsp_xml.t       (Wstat: 256 Tests: 4 Failed: 1)
  Failed test:  3
  Non-zero exit status: 1
Files=28, Tests=822, 12 wallclock secs ( 0.28 usr  0.07 sys +  6.76 cusr  0.84 csys =  7.95 CPU)
Result: FAIL
Failed 4/28 test programs. 5/822 subtests failed.

------------------------------
PREREQUISITES
------------------------------

Prerequisite modules loaded:

requires:

    Module                   Need  Have    
    ------------------------ ----- --------
    Class::Accessor          0     0.34    
    Class::Accessor::Chained 0     0.01    
    Error                    0.15  0.17021 
    File::Spec               0     3.40    
    HTTP::Request::Common    0     6.04    
    HTTP::Server::Simple     0     0.44    
    List::MoreUtils          0     0.400   
    LWP::Simple              0     6.00    
    LWP::UserAgent           0     6.05    
    Params::Validate         0     1.08    
    perl                     5.008 5.018000
    UNIVERSAL::require       0     0.15    
    XML::LibXML              0     2.0108  
    YAML                     0     0.88    

build_requires:

    Module                   Need  Have    
    ------------------------ ----- --------
    File::Find::Rule         0     0.33    
    Test::Differences        0     0.61    
    Test::Exception          0     0.32    
    Test::More               0     1.001002
    Test::XML                0     0.08    


------------------------------
ENVIRONMENT AND OTHER CONTEXT
------------------------------

Environment variables:

    AUTOMATED_TESTING = 1
    LANG = en_GB.UTF-8
    LC_ADDRESS = en_GB.UTF-8
    LC_COLLATE = en_GB.UTF-8
    LC_CTYPE = en_GB.UTF-8
    LC_IDENTIFICATION = en_GB.UTF-8
    LC_MEASUREMENT = en_GB.UTF-8
    LC_MESSAGES = en_GB.UTF-8
    LC_MONETARY = en_GB.UTF-8
    LC_NAME = en_GB.UTF-8
    LC_NUMERIC = en_GB.UTF-8
    LC_PAPER = en_GB.UTF-8
    LC_TELEPHONE = en_GB.UTF-8
    LC_TIME = en_GB.UTF-8
    PATH = /home/graham/perls/perl5.18.0-thread/bin:/usr/local/sbin:/usr/local/bin:/usr/bin:/usr/bin/core_perl
    PERL5LIB = 
    PERL5OPT = 
    PERL5_CPANPLUS_IS_RUNNING = 5034
    PERL5_CPAN_IS_RUNNING = 5034
    PERL5_CPAN_IS_RUNNING_IN_RECURSION = 489,5034
    PERL_CR_SMOKER_CURRENT = Froody-42.005
    PERL_EXTUTILS_AUTOINSTALL = --defaultdeps
    PERL_MM_USE_DEFAULT = 1
    SHELL = /bin/bash
    TERM = xterm

Perl special variables (and OS-specific diagnostics, for MSWin32):

    $^X = /home/graham/perls/perl5.18.0-thread/bin/perl
    $UID/$EUID = 1000 / 1000
    $GID = 100 10 100
    $EGID = 100 10 100

Perl module toolchain versions installed:

    Module              Have    
    ------------------- --------
    CPAN                1.9402  
    CPAN::Meta          2.133380
    Cwd                 3.40    
    ExtUtils::CBuilder  0.280212
    ExtUtils::Command   1.18    
    ExtUtils::Install   1.59    
    ExtUtils::MakeMaker 6.87_01 
    ExtUtils::Manifest  1.63    
    ExtUtils::ParseXS   3.22    
    File::Spec          3.40    
    JSON                2.90    
    JSON::PP            2.27203 
    Module::Build       0.4204  
    Module::Signature   n/a     
    Parse::CPAN::Meta   1.4409  
    Test::Harness       3.30    
    Test::More          1.001002
    YAML                0.88    
    YAML::Syck          1.27    
    version             0.9906  


--

Summary of my perl5 (revision 5 version 18 subversion 0) configuration:
   
  Platform:
    osname=linux, osvers=3.11.6-1-arch, archname=x86_64-linux-thread-multi
    uname='linux arch002 3.11.6-1-arch #1 smp preempt fri oct 18 23:22:36 cest 2013 x86_64 gnulinux '
    config_args=''
    hint=recommended, useposix=true, d_sigaction=define
    useithreads=define, usemultiplicity=define
    useperlio=define, d_sfio=undef, uselargefiles=define, usesocks=undef
    use64bitint=define, use64bitall=define, uselongdouble=undef
    usemymalloc=n, bincompat5005=undef
  Compiler:
    cc='cc', ccflags ='-D_REENTRANT -D_GNU_SOURCE -fno-strict-aliasing -pipe -fstack-protector -I/usr/local/include -D_LARGEFILE_SOURCE -D_FILE_OFFSET_BITS=64',
    optimize='-O2',
    cppflags='-D_REENTRANT -D_GNU_SOURCE -fno-strict-aliasing -pipe -fstack-protector -I/usr/local/include'
    ccversion='', gccversion='4.8.2', gccosandvers=''
    intsize=4, longsize=8, ptrsize=8, doublesize=8, byteorder=12345678
    d_longlong=define, longlongsize=8, d_longdbl=define, longdblsize=16
    ivtype='long', ivsize=8, nvtype='double', nvsize=8, Off_t='off_t', lseeksize=8
    alignbytes=8, prototype=define
  Linker and Libraries:
    ld='cc', ldflags =' -fstack-protector -L/usr/local/lib'
    libpth=/usr/local/lib /lib/../lib /usr/lib/../lib /lib /usr/lib /lib64 /usr/lib64
    libs=-lnsl -lgdbm -ldb -ldl -lm -lcrypt -lutil -lpthread -lc -lgdbm_compat
    perllibs=-lnsl -ldl -lm -lcrypt -lutil -lpthread -lc
    libc=/lib/libc-2.18.so, so=so, useshrplib=false, libperl=libperl.a
    gnulibc_version='2.18'
  Dynamic Linking:
    dlsrc=dl_dlopen.xs, dlext=so, d_dlsymun=undef, ccdlflags='-Wl,-E'
    cccdlflags='-fPIC', lddlflags='-shared -O2 -L/usr/local/lib -fstack-protector'


Characteristics of this binary (from libperl): 
  Compile-time options: HAS_TIMES MULTIPLICITY PERLIO_LAYERS
                        PERL_DONT_CREATE_GVSV
                        PERL_HASH_FUNC_ONE_AT_A_TIME_HARD
                        PERL_IMPLICIT_CONTEXT PERL_MALLOC_WRAP
                        PERL_PRESERVE_IVUV PERL_SAWAMPERSAND USE_64_BIT_ALL
                        USE_64_BIT_INT USE_ITHREADS USE_LARGE_FILES
                        USE_LOCALE USE_LOCALE_COLLATE USE_LOCALE_CTYPE
                        USE_LOCALE_NUMERIC USE_PERLIO USE_PERL_ATOF
                        USE_REENTRANT_API
  Built under linux
  Compiled at Dec  6 2013 08:54:47
  %ENV:
    PERL5LIB=""
    PERL5OPT=""
    PERL5_CPANPLUS_IS_RUNNING="5034"
    PERL5_CPAN_IS_RUNNING="5034"
    PERL5_CPAN_IS_RUNNING_IN_RECURSION="489,5034"
    PERL_CR_SMOKER_CURRENT="Froody-42.005"
    PERL_EXTUTILS_AUTOINSTALL="--defaultdeps"
    PERL_MM_USE_DEFAULT="1"
  @INC:
    /home/graham/perls/perl5.18.0-thread/lib/site_perl/5.18.0/x86_64-linux-thread-multi
    /home/graham/perls/perl5.18.0-thread/lib/site_perl/5.18.0
    /home/graham/perls/perl5.18.0-thread/lib/5.18.0/x86_64-linux-thread-multi
    /home/graham/perls/perl5.18.0-thread/lib/5.18.0
    .