Mail-OpenDKIM v4204 Perl 5 v5.22.3 x86_64-linux-ld
- Status
- Fail
- From
- Slaven Rezić (SREZIC)
- Dist
-
Mail-OpenDKIM v4204
- Platform
- Perl 5 v5.22.3 x86_64-linux-ld
- Date
- 2017-08-17 15:05:43
- ID
- 8a68b718-835d-11e7-a906-e52c33c20821
This distribution has been tested as part of the CPAN Testers
project, supporting the Perl programming language. See
http://wiki.cpantesters.org/ for more information or email
questions to cpan-testers-discuss@perl.org
--
Dear Matthew Seaman,
This is a computer-generated report for Mail-OpenDKIM-4204
on perl 5.22.3, created by CPAN-Reporter-1.2018.
Thank you for uploading your work to CPAN. However, there was a problem
testing your distribution.
If you think this report is invalid, please consult the CPAN Testers Wiki
for suggestions on how to avoid getting FAIL reports for missing library
or binary dependencies, unsupported operating systems, and so on:
http://wiki.cpantesters.org/wiki/CPANAuthorNotes
Sections of this report:
* Tester comments
* Program output
* Prerequisites
* Environment and other context
------------------------------
TESTER COMMENTS
------------------------------
Additional comments from tester:
none provided
------------------------------
PROGRAM OUTPUT
------------------------------
Output from '/usr/bin/make test':
Running Mkbootstrap for Mail::OpenDKIM ()
chmod 644 "OpenDKIM.bs"
PERL_DL_NONLAZY=1 "/opt/perl-5.22.3D/bin/perl" "-MExtUtils::Command::MM" "-MTest::Harness" "-e" "undef *Test::Harness::Switches; test_harness(0, 'blib/lib', 'blib/arch')" t/*.t
# Failed test at t/00-load.t line 14.
# Testing Mail::OpenDKIM 4204, Perl 5.022003, OpenDKIM 2090200, /opt/perl-5.22.3D/bin/perl
# Looks like you failed 1 test of 6.
t/00-load.t .........................
Dubious, test returned 1 (wstat 256, 0x100)
Failed 1/6 subtests
t/boilerplate.t ..................... ok
t/dkim_atps_check.t ................. ok
t/dkim_diffheaders.t ................ ok
t/dkim_dns_set_query_cancel.t ....... ok
t/dkim_dns_set_query_service.t ...... ok
t/dkim_dns_set_query_start.t ........ ok
t/dkim_dns_set_query_waitreply.t .... ok
t/dkim_flush_cache.t ................ ok
t/dkim_get_reputation.t ............. ok
t/dkim_get_signer.t ................. ok
t/dkim_get_user_context.t ........... ok
t/dkim_getcachestats.t .............. ok
t/dkim_getdomain.t .................. ok
t/dkim_getmode.t .................... ok
t/dkim_getpartial.t ................. ok
t/dkim_getresultstr.t ............... ok
t/dkim_getsighdr.t .................. ok
t/dkim_getsighdr_d.t ................ ok
t/dkim_getsiglist.t ................. ok
t/dkim_getsignature.t ............... ok
t/dkim_getuser.t .................... ok
t/dkim_key_syntax.t ................. ok
t/dkim_libfeature.t ................. ok
t/dkim_mail_parse.t ................. ok
t/dkim_minbody.t .................... ok
t/dkim_ohdrs.t ...................... ok
t/dkim_options.t .................... ok
t/dkim_set_dns_callback.t ........... ok
t/dkim_set_final.t .................. ok
t/dkim_set_key_lookup.t ............. ok
t/dkim_set_margin.t ................. ok
t/dkim_set_prescreen.t .............. ok
t/dkim_set_signature_handle.t ....... ok
t/dkim_set_signature_handle_free.t .. ok
t/dkim_set_signature_tagvalues.t .... ok
t/dkim_set_signer.t ................. ok
t/dkim_set_user_context.t ........... ok
t/dkim_setpartial.t ................. ok
t/dkim_sig_getbh.t .................. ok
t/dkim_sig_getcanonlen.t ............ ok
t/dkim_sig_getcanons.t .............. ok
t/dkim_sig_getcontext.t ............. ok
t/dkim_sig_getdnssec.t .............. ok
t/dkim_sig_getdomain.t .............. ok
t/dkim_sig_geterror.t ............... ok
t/dkim_sig_getflags.t ............... ok
t/dkim_sig_getidentity.t ............ ok
t/dkim_sig_getkeysize.t ............. ok
t/dkim_sig_getreportinfo.t .......... ok
t/dkim_sig_getselector.t ............ ok
t/dkim_sig_getsignalg.t ............. ok
t/dkim_sig_getsignedhdrs.t .......... ok
t/dkim_sig_getsigntime.t ............ ok
t/dkim_sig_gettagvalue.t ............ ok
t/dkim_sig_process.t ................ ok
t/dkim_sig_syntax.t ................. ok
# Using SSL Version 268439887
t/dkim_ssl_version.t ................ ok
t/kwalitee.t ........................ skipped: Test::Kwalitee not installed; skipping
t/Mail-OpenDKIM-PrivateKey.t ........ ok
t/Mail-OpenDKIM-Signature.t ......... ok
t/Mail-OpenDKIM-Signer.t ............ ok
t/manifest.t ........................ skipped: Author tests not required for installation
t/pod-cm.t .......................... skipped: Test::Pod::Spelling::CommonMistakes required for testing POD spelling
t/pod-coverage.t .................... ok
t/pod.t ............................. ok
Test Summary Report
-------------------
t/00-load.t (Wstat: 256 Tests: 6 Failed: 1)
Failed test: 6
Non-zero exit status: 1
t/boilerplate.t (Wstat: 0 Tests: 6 Failed: 0)
TODO passed: 1-6
t/dkim_sig_getreportinfo.t (Wstat: 0 Tests: 11 Failed: 0)
TODO passed: 10
t/dkim_sig_process.t (Wstat: 0 Tests: 14 Failed: 0)
TODO passed: 12-13
Files=66, Tests=561, 3 wallclock secs ( 0.13 usr 0.24 sys + 2.33 cusr 0.40 csys = 3.10 CPU)
Result: FAIL
Failed 1/66 test programs. 1/561 subtests failed.
Makefile:1047: recipe for target 'test_dynamic' failed
make: *** [test_dynamic] Error 255
------------------------------
PREREQUISITES
------------------------------
Prerequisite modules loaded:
requires:
Module Need Have
------------------- ---- --------
Carp 0 1.36
Error 0 0.17025
Test::More 0.82 1.302086
build_requires:
Module Need Have
------------------- ---- --------
ExtUtils::MakeMaker 0 7.04_02
configure_requires:
Module Need Have
------------------- ---- --------
ExtUtils::MakeMaker 0 7.04_02
------------------------------
ENVIRONMENT AND OTHER CONTEXT
------------------------------
Environment variables:
LANG = C
PATH = /usr/local/bin:/usr/bin:/bin:/usr/local/sbin:/usr/sbin:/sbin:/home/cpansand/bin/linux-gnu:/home/cpansand/bin/sh:/home/cpansand/bin:/usr/games:/home/cpansand/devel:/home/eserte/src/srezic-misc/scripts
PERL5LIB = /home/cpansand/.cpan/build/2017081712/Error-0.17025-YaiI_v/blib/arch:/home/cpansand/.cpan/build/2017081712/Error-0.17025-YaiI_v/blib/lib
PERL5OPT =
PERL5_CPANPLUS_IS_RUNNING = 19870
PERL5_CPAN_IS_RUNNING = 19870
PERL5_CPAN_IS_RUNNING_IN_RECURSION = 19593,19870
PERLDOC = -MPod::Perldoc::ToTextOverstrike
PERL_BATCH = yes
PERL_CANARY_STABILITY_NOPROMPT = 1
PERL_CPAN_REPORTER_CONFIG = /var/tmp/cpansmoker-1023/2017081712/cpanreporter_000_config.ini
PERL_EXTUTILS_AUTOINSTALL = --defaultdeps
SHELL = /usr/bin/zsh
TERM = screen
TMPDIR = /var/tmp/cpansmoker-1023/2017081712
Perl special variables (and OS-specific diagnostics, for MSWin32):
$^X = /opt/perl-5.22.3D/bin/perl
$UID/$EUID = 1023 / 1023
$GID = 1023 1023
$EGID = 1023 1023
Perl module toolchain versions installed:
Module Have
------------------- ----------
CPAN 2.11_01
CPAN::Meta 2.150001
Cwd 3.56_02
ExtUtils::CBuilder 0.280221
ExtUtils::Command 1.20_01
ExtUtils::Install 2.04
ExtUtils::MakeMaker 7.04_02
ExtUtils::Manifest 1.70
ExtUtils::ParseXS 3.28
File::Spec 3.56_02
JSON 2.94
JSON::PP 2.27300_01
Module::Build 0.4224
Module::Signature 0.81
Parse::CPAN::Meta 1.4414_001
Test::Harness 3.35_01
Test::More 1.302086
YAML 1.23
YAML::Syck 1.30
version 0.9909
--
Summary of my perl5 (revision 5 version 22 subversion 3) configuration:
Platform:
osname=linux, osvers=3.16.0-4-amd64, archname=x86_64-linux-ld
uname='linux debian8 3.16.0-4-amd64 #1 smp debian 3.16.43-2+deb8u1 (2017-06-18) x86_64 gnulinux '
config_args='-ds -e -Dprefix=/opt/perl-5.22.3D -Duselongdouble -Dcf_email=srezic@cpan.org'
hint=recommended, useposix=true, d_sigaction=define
useithreads=undef, usemultiplicity=undef
use64bitint=define, use64bitall=define, uselongdouble=define
usemymalloc=n, bincompat5005=undef
Compiler:
cc='cc', ccflags ='-fwrapv -fno-strict-aliasing -pipe -fstack-protector-strong -I/usr/local/include -D_LARGEFILE_SOURCE -D_FILE_OFFSET_BITS=64 -D_FORTIFY_SOURCE=2',
optimize='-O2',
cppflags='-fwrapv -fno-strict-aliasing -pipe -fstack-protector-strong -I/usr/local/include'
ccversion='', gccversion='4.9.2', gccosandvers=''
intsize=4, longsize=8, ptrsize=8, doublesize=8, byteorder=12345678, doublekind=3
d_longlong=define, longlongsize=8, d_longdbl=define, longdblsize=16, longdblkind=3
ivtype='long', ivsize=8, nvtype='long double', nvsize=16, Off_t='off_t', lseeksize=8
alignbytes=16, prototype=define
Linker and Libraries:
ld='cc', ldflags =' -fstack-protector-strong -L/usr/local/lib'
libpth=/usr/local/lib /usr/lib/gcc/x86_64-linux-gnu/4.9/include-fixed /usr/include/x86_64-linux-gnu /usr/lib /lib/x86_64-linux-gnu /lib/../lib /usr/lib/x86_64-linux-gnu /usr/lib/../lib /lib
libs=-lpthread -lnsl -lgdbm -ldb -ldl -lm -lcrypt -lutil -lc -lgdbm_compat
perllibs=-lpthread -lnsl -ldl -lm -lcrypt -lutil -lc
libc=libc-2.19.so, so=so, useshrplib=false, libperl=libperl.a
gnulibc_version='2.19'
Dynamic Linking:
dlsrc=dl_dlopen.xs, dlext=so, d_dlsymun=undef, ccdlflags='-Wl,-E'
cccdlflags='-fPIC', lddlflags='-shared -O2 -L/usr/local/lib -fstack-protector-strong'
Characteristics of this binary (from libperl):
Compile-time options: HAS_TIMES PERLIO_LAYERS PERL_DONT_CREATE_GVSV
PERL_HASH_FUNC_ONE_AT_A_TIME_HARD PERL_MALLOC_WRAP
PERL_NEW_COPY_ON_WRITE PERL_PRESERVE_IVUV
USE_64_BIT_ALL USE_64_BIT_INT USE_LARGE_FILES
USE_LOCALE USE_LOCALE_COLLATE USE_LOCALE_CTYPE
USE_LOCALE_NUMERIC USE_LOCALE_TIME USE_LONG_DOUBLE
USE_PERLIO USE_PERL_ATOF
Built under linux
Compiled at Jun 27 2017 20:04:01
%ENV:
PERL5LIB="/home/cpansand/.cpan/build/2017081712/Error-0.17025-YaiI_v/blib/arch:/home/cpansand/.cpan/build/2017081712/Error-0.17025-YaiI_v/blib/lib"
PERL5OPT=""
PERL5_CPANPLUS_IS_RUNNING="19870"
PERL5_CPAN_IS_RUNNING="19870"
PERL5_CPAN_IS_RUNNING_IN_RECURSION="19593,19870"
PERLDOC="-MPod::Perldoc::ToTextOverstrike"
PERL_BATCH="yes"
PERL_CANARY_STABILITY_NOPROMPT="1"
PERL_CPAN_REPORTER_CONFIG="/var/tmp/cpansmoker-1023/2017081712/cpanreporter_000_config.ini"
PERL_EXTUTILS_AUTOINSTALL="--defaultdeps"
@INC:
/home/cpansand/.cpan/build/2017081712/Error-0.17025-YaiI_v/blib/arch
/home/cpansand/.cpan/build/2017081712/Error-0.17025-YaiI_v/blib/lib
/opt/perl-5.22.3D/lib/site_perl/5.22.3/x86_64-linux-ld
/opt/perl-5.22.3D/lib/site_perl/5.22.3
/opt/perl-5.22.3D/lib/5.22.3/x86_64-linux-ld
/opt/perl-5.22.3D/lib/5.22.3
.