POE-Component-IRC v6.93 Perl 5 v5.41.11 amd64-freebsd

Status
Fail
From
Carlos Guevara
Dist
POE-Component-IRC v6.93
Platform
Perl 5 v5.41.11 amd64-freebsd
Date
2025-03-28 17:31:53
ID
8a00f7a8-0bfa-11f0-bd10-a81dcdfbde20
This distribution has been tested as part of the CPAN Testers
project, supporting the Perl programming language.  See
http://wiki.cpantesters.org/ for more information or email
questions to cpan-testers-discuss@perl.org


--
Dear Chris Williams,

This is a computer-generated report for POE-Component-IRC-6.93
on perl 5.41.11, created by CPAN-Reporter-1.2020.

Thank you for uploading your work to CPAN.  However, there was a problem
testing your distribution.

If you think this report is invalid, please consult the CPAN Testers Wiki
for suggestions on how to avoid getting FAIL reports for missing library
or binary dependencies, unsupported operating systems, and so on:

http://wiki.cpantesters.org/wiki/CPANAuthorNotes

Sections of this report:

    * Tester comments
    * Program output
    * Prerequisites
    * Environment and other context

------------------------------
TESTER COMMENTS
------------------------------

Additional comments from tester:

this report is from an automated smoke testing program
and was not reviewed by a human for accuracy

------------------------------
PROGRAM OUTPUT
------------------------------

Output from '/usr/bin/make test':

PERL_DL_NONLAZY=1 "/home/cpan/bin/perl/bin/perl5.41.11" "-MExtUtils::Command::MM" "-MTest::Harness" "-e" "undef *Test::Harness::Switches; test_harness(0, 'blib/lib', 'blib/arch')" t/01_base/*.t t/02_behavior/*.t t/03_subclasses/*.t t/04_plugins/01_ctcp/*.t t/04_plugins/02_connector/*.t t/04_plugins/03_botaddressed/*.t t/04_plugins/04_bottraffic/*.t t/04_plugins/05_isupport/*.t t/04_plugins/06_plugman/*.t t/04_plugins/07_console/*.t t/04_plugins/08_proxy/*.t t/04_plugins/09_nickreclaim/*.t t/04_plugins/10_followtail/*.t t/04_plugins/11_cycleempty/*.t t/04_plugins/12_autojoin/*.t t/04_plugins/13_botcommand/*.t t/04_plugins/14_logger/*.t t/04_plugins/15_nickservid/*.t t/04_plugins/16_whois/*.t t/04_plugins/17_dcc/*.t t/05_regression/*.t

#   Failed test 'use POE::Component::IRC;'
#   at t/01_base/01_compile.t line 34.
#     Tried to use 'POE::Component::IRC'.
#     Error:  Possible precedence problem between ! and string ne at /home/cpan/.cpan/build/POE-Component-IRC-6.93-0/blib/lib/POE/Component/IRC.pm line 218.
# Compilation failed in require at t/01_base/01_compile.t line 34.
# BEGIN failed--compilation aborted at t/01_base/01_compile.t line 34.

#   Failed test 'use POE::Component::IRC::State;'
#   at t/01_base/01_compile.t line 34.
#     Tried to use 'POE::Component::IRC::State'.
#     Error:  Attempt to reload POE/Component/IRC.pm aborted.
# Compilation failed in require at /home/cpan/bin/perl/lib/5.41.11/base.pm line 137.
# 	...propagated at /home/cpan/bin/perl/lib/5.41.11/base.pm line 159.
# BEGIN failed--compilation aborted at /home/cpan/.cpan/build/POE-Component-IRC-6.93-0/blib/lib/POE/Component/IRC/State.pm line 9.
# Compilation failed in require at t/01_base/01_compile.t line 34.
# BEGIN failed--compilation aborted at t/01_base/01_compile.t line 34.

#   Failed test 'use POE::Component::IRC::Qnet;'
#   at t/01_base/01_compile.t line 34.
#     Tried to use 'POE::Component::IRC::Qnet'.
#     Error:  Attempt to reload POE/Component/IRC.pm aborted.
# Compilation failed in require at /home/cpan/bin/perl/lib/5.41.11/base.pm line 137.
# 	...propagated at /home/cpan/bin/perl/lib/5.41.11/base.pm line 159.
# BEGIN failed--compilation aborted at /home/cpan/.cpan/build/POE-Component-IRC-6.93-0/blib/lib/POE/Component/IRC/Qnet.pm line 9.
# Compilation failed in require at t/01_base/01_compile.t line 34.
# BEGIN failed--compilation aborted at t/01_base/01_compile.t line 34.

#   Failed test 'use POE::Component::IRC::Qnet::State;'
#   at t/01_base/01_compile.t line 34.
#     Tried to use 'POE::Component::IRC::Qnet::State'.
#     Error:  Attempt to reload POE/Component/IRC/State.pm aborted.
# Compilation failed in require at /home/cpan/bin/perl/lib/5.41.11/base.pm line 137.
# 	...propagated at /home/cpan/bin/perl/lib/5.41.11/base.pm line 159.
# BEGIN failed--compilation aborted at /home/cpan/.cpan/build/POE-Component-IRC-6.93-0/blib/lib/POE/Component/IRC/Qnet/State.pm line 10.
# Compilation failed in require at t/01_base/01_compile.t line 34.
# BEGIN failed--compilation aborted at t/01_base/01_compile.t line 34.

#   Failed test 'use POE::Component::IRC::Plugin::CTCP;'
#   at t/01_base/01_compile.t line 34.
#     Tried to use 'POE::Component::IRC::Plugin::CTCP'.
#     Error:  Attempt to reload POE/Component/IRC.pm aborted.
# Compilation failed in require at /home/cpan/.cpan/build/POE-Component-IRC-6.93-0/blib/lib/POE/Component/IRC/Plugin/CTCP.pm line 7.
# BEGIN failed--compilation aborted at /home/cpan/.cpan/build/POE-Component-IRC-6.93-0/blib/lib/POE/Component/IRC/Plugin/CTCP.pm line 7.
# Compilation failed in require at t/01_base/01_compile.t line 34.
# BEGIN failed--compilation aborted at t/01_base/01_compile.t line 34.
# Looks like you failed 5 tests of 25.
t/01_base/01_compile.t ............................. 
Dubious, test returned 5 (wstat 1280, 0x500)
Failed 5/25 subtests 
t/01_base/02_filters.t ............................. ok
Possible precedence problem between ! and numeric gt (>) at t/inc/POE/Component/Server/IRC.pm line 7138.
Possible precedence problem between ! and numeric eq (==) at t/inc/POE/Component/Server/IRC.pm line 7503.
t/01_base/04_pocosi.t .............................. ok
Possible precedence problem between ! and string ne at /home/cpan/.cpan/build/POE-Component-IRC-6.93-0/blib/lib/POE/Component/IRC.pm line 218.
Compilation failed in require at t/02_behavior/01_public_methods.t line 3.
BEGIN failed--compilation aborted at t/02_behavior/01_public_methods.t line 3.
t/02_behavior/01_public_methods.t .................. 
Dubious, test returned 2 (wstat 512, 0x200)
No subtests run 
Possible precedence problem between ! and string ne at /home/cpan/.cpan/build/POE-Component-IRC-6.93-0/blib/lib/POE/Component/IRC.pm line 218.
Compilation failed in require at t/02_behavior/02_connect.t line 5.
BEGIN failed--compilation aborted at t/02_behavior/02_connect.t line 5.
t/02_behavior/02_connect.t ......................... 
Dubious, test returned 2 (wstat 512, 0x200)
No subtests run 
Possible precedence problem between ! and string ne at /home/cpan/.cpan/build/POE-Component-IRC-6.93-0/blib/lib/POE/Component/IRC.pm line 218.
Compilation failed in require at t/02_behavior/03_socketerr.t line 4.
BEGIN failed--compilation aborted at t/02_behavior/03_socketerr.t line 4.
t/02_behavior/03_socketerr.t ....................... 
Dubious, test returned 2 (wstat 512, 0x200)
No subtests run 
Possible precedence problem between ! and string ne at /home/cpan/.cpan/build/POE-Component-IRC-6.93-0/blib/lib/POE/Component/IRC.pm line 218.
Compilation failed in require at t/02_behavior/04_ipv6.t line 4.
BEGIN failed--compilation aborted at t/02_behavior/04_ipv6.t line 4.
t/02_behavior/04_ipv6.t ............................ 
Dubious, test returned 2 (wstat 512, 0x200)
No subtests run 
Possible precedence problem between ! and string ne at /home/cpan/.cpan/build/POE-Component-IRC-6.93-0/blib/lib/POE/Component/IRC.pm line 218.
Compilation failed in require at t/02_behavior/05_resolver.t line 4.
BEGIN failed--compilation aborted at t/02_behavior/05_resolver.t line 4.
t/02_behavior/05_resolver.t ........................ 
Dubious, test returned 2 (wstat 512, 0x200)
No subtests run 
Possible precedence problem between ! and string ne at /home/cpan/.cpan/build/POE-Component-IRC-6.93-0/blib/lib/POE/Component/IRC.pm line 218.
Compilation failed in require at t/02_behavior/06_online.t line 4.
BEGIN failed--compilation aborted at t/02_behavior/06_online.t line 4.
t/02_behavior/06_online.t .......................... 
Dubious, test returned 2 (wstat 512, 0x200)
No subtests run 
Possible precedence problem between ! and string ne at /home/cpan/.cpan/build/POE-Component-IRC-6.93-0/blib/lib/POE/Component/IRC.pm line 218.
Compilation failed in require at t/02_behavior/07_subclass.t line 5.
BEGIN failed--compilation aborted at t/02_behavior/07_subclass.t line 5.
t/02_behavior/07_subclass.t ........................ 
Dubious, test returned 2 (wstat 512, 0x200)
No subtests run 
Possible precedence problem between ! and string ne at /home/cpan/.cpan/build/POE-Component-IRC-6.93-0/blib/lib/POE/Component/IRC.pm line 218.
Compilation failed in require at t/02_behavior/08_parent_session.t line 11.
BEGIN failed--compilation aborted at t/02_behavior/08_parent_session.t line 11.
t/02_behavior/08_parent_session.t .................. 
Dubious, test returned 2 (wstat 512, 0x200)
No subtests run 
Possible precedence problem between ! and string ne at /home/cpan/.cpan/build/POE-Component-IRC-6.93-0/blib/lib/POE/Component/IRC.pm line 218.
Compilation failed in require at t/02_behavior/09_multiple.t line 5.
BEGIN failed--compilation aborted at t/02_behavior/09_multiple.t line 5.
t/02_behavior/09_multiple.t ........................ 
Dubious, test returned 2 (wstat 512, 0x200)
No subtests run 
Possible precedence problem between ! and string ne at /home/cpan/.cpan/build/POE-Component-IRC-6.93-0/blib/lib/POE/Component/IRC.pm line 218.
Compilation failed in require at t/02_behavior/10_signal.t line 5.
BEGIN failed--compilation aborted at t/02_behavior/10_signal.t line 5.
t/02_behavior/10_signal.t .......................... 
Dubious, test returned 2 (wstat 512, 0x200)
No subtests run 
Possible precedence problem between ! and string ne at /home/cpan/.cpan/build/POE-Component-IRC-6.93-0/blib/lib/POE/Component/IRC.pm line 218.
Compilation failed in require at t/02_behavior/11_multi_signal.t line 5.
BEGIN failed--compilation aborted at t/02_behavior/11_multi_signal.t line 5.
t/02_behavior/11_multi_signal.t .................... 
Dubious, test returned 2 (wstat 512, 0x200)
No subtests run 
Possible precedence problem between ! and string ne at /home/cpan/.cpan/build/POE-Component-IRC-6.93-0/blib/lib/POE/Component/IRC.pm line 218.
Compilation failed in require at t/02_behavior/12_delays.t line 4.
BEGIN failed--compilation aborted at t/02_behavior/12_delays.t line 4.
t/02_behavior/12_delays.t .......................... 
Dubious, test returned 2 (wstat 512, 0x200)
No subtests run 
Possible precedence problem between ! and string ne at /home/cpan/.cpan/build/POE-Component-IRC-6.93-0/blib/lib/POE/Component/IRC.pm line 218.
Compilation failed in require at t/02_behavior/13_activity.t line 4.
BEGIN failed--compilation aborted at t/02_behavior/13_activity.t line 4.
t/02_behavior/13_activity.t ........................ 
Dubious, test returned 2 (wstat 512, 0x200)
No subtests run 
Possible precedence problem between ! and string ne at /home/cpan/.cpan/build/POE-Component-IRC-6.93-0/blib/lib/POE/Component/IRC.pm line 218.
Compilation failed in require at t/02_behavior/14_newline.t line 5.
BEGIN failed--compilation aborted at t/02_behavior/14_newline.t line 5.
t/02_behavior/14_newline.t ......................... 
Dubious, test returned 2 (wstat 512, 0x200)
No subtests run 
Possible precedence problem between ! and string ne at /home/cpan/.cpan/build/POE-Component-IRC-6.93-0/blib/lib/POE/Component/IRC.pm line 218.
Compilation failed in require at t/02_behavior/15_no_stacked_ctcp.t line 5.
BEGIN failed--compilation aborted at t/02_behavior/15_no_stacked_ctcp.t line 5.
t/02_behavior/15_no_stacked_ctcp.t ................. 
Dubious, test returned 2 (wstat 512, 0x200)
No subtests run 
Possible precedence problem between ! and string ne at /home/cpan/.cpan/build/POE-Component-IRC-6.93-0/blib/lib/POE/Component/IRC.pm line 218.
Compilation failed in require at t/02_behavior/16_nonclosing_ctcp.t line 5.
BEGIN failed--compilation aborted at t/02_behavior/16_nonclosing_ctcp.t line 5.
t/02_behavior/16_nonclosing_ctcp.t ................. 
Dubious, test returned 2 (wstat 512, 0x200)
No subtests run 
Possible precedence problem between ! and string ne at /home/cpan/.cpan/build/POE-Component-IRC-6.93-0/blib/lib/POE/Component/IRC.pm line 218.
Compilation failed in require at t/02_behavior/17_raw.t line 5.
BEGIN failed--compilation aborted at t/02_behavior/17_raw.t line 5.
t/02_behavior/17_raw.t ............................. 
Dubious, test returned 2 (wstat 512, 0x200)
No subtests run 
Possible precedence problem between ! and string ne at /home/cpan/.cpan/build/POE-Component-IRC-6.93-0/blib/lib/POE/Component/IRC.pm line 218.
Compilation failed in require at t/02_behavior/18_shutdown.t line 6.
BEGIN failed--compilation aborted at t/02_behavior/18_shutdown.t line 6.
t/02_behavior/18_shutdown.t ........................ 
Dubious, test returned 2 (wstat 512, 0x200)
No subtests run 
Possible precedence problem between ! and string ne at /home/cpan/.cpan/build/POE-Component-IRC-6.93-0/blib/lib/POE/Component/IRC.pm line 218.
Compilation failed in require at /home/cpan/bin/perl/lib/5.41.11/base.pm line 137.
	...propagated at /home/cpan/bin/perl/lib/5.41.11/base.pm line 159.
BEGIN failed--compilation aborted at /home/cpan/.cpan/build/POE-Component-IRC-6.93-0/blib/lib/POE/Component/IRC/State.pm line 9.
Compilation failed in require at t/03_subclasses/01_state.t line 6.
BEGIN failed--compilation aborted at t/03_subclasses/01_state.t line 6.
t/03_subclasses/01_state.t ......................... 
Dubious, test returned 2 (wstat 512, 0x200)
No subtests run 
Possible precedence problem between ! and string ne at /home/cpan/.cpan/build/POE-Component-IRC-6.93-0/blib/lib/POE/Component/IRC.pm line 218.
Compilation failed in require at /home/cpan/bin/perl/lib/5.41.11/base.pm line 137.
	...propagated at /home/cpan/bin/perl/lib/5.41.11/base.pm line 159.
BEGIN failed--compilation aborted at /home/cpan/.cpan/build/POE-Component-IRC-6.93-0/blib/lib/POE/Component/IRC/Qnet.pm line 9.
Compilation failed in require at t/03_subclasses/02_qnet.t line 4.
BEGIN failed--compilation aborted at t/03_subclasses/02_qnet.t line 4.
t/03_subclasses/02_qnet.t .......................... 
Dubious, test returned 2 (wstat 512, 0x200)
No subtests run 
Possible precedence problem between ! and string ne at /home/cpan/.cpan/build/POE-Component-IRC-6.93-0/blib/lib/POE/Component/IRC.pm line 218.
Compilation failed in require at /home/cpan/bin/perl/lib/5.41.11/base.pm line 137.
	...propagated at /home/cpan/bin/perl/lib/5.41.11/base.pm line 159.
BEGIN failed--compilation aborted at /home/cpan/.cpan/build/POE-Component-IRC-6.93-0/blib/lib/POE/Component/IRC/State.pm line 9.
Compilation failed in require at /home/cpan/bin/perl/lib/5.41.11/base.pm line 137.
	...propagated at /home/cpan/bin/perl/lib/5.41.11/base.pm line 159.
BEGIN failed--compilation aborted at /home/cpan/.cpan/build/POE-Component-IRC-6.93-0/blib/lib/POE/Component/IRC/Qnet/State.pm line 10.
Compilation failed in require at t/03_subclasses/03_qnet_state.t line 4.
BEGIN failed--compilation aborted at t/03_subclasses/03_qnet_state.t line 4.
t/03_subclasses/03_qnet_state.t .................... 
Dubious, test returned 2 (wstat 512, 0x200)
No subtests run 
Possible precedence problem between ! and string ne at /home/cpan/.cpan/build/POE-Component-IRC-6.93-0/blib/lib/POE/Component/IRC.pm line 218.
Compilation failed in require at /home/cpan/bin/perl/lib/5.41.11/base.pm line 137.
	...propagated at /home/cpan/bin/perl/lib/5.41.11/base.pm line 159.
BEGIN failed--compilation aborted at /home/cpan/.cpan/build/POE-Component-IRC-6.93-0/blib/lib/POE/Component/IRC/State.pm line 9.
Compilation failed in require at t/03_subclasses/04_netsplit.t line 6.
BEGIN failed--compilation aborted at t/03_subclasses/04_netsplit.t line 6.
t/03_subclasses/04_netsplit.t ...................... 
Dubious, test returned 2 (wstat 512, 0x200)
No subtests run 
Possible precedence problem between ! and string ne at /home/cpan/.cpan/build/POE-Component-IRC-6.93-0/blib/lib/POE/Component/IRC.pm line 218.
Compilation failed in require at /home/cpan/bin/perl/lib/5.41.11/base.pm line 137.
	...propagated at /home/cpan/bin/perl/lib/5.41.11/base.pm line 159.
BEGIN failed--compilation aborted at /home/cpan/.cpan/build/POE-Component-IRC-6.93-0/blib/lib/POE/Component/IRC/State.pm line 9.
Compilation failed in require at t/03_subclasses/05_state_awaypoll.t line 5.
BEGIN failed--compilation aborted at t/03_subclasses/05_state_awaypoll.t line 5.
t/03_subclasses/05_state_awaypoll.t ................ 
Dubious, test returned 2 (wstat 512, 0x200)
No subtests run 
Possible precedence problem between ! and string ne at /home/cpan/.cpan/build/POE-Component-IRC-6.93-0/blib/lib/POE/Component/IRC.pm line 218.
Compilation failed in require at /home/cpan/bin/perl/lib/5.41.11/base.pm line 137.
	...propagated at /home/cpan/bin/perl/lib/5.41.11/base.pm line 159.
BEGIN failed--compilation aborted at /home/cpan/.cpan/build/POE-Component-IRC-6.93-0/blib/lib/POE/Component/IRC/State.pm line 9.
Compilation failed in require at t/03_subclasses/06_state_nick_sync.t line 5.
BEGIN failed--compilation aborted at t/03_subclasses/06_state_nick_sync.t line 5.
t/03_subclasses/06_state_nick_sync.t ............... 
Dubious, test returned 2 (wstat 512, 0x200)
No subtests run 
Possible precedence problem between ! and string ne at /home/cpan/.cpan/build/POE-Component-IRC-6.93-0/blib/lib/POE/Component/IRC.pm line 218.
Compilation failed in require at t/04_plugins/01_ctcp/01_load.t line 5.
BEGIN failed--compilation aborted at t/04_plugins/01_ctcp/01_load.t line 5.
# Looks like your test exited with 2 before it could output anything.
t/04_plugins/01_ctcp/01_load.t ..................... 
Dubious, test returned 2 (wstat 512, 0x200)
Failed 3/3 subtests 
Possible precedence problem between ! and string ne at /home/cpan/.cpan/build/POE-Component-IRC-6.93-0/blib/lib/POE/Component/IRC.pm line 218.
Compilation failed in require at t/04_plugins/01_ctcp/02_replies.t line 5.
BEGIN failed--compilation aborted at t/04_plugins/01_ctcp/02_replies.t line 5.
t/04_plugins/01_ctcp/02_replies.t .................. 
Dubious, test returned 2 (wstat 512, 0x200)
No subtests run 
Possible precedence problem between ! and string ne at /home/cpan/.cpan/build/POE-Component-IRC-6.93-0/blib/lib/POE/Component/IRC.pm line 218.
Compilation failed in require at t/04_plugins/02_connector/01_load.t line 5.
BEGIN failed--compilation aborted at t/04_plugins/02_connector/01_load.t line 5.
# Looks like your test exited with 2 before it could output anything.
t/04_plugins/02_connector/01_load.t ................ 
Dubious, test returned 2 (wstat 512, 0x200)
Failed 3/3 subtests 
Possible precedence problem between ! and string ne at /home/cpan/.cpan/build/POE-Component-IRC-6.93-0/blib/lib/POE/Component/IRC.pm line 218.
Compilation failed in require at t/04_plugins/02_connector/02_reconnect.t line 5.
BEGIN failed--compilation aborted at t/04_plugins/02_connector/02_reconnect.t line 5.
t/04_plugins/02_connector/02_reconnect.t ........... 
Dubious, test returned 2 (wstat 512, 0x200)
No subtests run 
Possible precedence problem between ! and string ne at /home/cpan/.cpan/build/POE-Component-IRC-6.93-0/blib/lib/POE/Component/IRC.pm line 218.
Compilation failed in require at t/04_plugins/03_botaddressed/01_load.t line 5.
BEGIN failed--compilation aborted at t/04_plugins/03_botaddressed/01_load.t line 5.
# Looks like your test exited with 2 before it could output anything.
t/04_plugins/03_botaddressed/01_load.t ............. 
Dubious, test returned 2 (wstat 512, 0x200)
Failed 3/3 subtests 
Possible precedence problem between ! and string ne at /home/cpan/.cpan/build/POE-Component-IRC-6.93-0/blib/lib/POE/Component/IRC.pm line 218.
Compilation failed in require at t/04_plugins/03_botaddressed/02_output.t line 5.
BEGIN failed--compilation aborted at t/04_plugins/03_botaddressed/02_output.t line 5.
t/04_plugins/03_botaddressed/02_output.t ........... 
Dubious, test returned 2 (wstat 512, 0x200)
No subtests run 
Possible precedence problem between ! and string ne at /home/cpan/.cpan/build/POE-Component-IRC-6.93-0/blib/lib/POE/Component/IRC.pm line 218.
Compilation failed in require at t/04_plugins/04_bottraffic/01_load.t line 5.
BEGIN failed--compilation aborted at t/04_plugins/04_bottraffic/01_load.t line 5.
# Looks like your test exited with 2 before it could output anything.
t/04_plugins/04_bottraffic/01_load.t ............... 
Dubious, test returned 2 (wstat 512, 0x200)
Failed 3/3 subtests 
Possible precedence problem between ! and string ne at /home/cpan/.cpan/build/POE-Component-IRC-6.93-0/blib/lib/POE/Component/IRC.pm line 218.
Compilation failed in require at t/04_plugins/04_bottraffic/02_output.t line 5.
BEGIN failed--compilation aborted at t/04_plugins/04_bottraffic/02_output.t line 5.
t/04_plugins/04_bottraffic/02_output.t ............. 
Dubious, test returned 2 (wstat 512, 0x200)
No subtests run 
Possible precedence problem between ! and string ne at /home/cpan/.cpan/build/POE-Component-IRC-6.93-0/blib/lib/POE/Component/IRC.pm line 218.
Compilation failed in require at t/04_plugins/05_isupport/01_load.t line 5.
BEGIN failed--compilation aborted at t/04_plugins/05_isupport/01_load.t line 5.
# Looks like your test exited with 2 before it could output anything.
t/04_plugins/05_isupport/01_load.t ................. 
Dubious, test returned 2 (wstat 512, 0x200)
Failed 3/3 subtests 
Possible precedence problem between ! and string ne at /home/cpan/.cpan/build/POE-Component-IRC-6.93-0/blib/lib/POE/Component/IRC.pm line 218.
Compilation failed in require at t/04_plugins/05_isupport/02_isupport.t line 5.
BEGIN failed--compilation aborted at t/04_plugins/05_isupport/02_isupport.t line 5.
t/04_plugins/05_isupport/02_isupport.t ............. 
Dubious, test returned 2 (wstat 512, 0x200)
No subtests run 
Possible precedence problem between ! and string ne at /home/cpan/.cpan/build/POE-Component-IRC-6.93-0/blib/lib/POE/Component/IRC.pm line 218.
Compilation failed in require at t/04_plugins/06_plugman/01_load.t line 5.
BEGIN failed--compilation aborted at t/04_plugins/06_plugman/01_load.t line 5.
# Looks like your test exited with 2 before it could output anything.
t/04_plugins/06_plugman/01_load.t .................. 
Dubious, test returned 2 (wstat 512, 0x200)
Failed 3/3 subtests 
Possible precedence problem between ! and string ne at /home/cpan/.cpan/build/POE-Component-IRC-6.93-0/blib/lib/POE/Component/IRC.pm line 218.
Compilation failed in require at /home/cpan/bin/perl/lib/5.41.11/base.pm line 137.
	...propagated at /home/cpan/bin/perl/lib/5.41.11/base.pm line 159.
BEGIN failed--compilation aborted at /home/cpan/.cpan/build/POE-Component-IRC-6.93-0/blib/lib/POE/Component/IRC/State.pm line 9.
Compilation failed in require at t/04_plugins/06_plugman/02_add.t line 5.
BEGIN failed--compilation aborted at t/04_plugins/06_plugman/02_add.t line 5.
t/04_plugins/06_plugman/02_add.t ................... 
Dubious, test returned 2 (wstat 512, 0x200)
No subtests run 
Possible precedence problem between ! and string ne at /home/cpan/.cpan/build/POE-Component-IRC-6.93-0/blib/lib/POE/Component/IRC.pm line 218.
Compilation failed in require at /home/cpan/bin/perl/lib/5.41.11/base.pm line 137.
	...propagated at /home/cpan/bin/perl/lib/5.41.11/base.pm line 159.
BEGIN failed--compilation aborted at /home/cpan/.cpan/build/POE-Component-IRC-6.93-0/blib/lib/POE/Component/IRC/State.pm line 9.
Compilation failed in require at t/04_plugins/06_plugman/03_irc_interface.t line 5.
BEGIN failed--compilation aborted at t/04_plugins/06_plugman/03_irc_interface.t line 5.
t/04_plugins/06_plugman/03_irc_interface.t ......... 
Dubious, test returned 2 (wstat 512, 0x200)
No subtests run 
Possible precedence problem between ! and string ne at /home/cpan/.cpan/build/POE-Component-IRC-6.93-0/blib/lib/POE/Component/IRC.pm line 218.
Compilation failed in require at /home/cpan/bin/perl/lib/5.41.11/base.pm line 137.
	...propagated at /home/cpan/bin/perl/lib/5.41.11/base.pm line 159.
BEGIN failed--compilation aborted at /home/cpan/.cpan/build/POE-Component-IRC-6.93-0/blib/lib/POE/Component/IRC/State.pm line 9.
Compilation failed in require at t/04_plugins/06_plugman/04_auth_sub.t line 5.
BEGIN failed--compilation aborted at t/04_plugins/06_plugman/04_auth_sub.t line 5.
t/04_plugins/06_plugman/04_auth_sub.t .............. 
Dubious, test returned 2 (wstat 512, 0x200)
No subtests run 
Possible precedence problem between ! and string ne at /home/cpan/.cpan/build/POE-Component-IRC-6.93-0/blib/lib/POE/Component/IRC.pm line 218.
Compilation failed in require at t/04_plugins/07_console/01_load.t line 5.
BEGIN failed--compilation aborted at t/04_plugins/07_console/01_load.t line 5.
# Looks like your test exited with 2 before it could output anything.
t/04_plugins/07_console/01_load.t .................. 
Dubious, test returned 2 (wstat 512, 0x200)
Failed 3/3 subtests 
Possible precedence problem between ! and string ne at /home/cpan/.cpan/build/POE-Component-IRC-6.93-0/blib/lib/POE/Component/IRC.pm line 218.
Compilation failed in require at /home/cpan/bin/perl/lib/5.41.11/base.pm line 137.
	...propagated at /home/cpan/bin/perl/lib/5.41.11/base.pm line 159.
BEGIN failed--compilation aborted at /home/cpan/.cpan/build/POE-Component-IRC-6.93-0/blib/lib/POE/Component/IRC/State.pm line 9.
Compilation failed in require at t/04_plugins/08_proxy/01_load.t line 5.
BEGIN failed--compilation aborted at t/04_plugins/08_proxy/01_load.t line 5.
# Looks like your test exited with 2 before it could output anything.
t/04_plugins/08_proxy/01_load.t .................... 
Dubious, test returned 2 (wstat 512, 0x200)
Failed 3/3 subtests 
Possible precedence problem between ! and string ne at /home/cpan/.cpan/build/POE-Component-IRC-6.93-0/blib/lib/POE/Component/IRC.pm line 218.
Compilation failed in require at /home/cpan/bin/perl/lib/5.41.11/base.pm line 137.
	...propagated at /home/cpan/bin/perl/lib/5.41.11/base.pm line 159.
BEGIN failed--compilation aborted at /home/cpan/.cpan/build/POE-Component-IRC-6.93-0/blib/lib/POE/Component/IRC/State.pm line 9.
Compilation failed in require at t/04_plugins/08_proxy/02_connect.t line 5.
BEGIN failed--compilation aborted at t/04_plugins/08_proxy/02_connect.t line 5.
t/04_plugins/08_proxy/02_connect.t ................. 
Dubious, test returned 2 (wstat 512, 0x200)
No subtests run 
Possible precedence problem between ! and string ne at /home/cpan/.cpan/build/POE-Component-IRC-6.93-0/blib/lib/POE/Component/IRC.pm line 218.
Compilation failed in require at t/04_plugins/09_nickreclaim/01_load.t line 5.
BEGIN failed--compilation aborted at t/04_plugins/09_nickreclaim/01_load.t line 5.
# Looks like your test exited with 2 before it could output anything.
t/04_plugins/09_nickreclaim/01_load.t .............. 
Dubious, test returned 2 (wstat 512, 0x200)
Failed 3/3 subtests 
Possible precedence problem between ! and string ne at /home/cpan/.cpan/build/POE-Component-IRC-6.93-0/blib/lib/POE/Component/IRC.pm line 218.
Compilation failed in require at t/04_plugins/09_nickreclaim/02_reclaim.t line 5.
BEGIN failed--compilation aborted at t/04_plugins/09_nickreclaim/02_reclaim.t line 5.
t/04_plugins/09_nickreclaim/02_reclaim.t ........... 
Dubious, test returned 2 (wstat 512, 0x200)
No subtests run 
Possible precedence problem between ! and string ne at /home/cpan/.cpan/build/POE-Component-IRC-6.93-0/blib/lib/POE/Component/IRC.pm line 218.
Compilation failed in require at t/04_plugins/09_nickreclaim/03_immediate_change.t line 5.
BEGIN failed--compilation aborted at t/04_plugins/09_nickreclaim/03_immediate_change.t line 5.
t/04_plugins/09_nickreclaim/03_immediate_change.t .. 
Dubious, test returned 2 (wstat 512, 0x200)
No subtests run 
Possible precedence problem between ! and string ne at /home/cpan/.cpan/build/POE-Component-IRC-6.93-0/blib/lib/POE/Component/IRC.pm line 218.
Compilation failed in require at t/04_plugins/09_nickreclaim/04_immediate_quit.t line 5.
BEGIN failed--compilation aborted at t/04_plugins/09_nickreclaim/04_immediate_quit.t line 5.
t/04_plugins/09_nickreclaim/04_immediate_quit.t .... 
Dubious, test returned 2 (wstat 512, 0x200)
No subtests run 
Possible precedence problem between ! and string ne at /home/cpan/.cpan/build/POE-Component-IRC-6.93-0/blib/lib/POE/Component/IRC.pm line 218.
Compilation failed in require at t/04_plugins/10_followtail/01_load.t line 5.
BEGIN failed--compilation aborted at t/04_plugins/10_followtail/01_load.t line 5.
t/04_plugins/10_followtail/01_load.t ............... 
Dubious, test returned 2 (wstat 512, 0x200)
No subtests run 
Possible precedence problem between ! and string ne at /home/cpan/.cpan/build/POE-Component-IRC-6.93-0/blib/lib/POE/Component/IRC.pm line 218.
Compilation failed in require at /home/cpan/bin/perl/lib/5.41.11/base.pm line 137.
	...propagated at /home/cpan/bin/perl/lib/5.41.11/base.pm line 159.
BEGIN failed--compilation aborted at /home/cpan/.cpan/build/POE-Component-IRC-6.93-0/blib/lib/POE/Component/IRC/State.pm line 9.
Compilation failed in require at t/04_plugins/11_cycleempty/01_load.t line 5.
BEGIN failed--compilation aborted at t/04_plugins/11_cycleempty/01_load.t line 5.
# Looks like your test exited with 2 before it could output anything.
t/04_plugins/11_cycleempty/01_load.t ............... 
Dubious, test returned 2 (wstat 512, 0x200)
Failed 3/3 subtests 
Possible precedence problem between ! and string ne at /home/cpan/.cpan/build/POE-Component-IRC-6.93-0/blib/lib/POE/Component/IRC.pm line 218.
Compilation failed in require at /home/cpan/bin/perl/lib/5.41.11/base.pm line 137.
	...propagated at /home/cpan/bin/perl/lib/5.41.11/base.pm line 159.
BEGIN failed--compilation aborted at /home/cpan/.cpan/build/POE-Component-IRC-6.93-0/blib/lib/POE/Component/IRC/State.pm line 9.
Compilation failed in require at t/04_plugins/11_cycleempty/02_cycle.t line 5.
BEGIN failed--compilation aborted at t/04_plugins/11_cycleempty/02_cycle.t line 5.
t/04_plugins/11_cycleempty/02_cycle.t .............. 
Dubious, test returned 2 (wstat 512, 0x200)
No subtests run 
Possible precedence problem between ! and string ne at /home/cpan/.cpan/build/POE-Component-IRC-6.93-0/blib/lib/POE/Component/IRC.pm line 218.
Compilation failed in require at t/04_plugins/12_autojoin/01_load.t line 5.
BEGIN failed--compilation aborted at t/04_plugins/12_autojoin/01_load.t line 5.
# Looks like your test exited with 2 before it could output anything.
t/04_plugins/12_autojoin/01_load.t ................. 
Dubious, test returned 2 (wstat 512, 0x200)
Failed 3/3 subtests 
Possible precedence problem between ! and string ne at /home/cpan/.cpan/build/POE-Component-IRC-6.93-0/blib/lib/POE/Component/IRC.pm line 218.
Compilation failed in require at t/04_plugins/12_autojoin/02_join.t line 5.
BEGIN failed--compilation aborted at t/04_plugins/12_autojoin/02_join.t line 5.
t/04_plugins/12_autojoin/02_join.t ................. 
Dubious, test returned 2 (wstat 512, 0x200)
No subtests run 
Possible precedence problem between ! and string ne at /home/cpan/.cpan/build/POE-Component-IRC-6.93-0/blib/lib/POE/Component/IRC.pm line 218.
Compilation failed in require at /home/cpan/bin/perl/lib/5.41.11/base.pm line 137.
	...propagated at /home/cpan/bin/perl/lib/5.41.11/base.pm line 159.
BEGIN failed--compilation aborted at /home/cpan/.cpan/build/POE-Component-IRC-6.93-0/blib/lib/POE/Component/IRC/State.pm line 9.
Compilation failed in require at t/04_plugins/12_autojoin/03_banned.t line 5.
BEGIN failed--compilation aborted at t/04_plugins/12_autojoin/03_banned.t line 5.
t/04_plugins/12_autojoin/03_banned.t ............... 
Dubious, test returned 2 (wstat 512, 0x200)
No subtests run 
Possible precedence problem between ! and string ne at /home/cpan/.cpan/build/POE-Component-IRC-6.93-0/blib/lib/POE/Component/IRC.pm line 218.
Compilation failed in require at t/04_plugins/12_autojoin/04_kicked.t line 5.
BEGIN failed--compilation aborted at t/04_plugins/12_autojoin/04_kicked.t line 5.
t/04_plugins/12_autojoin/04_kicked.t ............... 
Dubious, test returned 2 (wstat 512, 0x200)
No subtests run 
Possible precedence problem between ! and string ne at /home/cpan/.cpan/build/POE-Component-IRC-6.93-0/blib/lib/POE/Component/IRC.pm line 218.
Compilation failed in require at /home/cpan/bin/perl/lib/5.41.11/base.pm line 137.
	...propagated at /home/cpan/bin/perl/lib/5.41.11/base.pm line 159.
BEGIN failed--compilation aborted at /home/cpan/.cpan/build/POE-Component-IRC-6.93-0/blib/lib/POE/Component/IRC/State.pm line 9.
Compilation failed in require at t/04_plugins/12_autojoin/05_password.t line 5.
BEGIN failed--compilation aborted at t/04_plugins/12_autojoin/05_password.t line 5.
t/04_plugins/12_autojoin/05_password.t ............. 
Dubious, test returned 2 (wstat 512, 0x200)
No subtests run 
Possible precedence problem between ! and string ne at /home/cpan/.cpan/build/POE-Component-IRC-6.93-0/blib/lib/POE/Component/IRC.pm line 218.
Compilation failed in require at /home/cpan/bin/perl/lib/5.41.11/base.pm line 137.
	...propagated at /home/cpan/bin/perl/lib/5.41.11/base.pm line 159.
BEGIN failed--compilation aborted at /home/cpan/.cpan/build/POE-Component-IRC-6.93-0/blib/lib/POE/Component/IRC/State.pm line 9.
Compilation failed in require at t/04_plugins/12_autojoin/06_kick_ban_password.t line 5.
BEGIN failed--compilation aborted at t/04_plugins/12_autojoin/06_kick_ban_password.t line 5.
t/04_plugins/12_autojoin/06_kick_ban_password.t .... 
Dubious, test returned 2 (wstat 512, 0x200)
No subtests run 
Possible precedence problem between ! and string ne at /home/cpan/.cpan/build/POE-Component-IRC-6.93-0/blib/lib/POE/Component/IRC.pm line 218.
Compilation failed in require at t/04_plugins/13_botcommand/01_load.t line 5.
BEGIN failed--compilation aborted at t/04_plugins/13_botcommand/01_load.t line 5.
# Looks like your test exited with 2 before it could output anything.
t/04_plugins/13_botcommand/01_load.t ............... 
Dubious, test returned 2 (wstat 512, 0x200)
Failed 3/3 subtests 
Possible precedence problem between ! and string ne at /home/cpan/.cpan/build/POE-Component-IRC-6.93-0/blib/lib/POE/Component/IRC.pm line 218.
Compilation failed in require at t/04_plugins/13_botcommand/02_commands.t line 5.
BEGIN failed--compilation aborted at t/04_plugins/13_botcommand/02_commands.t line 5.
t/04_plugins/13_botcommand/02_commands.t ........... 
Dubious, test returned 2 (wstat 512, 0x200)
No subtests run 
Possible precedence problem between ! and string ne at /home/cpan/.cpan/build/POE-Component-IRC-6.93-0/blib/lib/POE/Component/IRC.pm line 218.
Compilation failed in require at t/04_plugins/13_botcommand/03_options.t line 5.
BEGIN failed--compilation aborted at t/04_plugins/13_botcommand/03_options.t line 5.
t/04_plugins/13_botcommand/03_options.t ............ 
Dubious, test returned 2 (wstat 512, 0x200)
No subtests run 
Possible precedence problem between ! and string ne at /home/cpan/.cpan/build/POE-Component-IRC-6.93-0/blib/lib/POE/Component/IRC.pm line 218.
Compilation failed in require at t/04_plugins/13_botcommand/04_help.t line 5.
BEGIN failed--compilation aborted at t/04_plugins/13_botcommand/04_help.t line 5.
t/04_plugins/13_botcommand/04_help.t ............... 
Dubious, test returned 2 (wstat 512, 0x200)
No subtests run 
Possible precedence problem between ! and string ne at /home/cpan/.cpan/build/POE-Component-IRC-6.93-0/blib/lib/POE/Component/IRC.pm line 218.
Compilation failed in require at t/04_plugins/13_botcommand/05_auth_sub.t line 5.
BEGIN failed--compilation aborted at t/04_plugins/13_botcommand/05_auth_sub.t line 5.
t/04_plugins/13_botcommand/05_auth_sub.t ........... 
Dubious, test returned 2 (wstat 512, 0x200)
No subtests run 
Possible precedence problem between ! and string ne at /home/cpan/.cpan/build/POE-Component-IRC-6.93-0/blib/lib/POE/Component/IRC.pm line 218.
Compilation failed in require at t/04_plugins/13_botcommand/06_prefix.t line 5.
BEGIN failed--compilation aborted at t/04_plugins/13_botcommand/06_prefix.t line 5.
t/04_plugins/13_botcommand/06_prefix.t ............. 
Dubious, test returned 2 (wstat 512, 0x200)
No subtests run 
Possible precedence problem between ! and string ne at /home/cpan/.cpan/build/POE-Component-IRC-6.93-0/blib/lib/POE/Component/IRC.pm line 218.
Compilation failed in require at t/04_plugins/13_botcommand/07_bare_private.t line 5.
BEGIN failed--compilation aborted at t/04_plugins/13_botcommand/07_bare_private.t line 5.
t/04_plugins/13_botcommand/07_bare_private.t ....... 
Dubious, test returned 2 (wstat 512, 0x200)
No subtests run 
Possible precedence problem between ! and string ne at /home/cpan/.cpan/build/POE-Component-IRC-6.93-0/blib/lib/POE/Component/IRC.pm line 218.
Compilation failed in require at t/04_plugins/13_botcommand/08_nonword.t line 5.
BEGIN failed--compilation aborted at t/04_plugins/13_botcommand/08_nonword.t line 5.
t/04_plugins/13_botcommand/08_nonword.t ............ 
Dubious, test returned 2 (wstat 512, 0x200)
No subtests run 
Possible precedence problem between ! and string ne at /home/cpan/.cpan/build/POE-Component-IRC-6.93-0/blib/lib/POE/Component/IRC.pm line 218.
Compilation failed in require at /home/cpan/bin/perl/lib/5.41.11/base.pm line 137.
	...propagated at /home/cpan/bin/perl/lib/5.41.11/base.pm line 159.
BEGIN failed--compilation aborted at /home/cpan/.cpan/build/POE-Component-IRC-6.93-0/blib/lib/POE/Component/IRC/State.pm line 9.
Compilation failed in require at t/04_plugins/14_logger/01_load.t line 6.
BEGIN failed--compilation aborted at t/04_plugins/14_logger/01_load.t line 6.
# Looks like your test exited with 2 before it could output anything.
t/04_plugins/14_logger/01_load.t ................... 
Dubious, test returned 2 (wstat 512, 0x200)
Failed 3/3 subtests 
Possible precedence problem between ! and string ne at /home/cpan/.cpan/build/POE-Component-IRC-6.93-0/blib/lib/POE/Component/IRC.pm line 218.
Compilation failed in require at /home/cpan/bin/perl/lib/5.41.11/base.pm line 137.
	...propagated at /home/cpan/bin/perl/lib/5.41.11/base.pm line 159.
BEGIN failed--compilation aborted at /home/cpan/.cpan/build/POE-Component-IRC-6.93-0/blib/lib/POE/Component/IRC/State.pm line 9.
Compilation failed in require at t/04_plugins/14_logger/02_public.t line 7.
BEGIN failed--compilation aborted at t/04_plugins/14_logger/02_public.t line 7.
t/04_plugins/14_logger/02_public.t ................. 
Dubious, test returned 2 (wstat 512, 0x200)
No subtests run 
Possible precedence problem between ! and string ne at /home/cpan/.cpan/build/POE-Component-IRC-6.93-0/blib/lib/POE/Component/IRC.pm line 218.
Compilation failed in require at /home/cpan/bin/perl/lib/5.41.11/base.pm line 137.
	...propagated at /home/cpan/bin/perl/lib/5.41.11/base.pm line 159.
BEGIN failed--compilation aborted at /home/cpan/.cpan/build/POE-Component-IRC-6.93-0/blib/lib/POE/Component/IRC/State.pm line 9.
Compilation failed in require at t/04_plugins/14_logger/03_private.t line 7.
BEGIN failed--compilation aborted at t/04_plugins/14_logger/03_private.t line 7.
t/04_plugins/14_logger/03_private.t ................ 
Dubious, test returned 2 (wstat 512, 0x200)
No subtests run 
Possible precedence problem between ! and string ne at /home/cpan/.cpan/build/POE-Component-IRC-6.93-0/blib/lib/POE/Component/IRC.pm line 218.
Compilation failed in require at /home/cpan/bin/perl/lib/5.41.11/base.pm line 137.
	...propagated at /home/cpan/bin/perl/lib/5.41.11/base.pm line 159.
BEGIN failed--compilation aborted at /home/cpan/.cpan/build/POE-Component-IRC-6.93-0/blib/lib/POE/Component/IRC/State.pm line 9.
Compilation failed in require at t/04_plugins/14_logger/04_dcc_chat.t line 7.
BEGIN failed--compilation aborted at t/04_plugins/14_logger/04_dcc_chat.t line 7.
t/04_plugins/14_logger/04_dcc_chat.t ............... 
Dubious, test returned 2 (wstat 512, 0x200)
No subtests run 
Possible precedence problem between ! and string ne at /home/cpan/.cpan/build/POE-Component-IRC-6.93-0/blib/lib/POE/Component/IRC.pm line 218.
Compilation failed in require at /home/cpan/bin/perl/lib/5.41.11/base.pm line 137.
	...propagated at /home/cpan/bin/perl/lib/5.41.11/base.pm line 159.
BEGIN failed--compilation aborted at /home/cpan/.cpan/build/POE-Component-IRC-6.93-0/blib/lib/POE/Component/IRC/State.pm line 9.
Compilation failed in require at t/04_plugins/14_logger/05_log_sub.t line 6.
BEGIN failed--compilation aborted at t/04_plugins/14_logger/05_log_sub.t line 6.
t/04_plugins/14_logger/05_log_sub.t ................ 
Dubious, test returned 2 (wstat 512, 0x200)
No subtests run 
Possible precedence problem between ! and string ne at /home/cpan/.cpan/build/POE-Component-IRC-6.93-0/blib/lib/POE/Component/IRC.pm line 218.
Compilation failed in require at t/04_plugins/15_nickservid/01_load.t line 5.
BEGIN failed--compilation aborted at t/04_plugins/15_nickservid/01_load.t line 5.
# Looks like your test exited with 2 before it could output anything.
t/04_plugins/15_nickservid/01_load.t ............... 
Dubious, test returned 2 (wstat 512, 0x200)
Failed 3/3 subtests 
Possible precedence problem between ! and string ne at /home/cpan/.cpan/build/POE-Component-IRC-6.93-0/blib/lib/POE/Component/IRC.pm line 218.
Compilation failed in require at t/04_plugins/16_whois/01_load.t line 5.
BEGIN failed--compilation aborted at t/04_plugins/16_whois/01_load.t line 5.
# Looks like your test exited with 2 before it could output anything.
t/04_plugins/16_whois/01_load.t .................... 
Dubious, test returned 2 (wstat 512, 0x200)
Failed 3/3 subtests 
Possible precedence problem between ! and string ne at /home/cpan/.cpan/build/POE-Component-IRC-6.93-0/blib/lib/POE/Component/IRC.pm line 218.
Compilation failed in require at t/04_plugins/16_whois/02_whois.t line 5.
BEGIN failed--compilation aborted at t/04_plugins/16_whois/02_whois.t line 5.
t/04_plugins/16_whois/02_whois.t ................... 
Dubious, test returned 2 (wstat 512, 0x200)
No subtests run 
Possible precedence problem between ! and string ne at /home/cpan/.cpan/build/POE-Component-IRC-6.93-0/blib/lib/POE/Component/IRC.pm line 218.
Compilation failed in require at t/04_plugins/17_dcc/01_load.t line 5.
BEGIN failed--compilation aborted at t/04_plugins/17_dcc/01_load.t line 5.
# Looks like your test exited with 2 before it could output anything.
t/04_plugins/17_dcc/01_load.t ...................... 
Dubious, test returned 2 (wstat 512, 0x200)
Failed 3/3 subtests 
Possible precedence problem between ! and string ne at /home/cpan/.cpan/build/POE-Component-IRC-6.93-0/blib/lib/POE/Component/IRC.pm line 218.
Compilation failed in require at t/04_plugins/17_dcc/02_timeout.t line 5.
BEGIN failed--compilation aborted at t/04_plugins/17_dcc/02_timeout.t line 5.
t/04_plugins/17_dcc/02_timeout.t ................... 
Dubious, test returned 2 (wstat 512, 0x200)
No subtests run 
Possible precedence problem between ! and string ne at /home/cpan/.cpan/build/POE-Component-IRC-6.93-0/blib/lib/POE/Component/IRC.pm line 218.
Compilation failed in require at t/04_plugins/17_dcc/03_send.t line 6.
BEGIN failed--compilation aborted at t/04_plugins/17_dcc/03_send.t line 6.
t/04_plugins/17_dcc/03_send.t ...................... 
Dubious, test returned 2 (wstat 512, 0x200)
No subtests run 
Possible precedence problem between ! and string ne at /home/cpan/.cpan/build/POE-Component-IRC-6.93-0/blib/lib/POE/Component/IRC.pm line 218.
Compilation failed in require at t/04_plugins/17_dcc/04_send_spaces.t line 5.
BEGIN failed--compilation aborted at t/04_plugins/17_dcc/04_send_spaces.t line 5.
t/04_plugins/17_dcc/04_send_spaces.t ............... 
Dubious, test returned 2 (wstat 512, 0x200)
No subtests run 
Possible precedence problem between ! and string ne at /home/cpan/.cpan/build/POE-Component-IRC-6.93-0/blib/lib/POE/Component/IRC.pm line 218.
Compilation failed in require at t/04_plugins/17_dcc/05_resume.t line 6.
BEGIN failed--compilation aborted at t/04_plugins/17_dcc/05_resume.t line 6.
t/04_plugins/17_dcc/05_resume.t .................... 
Dubious, test returned 2 (wstat 512, 0x200)
No subtests run 
Possible precedence problem between ! and string ne at /home/cpan/.cpan/build/POE-Component-IRC-6.93-0/blib/lib/POE/Component/IRC.pm line 218.
Compilation failed in require at t/04_plugins/17_dcc/06_chat.t line 4.
BEGIN failed--compilation aborted at t/04_plugins/17_dcc/06_chat.t line 4.
t/04_plugins/17_dcc/06_chat.t ...................... 
Dubious, test returned 2 (wstat 512, 0x200)
No subtests run 
Possible precedence problem between ! and string ne at /home/cpan/.cpan/build/POE-Component-IRC-6.93-0/blib/lib/POE/Component/IRC.pm line 218.
Compilation failed in require at t/04_plugins/17_dcc/07_nat.t line 5.
BEGIN failed--compilation aborted at t/04_plugins/17_dcc/07_nat.t line 5.
t/04_plugins/17_dcc/07_nat.t ....................... 
Dubious, test returned 2 (wstat 512, 0x200)
No subtests run 
Possible precedence problem between ! and string ne at /home/cpan/.cpan/build/POE-Component-IRC-6.93-0/blib/lib/POE/Component/IRC.pm line 218.
Compilation failed in require at t/05_regression/01_dcc_chat_close.t line 9.
BEGIN failed--compilation aborted at t/05_regression/01_dcc_chat_close.t line 9.
t/05_regression/01_dcc_chat_close.t ................ 
Dubious, test returned 2 (wstat 512, 0x200)
No subtests run 

Test Summary Report
-------------------
t/01_base/01_compile.t                           (Wstat: 1280 (exited 5) Tests: 25 Failed: 5)
  Failed tests:  3-6, 20
  Non-zero exit status: 5
t/02_behavior/01_public_methods.t                (Wstat: 512 (exited 2) Tests: 0 Failed: 0)
  Non-zero exit status: 2
  Parse errors: No plan found in TAP output
t/02_behavior/02_connect.t                       (Wstat: 512 (exited 2) Tests: 0 Failed: 0)
  Non-zero exit status: 2
  Parse errors: No plan found in TAP output
t/02_behavior/03_socketerr.t                     (Wstat: 512 (exited 2) Tests: 0 Failed: 0)
  Non-zero exit status: 2
  Parse errors: No plan found in TAP output
t/02_behavior/04_ipv6.t                          (Wstat: 512 (exited 2) Tests: 0 Failed: 0)
  Non-zero exit status: 2
  Parse errors: No plan found in TAP output
t/02_behavior/05_resolver.t                      (Wstat: 512 (exited 2) Tests: 0 Failed: 0)
  Non-zero exit status: 2
  Parse errors: No plan found in TAP output
t/02_behavior/06_online.t                        (Wstat: 512 (exited 2) Tests: 0 Failed: 0)
  Non-zero exit status: 2
  Parse errors: No plan found in TAP output
t/02_behavior/07_subclass.t                      (Wstat: 512 (exited 2) Tests: 0 Failed: 0)
  Non-zero exit status: 2
  Parse errors: No plan found in TAP output
t/02_behavior/08_parent_session.t                (Wstat: 512 (exited 2) Tests: 0 Failed: 0)
  Non-zero exit status: 2
  Parse errors: No plan found in TAP output
t/02_behavior/09_multiple.t                      (Wstat: 512 (exited 2) Tests: 0 Failed: 0)
  Non-zero exit status: 2
  Parse errors: No plan found in TAP output
t/02_behavior/10_signal.t                        (Wstat: 512 (exited 2) Tests: 0 Failed: 0)
  Non-zero exit status: 2
  Parse errors: No plan found in TAP output
t/02_behavior/11_multi_signal.t                  (Wstat: 512 (exited 2) Tests: 0 Failed: 0)
  Non-zero exit status: 2
  Parse errors: No plan found in TAP output
t/02_behavior/12_delays.t                        (Wstat: 512 (exited 2) Tests: 0 Failed: 0)
  Non-zero exit status: 2
  Parse errors: No plan found in TAP output
t/02_behavior/13_activity.t                      (Wstat: 512 (exited 2) Tests: 0 Failed: 0)
  Non-zero exit status: 2
  Parse errors: No plan found in TAP output
t/02_behavior/14_newline.t                       (Wstat: 512 (exited 2) Tests: 0 Failed: 0)
  Non-zero exit status: 2
  Parse errors: No plan found in TAP output
t/02_behavior/15_no_stacked_ctcp.t               (Wstat: 512 (exited 2) Tests: 0 Failed: 0)
  Non-zero exit status: 2
  Parse errors: No plan found in TAP output
t/02_behavior/16_nonclosing_ctcp.t               (Wstat: 512 (exited 2) Tests: 0 Failed: 0)
  Non-zero exit status: 2
  Parse errors: No plan found in TAP output
t/02_behavior/17_raw.t                           (Wstat: 512 (exited 2) Tests: 0 Failed: 0)
  Non-zero exit status: 2
  Parse errors: No plan found in TAP output
t/02_behavior/18_shutdown.t                      (Wstat: 512 (exited 2) Tests: 0 Failed: 0)
  Non-zero exit status: 2
  Parse errors: No plan found in TAP output
t/03_subclasses/01_state.t                       (Wstat: 512 (exited 2) Tests: 0 Failed: 0)
  Non-zero exit status: 2
  Parse errors: No plan found in TAP output
t/03_subclasses/02_qnet.t                        (Wstat: 512 (exited 2) Tests: 0 Failed: 0)
  Non-zero exit status: 2
  Parse errors: No plan found in TAP output
t/03_subclasses/03_qnet_state.t                  (Wstat: 512 (exited 2) Tests: 0 Failed: 0)
  Non-zero exit status: 2
  Parse errors: No plan found in TAP output
t/03_subclasses/04_netsplit.t                    (Wstat: 512 (exited 2) Tests: 0 Failed: 0)
  Non-zero exit status: 2
  Parse errors: No plan found in TAP output
t/03_subclasses/05_state_awaypoll.t              (Wstat: 512 (exited 2) Tests: 0 Failed: 0)
  Non-zero exit status: 2
  Parse errors: No plan found in TAP output
t/03_subclasses/06_state_nick_sync.t             (Wstat: 512 (exited 2) Tests: 0 Failed: 0)
  Non-zero exit status: 2
  Parse errors: No plan found in TAP output
t/04_plugins/01_ctcp/01_load.t                   (Wstat: 512 (exited 2) Tests: 0 Failed: 0)
  Non-zero exit status: 2
  Parse errors: Bad plan.  You planned 3 tests but ran 0.
t/04_plugins/01_ctcp/02_replies.t                (Wstat: 512 (exited 2) Tests: 0 Failed: 0)
  Non-zero exit status: 2
  Parse errors: No plan found in TAP output
t/04_plugins/02_connector/01_load.t              (Wstat: 512 (exited 2) Tests: 0 Failed: 0)
  Non-zero exit status: 2
  Parse errors: Bad plan.  You planned 3 tests but ran 0.
t/04_plugins/02_connector/02_reconnect.t         (Wstat: 512 (exited 2) Tests: 0 Failed: 0)
  Non-zero exit status: 2
  Parse errors: No plan found in TAP output
t/04_plugins/03_botaddressed/01_load.t           (Wstat: 512 (exited 2) Tests: 0 Failed: 0)
  Non-zero exit status: 2
  Parse errors: Bad plan.  You planned 3 tests but ran 0.
t/04_plugins/03_botaddressed/02_output.t         (Wstat: 512 (exited 2) Tests: 0 Failed: 0)
  Non-zero exit status: 2
  Parse errors: No plan found in TAP output
t/04_plugins/04_bottraffic/01_load.t             (Wstat: 512 (exited 2) Tests: 0 Failed: 0)
  Non-zero exit status: 2
  Parse errors: Bad plan.  You planned 3 tests but ran 0.
t/04_plugins/04_bottraffic/02_output.t           (Wstat: 512 (exited 2) Tests: 0 Failed: 0)
  Non-zero exit status: 2
  Parse errors: No plan found in TAP output
t/04_plugins/05_isupport/01_load.t               (Wstat: 512 (exited 2) Tests: 0 Failed: 0)
  Non-zero exit status: 2
  Parse errors: Bad plan.  You planned 3 tests but ran 0.
t/04_plugins/05_isupport/02_isupport.t           (Wstat: 512 (exited 2) Tests: 0 Failed: 0)
  Non-zero exit status: 2
  Parse errors: No plan found in TAP output
t/04_plugins/06_plugman/01_load.t                (Wstat: 512 (exited 2) Tests: 0 Failed: 0)
  Non-zero exit status: 2
  Parse errors: Bad plan.  You planned 3 tests but ran 0.
t/04_plugins/06_plugman/02_add.t                 (Wstat: 512 (exited 2) Tests: 0 Failed: 0)
  Non-zero exit status: 2
  Parse errors: No plan found in TAP output
t/04_plugins/06_plugman/03_irc_interface.t       (Wstat: 512 (exited 2) Tests: 0 Failed: 0)
  Non-zero exit status: 2
  Parse errors: No plan found in TAP output
t/04_plugins/06_plugman/04_auth_sub.t            (Wstat: 512 (exited 2) Tests: 0 Failed: 0)
  Non-zero exit status: 2
  Parse errors: No plan found in TAP output
t/04_plugins/07_console/01_load.t                (Wstat: 512 (exited 2) Tests: 0 Failed: 0)
  Non-zero exit status: 2
  Parse errors: Bad plan.  You planned 3 tests but ran 0.
t/04_plugins/08_proxy/01_load.t                  (Wstat: 512 (exited 2) Tests: 0 Failed: 0)
  Non-zero exit status: 2
  Parse errors: Bad plan.  You planned 3 tests but ran 0.
t/04_plugins/08_proxy/02_connect.t               (Wstat: 512 (exited 2) Tests: 0 Failed: 0)
  Non-zero exit status: 2
  Parse errors: No plan found in TAP output
t/04_plugins/09_nickreclaim/01_load.t            (Wstat: 512 (exited 2) Tests: 0 Failed: 0)
  Non-zero exit status: 2
  Parse errors: Bad plan.  You planned 3 tests but ran 0.
t/04_plugins/09_nickreclaim/02_reclaim.t         (Wstat: 512 (exited 2) Tests: 0 Failed: 0)
  Non-zero exit status: 2
  Parse errors: No plan found in TAP output
t/04_plugins/09_nickreclaim/03_immediate_change.t (Wstat: 512 (exited 2) Tests: 0 Failed: 0)
  Non-zero exit status: 2
  Parse errors: No plan found in TAP output
t/04_plugins/09_nickreclaim/04_immediate_quit.t  (Wstat: 512 (exited 2) Tests: 0 Failed: 0)
  Non-zero exit status: 2
  Parse errors: No plan found in TAP output
t/04_plugins/10_followtail/01_load.t             (Wstat: 512 (exited 2) Tests: 0 Failed: 0)
  Non-zero exit status: 2
  Parse errors: No plan found in TAP output
t/04_plugins/11_cycleempty/01_load.t             (Wstat: 512 (exited 2) Tests: 0 Failed: 0)
  Non-zero exit status: 2
  Parse errors: Bad plan.  You planned 3 tests but ran 0.
t/04_plugins/11_cycleempty/02_cycle.t            (Wstat: 512 (exited 2) Tests: 0 Failed: 0)
  Non-zero exit status: 2
  Parse errors: No plan found in TAP output
t/04_plugins/12_autojoin/01_load.t               (Wstat: 512 (exited 2) Tests: 0 Failed: 0)
  Non-zero exit status: 2
  Parse errors: Bad plan.  You planned 3 tests but ran 0.
t/04_plugins/12_autojoin/02_join.t               (Wstat: 512 (exited 2) Tests: 0 Failed: 0)
  Non-zero exit status: 2
  Parse errors: No plan found in TAP output
t/04_plugins/12_autojoin/03_banned.t             (Wstat: 512 (exited 2) Tests: 0 Failed: 0)
  Non-zero exit status: 2
  Parse errors: No plan found in TAP output
t/04_plugins/12_autojoin/04_kicked.t             (Wstat: 512 (exited 2) Tests: 0 Failed: 0)
  Non-zero exit status: 2
  Parse errors: No plan found in TAP output
t/04_plugins/12_autojoin/05_password.t           (Wstat: 512 (exited 2) Tests: 0 Failed: 0)
  Non-zero exit status: 2
  Parse errors: No plan found in TAP output
t/04_plugins/12_autojoin/06_kick_ban_password.t  (Wstat: 512 (exited 2) Tests: 0 Failed: 0)
  Non-zero exit status: 2
  Parse errors: No plan found in TAP output
t/04_plugins/13_botcommand/01_load.t             (Wstat: 512 (exited 2) Tests: 0 Failed: 0)
  Non-zero exit status: 2
  Parse errors: Bad plan.  You planned 3 tests but ran 0.
t/04_plugins/13_botcommand/02_commands.t         (Wstat: 512 (exited 2) Tests: 0 Failed: 0)
  Non-zero exit status: 2
  Parse errors: No plan found in TAP output
t/04_plugins/13_botcommand/03_options.t          (Wstat: 512 (exited 2) Tests: 0 Failed: 0)
  Non-zero exit status: 2
  Parse errors: No plan found in TAP output
t/04_plugins/13_botcommand/04_help.t             (Wstat: 512 (exited 2) Tests: 0 Failed: 0)
  Non-zero exit status: 2
  Parse errors: No plan found in TAP output
t/04_plugins/13_botcommand/05_auth_sub.t         (Wstat: 512 (exited 2) Tests: 0 Failed: 0)
  Non-zero exit status: 2
  Parse errors: No plan found in TAP output
t/04_plugins/13_botcommand/06_prefix.t           (Wstat: 512 (exited 2) Tests: 0 Failed: 0)
  Non-zero exit status: 2
  Parse errors: No plan found in TAP output
t/04_plugins/13_botcommand/07_bare_private.t     (Wstat: 512 (exited 2) Tests: 0 Failed: 0)
  Non-zero exit status: 2
  Parse errors: No plan found in TAP output
t/04_plugins/13_botcommand/08_nonword.t          (Wstat: 512 (exited 2) Tests: 0 Failed: 0)
  Non-zero exit status: 2
  Parse errors: No plan found in TAP output
t/04_plugins/14_logger/01_load.t                 (Wstat: 512 (exited 2) Tests: 0 Failed: 0)
  Non-zero exit status: 2
  Parse errors: Bad plan.  You planned 3 tests but ran 0.
t/04_plugins/14_logger/02_public.t               (Wstat: 512 (exited 2) Tests: 0 Failed: 0)
  Non-zero exit status: 2
  Parse errors: No plan found in TAP output
t/04_plugins/14_logger/03_private.t              (Wstat: 512 (exited 2) Tests: 0 Failed: 0)
  Non-zero exit status: 2
  Parse errors: No plan found in TAP output
t/04_plugins/14_logger/04_dcc_chat.t             (Wstat: 512 (exited 2) Tests: 0 Failed: 0)
  Non-zero exit status: 2
  Parse errors: No plan found in TAP output
t/04_plugins/14_logger/05_log_sub.t              (Wstat: 512 (exited 2) Tests: 0 Failed: 0)
  Non-zero exit status: 2
  Parse errors: No plan found in TAP output
t/04_plugins/15_nickservid/01_load.t             (Wstat: 512 (exited 2) Tests: 0 Failed: 0)
  Non-zero exit status: 2
  Parse errors: Bad plan.  You planned 3 tests but ran 0.
t/04_plugins/16_whois/01_load.t                  (Wstat: 512 (exited 2) Tests: 0 Failed: 0)
  Non-zero exit status: 2
  Parse errors: Bad plan.  You planned 3 tests but ran 0.
t/04_plugins/16_whois/02_whois.t                 (Wstat: 512 (exited 2) Tests: 0 Failed: 0)
  Non-zero exit status: 2
  Parse errors: No plan found in TAP output
t/04_plugins/17_dcc/01_load.t                    (Wstat: 512 (exited 2) Tests: 0 Failed: 0)
  Non-zero exit status: 2
  Parse errors: Bad plan.  You planned 3 tests but ran 0.
t/04_plugins/17_dcc/02_timeout.t                 (Wstat: 512 (exited 2) Tests: 0 Failed: 0)
  Non-zero exit status: 2
  Parse errors: No plan found in TAP output
t/04_plugins/17_dcc/03_send.t                    (Wstat: 512 (exited 2) Tests: 0 Failed: 0)
  Non-zero exit status: 2
  Parse errors: No plan found in TAP output
t/04_plugins/17_dcc/04_send_spaces.t             (Wstat: 512 (exited 2) Tests: 0 Failed: 0)
  Non-zero exit status: 2
  Parse errors: No plan found in TAP output
t/04_plugins/17_dcc/05_resume.t                  (Wstat: 512 (exited 2) Tests: 0 Failed: 0)
  Non-zero exit status: 2
  Parse errors: No plan found in TAP output
t/04_plugins/17_dcc/06_chat.t                    (Wstat: 512 (exited 2) Tests: 0 Failed: 0)
  Non-zero exit status: 2
  Parse errors: No plan found in TAP output
t/04_plugins/17_dcc/07_nat.t                     (Wstat: 512 (exited 2) Tests: 0 Failed: 0)
  Non-zero exit status: 2
  Parse errors: No plan found in TAP output
t/05_regression/01_dcc_chat_close.t              (Wstat: 512 (exited 2) Tests: 0 Failed: 0)
  Non-zero exit status: 2
  Parse errors: No plan found in TAP output
Files=81, Tests=253,  6 wallclock secs ( 0.12 usr  0.06 sys +  4.98 cusr  0.82 csys =  5.98 CPU)
Result: FAIL
Failed 79/81 test programs. 5/253 subtests failed.
*** Error code 2

Stop.
make: stopped in /home/cpan/.cpan/build/POE-Component-IRC-6.93-0

------------------------------
PREREQUISITES
------------------------------

Prerequisite modules loaded:

requires:

    Module                     Need     Have    
    -------------------------- -------- --------
    IRC::Utils                 0.12     0.12    
    List::Util                 1.33     1.68_01 
    perl                       5.008001 5.041011
    POE                        1.311    1.370   
    POE::Component::Syndicator 0        0.06    
    POE::Driver::SysRW         0        1.370   
    POE::Filter::IRCD          2.42     2.44    
    POE::Filter::Line          0        1.370   
    POE::Filter::Stackable     0        1.370   
    POE::Filter::Stream        0        1.370   
    POE::Session               0        1.370   
    POE::Wheel::ReadWrite      0        1.370   
    POE::Wheel::SocketFactory  0        1.370   

build_requires:

    Module                     Need     Have    
    -------------------------- -------- --------
    ExtUtils::MakeMaker        0        7.72    
    Test::Differences          0.61     0.71    
    Test::More                 0.47     1.302209

configure_requires:

    Module                     Need     Have    
    -------------------------- -------- --------
    ExtUtils::MakeMaker        0        7.72    


------------------------------
ENVIRONMENT AND OTHER CONTEXT
------------------------------

Environment variables:

    AUTOMATED_TESTING = 1
    DATE_MANIP_TEST_DM5 = 1
    LANG = C.UTF-8
    LC_ALL = C
    NONINTERACTIVE_TESTING = 1
    NO_NETWORK_TESTING = 1
    PATH = /home/cpan/bin/perl/bin:/home/cpan/bin:/sbin:/bin:/usr/sbin:/usr/bin:/usr/local/sbin:/usr/local/bin:/home/cpan/bin
    PERL5LIB = 
    PERL5OPT = 
    PERL5_CPANPLUS_IS_RUNNING = 3529
    PERL5_CPAN_IS_RUNNING = 3529
    PERL_MM_USE_DEFAULT = 1
    PERL_USE_UNSAFE_INC = 1
    SHELL = /usr/local/bin/bash
    TERM = xterm
    TMPDIR = /home/cpan/tmp

Perl special variables (and OS-specific diagnostics, for MSWin32):

    $^X = /home/cpan/bin/perl/bin/perl5.41.11
    $UID/$EUID = 1002 / 1002
    $GID = 1002 1002
    $EGID = 1002 1002

Perl module toolchain versions installed:

    Module              Have    
    ------------------- --------
    CPAN                2.38    
    CPAN::Meta          2.150010
    Cwd                 3.92    
    ExtUtils::CBuilder  0.280240
    ExtUtils::Command   7.72    
    ExtUtils::Install   2.22    
    ExtUtils::MakeMaker 7.72    
    ExtUtils::Manifest  1.75    
    ExtUtils::ParseXS   3.57    
    File::Spec          3.93    
    JSON                4.10    
    JSON::PP            4.16    
    Module::Build       0.4234  
    Module::Signature   n/a     
    Parse::CPAN::Meta   2.150010
    Test2               1.302209
    Test::Harness       3.50    
    Test::More          1.302209
    YAML                1.31    
    YAML::Syck          1.34    
    version             0.9933  


--

Summary of my perl5 (revision 5 version 41 subversion 11) configuration:
  Commit id: de36a92218b2118db3e5a47294474ce10ed4d379
  Platform:
    osname=freebsd
    osvers=14.2-release-p1
    archname=amd64-freebsd
    uname='freebsd cjg-freebsd14 14.2-release-p1 freebsd 14.2-release-p1 generic amd64 '
    config_args='-des -Dprefix=/home/cpan/bin/perl -Dscriptdir=/home/cpan/bin/perl/bin -Dusedevel -Duse64bitall'
    hint=recommended
    useposix=true
    d_sigaction=define
    useithreads=undef
    usemultiplicity=undef
    use64bitint=define
    use64bitall=define
    uselongdouble=undef
    usemymalloc=n
    default_inc_excludes_dot=define
  Compiler:
    cc='cc'
    ccflags ='-DHAS_FPSETMASK -DHAS_FLOATINGPOINT_H -DNO_POSIX_2008_LOCALE -fno-strict-aliasing -pipe -fstack-protector-strong -I/usr/local/include'
    optimize='-O2'
    cppflags='-DHAS_FPSETMASK -DHAS_FLOATINGPOINT_H -DNO_POSIX_2008_LOCALE -fno-strict-aliasing -pipe -fstack-protector-strong -I/usr/local/include'
    ccversion=''
    gccversion='FreeBSD Clang 18.1.6 (https://github.com/llvm/llvm-project.git llvmorg-18.1.6-0-g1118c2e05e67)'
    gccosandvers=''
    intsize=4
    longsize=8
    ptrsize=8
    doublesize=8
    byteorder=12345678
    doublekind=3
    d_longlong=define
    longlongsize=8
    d_longdbl=define
    longdblsize=16
    longdblkind=3
    ivtype='long'
    ivsize=8
    nvtype='double'
    nvsize=8
    Off_t='off_t'
    lseeksize=8
    alignbytes=8
    prototype=define
  Linker and Libraries:
    ld='cc'
    ldflags ='-Wl,-E  -fstack-protector-strong -L/usr/local/lib'
    libpth=/usr/lib /usr/local/lib /usr/lib/clang/18/lib
    libs=-lpthread -lgdbm -ldl -lm -lcrypt -lutil -lc
    perllibs=-lpthread -ldl -lm -lcrypt -lutil -lc
    libc=
    so=so
    useshrplib=false
    libperl=libperl.a
    gnulibc_version=''
  Dynamic Linking:
    dlsrc=dl_dlopen.xs
    dlext=so
    d_dlsymun=undef
    ccdlflags=' '
    cccdlflags='-DPIC -fPIC'
    lddlflags='-shared  -L/usr/local/lib -fstack-protector-strong'


Characteristics of this binary (from libperl): 
  Compile-time options:
    HAS_LONG_DOUBLE
    HAS_STRTOLD
    HAS_TIMES
    PERLIO_LAYERS
    PERL_COPY_ON_WRITE
    PERL_DONT_CREATE_GVSV
    PERL_HASH_FUNC_SIPHASH13
    PERL_HASH_USE_SBOX32
    PERL_MALLOC_WRAP
    PERL_OP_PARENT
    PERL_PRESERVE_IVUV
    PERL_USE_DEVEL
    PERL_USE_SAFE_PUTENV
    USE_64_BIT_ALL
    USE_64_BIT_INT
    USE_LARGE_FILES
    USE_LOCALE
    USE_LOCALE_COLLATE
    USE_LOCALE_CTYPE
    USE_LOCALE_NUMERIC
    USE_LOCALE_TIME
    USE_PERLIO
    USE_PERL_ATOF
  Built under freebsd
  Compiled at Mar 27 2025 22:08:58
  %ENV:
    PERL5LIB=""
    PERL5OPT=""
    PERL5_CPANPLUS_IS_RUNNING="3529"
    PERL5_CPAN_IS_RUNNING="3529"
    PERL_MM_USE_DEFAULT="1"
    PERL_USE_UNSAFE_INC="1"
  @INC:
    /home/cpan/bin/perl/lib/site_perl/5.41.11/amd64-freebsd
    /home/cpan/bin/perl/lib/site_perl/5.41.11
    /home/cpan/bin/perl/lib/5.41.11/amd64-freebsd
    /home/cpan/bin/perl/lib/5.41.11
    .