Back
From: metabase:user:31d414ea-2aae-11df-837a-5e0a49663a4f
Subject: FAIL AnyEvent-Digest-v0.0.1 v5.18.0 GNU/Linux
Date: 2013-09-08T19:12:00Z
This distribution has been tested as part of the CPAN Testers
project, supporting the Perl programming language. See
http://wiki.cpantesters.org/ for more information or email
questions to cpan-testers-discuss@perl.org
--
Dear Yasutaka ATARASHI,
This is a computer-generated report for AnyEvent-Digest-v0.0.1
on perl 5.18.0, created by CPAN-Reporter-1.2010.
Thank you for uploading your work to CPAN. However, there was a problem
testing your distribution.
If you think this report is invalid, please consult the CPAN Testers Wiki
for suggestions on how to avoid getting FAIL reports for missing library
or binary dependencies, unsupported operating systems, and so on:
http://wiki.cpantesters.org/wiki/CPANAuthorNotes
Sections of this report:
* Tester comments
* Program output
* Prerequisites
* Environment and other context
------------------------------
TESTER COMMENTS
------------------------------
Additional comments from tester:
this report is from an automated smoke testing program
and was not reviewed by a human for accuracy
------------------------------
PROGRAM OUTPUT
------------------------------
Output from '/usr/bin/make test':
PERL_DL_NONLAZY=1 /home/david/cpantesting/perl-5.18.0/bin/perl "-MExtUtils::Command::MM" "-e" "test_harness(0, 'blib/lib', 'blib/arch')" t/*.t
t/00-compile.t ............ ok
t/01-base.t ............... ok
# 0.01 interval: 383 count
t/02-async-idle.t ......... ok
# Failed test 'construction'
# at t/03-async-aio.t line 11.
# died: AnyEvent::Digest: `aio' backend requires `IO::AIO' and `AnyEvent::AIO' at t/03-async-aio.t line 11.
Can't call method "addfile_async" on an undefined value at t/03-async-aio.t line 36.
# Looks like you planned 4 tests but ran 2.
# Looks like you failed 1 test of 2 run.
# Looks like your test exited with 29 just after 2.
t/03-async-aio.t ..........
Dubious, test returned 29 (wstat 7424, 0x1d00)
Failed 3/4 subtests
t/04-prereqfail.t ......... skipped: Test::Without::Module is required: Can't locate Test/Without/Module.pm in @INC (you may need to install the Test::Without::Module module) (@INC contains: /home/david/cpantesting/perl-5.18.0/.cpan/build/AnyEvent-Digest-v0.0.1-LA9xJ5/blib/lib /home/david/cpantesting/perl-5.18.0/.cpan/build/AnyEvent-Digest-v0.0.1-LA9xJ5/blib/arch /home/david/cpantesting/perl-5.18.0/lib/site_perl/5.18.0/x86_64-linux-thread-multi /home/david/cpantesting/perl-5.18.0/lib/site_perl/5.18.0 /home/david/cpantesting/perl-5.18.0/lib/5.18.0/x86_64-linux-thread-multi /home/david/cpantesting/perl-5.18.0/lib/5.18.0 .) at t/04-prereqfail.t line 6.
read() on unopened filehandle GEN0 at /home/david/cpantesting/perl-5.18.0/.cpan/build/AnyEvent-Digest-v0.0.1-LA9xJ5/blib/lib/AnyEvent/Digest.pm line 52.
t/05-error.t .............. ok
t/author-critic.t ......... skipped: these tests are for testing by the author
t/release-kwalitee.t ...... skipped: these tests are for release candidate testing
t/release-pod-coverage.t .. skipped: these tests are for release candidate testing
t/release-pod-syntax.t .... skipped: these tests are for release candidate testing
Test Summary Report
-------------------
t/03-async-aio.t (Wstat: 7424 Tests: 2 Failed: 1)
Failed test: 2
Non-zero exit status: 29
Parse errors: Bad plan. You planned 4 tests but ran 2.
Files=10, Tests=17, 5 wallclock secs ( 0.05 usr 0.02 sys + 1.77 cusr 0.81 csys = 2.65 CPU)
Result: FAIL
Failed 1/10 test programs. 1/17 subtests failed.
make: *** [test_dynamic] Error 255
------------------------------
PREREQUISITES
------------------------------
Prerequisite modules loaded:
requires:
Module Need Have
------------------- ---- ----
AnyEvent 0 7.05
Digest 0 1.17
Scalar::Util 0 1.32
build_requires:
Module Need Have
------------------- ---- ----
Digest::MD5 0 2.52
Test::Exception 0 0.32
Test::More 0 0.98
configure_requires:
Module Need Have
------------------- ---- ----
ExtUtils::MakeMaker 6.30 6.66
------------------------------
ENVIRONMENT AND OTHER CONTEXT
------------------------------
Environment variables:
AUTOMATED_TESTING = 1
PATH = /usr/local/bin:/usr/bin:/bin:/usr/games
PERL = 5.18.0
PERL5LIB =
PERL5OPT =
PERL5_CPANPLUS_IS_RUNNING = 25304
PERL5_CPAN_IS_RUNNING = 25304
PERLVER = 5.18.0
PERL_INLINE_DIRECTORY = /home/david/.Inline-5.18.0
PERL_MM_USE_DEFAULT = 1
SHELL = /bin/bash
TERM = screen
Perl special variables (and OS-specific diagnostics, for MSWin32):
$^X = /home/david/cpantesting/perl-5.18.0/bin/perl
$UID/$EUID = 1000 / 1000
$GID = 1000 1000
$EGID = 1000 1000
Perl module toolchain versions installed:
Module Have
------------------- --------
CPAN 2.00
CPAN::Meta 2.120921
Cwd 3.40
ExtUtils::CBuilder 0.280210
ExtUtils::Command 1.17
ExtUtils::Install 1.59
ExtUtils::MakeMaker 6.66
ExtUtils::Manifest 1.63
ExtUtils::ParseXS 3.18
File::Spec 3.40
JSON 2.57
JSON::PP 2.27202
Module::Build 0.4007
Module::Signature n/a
Parse::CPAN::Meta 1.4404
Test::Harness 3.26
Test::More 0.98
YAML n/a
YAML::Syck n/a
version 0.9902
--
Summary of my perl5 (revision 5 version 18 subversion 0) configuration:
Platform:
osname=linux, osvers=3.2.0-4-amd64, archname=x86_64-linux-thread-multi
uname='linux pigsty.barnyard.co.uk 3.2.0-4-amd64 #1 smp debian 3.2.35-2 x86_64 gnulinux '
config_args='-de -Dprefix=/home/david/cpantesting/perl-5.18.0 -Dusethreads -Duse64bitall'
hint=recommended, useposix=true, d_sigaction=define
useithreads=define, usemultiplicity=define
useperlio=define, d_sfio=undef, uselargefiles=define, usesocks=undef
use64bitint=define, use64bitall=define, uselongdouble=undef
usemymalloc=n, bincompat5005=undef
Compiler:
cc='cc', ccflags ='-D_REENTRANT -D_GNU_SOURCE -fno-strict-aliasing -pipe -fstack-protector -I/usr/local/include -D_LARGEFILE_SOURCE -D_FILE_OFFSET_BITS=64',
optimize='-O2',
cppflags='-D_REENTRANT -D_GNU_SOURCE -fno-strict-aliasing -pipe -fstack-protector -I/usr/local/include'
ccversion='', gccversion='4.1.2 20061115 (prerelease) (Debian 4.1.1-21)', gccosandvers=''
intsize=4, longsize=8, ptrsize=8, doublesize=8, byteorder=12345678
d_longlong=define, longlongsize=8, d_longdbl=define, longdblsize=16
ivtype='long', ivsize=8, nvtype='double', nvsize=8, Off_t='off_t', lseeksize=8
alignbytes=8, prototype=define
Linker and Libraries:
ld='cc', ldflags =' -fstack-protector -L/usr/local/lib'
libpth=/usr/local/lib /lib /usr/lib /lib64 /usr/lib64
libs=-lnsl -lgdbm -ldb -ldl -lm -lcrypt -lutil -lpthread -lc -lgdbm_compat
perllibs=-lnsl -ldl -lm -lcrypt -lutil -lpthread -lc
libc=/lib/libc-2.3.6.so, so=so, useshrplib=false, libperl=libperl.a
gnulibc_version='2.3.6'
Dynamic Linking:
dlsrc=dl_dlopen.xs, dlext=so, d_dlsymun=undef, ccdlflags='-Wl,-E'
cccdlflags='-fPIC', lddlflags='-shared -O2 -L/usr/local/lib -fstack-protector'
Characteristics of this binary (from libperl):
Compile-time options: HAS_TIMES MULTIPLICITY PERLIO_LAYERS
PERL_DONT_CREATE_GVSV
PERL_HASH_FUNC_ONE_AT_A_TIME_HARD
PERL_IMPLICIT_CONTEXT PERL_MALLOC_WRAP
PERL_PRESERVE_IVUV PERL_SAWAMPERSAND USE_64_BIT_ALL
USE_64_BIT_INT USE_ITHREADS USE_LARGE_FILES
USE_LOCALE USE_LOCALE_COLLATE USE_LOCALE_CTYPE
USE_LOCALE_NUMERIC USE_PERLIO USE_PERL_ATOF
USE_REENTRANT_API
Built under linux
Compiled at May 20 2013 18:28:55
%ENV:
PERL="5.18.0"
PERL5LIB=""
PERL5OPT=""
PERL5_CPANPLUS_IS_RUNNING="25304"
PERL5_CPAN_IS_RUNNING="25304"
PERLVER="5.18.0"
PERL_INLINE_DIRECTORY="/home/david/.Inline-5.18.0"
PERL_MM_USE_DEFAULT="1"
@INC:
/home/david/cpantesting/perl-5.18.0/lib/site_perl/5.18.0/x86_64-linux-thread-multi
/home/david/cpantesting/perl-5.18.0/lib/site_perl/5.18.0
/home/david/cpantesting/perl-5.18.0/lib/5.18.0/x86_64-linux-thread-multi
/home/david/cpantesting/perl-5.18.0/lib/5.18.0
.