Report for Apache2-AuthAny-0.201

Back
From: metabase:user:322078bc-2aae-11df-837a-5e0a49663a4f
Subject: FAIL Apache2-AuthAny-0.201 v5.12.2 FreeBSD
Date: 2011-05-18T07:22:07Z

This distribution has been tested as part of the CPAN Testers
project, supporting the Perl programming language.  See
http://wiki.cpantesters.org/ for more information or email
questions to cpan-testers-discuss@perl.org


--

Dear KGOLDOV,

This is a computer-generated error report created automatically by
CPANPLUS, version 0.9105. Testers personal comments may appear
at the end of this report.


Thank you for uploading your work to CPAN.  However, it appears that
there were some problems testing your distribution.

TEST RESULTS:

Below is the error stack from stage 'make test':

[MSG] [Wed May 18 08:21:55 2011] cp lib/Apache2/AuthAny/DB.pm blib/lib/Apache2/AuthAny/DB.pm
cp post-install.pl blib/lib/Apache2/post-install.pl
cp startup.pl blib/lib/Apache2/startup.pl
cp lib/Apache2/AuthAny/FixupHandler.pm blib/lib/Apache2/AuthAny/FixupHandler.pm
cp lib/Apache2/AuthAny/MapToStorageHandler.pm blib/lib/Apache2/AuthAny/MapToStorageHandler.pm
cp lib/Apache2/AuthAny/AuthenHandler.pm blib/lib/Apache2/AuthAny/AuthenHandler.pm
cp lib/Apache2/AuthAny/Cookie.pm blib/lib/Apache2/AuthAny/Cookie.pm
cp lib/Apache2/AuthAny/RequestConfig.pm blib/lib/Apache2/AuthAny/RequestConfig.pm
cp lib/Apache2/AuthAny/AuthzHandler.pm blib/lib/Apache2/AuthAny/AuthzHandler.pm
cp lib/Apache2/AuthAny/AuthUtil.pm blib/lib/Apache2/AuthAny/AuthUtil.pm
cp lib/Apache2/AuthAny.pm blib/lib/Apache2/AuthAny.pm
Manifying blib/man3/Apache2::AuthAny.3

[ERROR] [Wed May 18 08:21:56 2011] MAKE TEST failed: PERL_DL_NONLAZY=1 /usr/home/cpan/pit/bare/perl-5.12.2/bin/perl "-MExtUtils::Command::MM" "-e" "test_harness(0, 'blib/lib', 'blib/arch')" t/*.t

#   Failed test 'use Apache2::AuthAny;'
#   at t/00-load.t line 6.
#     Tried to use 'Apache2::AuthAny'.
#     Error:  Can't locate Apache2/Module.pm in @INC (@INC contains: /usr/home/cpan/pit/bare/conf/perl-5.12.2/.cpanplus/5.12.2/build/Apache2-AuthAny-0.201/blib/lib /usr/home/cpan/pit/bare/conf/perl-5.12.2/.cpanplus/5.12.2/build/Apache2-AuthAny-0.201/blib/arch /usr/home/cpan/pit/bare/perl-5.12.2/lib/site_perl/5.12.2/amd64-freebsd /usr/home/cpan/pit/bare/perl-5.12.2/lib/site_perl/5.12.2 /usr/home/cpan/pit/bare/perl-5.12.2/lib/5.12.2/amd64-freebsd /usr/home/cpan/pit/bare/perl-5.12.2/lib/5.12.2) at /usr/home/cpan/pit/bare/conf/perl-5.12.2/.cpanplus/5.12.2/build/Apache2-AuthAny-0.201/blib/lib/Apache2/AuthAny.pm line 5.
# BEGIN failed--compilation aborted at /usr/home/cpan/pit/bare/conf/perl-5.12.2/.cpanplus/5.12.2/build/Apache2-AuthAny-0.201/blib/lib/Apache2/AuthAny.pm line 5.
# Compilation failed in require at (eval 4) line 2.
# BEGIN failed--compilation aborted at (eval 4) line 2.

#   Failed test 'use Apache2::AuthAny::AuthenHandler;'
#   at t/00-load.t line 7.
#     Tried to use 'Apache2::AuthAny::AuthenHandler'.
#     Error:  Can't locate Apache2/Const.pm in @INC (@INC contains: /usr/home/cpan/pit/bare/conf/perl-5.12.2/.cpanplus/5.12.2/build/Apache2-AuthAny-0.201/blib/lib /usr/home/cpan/pit/bare/conf/perl-5.12.2/.cpanplus/5.12.2/build/Apache2-AuthAny-0.201/blib/arch /usr/home/cpan/pit/bare/perl-5.12.2/lib/site_perl/5.12.2/amd64-freebsd /usr/home/cpan/pit/bare/perl-5.12.2/lib/site_perl/5.12.2 /usr/home/cpan/pit/bare/perl-5.12.2/lib/5.12.2/amd64-freebsd /usr/home/cpan/pit/bare/perl-5.12.2/lib/5.12.2) at /usr/home/cpan/pit/bare/conf/perl-5.12.2/.cpanplus/5.12.2/build/Apache2-AuthAny-0.201/blib/lib/Apache2/AuthAny/AuthenHandler.pm line 7.
# BEGIN failed--compilation aborted at /usr/home/cpan/pit/bare/conf/perl-5.12.2/.cpanplus/5.12.2/build/Apache2-AuthAny-0.201/blib/lib/Apache2/AuthAny/AuthenHandler.pm line 7.
# Compilation failed in require at (eval 5) line 2.
# BEGIN failed--compilation aborted at (eval 5) line 2.

#   Failed test 'use Apache2::AuthAny::AuthUtil;'
#   at t/00-load.t line 8.
#     Tried to use 'Apache2::AuthAny::AuthUtil'.
#     Error:  Can't locate URI/Escape.pm in @INC (@INC contains: /usr/home/cpan/pit/bare/conf/perl-5.12.2/.cpanplus/5.12.2/build/Apache2-AuthAny-0.201/blib/lib /usr/home/cpan/pit/bare/conf/perl-5.12.2/.cpanplus/5.12.2/build/Apache2-AuthAny-0.201/blib/arch /usr/home/cpan/pit/bare/perl-5.12.2/lib/site_perl/5.12.2/amd64-freebsd /usr/home/cpan/pit/bare/perl-5.12.2/lib/site_perl/5.12.2 /usr/home/cpan/pit/bare/perl-5.12.2/lib/5.12.2/amd64-freebsd /usr/home/cpan/pit/bare/perl-5.12.2/lib/5.12.2) at /usr/home/cpan/pit/bare/conf/perl-5.12.2/.cpanplus/5.12.2/build/Apache2-AuthAny-0.201/blib/lib/Apache2/AuthAny/AuthUtil.pm line 4.
# BEGIN failed--compilation aborted at /usr/home/cpan/pit/bare/conf/perl-5.12.2/.cpanplus/5.12.2/build/Apache2-AuthAny-0.201/blib/lib/Apache2/AuthAny/AuthUtil.pm line 4.
# Compilation failed in require at (eval 6) line 2.
# BEGIN failed--compilation aborted at (eval 6) line 2.

#   Failed test 'use Apache2::AuthAny::AuthzHandler;'
#   at t/00-load.t line 9.
#     Tried to use 'Apache2::AuthAny::AuthzHandler'.
#     Error:  Can't locate Apache2/Const.pm in @INC (@INC contains: /usr/home/cpan/pit/bare/conf/perl-5.12.2/.cpanplus/5.12.2/build/Apache2-AuthAny-0.201/blib/lib /usr/home/cpan/pit/bare/conf/perl-5.12.2/.cpanplus/5.12.2/build/Apache2-AuthAny-0.201/blib/arch /usr/home/cpan/pit/bare/perl-5.12.2/lib/site_perl/5.12.2/amd64-freebsd /usr/home/cpan/pit/bare/perl-5.12.2/lib/site_perl/5.12.2 /usr/home/cpan/pit/bare/perl-5.12.2/lib/5.12.2/amd64-freebsd /usr/home/cpan/pit/bare/perl-5.12.2/lib/5.12.2) at /usr/home/cpan/pit/bare/conf/perl-5.12.2/.cpanplus/5.12.2/build/Apache2-AuthAny-0.201/blib/lib/Apache2/AuthAny/AuthzHandler.pm line 4.
# BEGIN failed--compilation aborted at /usr/home/cpan/pit/bare/conf/perl-5.12.2/.cpanplus/5.12.2/build/Apache2-AuthAny-0.201/blib/lib/Apache2/AuthAny/AuthzHandler.pm line 4.
# Compilation failed in require at (eval 7) line 2.
# BEGIN failed--compilation aborted at (eval 7) line 2.

#   Failed test 'use Apache2::AuthAny::Cookie;'
#   at t/00-load.t line 10.
#     Tried to use 'Apache2::AuthAny::Cookie'.
#     Error:  Can't locate Apache2/Cookie.pm in @INC (@INC contains: /usr/home/cpan/pit/bare/conf/perl-5.12.2/.cpanplus/5.12.2/build/Apache2-AuthAny-0.201/blib/lib /usr/home/cpan/pit/bare/conf/perl-5.12.2/.cpanplus/5.12.2/build/Apache2-AuthAny-0.201/blib/arch /usr/home/cpan/pit/bare/perl-5.12.2/lib/site_perl/5.12.2/amd64-freebsd /usr/home/cpan/pit/bare/perl-5.12.2/lib/site_perl/5.12.2 /usr/home/cpan/pit/bare/perl-5.12.2/lib/5.12.2/amd64-freebsd /usr/home/cpan/pit/bare/perl-5.12.2/lib/5.12.2) at /usr/home/cpan/pit/bare/conf/perl-5.12.2/.cpanplus/5.12.2/build/Apache2-AuthAny-0.201/blib/lib/Apache2/AuthAny/Cookie.pm line 6.
# BEGIN failed--compilation aborted at /usr/home/cpan/pit/bare/conf/perl-5.12.2/.cpanplus/5.12.2/build/Apache2-AuthAny-0.201/blib/lib/Apache2/AuthAny/Cookie.pm line 6.
# Compilation failed in require at (eval 8) line 2.
# BEGIN failed--compilation aborted at (eval 8) line 2.

#   Failed test 'use Apache2::AuthAny::DB;'
#   at t/00-load.t line 11.
#     Tried to use 'Apache2::AuthAny::DB'.
#     Error:  Can't locate DBI.pm in @INC (@INC contains: /usr/home/cpan/pit/bare/conf/perl-5.12.2/.cpanplus/5.12.2/build/Apache2-AuthAny-0.201/blib/lib /usr/home/cpan/pit/bare/conf/perl-5.12.2/.cpanplus/5.12.2/build/Apache2-AuthAny-0.201/blib/arch /usr/home/cpan/pit/bare/perl-5.12.2/lib/site_perl/5.12.2/amd64-freebsd /usr/home/cpan/pit/bare/perl-5.12.2/lib/site_perl/5.12.2 /usr/home/cpan/pit/bare/perl-5.12.2/lib/5.12.2/amd64-freebsd /usr/home/cpan/pit/bare/perl-5.12.2/lib/5.12.2) at /usr/home/cpan/pit/bare/conf/perl-5.12.2/.cpanplus/5.12.2/build/Apache2-AuthAny-0.201/blib/lib/Apache2/AuthAny/DB.pm line 5.
# BEGIN failed--compilation aborted at /usr/home/cpan/pit/bare/conf/perl-5.12.2/.cpanplus/5.12.2/build/Apache2-AuthAny-0.201/blib/lib/Apache2/AuthAny/DB.pm line 5.
# Compilation failed in require at (eval 9) line 2.
# BEGIN failed--compilation aborted at (eval 9) line 2.

#   Failed test 'use Apache2::AuthAny::FixupHandler;'
#   at t/00-load.t line 12.
#     Tried to use 'Apache2::AuthAny::FixupHandler'.
#     Error:  Can't locate Apache2/Const.pm in @INC (@INC contains: /usr/home/cpan/pit/bare/conf/perl-5.12.2/.cpanplus/5.12.2/build/Apache2-AuthAny-0.201/blib/lib /usr/home/cpan/pit/bare/conf/perl-5.12.2/.cpanplus/5.12.2/build/Apache2-AuthAny-0.201/blib/arch /usr/home/cpan/pit/bare/perl-5.12.2/lib/site_perl/5.12.2/amd64-freebsd /usr/home/cpan/pit/bare/perl-5.12.2/lib/site_perl/5.12.2 /usr/home/cpan/pit/bare/perl-5.12.2/lib/5.12.2/amd64-freebsd /usr/home/cpan/pit/bare/perl-5.12.2/lib/5.12.2) at /usr/home/cpan/pit/bare/conf/perl-5.12.2/.cpanplus/5.12.2/build/Apache2-AuthAny-0.201/blib/lib/Apache2/AuthAny/FixupHandler.pm line 4.
# BEGIN failed--compilation aborted at /usr/home/cpan/pit/bare/conf/perl-5.12.2/.cpanplus/5.12.2/build/Apache2-AuthAny-0.201/blib/lib/Apache2/AuthAny/FixupHandler.pm line 4.
# Compilation failed in require at (eval 10) line 2.
# BEGIN failed--compilation aborted at (eval 10) line 2.

#   Failed test 'use Apache2::AuthAny::MapToStorageHandler;'
#   at t/00-load.t line 13.
#     Tried to use 'Apache2::AuthAny::MapToStorageHandler'.
#     Error:  Can't locate Apache2/Const.pm in @INC (@INC contains: /usr/home/cpan/pit/bare/conf/perl-5.12.2/.cpanplus/5.12.2/build/Apache2-AuthAny-0.201/blib/lib /usr/home/cpan/pit/bare/conf/perl-5.12.2/.cpanplus/5.12.2/build/Apache2-AuthAny-0.201/blib/arch /usr/home/cpan/pit/bare/perl-5.12.2/lib/site_perl/5.12.2/amd64-freebsd /usr/home/cpan/pit/bare/perl-5.12.2/lib/site_perl/5.12.2 /usr/home/cpan/pit/bare/perl-5.12.2/lib/5.12.2/amd64-freebsd /usr/home/cpan/pit/bare/perl-5.12.2/lib/5.12.2) at /usr/home/cpan/pit/bare/conf/perl-5.12.2/.cpanplus/5.12.2/build/Apache2-AuthAny-0.201/blib/lib/Apache2/AuthAny/MapToStorageHandler.pm line 5.
# BEGIN failed--compilation aborted at /usr/home/cpan/pit/bare/conf/perl-5.12.2/.cpanplus/5.12.2/build/Apache2-AuthAny-0.201/blib/lib/Apache2/AuthAny/MapToStorageHandler.pm line 5.
# Compilation failed in require at (eval 11) line 2.
# BEGIN failed--compilation aborted at (eval 11) line 2.

#   Failed test 'use Apache2::AuthAny::RequestConfig;'
#   at t/00-load.t line 14.
#     Tried to use 'Apache2::AuthAny::RequestConfig'.
#     Error:  Can't locate Apache2/Module.pm in @INC (@INC contains: /usr/home/cpan/pit/bare/conf/perl-5.12.2/.cpanplus/5.12.2/build/Apache2-AuthAny-0.201/blib/lib /usr/home/cpan/pit/bare/conf/perl-5.12.2/.cpanplus/5.12.2/build/Apache2-AuthAny-0.201/blib/arch /usr/home/cpan/pit/bare/perl-5.12.2/lib/site_perl/5.12.2/amd64-freebsd /usr/home/cpan/pit/bare/perl-5.12.2/lib/site_perl/5.12.2 /usr/home/cpan/pit/bare/perl-5.12.2/lib/5.12.2/amd64-freebsd /usr/home/cpan/pit/bare/perl-5.12.2/lib/5.12.2) at /usr/home/cpan/pit/bare/conf/perl-5.12.2/.cpanplus/5.12.2/build/Apache2-AuthAny-0.201/blib/lib/Apache2/AuthAny/RequestConfig.pm line 4.
# BEGIN failed--compilation aborted at /usr/home/cpan/pit/bare/conf/perl-5.12.2/.cpanplus/5.12.2/build/Apache2-AuthAny-0.201/blib/lib/Apache2/AuthAny/RequestConfig.pm line 4.
# Compilation failed in require at (eval 12) line 2.
# BEGIN failed--compilation aborted at (eval 12) line 2.
Use of uninitialized value $Apache2::AuthAny::VERSION in concatenation (.) or string at t/00-load.t line 17.
# Testing Apache2::AuthAny , Perl 5.012002, /usr/home/cpan/pit/bare/perl-5.12.2/bin/perl
# Looks like you failed 9 tests of 9.
t/00-load.t ....... 
Dubious, test returned 9 (wstat 2304, 0x900)
Failed 9/9 subtests 
Can't locate DBI.pm in @INC (@INC contains: /usr/home/cpan/pit/bare/conf/perl-5.12.2/.cpanplus/5.12.2/build/Apache2-AuthAny-0.201/blib/lib /usr/home/cpan/pit/bare/conf/perl-5.12.2/.cpanplus/5.12.2/build/Apache2-AuthAny-0.201/blib/arch /usr/home/cpan/pit/bare/conf/perl-5.12.2/.cpanplus/5.12.2/build/Apache2-AuthAny-0.201/blib/lib /usr/home/cpan/pit/bare/conf/perl-5.12.2/.cpanplus/5.12.2/build/Apache2-AuthAny-0.201/blib/arch /usr/home/cpan/pit/bare/perl-5.12.2/lib/site_perl/5.12.2/amd64-freebsd /usr/home/cpan/pit/bare/perl-5.12.2/lib/site_perl/5.12.2 /usr/home/cpan/pit/bare/perl-5.12.2/lib/5.12.2/amd64-freebsd /usr/home/cpan/pit/bare/perl-5.12.2/lib/5.12.2 .) at /usr/home/cpan/pit/bare/conf/perl-5.12.2/.cpanplus/5.12.2/build/Apache2-AuthAny-0.201/blib/lib/Apache2/AuthAny/DB.pm line 5.
BEGIN failed--compilation aborted at /usr/home/cpan/pit/bare/conf/perl-5.12.2/.cpanplus/5.12.2/build/Apache2-AuthAny-0.201/blib/lib/Apache2/AuthAny/DB.pm line 5.
Compilation failed in require at t/DB.t line 9.
BEGIN failed--compilation aborted at t/DB.t line 9.
# Looks like your test exited with 2 before it could output anything.
t/DB.t ............ 
Dubious, test returned 2 (wstat 512, 0x200)
Failed 8/8 subtests 
t/pod-coverage.t .. skipped: Test::Pod::Coverage 1.08 required for testing POD coverage
t/pod.t ........... skipped: Test::Pod 1.22 required for testing POD

Test Summary Report
-------------------
t/00-load.t     (Wstat: 2304 Tests: 9 Failed: 9)
  Failed tests:  1-9
  Non-zero exit status: 9
t/DB.t          (Wstat: 512 Tests: 0 Failed: 0)
  Non-zero exit status: 2
  Parse errors: Bad plan.  You planned 8 tests but ran 0.
Files=4, Tests=9,  1 wallclock secs ( 0.03 usr  0.03 sys +  0.10 cusr  0.05 csys =  0.21 CPU)
Result: FAIL
Failed 2/4 test programs. 9/9 subtests failed.
*** Error code 255

Stop in /usr/home/cpan/pit/bare/conf/perl-5.12.2/.cpanplus/5.12.2/build/Apache2-AuthAny-0.201.

[MSG] [Wed May 18 08:21:56 2011] DEFAULT 'proceed_on_test_failure' HANDLER RETURNING 'sub return value'


MISSING PREREQUISITES:

It was observed that the test suite seem to fail without these modules:

Apache2::Module
Apache2::Const
URI::Escape
Apache2::Cookie
DBI

As such, adding the prerequisite module(s) to 'PREREQ_PM' in your
Makefile.PL should solve this problem.  For example:

WriteMakefile(
    AUTHOR      => 'KGOLDOV (cpanplus-info@lists.sf.net)',
    ... # other information
    PREREQ_PM   => {
	'Apache2::Module'	=> '0', # or a minimum working version
	'Apache2::Const'	=> '0', # or a minimum working version
	'URI::Escape'	=> '0', # or a minimum working version
	'Apache2::Cookie'	=> '0', # or a minimum working version
	'DBI'	=> '0', # or a minimum working version
    }
);

Thanks! :-)

PREREQUISITES:

Here is a list of prerequisites you specified and versions we
managed to load:

	  Module Name                        Have     Want
	  Test::More                         0.98        0

Perl module toolchain versions installed:
	Module Name                        Have
	CPANPLUS                         0.9105
	CPANPLUS::Dist::Build              0.56
	Cwd                                3.33
	ExtUtils::CBuilder             0.280202
	ExtUtils::Command                  1.16
	ExtUtils::Install                  1.55
	ExtUtils::MakeMaker                6.56
	ExtUtils::Manifest                 1.58
	ExtUtils::ParseXS                2.2206
	File::Spec                         3.33
	Module::Build                    0.3800
	Test::Harness                      3.23
	Test::More                         0.98
	version                            0.88

******************************** NOTE ********************************
The comments above are created mechanically, possibly without manual
checking by the sender.  As there are many people performing automatic
tests on each upload to CPAN, it is likely that you will receive
identical messages about the same problem.

If you believe that the message is mistaken, please reply to the first
one with correction and/or additional informations, and do not take
it personally.  We appreciate your patience. :)
**********************************************************************

Additional comments:


This report was machine-generated by CPANPLUS::Dist::YACSmoke 0.62.
Powered by minismokebox version 0.44

------------------------------
ENVIRONMENT AND OTHER CONTEXT
------------------------------

Environment variables:

    AUTOMATED_TESTING = 1
    PATH = /sbin:/bin:/usr/sbin:/usr/bin:/usr/games:/usr/local/sbin:/usr/local/bin:/home/cpan/bin
    PERL5LIB = :/usr/home/cpan/pit/bare/conf/perl-5.12.2/.cpanplus/5.12.2/build/Apache2-AuthAny-0.201/blib/lib:/usr/home/cpan/pit/bare/conf/perl-5.12.2/.cpanplus/5.12.2/build/Apache2-AuthAny-0.201/blib/arch
    PERL5_CPANPLUS_IS_RUNNING = 80439
    PERL5_CPANPLUS_IS_VERSION = 0.9105
    PERL5_MINISMOKEBOX = 0.44
    PERL5_YACSMOKE_BASE = /usr/home/cpan/pit/bare/conf/perl-5.12.2
    PERL_EXTUTILS_AUTOINSTALL = --defaultdeps
    PERL_MM_USE_DEFAULT = 1
    SHELL = /usr/local/bin/bash
    TERM = screen

Perl special variables (and OS-specific diagnostics, for MSWin32):

    Perl: $^X = /usr/home/cpan/pit/bare/perl-5.12.2/bin/perl
    UID:  $<  = 1002
    EUID: $>  = 1002
    GID:  $(  = 1002 1002
    EGID: $)  = 1002 1002


-------------------------------


--

Summary of my perl5 (revision 5 version 12 subversion 2) configuration:
   
  Platform:
    osname=freebsd, osvers=9.0-current-201101, archname=amd64-freebsd
    uname='freebsd flooble.bingosnet.co.uk 9.0-current-201101 freebsd 9.0-current-201101 #0: mon jan 3 22:15:39 utc 2011 root@farrell.cse.buffalo.edu:usrobjusrsrcsysgeneric amd64 '
    config_args='-des -Dprefix=/usr/home/cpan/pit/bare/perl-5.12.2'
    hint=recommended, useposix=true, d_sigaction=define
    useithreads=undef, usemultiplicity=undef
    useperlio=define, d_sfio=undef, uselargefiles=define, usesocks=undef
    use64bitint=define, use64bitall=define, uselongdouble=undef
    usemymalloc=n, bincompat5005=undef
  Compiler:
    cc='cc', ccflags ='-DHAS_FPSETMASK -DHAS_FLOATINGPOINT_H -fno-strict-aliasing -pipe -fstack-protector -I/usr/local/include',
    optimize='-O',
    cppflags='-DHAS_FPSETMASK -DHAS_FLOATINGPOINT_H -fno-strict-aliasing -pipe -fstack-protector -I/usr/local/include'
    ccversion='', gccversion='4.2.1 20070719  [FreeBSD]', gccosandvers=''
    intsize=4, longsize=8, ptrsize=8, doublesize=8, byteorder=12345678
    d_longlong=define, longlongsize=8, d_longdbl=define, longdblsize=16
    ivtype='long', ivsize=8, nvtype='double', nvsize=8, Off_t='off_t', lseeksize=8
    alignbytes=8, prototype=define
  Linker and Libraries:
    ld='cc', ldflags ='-Wl,-E  -fstack-protector -L/usr/local/lib'
    libpth=/usr/lib /usr/local/lib
    libs=-lgdbm -lm -lcrypt -lutil -lc
    perllibs=-lm -lcrypt -lutil -lc
    libc=, so=so, useshrplib=false, libperl=libperl.a
    gnulibc_version=''
  Dynamic Linking:
    dlsrc=dl_dlopen.xs, dlext=so, d_dlsymun=undef, ccdlflags=' '
    cccdlflags='-DPIC -fPIC', lddlflags='-shared  -L/usr/local/lib -fstack-protector'


Characteristics of this binary (from libperl): 
  Compile-time options: PERL_DONT_CREATE_GVSV PERL_MALLOC_WRAP USE_64_BIT_ALL
                        USE_64_BIT_INT USE_LARGE_FILES USE_PERLIO
                        USE_PERL_ATOF
  Built under freebsd
  Compiled at Apr 29 2011 02:19:53
  %ENV:
    PERL5LIB=":/usr/home/cpan/pit/bare/conf/perl-5.12.2/.cpanplus/5.12.2/build/Apache2-AuthAny-0.201/blib/lib:/usr/home/cpan/pit/bare/conf/perl-5.12.2/.cpanplus/5.12.2/build/Apache2-AuthAny-0.201/blib/arch"
    PERL5_CPANPLUS_IS_RUNNING="80439"
    PERL5_CPANPLUS_IS_VERSION="0.9105"
    PERL5_MINISMOKEBOX="0.44"
    PERL5_YACSMOKE_BASE="/usr/home/cpan/pit/bare/conf/perl-5.12.2"
    PERL_EXTUTILS_AUTOINSTALL="--defaultdeps"
    PERL_MM_USE_DEFAULT="1"
  @INC:
    /usr/home/cpan/pit/bare/conf/perl-5.12.2/.cpanplus/5.12.2/build/Apache2-AuthAny-0.201/blib/lib
    /usr/home/cpan/pit/bare/conf/perl-5.12.2/.cpanplus/5.12.2/build/Apache2-AuthAny-0.201/blib/arch
    /usr/home/cpan/pit/bare/perl-5.12.2/lib/site_perl/5.12.2/amd64-freebsd
    /usr/home/cpan/pit/bare/perl-5.12.2/lib/site_perl/5.12.2
    /usr/home/cpan/pit/bare/perl-5.12.2/lib/5.12.2/amd64-freebsd
    /usr/home/cpan/pit/bare/perl-5.12.2/lib/5.12.2
    .