Report for FFmpeg-Command-0.19

Back
From: metabase:user:30f4dfbe-2aae-11df-837a-5e0a49663a4f
Subject: FAIL FFmpeg-Command-0.19 v5.8.1 GNU/Linux
Date: 2015-11-21T10:42:16Z

This distribution has been tested as part of the CPAN Testers
project, supporting the Perl programming language.  See
http://wiki.cpantesters.org/ for more information or email
questions to cpan-testers-discuss@perl.org


--
Dear Gosuke Miyashita,

This is a computer-generated report for FFmpeg-Command-0.19
on perl 5.8.1, created by CPAN-Reporter-1.2014.

Thank you for uploading your work to CPAN.  However, there was a problem
testing your distribution.

If you think this report is invalid, please consult the CPAN Testers Wiki
for suggestions on how to avoid getting FAIL reports for missing library
or binary dependencies, unsupported operating systems, and so on:

http://wiki.cpantesters.org/wiki/CPANAuthorNotes

Sections of this report:

    * Tester comments
    * Program output
    * Prerequisites
    * Environment and other context

------------------------------
TESTER COMMENTS
------------------------------

Additional comments from tester:

this report is from an automated smoke testing program
and was not reviewed by a human for accuracy

------------------------------
PROGRAM OUTPUT
------------------------------

Output from '/usr/bin/make test':

PERL_DL_NONLAZY=1 "/home/njh/perl5/perlbrew/perls/perl-5.8.1/bin/perl" "-MExtUtils::Command::MM" "-MTest::Harness" "-e" "undef *Test::Harness::Switches; test_harness(0, 'blib/lib', 'blib/arch')" t/*.t
# Testing FFmpeg::Command 0.19, Perl 5.008001, /home/njh/perl5/perlbrew/perls/perl-5.8.1/bin/perl
Can't find ffmpeg/avconv command. at t/00-load.t line 14.
t/00-load.t ............ ok
Can't find ffmpeg/avconv command. at t/01-coderef.t line 12.
# Looks like you planned 2 tests but ran 1.
t/01-coderef.t ......... 
Dubious, test returned 255 (wstat 65280, 0xff00)
Failed 1/2 subtests 
Can't find ffmpeg/avconv command. at t/02-option_a.t line 8.
# No tests run!
t/02-option_a.t ........ 
Dubious, test returned 255 (wstat 65280, 0xff00)
No subtests run 
Can't find ffmpeg/avconv command. at t/03-option_b.t line 8.
# No tests run!
t/03-option_b.t ........ 
Dubious, test returned 255 (wstat 65280, 0xff00)
No subtests run 
Can't find ffmpeg/avconv command. at t/04-option_c.t line 8.
# No tests run!
t/04-option_c.t ........ 
Dubious, test returned 255 (wstat 65280, 0xff00)
No subtests run 
Can't find ffmpeg/avconv command. at t/05-option_d.t line 8.
# No tests run!
t/05-option_d.t ........ 
Dubious, test returned 255 (wstat 65280, 0xff00)
No subtests run 
Can't find ffmpeg/avconv command. at t/06-output_options.t line 8.
# No tests run!
t/06-output_options.t .. 
Dubious, test returned 255 (wstat 65280, 0xff00)
No subtests run 
t/boilerplate.t ........ ok
t/pod-coverage.t ....... ok
t/pod.t ................ ok

Test Summary Report
-------------------
t/01-coderef.t       (Wstat: 65280 Tests: 1 Failed: 0)
  Non-zero exit status: 255
  Parse errors: Bad plan.  You planned 2 tests but ran 1.
t/02-option_a.t      (Wstat: 65280 Tests: 0 Failed: 0)
  Non-zero exit status: 255
  Parse errors: No plan found in TAP output
t/03-option_b.t      (Wstat: 65280 Tests: 0 Failed: 0)
  Non-zero exit status: 255
  Parse errors: No plan found in TAP output
t/04-option_c.t      (Wstat: 65280 Tests: 0 Failed: 0)
  Non-zero exit status: 255
  Parse errors: No plan found in TAP output
t/05-option_d.t      (Wstat: 65280 Tests: 0 Failed: 0)
  Non-zero exit status: 255
  Parse errors: No plan found in TAP output
t/06-output_options.t (Wstat: 65280 Tests: 0 Failed: 0)
  Non-zero exit status: 255
  Parse errors: No plan found in TAP output
Files=10, Tests=7,  4 wallclock secs ( 0.23 usr  0.07 sys +  3.71 cusr  0.58 csys =  4.59 CPU)
Result: FAIL
Failed 6/10 test programs. 0/7 subtests failed.
Makefile:844: recipe for target 'test_dynamic' failed
make: *** [test_dynamic] Error 255

------------------------------
PREREQUISITES
------------------------------

Prerequisite modules loaded:

requires:

    Module                Need Have    
    --------------------- ---- --------
    Class::Accessor::Fast 0    0.34    
    Class::ErrorHandler   0    0.04    
    IPC::Run              0    0.94    
    MIME::Types           0    2.12    
    Test::More            0    1.001014

build_requires:

    Module                Need Have    
    --------------------- ---- --------
    ExtUtils::MakeMaker   0    7.04    

configure_requires:

    Module                Need Have    
    --------------------- ---- --------
    ExtUtils::MakeMaker   0    7.04    


------------------------------
ENVIRONMENT AND OTHER CONTEXT
------------------------------

Environment variables:

    AUTOMATED_TESTING = 1
    LANG = en_GB.UTF-8
    PATH = /home/njh/perl5/perlbrew/bin:/home/njh/perl5/perlbrew/perls/perl-5.8.1/bin:/home/njh/perl5/perlbrew/bin:/usr/bin:/bin
    PERL5LIB = /home/njh/.cpan/build/Class-ErrorHandler-0.04-kC6pBk/blib/arch:/home/njh/.cpan/build/Class-ErrorHandler-0.04-kC6pBk/blib/lib:/home/njh/.cpan/build/MIME-Types-2.12-FX5djS/blib/arch:/home/njh/.cpan/build/MIME-Types-2.12-FX5djS/blib/lib:/home/njh/.cpan/build/Video-Delay-0.06-QvbQgI/blib/arch:/home/njh/.cpan/build/Video-Delay-0.06-QvbQgI/blib/lib:/home/njh/.cpan/build/Image-Random-0.06-5GXIG5/blib/arch:/home/njh/.cpan/build/Image-Random-0.06-5GXIG5/blib/lib:/home/njh/.cpan/build/File-Object-0.09-kh01oU/blib/arch:/home/njh/.cpan/build/File-Object-0.09-kh01oU/blib/lib:/home/njh/.cpan/build/Class-Utils-0.07-pcqdMY/blib/arch:/home/njh/.cpan/build/Class-Utils-0.07-pcqdMY/blib/lib:/home/njh/.cpan/build/Error-Pure-0.24-XEnpXL/blib/arch:/home/njh/.cpan/build/Error-Pure-0.24-XEnpXL/blib/lib:/home/njh/.cpan/build/Error-Pure-Output-Text-0.22-_vHklu/blib/arch:/home/njh/.cpan/build/Error-Pure-Output-Text-0.22-_vHklu/blib/lib
    PERL5OPT = 
    PERL5_CPANPLUS_IS_RUNNING = 10052
    PERL5_CPAN_IS_RUNNING = 10052
    PERL5_MINISMOKEBOX = 0.58
    PERLBREW_BASHRC_VERSION = 0.73
    PERLBREW_LIB = 
    PERLBREW_MANPATH = /home/njh/perl5/perlbrew/perls/perl-5.8.1/man
    PERLBREW_PATH = /home/njh/perl5/perlbrew/bin:/home/njh/perl5/perlbrew/perls/perl-5.8.1/bin
    PERLBREW_PERL = perl-5.8.1
    PERLBREW_ROOT = /home/njh/perl5/perlbrew
    PERLBREW_VERSION = 0.73
    PERL_EXTUTILS_AUTOINSTALL = --defaultdeps
    PERL_LOCAL_LIB_ROOT = 
    PERL_MM_USE_DEFAULT = 1
    SHELL = /bin/sh

Perl special variables (and OS-specific diagnostics, for MSWin32):

    $^X = /home/njh/perl5/perlbrew/perls/perl-5.8.1/bin/perl
    $UID/$EUID = 1000 / 1000
    $GID = 1000 1000 200 46 44 30 29 25 24 4
    $EGID = 1000 1000 200 46 44 30 29 25 24 4

Perl module toolchain versions installed:

    Module              Have    
    ------------------- --------
    CPAN                2.10    
    CPAN::Meta          2.150001
    Cwd                 3.47    
    ExtUtils::CBuilder  0.280220
    ExtUtils::Command   1.20    
    ExtUtils::Install   2.04    
    ExtUtils::MakeMaker 7.04    
    ExtUtils::Manifest  1.68    
    ExtUtils::ParseXS   3.24    
    File::Spec          3.47    
    JSON                2.61    
    JSON::PP            2.27300 
    Module::Build       0.4212  
    Module::Signature   n/a     
    Parse::CPAN::Meta   1.4414  
    Test::Harness       3.35    
    Test::More          1.001014
    YAML                1.15    
    YAML::Syck          1.29    
    version             0.9912  


--

Summary of my perl5 (revision 5.0 version 8 subversion 1) configuration:
  Platform:
    osname=linux, osvers=3.6.11+, archname=armv6l-linux-thread-multi
    uname='linux pi 3.6.11+ #371 preempt thu feb 7 16:31:35 gmt 2013 armv6l gnulinux '
    config_args='-de -Dprefix=/home/njh/perl5/perlbrew/perls/perl-5.8.1 -Duseithreads -Dusemultiplicity -Accflags=-Os -W -Wformat=2 -Wswitch -Wshadow -Wwrite-strings -Wuninitialized -Wall -pipe -fomit-frame-pointer -pedantic -D_FORTIFY_SOURCE=2 -Wpointer-arith -Wstrict-prototypes -fstack-protector -Wstack-protector -Wextra -Wbad-function-cast -Wcast-align -Wcast-qual -Wdisabled-optimization -Wendif-labels -Wfloat-equal -Wformat-nonliteral -Winline -Wmissing-declarations -Wmissing-prototypes -Wnested-externs -Wpointer-arith -Wundef -Wformat-security -Aeval:scriptdir=/home/njh/perl5/perlbrew/perls/perl-5.8.1/bin'
    hint=recommended, useposix=true, d_sigaction=define
    usethreads=define use5005threads=undef useithreads=define usemultiplicity=define
    useperlio=define d_sfio=undef uselargefiles=define usesocks=undef
    use64bitint=undef use64bitall=undef uselongdouble=undef
    usemymalloc=n, bincompat5005=undef
  Compiler:
    cc='cc', ccflags ='-D_REENTRANT -D_GNU_SOURCE -Os -W -Wformat=2 -Wswitch -Wshadow -Wwrite-strings -Wuninitialized -Wall -pipe -fomit-frame-pointer -pedantic -D_FORTIFY_SOURCE=2 -Wpointer-arith -Wstrict-prototypes -fstack-protector -Wstack-protector -Wextra -Wbad-function-cast -Wcast-align -Wcast-qual -Wdisabled-optimization -Wendif-labels -Wfloat-equal -Wformat-nonliteral -Winline -Wmissing-declarations -Wmissing-prototypes -Wnested-externs -Wpointer-arith -Wundef -Wformat-security -fno-strict-aliasing -I/usr/local/include -D_LARGEFILE_SOURCE -D_FILE_OFFSET_BITS=64',
    optimize='-O2',
    cppflags='-D_REENTRANT -D_GNU_SOURCE -Os -W -Wformat=2 -Wswitch -Wshadow -Wwrite-strings -Wuninitialized -Wall -pipe -fomit-frame-pointer -pedantic -D_FORTIFY_SOURCE=2 -Wpointer-arith -Wstrict-prototypes -fstack-protector -Wstack-protector -Wextra -Wbad-function-cast -Wcast-align -Wcast-qual -Wdisabled-optimization -Wendif-labels -Wfloat-equal -Wformat-nonliteral -Winline -Wmissing-declarations -Wmissing-prototypes -Wnested-externs -Wpointer-arith -Wundef -Wformat-security -fno-strict-aliasing -I/usr/local/include'
    ccversion='', gccversion='4.6.3', gccosandvers=''
    intsize=4, longsize=4, ptrsize=4, doublesize=8, byteorder=1234
    d_longlong=define, longlongsize=8, d_longdbl=define, longdblsize=8
    ivtype='long', ivsize=4, nvtype='double', nvsize=8, Off_t='off_t', lseeksize=8
    alignbytes=8, prototype=define
  Linker and Libraries:
    ld='cc', ldflags =' -L/usr/local/lib'
    libpth=/usr/local/lib /lib/arm-linux-gnueabihf /lib /usr/lib/arm-linux-gnueabihf /usr/lib
    libs=-lnsl -lgdbm -ldb -ldl -lm -lcrypt -lutil -lpthread -lc -lgdbm_compat
    perllibs=-lnsl -ldl -lm -lcrypt -lutil -lpthread -lc -lgdbm_compat
    libc=, so=so, useshrplib=false, libperl=libperl.a
    gnulibc_version='2.13'
  Dynamic Linking:
    dlsrc=dl_dlopen.xs, dlext=so, d_dlsymun=undef, ccdlflags='-rdynamic'
    cccdlflags='-fpic', lddlflags='-shared -L/usr/local/lib'


Characteristics of this binary (from libperl): 
  Compile-time options: MULTIPLICITY USE_ITHREADS USE_LARGE_FILES PERL_IMPLICIT_CONTEXT
  Built under linux
  Compiled at Feb 21 2013 07:25:38
  %ENV:
    PERL5LIB="/home/njh/.cpan/build/Class-ErrorHandler-0.04-kC6pBk/blib/arch:/home/njh/.cpan/build/Class-ErrorHandler-0.04-kC6pBk/blib/lib:/home/njh/.cpan/build/MIME-Types-2.12-FX5djS/blib/arch:/home/njh/.cpan/build/MIME-Types-2.12-FX5djS/blib/lib:/home/njh/.cpan/build/Video-Delay-0.06-QvbQgI/blib/arch:/home/njh/.cpan/build/Video-Delay-0.06-QvbQgI/blib/lib:/home/njh/.cpan/build/Image-Random-0.06-5GXIG5/blib/arch:/home/njh/.cpan/build/Image-Random-0.06-5GXIG5/blib/lib:/home/njh/.cpan/build/File-Object-0.09-kh01oU/blib/arch:/home/njh/.cpan/build/File-Object-0.09-kh01oU/blib/lib:/home/njh/.cpan/build/Class-Utils-0.07-pcqdMY/blib/arch:/home/njh/.cpan/build/Class-Utils-0.07-pcqdMY/blib/lib:/home/njh/.cpan/build/Error-Pure-0.24-XEnpXL/blib/arch:/home/njh/.cpan/build/Error-Pure-0.24-XEnpXL/blib/lib:/home/njh/.cpan/build/Error-Pure-Output-Text-0.22-_vHklu/blib/arch:/home/njh/.cpan/build/Error-Pure-Output-Text-0.22-_vHklu/blib/lib"
    PERL5OPT=""
    PERL5_CPANPLUS_IS_RUNNING="10052"
    PERL5_CPAN_IS_RUNNING="10052"
    PERL5_MINISMOKEBOX="0.58"
    PERLBREW_BASHRC_VERSION="0.73"
    PERLBREW_LIB=""
    PERLBREW_MANPATH="/home/njh/perl5/perlbrew/perls/perl-5.8.1/man"
    PERLBREW_PATH="/home/njh/perl5/perlbrew/bin:/home/njh/perl5/perlbrew/perls/perl-5.8.1/bin"
    PERLBREW_PERL="perl-5.8.1"
    PERLBREW_ROOT="/home/njh/perl5/perlbrew"
    PERLBREW_VERSION="0.73"
    PERL_EXTUTILS_AUTOINSTALL="--defaultdeps"
    PERL_LOCAL_LIB_ROOT=""
    PERL_MM_USE_DEFAULT="1"
  @INC:
    /home/njh/.cpan/build/Class-ErrorHandler-0.04-kC6pBk/blib/arch
    /home/njh/.cpan/build/Class-ErrorHandler-0.04-kC6pBk/blib/lib
    /home/njh/.cpan/build/MIME-Types-2.12-FX5djS/blib/arch
    /home/njh/.cpan/build/MIME-Types-2.12-FX5djS/blib/lib
    /home/njh/.cpan/build/Video-Delay-0.06-QvbQgI/blib/arch
    /home/njh/.cpan/build/Video-Delay-0.06-QvbQgI/blib/lib
    /home/njh/.cpan/build/Image-Random-0.06-5GXIG5/blib/arch
    /home/njh/.cpan/build/Image-Random-0.06-5GXIG5/blib/lib
    /home/njh/.cpan/build/File-Object-0.09-kh01oU/blib/arch
    /home/njh/.cpan/build/File-Object-0.09-kh01oU/blib/lib
    /home/njh/.cpan/build/Class-Utils-0.07-pcqdMY/blib/arch
    /home/njh/.cpan/build/Class-Utils-0.07-pcqdMY/blib/lib
    /home/njh/.cpan/build/Error-Pure-0.24-XEnpXL/blib/arch
    /home/njh/.cpan/build/Error-Pure-0.24-XEnpXL/blib/lib
    /home/njh/.cpan/build/Error-Pure-Output-Text-0.22-_vHklu/blib/arch
    /home/njh/.cpan/build/Error-Pure-Output-Text-0.22-_vHklu/blib/lib
    /home/njh/perl5/perlbrew/perls/perl-5.8.1/lib/5.8.1/armv6l-linux-thread-multi
    /home/njh/perl5/perlbrew/perls/perl-5.8.1/lib/5.8.1
    /home/njh/perl5/perlbrew/perls/perl-5.8.1/lib/site_perl/5.8.1/armv6l-linux-thread-multi
    /home/njh/perl5/perlbrew/perls/perl-5.8.1/lib/site_perl/5.8.1
    /home/njh/perl5/perlbrew/perls/perl-5.8.1/lib/site_perl
    .