Report for Compress-PPMd-0.11

Back
From: metabase:user:1eed3a18-483e-11e2-a87b-a3931c712682
Subject: FAIL Compress-PPMd-0.11 v5.26.0 Mac OS X
Date: 2017-06-06T19:37:09Z

This distribution has been tested as part of the CPAN Testers
project, supporting the Perl programming language.  See
http://wiki.cpantesters.org/ for more information or email
questions to cpan-testers-discuss@perl.org


--
Dear Salvador Fandino Garcia,

This is a computer-generated report for Compress-PPMd-0.11
on perl 5.26.0, created by CPAN-Reporter-1.2018.

Thank you for uploading your work to CPAN.  However, there was a problem
testing your distribution.

If you think this report is invalid, please consult the CPAN Testers Wiki
for suggestions on how to avoid getting FAIL reports for missing library
or binary dependencies, unsupported operating systems, and so on:

http://wiki.cpantesters.org/wiki/CPANAuthorNotes

Sections of this report:

    * Tester comments
    * Program output
    * Prerequisites
    * Environment and other context

------------------------------
TESTER COMMENTS
------------------------------

Additional comments from tester:

none provided

------------------------------
PROGRAM OUTPUT
------------------------------

Output from '/usr/bin/make test':

"/Users/spoussep/perl5/perlbrew/perls/perl-5.26.0/bin/perl" -MExtUtils::Command::MM -e 'cp_nonempty' -- PPMd.bs blib/arch/auto/Compress/PPMd/PPMd.bs 644
PERL_DL_NONLAZY=1 "/Users/spoussep/perl5/perlbrew/perls/perl-5.26.0/bin/perl" "-MExtUtils::Command::MM" "-MTest::Harness" "-e" "undef *Test::Harness::Switches; test_harness(0, 'blib/lib', 'blib/arch')" t/*.t
t/0_use.t ...... ok
t/1_quijote.t .. 
Failed 30/31 subtests 
t/2_die.t ...... 
Failed 1/4 subtests 
t/3_rubbish.t .. ok

#   Failed test 'POD test for blib/lib/Compress/PPMd.pm'
#   at /Users/spoussep/perl5/perlbrew/perls/perl-5.26.0/lib/site_perl/5.26.0/Test/Pod.pm line 187.
# blib/lib/Compress/PPMd.pm (228): Non-ASCII character seen before =encoding in 'FandiƱo'. Assuming CP1252
# Looks like you failed 1 test of 1.
t/4_pods.t ..... 
Dubious, test returned 1 (wstat 256, 0x100)
Failed 1/1 subtests 

Test Summary Report
-------------------
t/1_quijote.t (Wstat: 11 Tests: 1 Failed: 0)
  Non-zero wait status: 11
  Parse errors: Bad plan.  You planned 31 tests but ran 1.
t/2_die.t    (Wstat: 11 Tests: 3 Failed: 0)
  Non-zero wait status: 11
  Parse errors: Bad plan.  You planned 4 tests but ran 3.
t/4_pods.t   (Wstat: 256 Tests: 1 Failed: 1)
  Failed test:  1
  Non-zero exit status: 1
Files=5, Tests=34,  2 wallclock secs ( 0.03 usr  0.04 sys +  0.68 cusr  0.28 csys =  1.03 CPU)
Result: FAIL
Failed 3/5 test programs. 1/34 subtests failed.
make: *** [test_dynamic] Error 1

------------------------------
PREREQUISITES
------------------------------

Prerequisite modules loaded:

requires:

    Module              Need Have    
    ------------------- ---- --------
    ExtUtils::MakeMaker 6.05 7.24    
    Test::More          0    1.302073

build_requires:

    Module              Need Have    
    ------------------- ---- --------
    ExtUtils::MakeMaker 0    7.24    


------------------------------
ENVIRONMENT AND OTHER CONTEXT
------------------------------

Environment variables:

    LANG = en_US.UTF-8
    LC_ALL = en_US.UTF-8
    LC_CTYPE = UTF-8
    NONINTERACTIVE_TESTING = 1
    PATH = /Users/spoussep/perl5/perlbrew/bin:/Users/spoussep/perl5/perlbrew/perls/perl-5.26.0/bin:/usr/local/bin:/usr/bin:/bin:/usr/sbin:/sbin:/opt/X11/bin:/Users/spoussep/.vim/bin:/Users/spoussep/bin:/Users/spoussep/node_modules/.bin
    PERL5LIB = 
    PERL5OPT = 
    PERL5_CPANPLUS_IS_RUNNING = 44668
    PERL5_CPAN_IS_RUNNING = 44668
    PERLBREW_BASHRC_VERSION = 0.78
    PERLBREW_HOME = /Users/spoussep/.perlbrew
    PERLBREW_MANPATH = /Users/spoussep/perl5/perlbrew/perls/perl-5.26.0/man
    PERLBREW_PATH = /Users/spoussep/perl5/perlbrew/bin:/Users/spoussep/perl5/perlbrew/perls/perl-5.26.0/bin
    PERLBREW_PERL = perl-5.26.0
    PERLBREW_ROOT = /Users/spoussep/perl5/perlbrew
    PERLBREW_VERSION = 0.78
    PERL_MM_USE_DEFAULT = 1
    PERL_USE_UNSAFE_INC = 1
    SHELL = /usr/local/bin/zsh
    TERM = screen
    TMPDIR = /var/folders/56/qg9656q92m12dr1xqr6s2ftcmtxx4r/T/

Perl special variables (and OS-specific diagnostics, for MSWin32):

    $^X = /Users/spoussep/perl5/perlbrew/perls/perl-5.26.0/bin/perl
    $UID/$EUID = 699331736 / 699331736
    $GID = 697783653 697783653
    $EGID = 697783653 697783653

Perl module toolchain versions installed:

    Module              Have      
    ------------------- ----------
    CPAN                2.16      
    CPAN::Meta          2.150010  
    Cwd                 3.62      
    ExtUtils::CBuilder  0.280225  
    ExtUtils::Command   7.24      
    ExtUtils::Install   2.04      
    ExtUtils::MakeMaker 7.24      
    ExtUtils::Manifest  1.70      
    ExtUtils::ParseXS   3.34      
    File::Spec          3.62      
    JSON                2.94      
    JSON::PP            2.27400_02
    Module::Build       0.4224    
    Module::Signature   n/a       
    Parse::CPAN::Meta   2.150010  
    Test::Harness       3.38      
    Test::More          1.302073  
    YAML                1.23      
    YAML::Syck          1.30      
    version             0.9917    


--

Summary of my perl5 (revision 5 version 26 subversion 0) configuration:
   
  Platform:
    osname=darwin
    osvers=15.6.0
    archname=darwin-2level
    uname='darwin ml906062 15.6.0 darwin kernel version 15.6.0: tue apr 11 16:00:51 pdt 2017; root:xnu-3248.60.11.5.3~1release_x86_64 x86_64 '
    config_args='-de -Dprefix=/Users/spoussep/perl5/perlbrew/perls/perl-5.26.0 -Aeval:scriptdir=/Users/spoussep/perl5/perlbrew/perls/perl-5.26.0/bin'
    hint=recommended
    useposix=true
    d_sigaction=define
    useithreads=undef
    usemultiplicity=undef
    use64bitint=define
    use64bitall=define
    uselongdouble=undef
    usemymalloc=n
    default_inc_excludes_dot=define
    bincompat5005=undef
  Compiler:
    cc='cc'
    ccflags ='-fno-common -DPERL_DARWIN -fno-strict-aliasing -pipe -fstack-protector-strong -I/usr/local/include -I/opt/local/include'
    optimize='-O3'
    cppflags='-fno-common -DPERL_DARWIN -fno-strict-aliasing -pipe -fstack-protector-strong -I/usr/local/include -I/opt/local/include'
    ccversion=''
    gccversion='4.2.1 Compatible Apple LLVM 8.0.0 (clang-800.0.42.1)'
    gccosandvers=''
    intsize=4
    longsize=8
    ptrsize=8
    doublesize=8
    byteorder=12345678
    doublekind=3
    d_longlong=define
    longlongsize=8
    d_longdbl=define
    longdblsize=16
    longdblkind=3
    ivtype='long'
    ivsize=8
    nvtype='double'
    nvsize=8
    Off_t='off_t'
    lseeksize=8
    alignbytes=8
    prototype=define
  Linker and Libraries:
    ld='env MACOSX_DEPLOYMENT_TARGET=10.3 cc'
    ldflags =' -fstack-protector-strong -L/usr/local/lib -L/opt/local/lib'
    libpth=/usr/local/lib /Library/Developer/CommandLineTools/usr/bin/../lib/clang/8.0.0/lib /Library/Developer/CommandLineTools/usr/lib /usr/lib /opt/local/lib
    libs=-lpthread -lgdbm -ldbm -ldl -lm -lutil -lc
    perllibs=-lpthread -ldl -lm -lutil -lc
    libc=
    so=dylib
    useshrplib=false
    libperl=libperl.a
    gnulibc_version=''
  Dynamic Linking:
    dlsrc=dl_dlopen.xs
    dlext=bundle
    d_dlsymun=undef
    ccdlflags=' '
    cccdlflags=' '
    lddlflags=' -bundle -undefined dynamic_lookup -L/usr/local/lib -L/opt/local/lib -fstack-protector-strong'


Characteristics of this binary (from libperl): 
  Compile-time options:
    HAS_TIMES
    PERLIO_LAYERS
    PERL_COPY_ON_WRITE
    PERL_DONT_CREATE_GVSV
    PERL_MALLOC_WRAP
    PERL_OP_PARENT
    PERL_PRESERVE_IVUV
    USE_64_BIT_ALL
    USE_64_BIT_INT
    USE_LARGE_FILES
    USE_LOCALE
    USE_LOCALE_COLLATE
    USE_LOCALE_CTYPE
    USE_LOCALE_NUMERIC
    USE_LOCALE_TIME
    USE_PERLIO
    USE_PERL_ATOF
  Locally applied patches:
    Devel::PatchPerl 1.38
  Built under darwin
  Compiled at Jun  6 2017 17:53:22
  %ENV:
    PERL5LIB=""
    PERL5OPT=""
    PERL5_CPANPLUS_IS_RUNNING="44668"
    PERL5_CPAN_IS_RUNNING="44668"
    PERLBREW_BASHRC_VERSION="0.78"
    PERLBREW_HOME="/Users/spoussep/.perlbrew"
    PERLBREW_MANPATH="/Users/spoussep/perl5/perlbrew/perls/perl-5.26.0/man"
    PERLBREW_PATH="/Users/spoussep/perl5/perlbrew/bin:/Users/spoussep/perl5/perlbrew/perls/perl-5.26.0/bin"
    PERLBREW_PERL="perl-5.26.0"
    PERLBREW_ROOT="/Users/spoussep/perl5/perlbrew"
    PERLBREW_VERSION="0.78"
    PERL_MM_USE_DEFAULT="1"
    PERL_USE_UNSAFE_INC="1"
  @INC:
    /Users/spoussep/perl5/perlbrew/perls/perl-5.26.0/lib/site_perl/5.26.0/darwin-2level
    /Users/spoussep/perl5/perlbrew/perls/perl-5.26.0/lib/site_perl/5.26.0
    /Users/spoussep/perl5/perlbrew/perls/perl-5.26.0/lib/5.26.0/darwin-2level
    /Users/spoussep/perl5/perlbrew/perls/perl-5.26.0/lib/5.26.0
    .