App-perlmv v0.600 Perl 5 v5.24.4 x86_64-linux

Status
Fail
From
Slaven Rezić (SREZIC)
Dist
App-perlmv v0.600
Platform
Perl 5 v5.24.4 x86_64-linux
Date
2020-08-02 16:23:42
ID
87f2cebe-d4dc-11ea-909d-16601f24ea8f
This distribution has been tested as part of the CPAN Testers
project, supporting the Perl programming language.  See
http://wiki.cpantesters.org/ for more information or email
questions to cpan-testers-discuss@perl.org


--
Dear perlancar,

This is a computer-generated report for App-perlmv-0.600
on perl 5.24.4, created by CPAN-Reporter-1.2018.

Thank you for uploading your work to CPAN.  However, there was a problem
testing your distribution.

If you think this report is invalid, please consult the CPAN Testers Wiki
for suggestions on how to avoid getting FAIL reports for missing library
or binary dependencies, unsupported operating systems, and so on:

http://wiki.cpantesters.org/wiki/CPANAuthorNotes

Sections of this report:

    * Tester comments
    * Program output
    * Prerequisites
    * Environment and other context

------------------------------
TESTER COMMENTS
------------------------------

Additional comments from tester:

none provided

------------------------------
PROGRAM OUTPUT
------------------------------

Output from '/usr/bin/make test':

PERL_DL_NONLAZY=1 "/opt/perl-5.24.4/bin/perl" "-MExtUtils::Command::MM" "-MTest::Harness" "-e" "undef *Test::Harness::Switches; test_harness(0, 'blib/lib', 'blib/arch')" t/*.t
t/00-compile.t ........................... ok
t/author-critic.t ........................ skipped: these tests are for testing by the author
t/author-pod-coverage.t .................. skipped: these tests are for testing by the author
t/author-pod-syntax.t .................... skipped: these tests are for testing by the author
Can't locate App/perlmv.pm in @INC (you may need to install the App::perlmv module) (@INC contains: /opt/perl-5.24.4/lib/site_perl/5.24.4/x86_64-linux /opt/perl-5.24.4/lib/site_perl/5.24.4 /opt/perl-5.24.4/lib/5.24.4/x86_64-linux /opt/perl-5.24.4/lib/5.24.4 .) at /home/cpansand/.cpan/build/2020080216/App-perlmv-0.600-1/t/../script/perlcp line 8.
BEGIN failed--compilation aborted at /home/cpansand/.cpan/build/2020080216/App-perlmv-0.600-1/t/../script/perlcp line 8.
Can't system(/opt/perl-5.24.4/bin/perl /home/cpansand/.cpan/build/2020080216/App-perlmv-0.600-1/t/../script/perlcp -e $_++ 1 2 3): 512 at /home/cpansand/.cpan/build/2020080216/App-perlmv-0.600-1/t/testlib.pl line 117.
cannot remove path when cwd is /tmp/lCTDnJID96/rand33422632 for /tmp/lCTDnJID96:  at /opt/perl-5.24.4/lib/site_perl/5.24.4/File/Temp.pm line 916.
# Looks like your test exited with 25 just after 1.
t/cp.t ................................... 
Dubious, test returned 25 (wstat 6400, 0x1900)
Failed 1/2 subtests 
Can't locate App/perlmv.pm in @INC (you may need to install the App::perlmv module) (@INC contains: /opt/perl-5.24.4/lib/site_perl/5.24.4/x86_64-linux /opt/perl-5.24.4/lib/site_perl/5.24.4 /opt/perl-5.24.4/lib/5.24.4/x86_64-linux /opt/perl-5.24.4/lib/5.24.4 .) at /home/cpansand/.cpan/build/2020080216/App-perlmv-0.600-1/t/../script/perlln line 8.
BEGIN failed--compilation aborted at /home/cpansand/.cpan/build/2020080216/App-perlmv-0.600-1/t/../script/perlln line 8.
Can't system(/opt/perl-5.24.4/bin/perl /home/cpansand/.cpan/build/2020080216/App-perlmv-0.600-1/t/../script/perlln -e $_++ 1 2 3): 512 at /home/cpansand/.cpan/build/2020080216/App-perlmv-0.600-1/t/testlib.pl line 117.
cannot remove path when cwd is /tmp/qWaFm1L25b/rand50469935 for /tmp/qWaFm1L25b:  at /opt/perl-5.24.4/lib/site_perl/5.24.4/File/Temp.pm line 916.
# Looks like your test exited with 25 just after 1.
t/ln.t ................................... 
Dubious, test returned 25 (wstat 6400, 0x1900)
Failed 1/2 subtests 
Can't locate App/perlmv.pm in @INC (you may need to install the App::perlmv module) (@INC contains: /opt/perl-5.24.4/lib/site_perl/5.24.4/x86_64-linux /opt/perl-5.24.4/lib/site_perl/5.24.4 /opt/perl-5.24.4/lib/5.24.4/x86_64-linux /opt/perl-5.24.4/lib/5.24.4 .) at /home/cpansand/.cpan/build/2020080216/App-perlmv-0.600-1/t/../script/perlln_s line 8.
BEGIN failed--compilation aborted at /home/cpansand/.cpan/build/2020080216/App-perlmv-0.600-1/t/../script/perlln_s line 8.
Can't system(/opt/perl-5.24.4/bin/perl /home/cpansand/.cpan/build/2020080216/App-perlmv-0.600-1/t/../script/perlln_s -e $_++ 1 2 3): 512 at /home/cpansand/.cpan/build/2020080216/App-perlmv-0.600-1/t/testlib.pl line 117.
cannot remove path when cwd is /tmp/r9cFXkmu7p/rand70917543 for /tmp/r9cFXkmu7p:  at /opt/perl-5.24.4/lib/site_perl/5.24.4/File/Temp.pm line 916.
# Looks like your test exited with 25 just after 4.
t/ln_s.t ................................. 
Dubious, test returned 25 (wstat 6400, 0x1900)
Failed 4/8 subtests 
t/mv.t ................................... ok
t/recursive.t ............................ skipped: TODO
t/release-rinci.t ........................ skipped: these tests are for release candidate testing
Can't locate App/perlmv.pm in @INC (you may need to install the App::perlmv module) (@INC contains: /opt/perl-5.24.4/lib/site_perl/5.24.4/x86_64-linux /opt/perl-5.24.4/lib/site_perl/5.24.4 /opt/perl-5.24.4/lib/5.24.4/x86_64-linux /opt/perl-5.24.4/lib/5.24.4 .) at /home/cpansand/.cpan/build/2020080216/App-perlmv-0.600-1/t/../script/perlrename line 8.
BEGIN failed--compilation aborted at /home/cpansand/.cpan/build/2020080216/App-perlmv-0.600-1/t/../script/perlrename line 8.
Can't system(/opt/perl-5.24.4/bin/perl /home/cpansand/.cpan/build/2020080216/App-perlmv-0.600-1/t/../script/perlrename -e $_*4 1 2 3): 512 at /home/cpansand/.cpan/build/2020080216/App-perlmv-0.600-1/t/testlib.pl line 117.
cannot remove path when cwd is /tmp/Q82nUn0ael/rand27299755 for /tmp/Q82nUn0ael:  at /opt/perl-5.24.4/lib/site_perl/5.24.4/File/Temp.pm line 916.
# Looks like your test exited with 25 just after 1.
t/rename.t ............................... 
Dubious, test returned 25 (wstat 6400, 0x1900)
Failed 26/27 subtests 
Can't locate App/perlmv.pm in @INC (you may need to install the App::perlmv module) (@INC contains: /opt/perl-5.24.4/lib/site_perl/5.24.4/x86_64-linux /opt/perl-5.24.4/lib/site_perl/5.24.4 /opt/perl-5.24.4/lib/5.24.4/x86_64-linux /opt/perl-5.24.4/lib/5.24.4 .) at /home/cpansand/.cpan/build/2020080216/App-perlmv-0.600-1/t/../script/perlrename line 8.
BEGIN failed--compilation aborted at /home/cpansand/.cpan/build/2020080216/App-perlmv-0.600-1/t/../script/perlrename line 8.
Can't system(/opt/perl-5.24.4/bin/perl /home/cpansand/.cpan/build/2020080216/App-perlmv-0.600-1/t/../script/perlrename -v to-number-ext a.txt b): 512 at /home/cpansand/.cpan/build/2020080216/App-perlmv-0.600-1/t/testlib.pl line 117.
cannot remove path when cwd is /tmp/VC0ccR9Zj6/rand10254440 for /tmp/VC0ccR9Zj6:  at /opt/perl-5.24.4/lib/site_perl/5.24.4/File/Temp.pm line 916.
# Looks like your test exited with 25 just after 1.
t/scriptlets.t ........................... 
Dubious, test returned 25 (wstat 6400, 0x1900)
Failed 5/6 subtests 
t/std_scriptlets-dedup-space.t ........... ok
t/std_scriptlets-keep-one-ext.t .......... ok
t/std_scriptlets-pinyin.t ................ ok
t/std_scriptlets-remove-all-ext.t ........ ok
t/std_scriptlets-remove-common-prefix.t .. ok
t/std_scriptlets-remove-common-suffix.t .. ok
t/std_scriptlets-remove-ext.t ............ ok
t/std_scriptlets-to-number-ext.t ......... ok
t/std_scriptlets-to-number.t ............. ok
t/std_scriptlets-to-timestamp-ext.t ...... ok
t/std_scriptlets-to-timestamp.t .......... ok
t/std_scriptlets-trim.t .................. ok
t/std_scriptlets-unaccent.t .............. ok

Test Summary Report
-------------------
t/cp.t                                 (Wstat: 6400 Tests: 1 Failed: 0)
  Non-zero exit status: 25
  Parse errors: Bad plan.  You planned 2 tests but ran 1.
t/ln.t                                 (Wstat: 6400 Tests: 1 Failed: 0)
  Non-zero exit status: 25
  Parse errors: Bad plan.  You planned 2 tests but ran 1.
t/ln_s.t                               (Wstat: 6400 Tests: 4 Failed: 0)
  Non-zero exit status: 25
  Parse errors: Bad plan.  You planned 8 tests but ran 4.
t/rename.t                             (Wstat: 6400 Tests: 1 Failed: 0)
  Non-zero exit status: 25
  Parse errors: Bad plan.  You planned 27 tests but ran 1.
t/scriptlets.t                         (Wstat: 6400 Tests: 1 Failed: 0)
  Non-zero exit status: 25
  Parse errors: Bad plan.  You planned 6 tests but ran 1.
Files=25, Tests=49,  2 wallclock secs ( 0.07 usr  0.13 sys +  1.61 cusr  0.68 csys =  2.49 CPU)
Result: FAIL
Failed 5/25 test programs. 0/49 subtests failed.
Makefile:970: recipe for target 'test_dynamic' failed
make: *** [test_dynamic] Error 255

------------------------------
PREREQUISITES
------------------------------

Prerequisite modules loaded:

requires:

    Module                 Need     Have    
    ---------------------- -------- --------
    Complete::File         0.440    0.440   
    Complete::Util         0.608    0.611   
    Cwd                    0        3.75    
    Exporter               5.57     5.74    
    File::Copy             0        2.31    
    File::Find             0        1.34    
    File::MoreUtil         0.624    0.624   
    File::Path             2.07     2.16    
    File::Slurper          0        0.012   
    File::Spec             0        3.75    
    Getopt::Long::Complete 0        0.314   
    Module::List::Tiny     0        0.004002
    perl                   5.010001 5.024004
    strict                 0        1.11    
    vars                   0        1.03    
    warnings               0        1.36    

build_requires:

    Module                 Need     Have    
    ---------------------- -------- --------
    ExtUtils::MakeMaker    0        7.46    
    File::Spec             0        3.75    
    File::Temp             0.2307   0.2309  
    FindBin                0        1.51    
    IO::Handle             0        1.42    
    IPC::Open3             0        1.20    
    Test::Exception        0        0.43    
    Test::More             0.98     1.302175
    Test::Needs            0        0.002006

configure_requires:

    Module                 Need     Have    
    ---------------------- -------- --------
    ExtUtils::MakeMaker    0        7.46    


------------------------------
ENVIRONMENT AND OTHER CONTEXT
------------------------------

Environment variables:

    LANG = en_US.UTF-8
    PATH = /usr/local/bin:/usr/bin:/bin:/usr/local/sbin:/usr/sbin:/sbin:/home/cpansand/bin/linux-gnu:/home/cpansand/bin/sh:/home/cpansand/bin:/usr/games:/home/cpansand/devel:/home/eserte/src/srezic-misc/scripts
    PERL5LIB = 
    PERL5OPT = 
    PERL5_CPANPLUS_IS_RUNNING = 3982
    PERL5_CPAN_IS_RUNNING = 3982
    PERL5_CPAN_IS_RUNNING_IN_RECURSION = 372,3982
    PERLDOC = -MPod::Perldoc::ToTextOverstrike
    PERL_BATCH = yes
    PERL_CANARY_STABILITY_NOPROMPT = 1
    PERL_CPAN_REPORTER_CONFIG = /var/tmp/cpansmoker-1023/2020080216/cpanreporter_000_config.ini
    PERL_EXTUTILS_AUTOINSTALL = --defaultdeps
    PERL_USE_UNSAFE_INC = 1
    SHELL = /usr/bin/zsh
    TERM = screen
    TMPDIR = /var/tmp/cpansmoker-1023/2020080216

Perl special variables (and OS-specific diagnostics, for MSWin32):

    $^X = /opt/perl-5.24.4/bin/perl
    $UID/$EUID = 1023 / 1023
    $GID = 1023 1023
    $EGID = 1023 1023

Perl module toolchain versions installed:

    Module              Have    
    ------------------- --------
    CPAN                2.28    
    CPAN::Meta          2.150010
    Cwd                 3.75    
    ExtUtils::CBuilder  0.280231
    ExtUtils::Command   7.46    
    ExtUtils::Install   2.06    
    ExtUtils::MakeMaker 7.46    
    ExtUtils::Manifest  1.70    
    ExtUtils::ParseXS   3.35    
    File::Spec          3.75    
    JSON                4.02    
    JSON::PP            4.05    
    Module::Build       0.4231  
    Module::Signature   0.83    
    Parse::CPAN::Meta   2.150010
    Test::Harness       3.42    
    Test::More          1.302175
    YAML                1.29    
    YAML::Syck          1.31    
    version             0.9916  


--

Summary of my perl5 (revision 5 version 24 subversion 4) configuration:
   
  Platform:
    osname=linux, osvers=4.4.0-157-generic, archname=x86_64-linux
    uname='linux ubuntu16 4.4.0-157-generic #185-ubuntu smp tue jul 23 09:17:01 utc 2019 x86_64 x86_64 x86_64 gnulinux '
    config_args='-ds -e -Dprefix=/opt/perl-5.24.4 -Dcf_email=srezic@cpan.org'
    hint=recommended, useposix=true, d_sigaction=define
    useithreads=undef, usemultiplicity=undef
    use64bitint=define, use64bitall=define, uselongdouble=undef
    usemymalloc=n, bincompat5005=undef
  Compiler:
    cc='cc', ccflags ='-fwrapv -fno-strict-aliasing -pipe -fstack-protector-strong -I/usr/local/include -D_LARGEFILE_SOURCE -D_FILE_OFFSET_BITS=64',
    optimize='-O2',
    cppflags='-fwrapv -fno-strict-aliasing -pipe -fstack-protector-strong -I/usr/local/include'
    ccversion='', gccversion='5.4.0 20160609', gccosandvers=''
    intsize=4, longsize=8, ptrsize=8, doublesize=8, byteorder=12345678, doublekind=3
    d_longlong=define, longlongsize=8, d_longdbl=define, longdblsize=16, longdblkind=3
    ivtype='long', ivsize=8, nvtype='double', nvsize=8, Off_t='off_t', lseeksize=8
    alignbytes=8, prototype=define
  Linker and Libraries:
    ld='cc', ldflags =' -fstack-protector-strong -L/usr/local/lib'
    libpth=/usr/local/lib /usr/lib/gcc/x86_64-linux-gnu/5/include-fixed /usr/include/x86_64-linux-gnu /usr/lib /lib/x86_64-linux-gnu /lib/../lib /usr/lib/x86_64-linux-gnu /usr/lib/../lib /lib
    libs=-lpthread -lnsl -ldb -ldl -lm -lcrypt -lutil -lc
    perllibs=-lpthread -lnsl -ldl -lm -lcrypt -lutil -lc
    libc=libc-2.23.so, so=so, useshrplib=false, libperl=libperl.a
    gnulibc_version='2.23'
  Dynamic Linking:
    dlsrc=dl_dlopen.xs, dlext=so, d_dlsymun=undef, ccdlflags='-Wl,-E'
    cccdlflags='-fPIC', lddlflags='-shared -O2 -L/usr/local/lib -fstack-protector-strong'


Characteristics of this binary (from libperl): 
  Compile-time options: HAS_TIMES PERLIO_LAYERS PERL_COPY_ON_WRITE
                        PERL_DONT_CREATE_GVSV
                        PERL_HASH_FUNC_ONE_AT_A_TIME_HARD PERL_MALLOC_WRAP
                        PERL_PRESERVE_IVUV USE_64_BIT_ALL USE_64_BIT_INT
                        USE_LARGE_FILES USE_LOCALE USE_LOCALE_COLLATE
                        USE_LOCALE_CTYPE USE_LOCALE_NUMERIC USE_LOCALE_TIME
                        USE_PERLIO USE_PERL_ATOF
  Built under linux
  Compiled at Aug  6 2019 17:24:30
  %ENV:
    PERL5LIB=""
    PERL5OPT=""
    PERL5_CPANPLUS_IS_RUNNING="3982"
    PERL5_CPAN_IS_RUNNING="3982"
    PERL5_CPAN_IS_RUNNING_IN_RECURSION="372,3982"
    PERLDOC="-MPod::Perldoc::ToTextOverstrike"
    PERL_BATCH="yes"
    PERL_CANARY_STABILITY_NOPROMPT="1"
    PERL_CPAN_REPORTER_CONFIG="/var/tmp/cpansmoker-1023/2020080216/cpanreporter_000_config.ini"
    PERL_EXTUTILS_AUTOINSTALL="--defaultdeps"
    PERL_USE_UNSAFE_INC="1"
  @INC:
    /opt/perl-5.24.4/lib/site_perl/5.24.4/x86_64-linux
    /opt/perl-5.24.4/lib/site_perl/5.24.4
    /opt/perl-5.24.4/lib/5.24.4/x86_64-linux
    /opt/perl-5.24.4/lib/5.24.4
    .