Report for DBD-Redbase-0.22

Back
From: metabase:user:30977d10-2aae-11df-837a-5e0a49663a4f
Subject: FAIL DBD-Redbase-0.22 v5.12.4 GNU/Linux
Date: 2011-07-06T06:02:29Z

This distribution has been tested as part of the CPAN Testers
project, supporting the Perl programming language.  See
http://wiki.cpantesters.org/ for more information or email
questions to cpan-testers-discuss@perl.org


--
Dear Ilya Verlinsky,

This is a computer-generated report for DBD-Redbase-0.22
on perl 5.12.4, created by CPAN-Reporter-1.1902.

Thank you for uploading your work to CPAN.  However, there was a problem
testing your distribution.

If you think this report is invalid, please consult the CPAN Testers Wiki
for suggestions on how to avoid getting FAIL reports for missing library
or binary dependencies, unsupported operating systems, and so on:

http://wiki.cpantesters.org/wiki/CPANAuthorNotes

Sections of this report:

    * Tester comments
    * Program output
    * Prerequisites
    * Environment and other context

------------------------------
TESTER COMMENTS
------------------------------

Additional comments from tester:

this report is from an automated smoke testing program
and was not reviewed by a human for accuracy

------------------------------
PROGRAM OUTPUT
------------------------------

Output from '/usr/bin/make test':

PERL_DL_NONLAZY=1 /home/trushel/perl/perl5124th/bin/perl "-MExtUtils::Command::MM" "-e" "test_harness(0, 'blib/lib', 'blib/arch')" t/*.t
t/00base.t ......... ok
t/10dsnlist.t ...... 
Dubious, test returned 10 (wstat 2560, 0xa00)
Failed 3/3 subtests 
t/20createdrop.t ... 
Dubious, test returned 10 (wstat 2560, 0xa00)
Failed 5/5 subtests 
t/30insertfetch.t .. 
Dubious, test returned 10 (wstat 2560, 0xa00)
Failed 17/17 subtests 
t/40bindparam.t .... 
Dubious, test returned 10 (wstat 2560, 0xa00)
Failed 28/28 subtests 
t/40listfields.t ... 
Dubious, test returned 10 (wstat 2560, 0xa00)
Failed 13/13 subtests 
t/40nulls.t ........ 
Dubious, test returned 10 (wstat 2560, 0xa00)
Failed 11/11 subtests 
t/40numrows.t ...... 
Dubious, test returned 10 (wstat 2560, 0xa00)
Failed 25/25 subtests 
t/50chopblanks.t ... 
Dubious, test returned 10 (wstat 2560, 0xa00)
Failed 35/35 subtests 
t/50commit.t ....... 
Dubious, test returned 255 (wstat 65280, 0xff00)
Failed 30/30 subtests 

Test Summary Report
-------------------
t/10dsnlist.t    (Wstat: 2560 Tests: 1 Failed: 1)
  Failed test:  1
  Non-zero exit status: 10
  Parse errors: Bad plan.  You planned 3 tests but ran 1.
t/20createdrop.t (Wstat: 2560 Tests: 1 Failed: 1)
  Failed test:  1
  Non-zero exit status: 10
  Parse errors: Bad plan.  You planned 5 tests but ran 1.
t/30insertfetch.t (Wstat: 2560 Tests: 1 Failed: 1)
  Failed test:  1
  Non-zero exit status: 10
  Parse errors: Bad plan.  You planned 17 tests but ran 1.
t/40bindparam.t  (Wstat: 2560 Tests: 1 Failed: 1)
  Failed test:  1
  Non-zero exit status: 10
  Parse errors: Bad plan.  You planned 28 tests but ran 1.
t/40listfields.t (Wstat: 2560 Tests: 1 Failed: 1)
  Failed test:  1
  Non-zero exit status: 10
  Parse errors: Bad plan.  You planned 13 tests but ran 1.
t/40nulls.t      (Wstat: 2560 Tests: 1 Failed: 1)
  Failed test:  1
  Non-zero exit status: 10
  Parse errors: Bad plan.  You planned 11 tests but ran 1.
t/40numrows.t    (Wstat: 2560 Tests: 1 Failed: 1)
  Failed test:  1
  Non-zero exit status: 10
  Parse errors: Bad plan.  You planned 25 tests but ran 1.
t/50chopblanks.t (Wstat: 2560 Tests: 1 Failed: 1)
  Failed test:  1
  Non-zero exit status: 10
  Parse errors: Bad plan.  You planned 35 tests but ran 1.
t/50commit.t     (Wstat: 65280 Tests: 1 Failed: 1)
  Failed test:  1
  Non-zero exit status: 255
  Parse errors: Bad plan.  You planned 30 tests but ran 1.
Files=10, Tests=14,  4 wallclock secs ( 0.04 usr  0.03 sys +  0.97 cusr  0.23 csys =  1.27 CPU)
Result: FAIL
Failed 9/10 test programs. 9/14 subtests failed.
make: *** [test_dynamic] Error 255

------------------------------
PREREQUISITES
------------------------------

Prerequisite modules loaded:

requires:

    Module                Need Have   
    --------------------- ---- -------
    Bit::Vector           6.1  7.1    
    Bit::Vector::Overload 6.1  7.1    
    Unicode::String       2.06 2.09   

build_requires:

    Module                Need Have   
    --------------------- ---- -------
    ExtUtils::MakeMaker   0    6.57_11


------------------------------
ENVIRONMENT AND OTHER CONTEXT
------------------------------

Environment variables:

    AUTOMATED_TESTING = 1
    LANG = en_US.UTF-8
    LANGUAGE = en
    LC_COLLATE = C
    LC_MONETARY = C
    LC_NUMERIC = C
    LC_TIME = C
    PATH = /usr/local/sbin:/usr/local/bin:/usr/sbin:/usr/bin:/sbin:/bin
    PERL5LIB = 
    PERL5OPT = 
    PERL5_CPANPLUS_IS_RUNNING = 14487
    PERL5_CPAN_IS_RUNNING = 14487
    PERL5_CPAN_IS_RUNNING_IN_RECURSION = 2436,14487
    PERL_CR_SMOKER_CURRENT = DBD-Redbase-0.22
    PERL_EXTUTILS_AUTOINSTALL = --defaultdeps
    PERL_MM_USE_DEFAULT = 1
    SHELL = /bin/bash
    TERM = xterm

Perl special variables (and OS-specific diagnostics, for MSWin32):

    $^X = /home/trushel/perl/perl5124th/bin/perl
    $UID/$EUID = 138375 / 138375
    $GID = 5762 4 20 21 24 25 26 30 44 46 104 105 119 122 431 5762
    $EGID = 5762 4 20 21 24 25 26 30 44 46 104 105 119 122 431 5762

Perl module toolchain versions installed:

    Module              Have   
    ------------------- -------
    CPAN                1.9600 
    Cwd                 3.33   
    ExtUtils::CBuilder  0.27   
    ExtUtils::Command   1.17   
    ExtUtils::Install   1.55   
    ExtUtils::MakeMaker 6.57_11
    ExtUtils::Manifest  1.58   
    ExtUtils::ParseXS   2.2206 
    File::Spec          3.33   
    Module::Build       0.3800 
    Module::Signature   0.68   
    Test::Harness       3.23   
    Test::More          2.00_07
    YAML                0.73   
    YAML::Syck          1.17   
    version             0.91   


--

Summary of my perl5 (revision 5 version 12 subversion 4) configuration:
   
  Platform:
    osname=linux, osvers=2.6.32-32-generic, archname=x86_64-linux-thread-multi
    uname='linux trushel-glaptop 2.6.32-32-generic #62-ubuntu smp wed apr 20 21:52:38 utc 2011 x86_64 gnulinux '
    config_args=''
    hint=recommended, useposix=true, d_sigaction=define
    useithreads=define, usemultiplicity=define
    useperlio=define, d_sfio=undef, uselargefiles=define, usesocks=undef
    use64bitint=define, use64bitall=define, uselongdouble=undef
    usemymalloc=n, bincompat5005=undef
  Compiler:
    cc='cc', ccflags ='-D_REENTRANT -D_GNU_SOURCE -fno-strict-aliasing -pipe -fstack-protector -I/usr/local/include -D_LARGEFILE_SOURCE -D_FILE_OFFSET_BITS=64',
    optimize='-O2',
    cppflags='-D_REENTRANT -D_GNU_SOURCE -fno-strict-aliasing -pipe -fstack-protector -I/usr/local/include'
    ccversion='', gccversion='4.4.3', gccosandvers=''
    intsize=4, longsize=8, ptrsize=8, doublesize=8, byteorder=12345678
    d_longlong=define, longlongsize=8, d_longdbl=define, longdblsize=16
    ivtype='long', ivsize=8, nvtype='double', nvsize=8, Off_t='off_t', lseeksize=8
    alignbytes=8, prototype=define
  Linker and Libraries:
    ld='cc', ldflags =' -fstack-protector -L/usr/local/lib'
    libpth=/usr/local/lib /lib/../lib /usr/lib/../lib /lib /usr/lib /usr/lib/x86_64-linux-gnu /lib64 /usr/lib64
    libs=-lnsl -ldl -lm -lcrypt -lutil -lpthread -lc
    perllibs=-lnsl -ldl -lm -lcrypt -lutil -lpthread -lc
    libc=/lib/libc-2.11.1.so, so=so, useshrplib=false, libperl=libperl.a
    gnulibc_version='2.11.1'
  Dynamic Linking:
    dlsrc=dl_dlopen.xs, dlext=so, d_dlsymun=undef, ccdlflags='-Wl,-E'
    cccdlflags='-fPIC', lddlflags='-shared -O2 -L/usr/local/lib -fstack-protector'


Characteristics of this binary (from libperl): 
  Compile-time options: MULTIPLICITY PERL_DONT_CREATE_GVSV
                        PERL_IMPLICIT_CONTEXT PERL_MALLOC_WRAP USE_64_BIT_ALL
                        USE_64_BIT_INT USE_ITHREADS USE_LARGE_FILES
                        USE_PERLIO USE_PERL_ATOF USE_REENTRANT_API
  Built under linux
  Compiled at Jun 23 2011 00:40:16
  %ENV:
    PERL5LIB=""
    PERL5OPT=""
    PERL5_CPANPLUS_IS_RUNNING="14487"
    PERL5_CPAN_IS_RUNNING="14487"
    PERL5_CPAN_IS_RUNNING_IN_RECURSION="2436,14487"
    PERL_CR_SMOKER_CURRENT="DBD-Redbase-0.22"
    PERL_EXTUTILS_AUTOINSTALL="--defaultdeps"
    PERL_MM_USE_DEFAULT="1"
  @INC:
    /home/trushel/perl/perl5124th/lib/site_perl/5.12.4/x86_64-linux-thread-multi
    /home/trushel/perl/perl5124th/lib/site_perl/5.12.4
    /home/trushel/perl/perl5124th/lib/5.12.4/x86_64-linux-thread-multi
    /home/trushel/perl/perl5124th/lib/5.12.4
    .