Report for POE-Session-Cascading-1.04

Back
From: metabase:user:9820532a-708b-1014-9a05-b18a96298da1
Subject: FAIL POE-Session-Cascading-1.04 v5.15.2 FreeBSD
Date: 2011-09-06T00:31:15Z

This distribution has been tested as part of the CPAN Testers
project, supporting the Perl programming language.  See
http://wiki.cpantesters.org/ for more information or email
questions to cpan-testers-discuss@perl.org


--
Dear sungo,

This is a computer-generated report for POE-Session-Cascading-1.04
on perl 5.15.2, created by CPAN-Reporter-1.2002.

Thank you for uploading your work to CPAN.  However, there was a problem
testing your distribution.

If you think this report is invalid, please consult the CPAN Testers Wiki
for suggestions on how to avoid getting FAIL reports for missing library
or binary dependencies, unsupported operating systems, and so on:

http://wiki.cpantesters.org/wiki/CPANAuthorNotes

Sections of this report:

    * Tester comments
    * Program output
    * Prerequisites
    * Environment and other context

------------------------------
TESTER COMMENTS
------------------------------

Additional comments from tester:

this report is from an automated smoke testing program
and was not reviewed by a human for accuracy

------------------------------
PROGRAM OUTPUT
------------------------------

Output from '/usr/bin/make test':

PERL_DL_NONLAZY=1 /home/test/perl5/perlbrew/perls/perl-5.15.2/bin/perl5.15.2 "-MExtUtils::Command::MM" "-e" "test_harness(0, 'inc', 'blib/lib', 'blib/arch')" ./t/00-distribution.t ./t/_internals/creation.t ./t/_internals/invoke_state.t ./t/_internals/swap.t ./t/api/basic.t ./t/api/data_propogation.t ./t/multiplicity/dual.t
./t/00-distribution.t .......... ok
./t/_internals/creation.t ...... ok
./t/_internals/invoke_state.t .. ok
./t/_internals/swap.t .......... ok

#   Failed test 'exception check'
#   at ./t/api/basic.t line 21.
#          got: 'Can't locate object method "_set_id" via package "POE::Session::Cascading" at /home/test/perl5/perlbrew/perls/perl-5.15.2/lib/site_perl/5.15.2/POE/Kernel.pm line 1407.
# '
#     expected: ''

#   Failed test 'whole tree propogation'
#   at ./t/api/basic.t line 22.
#          got: undef
#     expected: '123456'

#   Failed test 'exception check'
#   at ./t/api/basic.t line 32.
#          got: 'Can't locate object method "_set_id" via package "POE::Session::Cascading" at /home/test/perl5/perlbrew/perls/perl-5.15.2/lib/site_perl/5.15.2/POE/Kernel.pm line 1407.
# '
#     expected: ''

#   Failed test 'partial tree propogation (2-6)'
#   at ./t/api/basic.t line 33.
#          got: undef
#     expected: '23456'

#   Failed test 'exception check'
#   at ./t/api/basic.t line 42.
#          got: 'Can't locate object method "_set_id" via package "POE::Session::Cascading" at /home/test/perl5/perlbrew/perls/perl-5.15.2/lib/site_perl/5.15.2/POE/Kernel.pm line 1407.
# '
#     expected: ''

#   Failed test 'partial tree propogation (3-6)'
#   at ./t/api/basic.t line 43.
#          got: undef
#     expected: '3456'

#   Failed test 'exception check'
#   at ./t/api/basic.t line 51.
#          got: 'Can't locate object method "_set_id" via package "POE::Session::Cascading" at /home/test/perl5/perlbrew/perls/perl-5.15.2/lib/site_perl/5.15.2/POE/Kernel.pm line 1407.
# '
#     expected: ''

#   Failed test 'partial tree propogation (4-6)'
#   at ./t/api/basic.t line 52.
#          got: undef
#     expected: '456'

#   Failed test 'exception check'
#   at ./t/api/basic.t line 61.
#          got: 'Can't locate object method "_set_id" via package "POE::Session::Cascading" at /home/test/perl5/perlbrew/perls/perl-5.15.2/lib/site_perl/5.15.2/POE/Kernel.pm line 1407.
# '
#     expected: ''

#   Failed test 'partial tree propogation (5-6)'
#   at ./t/api/basic.t line 62.
#          got: undef
#     expected: '56'

#   Failed test 'exception check'
#   at ./t/api/basic.t line 71.
#          got: 'Can't locate object method "_set_id" via package "POE::Session::Cascading" at /home/test/perl5/perlbrew/perls/perl-5.15.2/lib/site_perl/5.15.2/POE/Kernel.pm line 1407.
# '
#     expected: ''

#   Failed test 'partial tree propogation (6-6)'
#   at ./t/api/basic.t line 72.
#          got: undef
#     expected: '6'

#   Failed test 'exception check'
#   at ./t/api/basic.t line 81.
#          got: 'Can't locate object method "_set_id" via package "POE::Session::Cascading" at /home/test/perl5/perlbrew/perls/perl-5.15.2/lib/site_perl/5.15.2/POE/Kernel.pm line 1407.
# '
#     expected: ''

#   Failed test 'single state propogation (7)'
#   at ./t/api/basic.t line 82.
#          got: undef
#     expected: 'undef'

#   Failed test 'exception check'
#   at ./t/api/basic.t line 90.
#          got: 'Can't locate object method "_set_id" via package "POE::Session::Cascading" at /home/test/perl5/perlbrew/perls/perl-5.15.2/lib/site_perl/5.15.2/POE/Kernel.pm line 1407.
# '
#     expected: ''

#   Failed test 'partial tree propogation (3-6)'
#   at ./t/api/basic.t line 91.
#          got: undef
#     expected: '3456'
# Looks like you failed 16 tests of 17.
=== 27262 === Sessions were started, but POE::Kernel's run() method was never
called to execute them.  This usually happens because an error
occurred before POE::Kernel->run() could be called.  Please fix
any errors above this notice, and be sure that POE::Kernel->run()
is called.  See documentation for POE::Kernel's run() method for
another way to disable this warning.
./t/api/basic.t ................ 
Dubious, test returned 16 (wstat 4096, 0x1000)
Failed 16/17 subtests 
Can't locate object method "_set_id" via package "POE::Session::Cascading" at /home/test/perl5/perlbrew/perls/perl-5.15.2/lib/site_perl/5.15.2/POE/Kernel.pm line 1407.
# Looks like your test exited with 255 just after 1.
=== 27317 === Sessions were started, but POE::Kernel's run() method was never
called to execute them.  This usually happens because an error
occurred before POE::Kernel->run() could be called.  Please fix
any errors above this notice, and be sure that POE::Kernel->run()
is called.  See documentation for POE::Kernel's run() method for
another way to disable this warning.
./t/api/data_propogation.t ..... 
Dubious, test returned 255 (wstat 65280, 0xff00)
All 1 subtests passed 
Can't locate object method "_set_id" via package "POE::Session::Cascading" at /home/test/perl5/perlbrew/perls/perl-5.15.2/lib/site_perl/5.15.2/POE/Kernel.pm line 1407.
# Looks like you planned 15 tests but ran 1.
# Looks like your test exited with 255 just after 1.
=== 27373 === Sessions were started, but POE::Kernel's run() method was never
called to execute them.  This usually happens because an error
occurred before POE::Kernel->run() could be called.  Please fix
any errors above this notice, and be sure that POE::Kernel->run()
is called.  See documentation for POE::Kernel's run() method for
another way to disable this warning.
./t/multiplicity/dual.t ........ 
Dubious, test returned 255 (wstat 65280, 0xff00)
Failed 14/15 subtests 

Test Summary Report
-------------------
./t/api/basic.t              (Wstat: 4096 Tests: 17 Failed: 16)
  Failed tests:  2-17
  Non-zero exit status: 16
./t/api/data_propogation.t   (Wstat: 65280 Tests: 1 Failed: 0)
  Non-zero exit status: 255
./t/multiplicity/dual.t      (Wstat: 65280 Tests: 1 Failed: 0)
  Non-zero exit status: 255
  Parse errors: Bad plan.  You planned 15 tests but ran 1.
Files=7, Tests=58,  3 wallclock secs ( 0.09 usr  0.16 sys +  0.69 cusr  0.40 csys =  1.33 CPU)
Result: FAIL
Failed 3/7 test programs. 16/58 subtests failed.
*** Error code 255

Stop in /usr/home/test/.cpan/build/POE-Session-Cascading-1.04-ePxwqP.

------------------------------
PREREQUISITES
------------------------------

Prerequisite modules loaded:

requires:

    Module              Need Have 
    ------------------- ---- -----
    Carp                0    1.22 
    ExtUtils::MakeMaker 6.59 6.59 
    POE                 0.19 1.312
    Test::More          0    0.98 

build_requires:

    Module              Need Have 
    ------------------- ---- -----
    ExtUtils::MakeMaker 0    6.59 


------------------------------
ENVIRONMENT AND OTHER CONTEXT
------------------------------

Environment variables:

    AUTOMATED_TESTING = 1
    LANG = C
    LC_ALL = C
    PATH = /home/test/perl5/perlbrew/bin:/home/test/perl5/perlbrew/perls/perl-5.15.2/bin:~/bin:/sbin:/bin:/usr/sbin:/usr/bin:/usr/games:/usr/local/sbin:/usr/local/bin:/home/test/bin
    PATH_WITHOUT_PERLBREW = ~/bin:/sbin:/bin:/usr/sbin:/usr/bin:/usr/games:/usr/local/sbin:/usr/local/bin:/home/test/bin
    PERL5LIB = 
    PERL5OPT = 
    PERL5_CPANPLUS_IS_RUNNING = 27101
    PERL5_CPAN_IS_RUNNING = 27101
    PERL5_CPAN_IS_RUNNING_IN_RECURSION = 1043,27101
    PERLBREW_HOME = /home/test/.perlbrew
    PERLBREW_PATH = /home/test/perl5/perlbrew/bin:/home/test/perl5/perlbrew/perls/perl-5.15.2/bin
    PERLBREW_PERL = perl-5.15.2
    PERLBREW_ROOT = /home/test/perl5/perlbrew
    PERLBREW_VERSION = 0.28
    PERL_CPANM_OPT = --prompt --mirror http://172.16.1.3/cpan/
    PERL_CR_SMOKER_CURRENT = POE-Session-Cascading-1.04
    PERL_EXTUTILS_AUTOINSTALL = --defaultdeps
    PERL_MM_USE_DEFAULT = 1
    SHELL = /usr/local/bin/bash
    TERM = linux

Perl special variables (and OS-specific diagnostics, for MSWin32):

    $^X = /home/test/perl5/perlbrew/perls/perl-5.15.2/bin/perl5.15.2
    $UID/$EUID = 1002 / 1002
    $GID = 1002 1002
    $EGID = 1002 1002

Perl module toolchain versions installed:

    Module              Have    
    ------------------- --------
    CPAN                1.9800  
    CPAN::Meta          2.112150
    Cwd                 3.33    
    ExtUtils::CBuilder  0.280202
    ExtUtils::Command   1.17    
    ExtUtils::Install   1.54    
    ExtUtils::MakeMaker 6.59    
    ExtUtils::Manifest  1.60    
    ExtUtils::ParseXS   3.04    
    File::Spec          3.33    
    JSON                2.27    
    JSON::PP            2.27008 
    Module::Build       0.3800  
    Module::Signature   0.68    
    Parse::CPAN::Meta   1.4401  
    Test::Harness       3.23    
    Test::More          0.98    
    YAML                0.73    
    YAML::Syck          n/a     
    version             0.94    


--

Summary of my perl5 (revision 5 version 15 subversion 2) configuration:
   
  Platform:
    osname=freebsd, osvers=8.1-release, archname=amd64-freebsd-thread-multi
    uname='freebsd fbsd.local 8.1-release freebsd 8.1-release #0: mon jul 19 02:36:49 utc 2010 root@mason.cse.buffalo.edu:usrobjusrsrcsysgeneric amd64 '
    config_args='-de -Dprefix=/home/test/perl5/perlbrew/perls/perl-5.15.2 -Dusethreads -Dusedevel'
    hint=recommended, useposix=true, d_sigaction=define
    useithreads=define, usemultiplicity=define
    useperlio=define, d_sfio=undef, uselargefiles=define, usesocks=undef
    use64bitint=define, use64bitall=define, uselongdouble=undef
    usemymalloc=n, bincompat5005=undef
  Compiler:
    cc='cc', ccflags ='-DHAS_FPSETMASK -DHAS_FLOATINGPOINT_H -fno-strict-aliasing -pipe -fstack-protector -I/usr/local/include',
    optimize='-O',
    cppflags='-DHAS_FPSETMASK -DHAS_FLOATINGPOINT_H -fno-strict-aliasing -pipe -fstack-protector -I/usr/local/include'
    ccversion='', gccversion='4.2.1 20070719  [FreeBSD]', gccosandvers=''
    intsize=4, longsize=8, ptrsize=8, doublesize=8, byteorder=12345678
    d_longlong=define, longlongsize=8, d_longdbl=define, longdblsize=16
    ivtype='long', ivsize=8, nvtype='double', nvsize=8, Off_t='off_t', lseeksize=8
    alignbytes=8, prototype=define
  Linker and Libraries:
    ld='cc', ldflags ='-pthread -Wl,-E  -fstack-protector -L/usr/local/lib'
    libpth=/usr/lib /usr/local/lib
    libs=-lm -lcrypt
    perllibs=-lm -lcrypt
    libc=, so=so, useshrplib=false, libperl=libperl.a
    gnulibc_version=''
  Dynamic Linking:
    dlsrc=dl_dlopen.xs, dlext=so, d_dlsymun=undef, ccdlflags=' '
    cccdlflags='-DPIC -fPIC', lddlflags='-shared  -L/usr/local/lib -fstack-protector'


Characteristics of this binary (from libperl): 
  Compile-time options: HAS_TIMES MULTIPLICITY PERLIO_LAYERS
                        PERL_DONT_CREATE_GVSV PERL_IMPLICIT_CONTEXT
                        PERL_MALLOC_WRAP PERL_PRESERVE_IVUV PERL_USE_DEVEL
                        USE_64_BIT_ALL USE_64_BIT_INT USE_ITHREADS
                        USE_LARGE_FILES USE_LOCALE USE_LOCALE_COLLATE
                        USE_LOCALE_CTYPE USE_LOCALE_NUMERIC USE_PERLIO
                        USE_PERL_ATOF USE_REENTRANT_API
  Built under freebsd
  Compiled at Aug 31 2011 21:35:10
  %ENV:
    PERL5LIB=""
    PERL5OPT=""
    PERL5_CPANPLUS_IS_RUNNING="27101"
    PERL5_CPAN_IS_RUNNING="27101"
    PERL5_CPAN_IS_RUNNING_IN_RECURSION="1043,27101"
    PERLBREW_HOME="/home/test/.perlbrew"
    PERLBREW_PATH="/home/test/perl5/perlbrew/bin:/home/test/perl5/perlbrew/perls/perl-5.15.2/bin"
    PERLBREW_PERL="perl-5.15.2"
    PERLBREW_ROOT="/home/test/perl5/perlbrew"
    PERLBREW_VERSION="0.28"
    PERL_CPANM_OPT="--prompt --mirror http://172.16.1.3/cpan/"
    PERL_CR_SMOKER_CURRENT="POE-Session-Cascading-1.04"
    PERL_EXTUTILS_AUTOINSTALL="--defaultdeps"
    PERL_MM_USE_DEFAULT="1"
  @INC:
    /home/test/perl5/perlbrew/perls/perl-5.15.2/lib/site_perl/5.15.2/amd64-freebsd-thread-multi
    /home/test/perl5/perlbrew/perls/perl-5.15.2/lib/site_perl/5.15.2
    /home/test/perl5/perlbrew/perls/perl-5.15.2/lib/5.15.2/amd64-freebsd-thread-multi
    /home/test/perl5/perlbrew/perls/perl-5.15.2/lib/5.15.2
    .