Back
From: metabase:user:320bfe00-2aae-11df-837a-5e0a49663a4f
Subject: FAIL Class-PObject-2.17 v5.20.2 RC1 GNU/Linux
Date: 2015-02-01T08:30:06Z
This distribution has been tested as part of the CPAN Testers
project, supporting the Perl programming language. See
http://wiki.cpantesters.org/ for more information or email
questions to cpan-testers-discuss@perl.org
--
Dear Sherzod Ruzmetov,
This is a computer-generated report for Class-PObject-2.17
on perl 5.20.2, created by CPAN-Reporter-1.2011.
Thank you for uploading your work to CPAN. However, there was a problem
testing your distribution.
If you think this report is invalid, please consult the CPAN Testers Wiki
for suggestions on how to avoid getting FAIL reports for missing library
or binary dependencies, unsupported operating systems, and so on:
http://wiki.cpantesters.org/wiki/CPANAuthorNotes
Sections of this report:
* Tester comments
* Program output
* Prerequisites
* Environment and other context
------------------------------
TESTER COMMENTS
------------------------------
Additional comments from tester:
this report is from an automated smoke testing program
and was not reviewed by a human for accuracy
------------------------------
PROGRAM OUTPUT
------------------------------
Output from '/usr/bin/make test':
PERL_DL_NONLAZY=1 "/tmp/basesmoker-reloperl-S6j0/bin/perl" "-MExtUtils::Command::MM" "-MTest::Harness" "-e" "undef *Test::Harness::Switches; test_harness(0, 'blib/lib', 'blib/arch')" t/*.t
t/01basic_file.t ..... ok
t/06basic_csv.t ...... skipped: DBD::CSV is not installed
t/11basic_mysql.t .... skipped: Read INSTALL for details on running mysql-related tests
t/16basic_db_file.t .. ok
# Failed test at /tmp/loop_over_bdir-20849-WxbUb9/Class-PObject-2.17-vYMRfO/blib/lib/Class/PObject/Test/Basic.pm line 195.
# Failed test at /tmp/loop_over_bdir-20849-WxbUb9/Class-PObject-2.17-vYMRfO/blib/lib/Class/PObject/Test/Basic.pm line 198.
# Failed test at /tmp/loop_over_bdir-20849-WxbUb9/Class-PObject-2.17-vYMRfO/blib/lib/Class/PObject/Test/Basic.pm line 231.
Can't call method "title" on an undefined value at /tmp/loop_over_bdir-20849-WxbUb9/Class-PObject-2.17-vYMRfO/blib/lib/Class/PObject/Test/Basic.pm line 233.
# Looks like you planned 204 tests but ran 51.
# Looks like you failed 3 tests of 51 run.
# Looks like your test exited with 2 just after 51.
t/21basic_sqlite.t ...
Dubious, test returned 2 (wstat 512, 0x200)
Failed 156/204 subtests
t/61types_file.t ..... ok
t/62types_csv.t ...... skipped: DBD::CSV is not installed
t/63types_db_file.t .. ok
t/64types_mysql.t .... skipped: Read INSTALL for details on running mysql-related tests
# Failed test at /tmp/loop_over_bdir-20849-WxbUb9/Class-PObject-2.17-vYMRfO/blib/lib/Class/PObject/Test/Types.pm line 105.
Can't call method "name" on an undefined value at /tmp/loop_over_bdir-20849-WxbUb9/Class-PObject-2.17-vYMRfO/blib/lib/Class/PObject/Test/Types.pm line 113.
# Looks like you planned 46 tests but ran 21.
# Looks like you failed 1 test of 21 run.
# Looks like your test exited with 2 just after 21.
t/65types_sqlite.t ...
Dubious, test returned 2 (wstat 512, 0x200)
Failed 26/46 subtests
t/70hasa_file.t ...... ok
t/71hasa_csv.t ....... skipped: DBD::CSV is not installed
t/72hasa_mysql.t ..... skipped: Read INSTALL for details on running mysql-related tests
t/73hasa_db_file.t ... ok
# Failed test at /tmp/loop_over_bdir-20849-WxbUb9/Class-PObject-2.17-vYMRfO/blib/lib/Class/PObject/Test/HAS_A.pm line 99.
# Failed test at /tmp/loop_over_bdir-20849-WxbUb9/Class-PObject-2.17-vYMRfO/blib/lib/Class/PObject/Test/HAS_A.pm line 108.
Can't call method "author" on an undefined value at /tmp/loop_over_bdir-20849-WxbUb9/Class-PObject-2.17-vYMRfO/blib/lib/Class/PObject/Test/HAS_A.pm line 112.
# Looks like you planned 37 tests but ran 15.
# Looks like you failed 2 tests of 15 run.
# Looks like your test exited with 2 just after 15.
t/74hasa_sqlite.t ....
Dubious, test returned 2 (wstat 512, 0x200)
Failed 24/37 subtests
Test Summary Report
-------------------
t/21basic_sqlite.t (Wstat: 512 Tests: 51 Failed: 3)
Failed tests: 45-46, 51
Non-zero exit status: 2
Parse errors: Bad plan. You planned 204 tests but ran 51.
t/65types_sqlite.t (Wstat: 512 Tests: 21 Failed: 1)
Failed test: 21
Non-zero exit status: 2
Parse errors: Bad plan. You planned 46 tests but ran 21.
t/74hasa_sqlite.t (Wstat: 512 Tests: 15 Failed: 2)
Failed tests: 12, 15
Non-zero exit status: 2
Parse errors: Bad plan. You planned 37 tests but ran 15.
Files=15, Tests=661, 1 wallclock secs ( 0.10 usr 0.00 sys + 0.66 cusr 0.08 csys = 0.84 CPU)
Result: FAIL
Failed 3/15 test programs. 6/661 subtests failed.
Makefile:971: recipe for target 'test_dynamic' failed
make: *** [test_dynamic] Error 2
------------------------------
PREREQUISITES
------------------------------
Prerequisite modules loaded:
requires:
Module Need Have
------------------- ---- --------
File::Basename 0 2.85
File::Path 0 2.09
File::Spec 0 3.48_01
IO::Dir 0 1.10
Log::Agent 0 1.000
Storable 0 2.49_01
Test::More 0 1.001014
build_requires:
Module Need Have
------------------- ---- --------
ExtUtils::MakeMaker 0 7.04
------------------------------
ENVIRONMENT AND OTHER CONTEXT
------------------------------
Environment variables:
AUTOMATED_TESTING = 1
LANG = en_US.UTF-8
LANGUAGE = en_US:en
PATH = /home/sand/bin:/usr/local/bin:/usr/bin:/bin:/usr/games:/usr/local/perl/bin:/usr/X11/bin:/sbin:/usr/sbin
PERL5LIB =
PERL5OPT =
PERL5_CPANPLUS_IS_RUNNING = 20865
PERL5_CPAN_IS_RUNNING = 20865
PERL_MM_USE_DEFAULT = 1
SHELL = /usr/bin/zsh
TERM = screen
Perl special variables (and OS-specific diagnostics, for MSWin32):
$^X = /tmp/basesmoker-reloperl-S6j0/bin/perl
$UID/$EUID = 1005 / 1005
$GID = 1005 1005
$EGID = 1005 1005
Perl module toolchain versions installed:
Module Have
------------------- --------
CPAN 2.05
CPAN::Meta 2.143240
Cwd 3.48_01
ExtUtils::CBuilder 0.280220
ExtUtils::Command 1.18
ExtUtils::Install 1.67
ExtUtils::MakeMaker 7.04
ExtUtils::Manifest 1.70
ExtUtils::ParseXS 3.24
File::Spec 3.48_01
JSON 2.90
JSON::PP 2.27203
Module::Build 0.4211
Module::Signature 0.73
Parse::CPAN::Meta 1.4414
Test::Harness 3.35
Test::More 1.001014
YAML 1.14
YAML::Syck 1.29
version 0.9909
--
Summary of my perl5 (revision 5 version 20 subversion 2) configuration:
Commit id: a920fedcd88708027dc9204b8d8abac1638789d4
Platform:
osname=linux, osvers=3.16.0-4-amd64, archname=x86_64-linux
uname='linux k83 3.16.0-4-amd64 #1 smp debian 3.16.7-ckt2-1 (2014-12-08) x86_64 gnulinux '
config_args='-Dprefix=/home/sand/src/perl/repoperls/installed-perls/perl/v5.20.2-RC1/165a -Dmyhostname=k83 -Dinstallusrbinperl=n -Uversiononly -Dusedevel -des -Ui_db -Uuseithreads -Uuselongdouble -DDEBUGGING=-g'
hint=recommended, useposix=true, d_sigaction=define
useithreads=undef, usemultiplicity=undef
use64bitint=define, use64bitall=define, uselongdouble=undef
usemymalloc=n, bincompat5005=undef
Compiler:
cc='cc', ccflags ='-fwrapv -fno-strict-aliasing -pipe -fstack-protector -I/usr/local/include -D_LARGEFILE_SOURCE -D_FILE_OFFSET_BITS=64',
optimize='-O2 -g',
cppflags='-fwrapv -fno-strict-aliasing -pipe -fstack-protector -I/usr/local/include'
ccversion='', gccversion='4.9.2', gccosandvers=''
intsize=4, longsize=8, ptrsize=8, doublesize=8, byteorder=12345678
d_longlong=define, longlongsize=8, d_longdbl=define, longdblsize=16
ivtype='long', ivsize=8, nvtype='double', nvsize=8, Off_t='off_t', lseeksize=8
alignbytes=8, prototype=define
Linker and Libraries:
ld='cc', ldflags =' -fstack-protector -L/usr/local/lib'
libpth=/usr/local/lib /usr/lib/gcc/x86_64-linux-gnu/4.9/include-fixed /usr/include/x86_64-linux-gnu /usr/lib /lib/x86_64-linux-gnu /lib/../lib /usr/lib/x86_64-linux-gnu /usr/lib/../lib /lib
libs=-lnsl -lgdbm -ldb -ldl -lm -lcrypt -lutil -lc -lgdbm_compat
perllibs=-lnsl -ldl -lm -lcrypt -lutil -lc
libc=libc-2.19.so, so=so, useshrplib=false, libperl=libperl.a
gnulibc_version='2.19'
Dynamic Linking:
dlsrc=dl_dlopen.xs, dlext=so, d_dlsymun=undef, ccdlflags='-Wl,-E'
cccdlflags='-fPIC', lddlflags='-shared -O2 -g -L/usr/local/lib -fstack-protector'
Characteristics of this binary (from libperl):
Compile-time options: HAS_TIMES PERLIO_LAYERS PERL_DONT_CREATE_GVSV
PERL_HASH_FUNC_ONE_AT_A_TIME_HARD PERL_MALLOC_WRAP
PERL_NEW_COPY_ON_WRITE PERL_PRESERVE_IVUV
PERL_USE_DEVEL USE_64_BIT_ALL USE_64_BIT_INT
USE_LARGE_FILES USE_LOCALE USE_LOCALE_COLLATE
USE_LOCALE_CTYPE USE_LOCALE_NUMERIC USE_PERLIO
USE_PERL_ATOF
Locally applied patches:
RC1
Built under linux
Compiled at Feb 1 2015 06:16:35
%ENV:
PERL5LIB=""
PERL5OPT=""
PERL5_CPANPLUS_IS_RUNNING="20865"
PERL5_CPAN_IS_RUNNING="20865"
PERL_MM_USE_DEFAULT="1"
@INC:
/home/sand/src/perl/repoperls/installed-perls/perl/v5.20.2-RC1/165a/lib/site_perl/5.20.2/x86_64-linux
/home/sand/src/perl/repoperls/installed-perls/perl/v5.20.2-RC1/165a/lib/site_perl/5.20.2
/home/sand/src/perl/repoperls/installed-perls/perl/v5.20.2-RC1/165a/lib/5.20.2/x86_64-linux
/home/sand/src/perl/repoperls/installed-perls/perl/v5.20.2-RC1/165a/lib/5.20.2
.