Back
From: metabase:user:30f0bd62-2aae-11df-837a-5e0a49663a4f
Subject: FAIL Variable-Strongly-Typed-v1.1.0 v5.17.5 OpenBSD
Date: 2012-11-08T10:10:30Z
This distribution has been tested as part of the CPAN Testers
project, supporting the Perl programming language. See
http://wiki.cpantesters.org/ for more information or email
questions to cpan-testers-discuss@perl.org
--
Dear Mark Ethan Trostler,
This is a computer-generated report for Variable-Strongly-Typed-v1.1.0
on perl 5.17.5, created by CPAN-Reporter-1.2006.
Thank you for uploading your work to CPAN. However, there was a problem
testing your distribution.
If you think this report is invalid, please consult the CPAN Testers Wiki
for suggestions on how to avoid getting FAIL reports for missing library
or binary dependencies, unsupported operating systems, and so on:
http://wiki.cpantesters.org/wiki/CPANAuthorNotes
Sections of this report:
* Tester comments
* Program output
* Prerequisites
* Environment and other context
------------------------------
TESTER COMMENTS
------------------------------
Additional comments from tester:
this report is from an automated smoke testing program
and was not reviewed by a human for accuracy
------------------------------
PROGRAM OUTPUT
------------------------------
Output from './Build test':
# Testing Variable::Strongly::Typed 1.1.0
t/00.load.t ......... ok
# Testing Variable::Strongly::Typed 1.1.0
Error handler must be a CODE ref! at /home/sts/cpansmoke/perl-5.17.5/lib/5.17.5/Attribute/Handlers.pm line 225.
# Looks like you planned 19 tests but ran 1.
# Looks like your test exited with 255 just after 1.
t/01.simple.type.t ..
Dubious, test returned 255 (wstat 65280, 0xff00)
Failed 18/19 subtests
# Testing Variable::Strongly::Typed 1.1.0
Error handler must be a CODE ref! at /home/sts/cpansmoke/perl-5.17.5/lib/5.17.5/Attribute/Handlers.pm line 225.
# Looks like you planned 4 tests but ran 1.
# Looks like your test exited with 255 just after 1.
t/02.my.type.t ......
Dubious, test returned 255 (wstat 65280, 0xff00)
Failed 3/4 subtests
# Testing Variable::Strongly::Typed 1.1.0
Error handler must be a CODE ref! at /home/sts/cpansmoke/perl-5.17.5/lib/5.17.5/Attribute/Handlers.pm line 225.
# Looks like you planned 9 tests but ran 1.
# Looks like your test exited with 255 just after 1.
t/03.array.type.t ...
Dubious, test returned 255 (wstat 65280, 0xff00)
Failed 8/9 subtests
# Testing Variable::Strongly::Typed 1.1.0
Error handler must be a CODE ref! at /home/sts/cpansmoke/perl-5.17.5/lib/5.17.5/Attribute/Handlers.pm line 225.
# Looks like you planned 8 tests but ran 1.
# Looks like your test exited with 255 just after 1.
t/04.hash.type.t ....
Dubious, test returned 255 (wstat 65280, 0xff00)
Failed 7/8 subtests
# Testing Variable::Strongly::Typed 1.1.0
Error handler must be a CODE ref! at /home/sts/cpansmoke/perl-5.17.5/lib/5.17.5/Attribute/Handlers.pm line 225.
# Looks like you planned 3 tests but ran 1.
# Looks like your test exited with 255 just after 1.
t/05.no.type.t ......
Dubious, test returned 255 (wstat 65280, 0xff00)
Failed 2/3 subtests
Error handler must be a CODE ref! at /home/sts/cpansmoke/perl-5.17.5/lib/5.17.5/Attribute/Handlers.pm line 225.
CHECK failed--call queue aborted.
# Looks like you planned 4 tests but ran 1.
# Looks like your test exited with 255 just after 1.
t/06.code.t .........
Dubious, test returned 255 (wstat 65280, 0xff00)
Failed 3/4 subtests
t/pod-coverage.t .... ok
t/pod.t ............. skipped: Test::Pod 1.14 required for testing POD
Test Summary Report
-------------------
t/01.simple.type.t (Wstat: 65280 Tests: 1 Failed: 0)
Non-zero exit status: 255
Parse errors: Bad plan. You planned 19 tests but ran 1.
t/02.my.type.t (Wstat: 65280 Tests: 1 Failed: 0)
Non-zero exit status: 255
Parse errors: Bad plan. You planned 4 tests but ran 1.
t/03.array.type.t (Wstat: 65280 Tests: 1 Failed: 0)
Non-zero exit status: 255
Parse errors: Bad plan. You planned 9 tests but ran 1.
t/04.hash.type.t (Wstat: 65280 Tests: 1 Failed: 0)
Non-zero exit status: 255
Parse errors: Bad plan. You planned 8 tests but ran 1.
t/05.no.type.t (Wstat: 65280 Tests: 1 Failed: 0)
Non-zero exit status: 255
Parse errors: Bad plan. You planned 3 tests but ran 1.
t/06.code.t (Wstat: 65280 Tests: 1 Failed: 0)
Non-zero exit status: 255
Parse errors: Bad plan. You planned 4 tests but ran 1.
Files=9, Tests=12, 0 wallclock secs ( 0.03 usr 0.04 sys + 0.46 cusr 0.08 csys = 0.61 CPU)
Result: FAIL
Failed 6/9 test programs. 0/12 subtests failed.
------------------------------
PREREQUISITES
------------------------------
Prerequisite modules loaded:
requires:
Module Need Have
------------------- ---- ------
Attribute::Handlers 0 0.93
Class::Std::Utils 0 0.0.3
IO::File 0 1.16
Test::More 0 0.98
Tie::Array 0 1.05
Tie::Hash 0 1.04
Tie::Scalar 0 1.02
version 0 0.9901
------------------------------
ENVIRONMENT AND OTHER CONTEXT
------------------------------
Environment variables:
AUTOMATED_TESTING = 1
PATH = /home/sts/bin:/bin:/sbin:/usr/bin:/usr/sbin:/usr/X11R6/bin:/usr/local/bin:/usr/local/sbin:/usr/games:.
PERL5LIB = /home/sts/cpansmoke/perl-5.17.5/cpan/build/Class-Std-Utils-v0.0.3-NeEEFz/blib/arch:/home/sts/cpansmoke/perl-5.17.5/cpan/build/Class-Std-Utils-v0.0.3-NeEEFz/blib/lib
PERL5OPT =
PERL5_CPANPLUS_IS_RUNNING = 18075
PERL5_CPAN_IS_RUNNING = 18075
PERL5_CPAN_IS_RUNNING_IN_RECURSION = 2890,18075
PERL_CR_SMOKER_CURRENT = Variable-Strongly-Typed-v1.1.0
PERL_EXTUTILS_AUTOINSTALL = --defaultdeps
PERL_MM_USE_DEFAULT = 1
SHELL = /usr/local/bin/bash
TERM = screen
TMPDIR = /home/sts/cpansmoke/tmp
Perl special variables (and OS-specific diagnostics, for MSWin32):
$^X = /home/sts/cpansmoke/perl-5.17.5/bin/perl5.17.5
$UID/$EUID = 1000 / 1000
$GID = 10 10 0
$EGID = 10 10 0
Perl module toolchain versions installed:
Module Have
------------------- --------
CPAN 1.9800
CPAN::Meta 2.120921
Cwd 3.39_02
ExtUtils::CBuilder 0.280209
ExtUtils::Command 1.17
ExtUtils::Install 1.58
ExtUtils::MakeMaker 6.63_02
ExtUtils::Manifest 1.61
ExtUtils::ParseXS 3.18
File::Spec 3.39_02
JSON 2.53
JSON::PP 2.27200
Module::Build 0.4003
Module::Signature n/a
Parse::CPAN::Meta 1.4404
Test::Harness 3.25_01
Test::More 0.98
YAML n/a
YAML::Syck n/a
version 0.9901
--
Summary of my perl5 (revision 5 version 17 subversion 5) configuration:
Platform:
osname=openbsd, osvers=5.1, archname=OpenBSD.i386-openbsd-thread-multi
uname='openbsd cpansmoke3 5.1 generic.mp#188 i386 '
config_args='-des -Dusedevel -Dusethreads -Dprefix=/home/sts/cpansmoke/perl-5.17.5'
hint=recommended, useposix=true, d_sigaction=define
useithreads=define, usemultiplicity=define
useperlio=define, d_sfio=undef, uselargefiles=define, usesocks=undef
use64bitint=undef, use64bitall=undef, uselongdouble=undef
usemymalloc=y, bincompat5005=undef
Compiler:
cc='cc', ccflags ='-pthread -fno-strict-aliasing -pipe -fstack-protector -I/usr/local/include',
optimize='-O2',
cppflags='-pthread -fno-strict-aliasing -pipe -fstack-protector -I/usr/local/include'
ccversion='', gccversion='4.2.1 20070719 ', gccosandvers='openbsd5.1'
intsize=4, longsize=4, ptrsize=4, doublesize=8, byteorder=1234
d_longlong=define, longlongsize=8, d_longdbl=define, longdblsize=12
ivtype='long', ivsize=4, nvtype='double', nvsize=8, Off_t='off_t', lseeksize=8
alignbytes=4, prototype=define
Linker and Libraries:
ld='cc', ldflags ='-pthread -Wl,-E -fstack-protector -L/usr/local/lib'
libpth=/usr/local/lib /usr/lib
libs=-lgdbm -lm -lutil -lc
perllibs=-lm -lutil -lc
libc=/usr/lib/libc.so.62.0, so=so, useshrplib=false, libperl=libperl.a
gnulibc_version=''
Dynamic Linking:
dlsrc=dl_dlopen.xs, dlext=so, d_dlsymun=undef, ccdlflags=' '
cccdlflags='-DPIC -fPIC ', lddlflags='-shared -fPIC -L/usr/local/lib -fstack-protector'
Characteristics of this binary (from libperl):
Compile-time options: HAS_TIMES MULTIPLICITY MYMALLOC PERLIO_LAYERS
PERL_DONT_CREATE_GVSV PERL_IMPLICIT_CONTEXT
PERL_MALLOC_WRAP PERL_PRESERVE_IVUV PERL_USE_DEVEL
USE_ITHREADS USE_LARGE_FILES USE_LOCALE
USE_LOCALE_COLLATE USE_LOCALE_CTYPE
USE_LOCALE_NUMERIC USE_PERLIO USE_PERL_ATOF
USE_REENTRANT_API
Built under openbsd
Compiled at Oct 20 2012 19:34:26
%ENV:
PERL5LIB="/home/sts/cpansmoke/perl-5.17.5/cpan/build/Class-Std-Utils-v0.0.3-NeEEFz/blib/arch:/home/sts/cpansmoke/perl-5.17.5/cpan/build/Class-Std-Utils-v0.0.3-NeEEFz/blib/lib"
PERL5OPT=""
PERL5_CPANPLUS_IS_RUNNING="18075"
PERL5_CPAN_IS_RUNNING="18075"
PERL5_CPAN_IS_RUNNING_IN_RECURSION="2890,18075"
PERL_CR_SMOKER_CURRENT="Variable-Strongly-Typed-v1.1.0"
PERL_EXTUTILS_AUTOINSTALL="--defaultdeps"
PERL_MM_USE_DEFAULT="1"
@INC:
/home/sts/cpansmoke/perl-5.17.5/cpan/build/Class-Std-Utils-v0.0.3-NeEEFz/blib/arch
/home/sts/cpansmoke/perl-5.17.5/cpan/build/Class-Std-Utils-v0.0.3-NeEEFz/blib/lib
/home/sts/cpansmoke/perl-5.17.5/lib/site_perl/5.17.5/OpenBSD.i386-openbsd-thread-multi
/home/sts/cpansmoke/perl-5.17.5/lib/site_perl/5.17.5
/home/sts/cpansmoke/perl-5.17.5/lib/5.17.5/OpenBSD.i386-openbsd-thread-multi
/home/sts/cpansmoke/perl-5.17.5/lib/5.17.5
.