Report for MooseX-Params-0.010

Back
From: metabase:user:320bfe00-2aae-11df-837a-5e0a49663a4f
Subject: FAIL MooseX-Params-0.010 v5.24.0 GNU/Linux
Date: 2016-05-13T11:12:04Z

This distribution has been tested as part of the CPAN Testers
project, supporting the Perl programming language.  See
http://wiki.cpantesters.org/ for more information or email
questions to cpan-testers-discuss@perl.org


--
Dear Peter Shangov,

This is a computer-generated report for MooseX-Params-0.010
on perl 5.24.0, created by CPAN-Reporter-1.2017.

Thank you for uploading your work to CPAN.  However, there was a problem
testing your distribution.

If you think this report is invalid, please consult the CPAN Testers Wiki
for suggestions on how to avoid getting FAIL reports for missing library
or binary dependencies, unsupported operating systems, and so on:

http://wiki.cpantesters.org/wiki/CPANAuthorNotes

Sections of this report:

    * Tester comments
    * Program output
    * Prerequisites
    * Environment and other context

------------------------------
TESTER COMMENTS
------------------------------

Additional comments from tester:

this report is from an automated smoke testing program
and was not reviewed by a human for accuracy

------------------------------
PROGRAM OUTPUT
------------------------------

Output from '/usr/bin/make test':

PERL_DL_NONLAZY=1 "/tmp/basesmoker-reloperl-zaAs/bin/perl" "-MExtUtils::Command::MM" "-MTest::Harness" "-e" "undef *Test::Harness::Switches; test_harness(0, 'blib/lib', 'blib/arch')" t/*.t
Smartmatch is experimental at lib/MooseX/Params/Magic/Wizard.pm line 30.
Smartmatch is experimental at lib/MooseX/Params/Magic/Wizard.pm line 64.
given is experimental at lib/MooseX/Params/Util.pm line 302.
when is experimental at lib/MooseX/Params/Util.pm line 304.
when is experimental at lib/MooseX/Params/Util.pm line 305.
when is experimental at lib/MooseX/Params/Util.pm line 306.
when is experimental at lib/MooseX/Params/Util.pm line 307.
given is experimental at lib/MooseX/Params/Util.pm line 316.
when is experimental at lib/MooseX/Params/Util.pm line 318.
given is experimental at lib/MooseX/Params/Util.pm line 302.
when is experimental at lib/MooseX/Params/Util.pm line 304.
when is experimental at lib/MooseX/Params/Util.pm line 305.
when is experimental at lib/MooseX/Params/Util.pm line 306.
when is experimental at lib/MooseX/Params/Util.pm line 307.
given is experimental at lib/MooseX/Params/Util.pm line 316.
when is experimental at lib/MooseX/Params/Util.pm line 318.
Smartmatch is experimental at lib/MooseX/Params/Magic/Wizard.pm line 30.
Smartmatch is experimental at lib/MooseX/Params/Magic/Wizard.pm line 64.
Smartmatch is experimental at lib/MooseX/Params/Magic/Wizard.pm line 30.
Smartmatch is experimental at lib/MooseX/Params/Magic/Wizard.pm line 64.
given is experimental at lib/MooseX/Params/Util.pm line 302.
when is experimental at lib/MooseX/Params/Util.pm line 304.
when is experimental at lib/MooseX/Params/Util.pm line 305.
when is experimental at lib/MooseX/Params/Util.pm line 306.
when is experimental at lib/MooseX/Params/Util.pm line 307.
given is experimental at lib/MooseX/Params/Util.pm line 316.
when is experimental at lib/MooseX/Params/Util.pm line 318.
t/00-compile.t .......... ok
Smartmatch is experimental at /tmp/loop_over_bdir-11817-b_2Z0U/MooseX-Params-0.010-0/blib/lib/MooseX/Params/Magic/Wizard.pm line 30.
Smartmatch is experimental at /tmp/loop_over_bdir-11817-b_2Z0U/MooseX-Params-0.010-0/blib/lib/MooseX/Params/Magic/Wizard.pm line 64.
given is experimental at /tmp/loop_over_bdir-11817-b_2Z0U/MooseX-Params-0.010-0/blib/lib/MooseX/Params/Util.pm line 302.
when is experimental at /tmp/loop_over_bdir-11817-b_2Z0U/MooseX-Params-0.010-0/blib/lib/MooseX/Params/Util.pm line 304.
when is experimental at /tmp/loop_over_bdir-11817-b_2Z0U/MooseX-Params-0.010-0/blib/lib/MooseX/Params/Util.pm line 305.
when is experimental at /tmp/loop_over_bdir-11817-b_2Z0U/MooseX-Params-0.010-0/blib/lib/MooseX/Params/Util.pm line 306.
when is experimental at /tmp/loop_over_bdir-11817-b_2Z0U/MooseX-Params-0.010-0/blib/lib/MooseX/Params/Util.pm line 307.
given is experimental at /tmp/loop_over_bdir-11817-b_2Z0U/MooseX-Params-0.010-0/blib/lib/MooseX/Params/Util.pm line 316.
when is experimental at /tmp/loop_over_bdir-11817-b_2Z0U/MooseX-Params-0.010-0/blib/lib/MooseX/Params/Util.pm line 318.
t/01-parse.t ............ ok
Smartmatch is experimental at /tmp/loop_over_bdir-11817-b_2Z0U/MooseX-Params-0.010-0/blib/lib/MooseX/Params/Magic/Wizard.pm line 30.
Smartmatch is experimental at /tmp/loop_over_bdir-11817-b_2Z0U/MooseX-Params-0.010-0/blib/lib/MooseX/Params/Magic/Wizard.pm line 64.
given is experimental at /tmp/loop_over_bdir-11817-b_2Z0U/MooseX-Params-0.010-0/blib/lib/MooseX/Params/Util.pm line 302.
when is experimental at /tmp/loop_over_bdir-11817-b_2Z0U/MooseX-Params-0.010-0/blib/lib/MooseX/Params/Util.pm line 304.
when is experimental at /tmp/loop_over_bdir-11817-b_2Z0U/MooseX-Params-0.010-0/blib/lib/MooseX/Params/Util.pm line 305.
when is experimental at /tmp/loop_over_bdir-11817-b_2Z0U/MooseX-Params-0.010-0/blib/lib/MooseX/Params/Util.pm line 306.
when is experimental at /tmp/loop_over_bdir-11817-b_2Z0U/MooseX-Params-0.010-0/blib/lib/MooseX/Params/Util.pm line 307.
given is experimental at /tmp/loop_over_bdir-11817-b_2Z0U/MooseX-Params-0.010-0/blib/lib/MooseX/Params/Util.pm line 316.
when is experimental at /tmp/loop_over_bdir-11817-b_2Z0U/MooseX-Params-0.010-0/blib/lib/MooseX/Params/Util.pm line 318.
t/02-params.t ........... ok
Smartmatch is experimental at /tmp/loop_over_bdir-11817-b_2Z0U/MooseX-Params-0.010-0/blib/lib/MooseX/Params/Magic/Wizard.pm line 30.
Smartmatch is experimental at /tmp/loop_over_bdir-11817-b_2Z0U/MooseX-Params-0.010-0/blib/lib/MooseX/Params/Magic/Wizard.pm line 64.
given is experimental at /tmp/loop_over_bdir-11817-b_2Z0U/MooseX-Params-0.010-0/blib/lib/MooseX/Params/Util.pm line 302.
when is experimental at /tmp/loop_over_bdir-11817-b_2Z0U/MooseX-Params-0.010-0/blib/lib/MooseX/Params/Util.pm line 304.
when is experimental at /tmp/loop_over_bdir-11817-b_2Z0U/MooseX-Params-0.010-0/blib/lib/MooseX/Params/Util.pm line 305.
when is experimental at /tmp/loop_over_bdir-11817-b_2Z0U/MooseX-Params-0.010-0/blib/lib/MooseX/Params/Util.pm line 306.
when is experimental at /tmp/loop_over_bdir-11817-b_2Z0U/MooseX-Params-0.010-0/blib/lib/MooseX/Params/Util.pm line 307.
given is experimental at /tmp/loop_over_bdir-11817-b_2Z0U/MooseX-Params-0.010-0/blib/lib/MooseX/Params/Util.pm line 316.
when is experimental at /tmp/loop_over_bdir-11817-b_2Z0U/MooseX-Params-0.010-0/blib/lib/MooseX/Params/Util.pm line 318.
t/03-lazy.t ............. ok
Smartmatch is experimental at /tmp/loop_over_bdir-11817-b_2Z0U/MooseX-Params-0.010-0/blib/lib/MooseX/Params/Magic/Wizard.pm line 30.
Smartmatch is experimental at /tmp/loop_over_bdir-11817-b_2Z0U/MooseX-Params-0.010-0/blib/lib/MooseX/Params/Magic/Wizard.pm line 64.
given is experimental at /tmp/loop_over_bdir-11817-b_2Z0U/MooseX-Params-0.010-0/blib/lib/MooseX/Params/Util.pm line 302.
when is experimental at /tmp/loop_over_bdir-11817-b_2Z0U/MooseX-Params-0.010-0/blib/lib/MooseX/Params/Util.pm line 304.
when is experimental at /tmp/loop_over_bdir-11817-b_2Z0U/MooseX-Params-0.010-0/blib/lib/MooseX/Params/Util.pm line 305.
when is experimental at /tmp/loop_over_bdir-11817-b_2Z0U/MooseX-Params-0.010-0/blib/lib/MooseX/Params/Util.pm line 306.
when is experimental at /tmp/loop_over_bdir-11817-b_2Z0U/MooseX-Params-0.010-0/blib/lib/MooseX/Params/Util.pm line 307.
given is experimental at /tmp/loop_over_bdir-11817-b_2Z0U/MooseX-Params-0.010-0/blib/lib/MooseX/Params/Util.pm line 316.
when is experimental at /tmp/loop_over_bdir-11817-b_2Z0U/MooseX-Params-0.010-0/blib/lib/MooseX/Params/Util.pm line 318.
t/04-named.t ............ ok
Smartmatch is experimental at /tmp/loop_over_bdir-11817-b_2Z0U/MooseX-Params-0.010-0/blib/lib/MooseX/Params/Magic/Wizard.pm line 30.
Smartmatch is experimental at /tmp/loop_over_bdir-11817-b_2Z0U/MooseX-Params-0.010-0/blib/lib/MooseX/Params/Magic/Wizard.pm line 64.
given is experimental at /tmp/loop_over_bdir-11817-b_2Z0U/MooseX-Params-0.010-0/blib/lib/MooseX/Params/Util.pm line 302.
when is experimental at /tmp/loop_over_bdir-11817-b_2Z0U/MooseX-Params-0.010-0/blib/lib/MooseX/Params/Util.pm line 304.
when is experimental at /tmp/loop_over_bdir-11817-b_2Z0U/MooseX-Params-0.010-0/blib/lib/MooseX/Params/Util.pm line 305.
when is experimental at /tmp/loop_over_bdir-11817-b_2Z0U/MooseX-Params-0.010-0/blib/lib/MooseX/Params/Util.pm line 306.
when is experimental at /tmp/loop_over_bdir-11817-b_2Z0U/MooseX-Params-0.010-0/blib/lib/MooseX/Params/Util.pm line 307.
given is experimental at /tmp/loop_over_bdir-11817-b_2Z0U/MooseX-Params-0.010-0/blib/lib/MooseX/Params/Util.pm line 316.
when is experimental at /tmp/loop_over_bdir-11817-b_2Z0U/MooseX-Params-0.010-0/blib/lib/MooseX/Params/Util.pm line 318.
t/05-buildargs.t ........ ok
Smartmatch is experimental at /tmp/loop_over_bdir-11817-b_2Z0U/MooseX-Params-0.010-0/blib/lib/MooseX/Params/Magic/Wizard.pm line 30.
Smartmatch is experimental at /tmp/loop_over_bdir-11817-b_2Z0U/MooseX-Params-0.010-0/blib/lib/MooseX/Params/Magic/Wizard.pm line 64.
given is experimental at /tmp/loop_over_bdir-11817-b_2Z0U/MooseX-Params-0.010-0/blib/lib/MooseX/Params/Util.pm line 302.
when is experimental at /tmp/loop_over_bdir-11817-b_2Z0U/MooseX-Params-0.010-0/blib/lib/MooseX/Params/Util.pm line 304.
when is experimental at /tmp/loop_over_bdir-11817-b_2Z0U/MooseX-Params-0.010-0/blib/lib/MooseX/Params/Util.pm line 305.
when is experimental at /tmp/loop_over_bdir-11817-b_2Z0U/MooseX-Params-0.010-0/blib/lib/MooseX/Params/Util.pm line 306.
when is experimental at /tmp/loop_over_bdir-11817-b_2Z0U/MooseX-Params-0.010-0/blib/lib/MooseX/Params/Util.pm line 307.
given is experimental at /tmp/loop_over_bdir-11817-b_2Z0U/MooseX-Params-0.010-0/blib/lib/MooseX/Params/Util.pm line 316.
when is experimental at /tmp/loop_over_bdir-11817-b_2Z0U/MooseX-Params-0.010-0/blib/lib/MooseX/Params/Util.pm line 318.
t/06-inheritance.t ...... ok
Smartmatch is experimental at /tmp/loop_over_bdir-11817-b_2Z0U/MooseX-Params-0.010-0/blib/lib/MooseX/Params/Magic/Wizard.pm line 30.
Smartmatch is experimental at /tmp/loop_over_bdir-11817-b_2Z0U/MooseX-Params-0.010-0/blib/lib/MooseX/Params/Magic/Wizard.pm line 64.
given is experimental at /tmp/loop_over_bdir-11817-b_2Z0U/MooseX-Params-0.010-0/blib/lib/MooseX/Params/Util.pm line 302.
when is experimental at /tmp/loop_over_bdir-11817-b_2Z0U/MooseX-Params-0.010-0/blib/lib/MooseX/Params/Util.pm line 304.
when is experimental at /tmp/loop_over_bdir-11817-b_2Z0U/MooseX-Params-0.010-0/blib/lib/MooseX/Params/Util.pm line 305.
when is experimental at /tmp/loop_over_bdir-11817-b_2Z0U/MooseX-Params-0.010-0/blib/lib/MooseX/Params/Util.pm line 306.
when is experimental at /tmp/loop_over_bdir-11817-b_2Z0U/MooseX-Params-0.010-0/blib/lib/MooseX/Params/Util.pm line 307.
given is experimental at /tmp/loop_over_bdir-11817-b_2Z0U/MooseX-Params-0.010-0/blib/lib/MooseX/Params/Util.pm line 316.
when is experimental at /tmp/loop_over_bdir-11817-b_2Z0U/MooseX-Params-0.010-0/blib/lib/MooseX/Params/Util.pm line 318.
t/07-procedural.t ....... ok
Smartmatch is experimental at /tmp/loop_over_bdir-11817-b_2Z0U/MooseX-Params-0.010-0/blib/lib/MooseX/Params/Magic/Wizard.pm line 30.
Smartmatch is experimental at /tmp/loop_over_bdir-11817-b_2Z0U/MooseX-Params-0.010-0/blib/lib/MooseX/Params/Magic/Wizard.pm line 64.
given is experimental at /tmp/loop_over_bdir-11817-b_2Z0U/MooseX-Params-0.010-0/blib/lib/MooseX/Params/Util.pm line 302.
when is experimental at /tmp/loop_over_bdir-11817-b_2Z0U/MooseX-Params-0.010-0/blib/lib/MooseX/Params/Util.pm line 304.
when is experimental at /tmp/loop_over_bdir-11817-b_2Z0U/MooseX-Params-0.010-0/blib/lib/MooseX/Params/Util.pm line 305.
when is experimental at /tmp/loop_over_bdir-11817-b_2Z0U/MooseX-Params-0.010-0/blib/lib/MooseX/Params/Util.pm line 306.
when is experimental at /tmp/loop_over_bdir-11817-b_2Z0U/MooseX-Params-0.010-0/blib/lib/MooseX/Params/Util.pm line 307.
given is experimental at /tmp/loop_over_bdir-11817-b_2Z0U/MooseX-Params-0.010-0/blib/lib/MooseX/Params/Util.pm line 316.
when is experimental at /tmp/loop_over_bdir-11817-b_2Z0U/MooseX-Params-0.010-0/blib/lib/MooseX/Params/Util.pm line 318.
t/08-synopsis.t ......... ok
Smartmatch is experimental at /tmp/loop_over_bdir-11817-b_2Z0U/MooseX-Params-0.010-0/blib/lib/MooseX/Params/Magic/Wizard.pm line 30.
Smartmatch is experimental at /tmp/loop_over_bdir-11817-b_2Z0U/MooseX-Params-0.010-0/blib/lib/MooseX/Params/Magic/Wizard.pm line 64.
given is experimental at /tmp/loop_over_bdir-11817-b_2Z0U/MooseX-Params-0.010-0/blib/lib/MooseX/Params/Util.pm line 302.
when is experimental at /tmp/loop_over_bdir-11817-b_2Z0U/MooseX-Params-0.010-0/blib/lib/MooseX/Params/Util.pm line 304.
when is experimental at /tmp/loop_over_bdir-11817-b_2Z0U/MooseX-Params-0.010-0/blib/lib/MooseX/Params/Util.pm line 305.
when is experimental at /tmp/loop_over_bdir-11817-b_2Z0U/MooseX-Params-0.010-0/blib/lib/MooseX/Params/Util.pm line 306.
when is experimental at /tmp/loop_over_bdir-11817-b_2Z0U/MooseX-Params-0.010-0/blib/lib/MooseX/Params/Util.pm line 307.
given is experimental at /tmp/loop_over_bdir-11817-b_2Z0U/MooseX-Params-0.010-0/blib/lib/MooseX/Params/Util.pm line 316.
when is experimental at /tmp/loop_over_bdir-11817-b_2Z0U/MooseX-Params-0.010-0/blib/lib/MooseX/Params/Util.pm line 318.
t/09-anon.t ............. ok
Smartmatch is experimental at /tmp/loop_over_bdir-11817-b_2Z0U/MooseX-Params-0.010-0/blib/lib/MooseX/Params/Magic/Wizard.pm line 30.
Smartmatch is experimental at /tmp/loop_over_bdir-11817-b_2Z0U/MooseX-Params-0.010-0/blib/lib/MooseX/Params/Magic/Wizard.pm line 64.
given is experimental at /tmp/loop_over_bdir-11817-b_2Z0U/MooseX-Params-0.010-0/blib/lib/MooseX/Params/Util.pm line 302.
when is experimental at /tmp/loop_over_bdir-11817-b_2Z0U/MooseX-Params-0.010-0/blib/lib/MooseX/Params/Util.pm line 304.
when is experimental at /tmp/loop_over_bdir-11817-b_2Z0U/MooseX-Params-0.010-0/blib/lib/MooseX/Params/Util.pm line 305.
when is experimental at /tmp/loop_over_bdir-11817-b_2Z0U/MooseX-Params-0.010-0/blib/lib/MooseX/Params/Util.pm line 306.
when is experimental at /tmp/loop_over_bdir-11817-b_2Z0U/MooseX-Params-0.010-0/blib/lib/MooseX/Params/Util.pm line 307.
given is experimental at /tmp/loop_over_bdir-11817-b_2Z0U/MooseX-Params-0.010-0/blib/lib/MooseX/Params/Util.pm line 316.
when is experimental at /tmp/loop_over_bdir-11817-b_2Z0U/MooseX-Params-0.010-0/blib/lib/MooseX/Params/Util.pm line 318.
Undefined subroutine &List::MoreUtils::all called at (eval 314) line 3.
	Eval::Closure::Sandbox_258::__ANON__(ARRAY(0x4036bc0)) called at /home/sand/src/perl/repoperls/installed-perls/host/k93x64sid/v5.24.0/9af6/lib/site_perl/5.24.0/x86_64-linux-thread-multi/Moose/Meta/TypeConstraint.pm line 161
	Moose::Meta::TypeConstraint::check(Moose::Meta::TypeConstraint::Parameterized=HASH(0x41ab7c8), ARRAY(0x4036bc0)) called at /home/sand/src/perl/repoperls/installed-perls/host/k93x64sid/v5.24.0/9af6/lib/site_perl/5.24.0/x86_64-linux-thread-multi/Moose/Meta/TypeConstraint.pm line 211
	Moose::Meta::TypeConstraint::assert_valid(Moose::Meta::TypeConstraint::Parameterized=HASH(0x41ab7c8), ARRAY(0x4036bc0)) called at /tmp/loop_over_bdir-11817-b_2Z0U/MooseX-Params-0.010-0/blib/lib/MooseX/Params/Util.pm line 299
	MooseX::Params::Util::process_return_values(MooseX::Params::Meta::Method=HASH(0x4097c80), 1, "foo", "bar", "baz") called at /tmp/loop_over_bdir-11817-b_2Z0U/MooseX-Params-0.010-0/blib/lib/MooseX/Params/Util.pm line 96
	main::stuff() called at t/10-returns.t line 21
# Tests were run but no plan was declared and done_testing() was not seen.
# Looks like your test exited with 255 just after 2.
t/10-returns.t .......... 
Dubious, test returned 255 (wstat 65280, 0xff00)
All 2 subtests passed 
Smartmatch is experimental at /tmp/loop_over_bdir-11817-b_2Z0U/MooseX-Params-0.010-0/blib/lib/MooseX/Params/Magic/Wizard.pm line 30.
Smartmatch is experimental at /tmp/loop_over_bdir-11817-b_2Z0U/MooseX-Params-0.010-0/blib/lib/MooseX/Params/Magic/Wizard.pm line 64.
given is experimental at /tmp/loop_over_bdir-11817-b_2Z0U/MooseX-Params-0.010-0/blib/lib/MooseX/Params/Util.pm line 302.
when is experimental at /tmp/loop_over_bdir-11817-b_2Z0U/MooseX-Params-0.010-0/blib/lib/MooseX/Params/Util.pm line 304.
when is experimental at /tmp/loop_over_bdir-11817-b_2Z0U/MooseX-Params-0.010-0/blib/lib/MooseX/Params/Util.pm line 305.
when is experimental at /tmp/loop_over_bdir-11817-b_2Z0U/MooseX-Params-0.010-0/blib/lib/MooseX/Params/Util.pm line 306.
when is experimental at /tmp/loop_over_bdir-11817-b_2Z0U/MooseX-Params-0.010-0/blib/lib/MooseX/Params/Util.pm line 307.
given is experimental at /tmp/loop_over_bdir-11817-b_2Z0U/MooseX-Params-0.010-0/blib/lib/MooseX/Params/Util.pm line 316.
when is experimental at /tmp/loop_over_bdir-11817-b_2Z0U/MooseX-Params-0.010-0/blib/lib/MooseX/Params/Util.pm line 318.
t/11-returns_scalar.t ... ok
Undefined subroutine &List::MoreUtils::all called at (eval 187) line 3.
# Tests were run but no plan was declared and done_testing() was not seen.
# Looks like your test exited with 255 just after 6.
t/12-listables.t ........ 
Dubious, test returned 255 (wstat 65280, 0xff00)
All 6 subtests passed 
Smartmatch is experimental at /tmp/loop_over_bdir-11817-b_2Z0U/MooseX-Params-0.010-0/blib/lib/MooseX/Params/Magic/Wizard.pm line 30.
Smartmatch is experimental at /tmp/loop_over_bdir-11817-b_2Z0U/MooseX-Params-0.010-0/blib/lib/MooseX/Params/Magic/Wizard.pm line 64.
given is experimental at /tmp/loop_over_bdir-11817-b_2Z0U/MooseX-Params-0.010-0/blib/lib/MooseX/Params/Util.pm line 302.
when is experimental at /tmp/loop_over_bdir-11817-b_2Z0U/MooseX-Params-0.010-0/blib/lib/MooseX/Params/Util.pm line 304.
when is experimental at /tmp/loop_over_bdir-11817-b_2Z0U/MooseX-Params-0.010-0/blib/lib/MooseX/Params/Util.pm line 305.
when is experimental at /tmp/loop_over_bdir-11817-b_2Z0U/MooseX-Params-0.010-0/blib/lib/MooseX/Params/Util.pm line 306.
when is experimental at /tmp/loop_over_bdir-11817-b_2Z0U/MooseX-Params-0.010-0/blib/lib/MooseX/Params/Util.pm line 307.
given is experimental at /tmp/loop_over_bdir-11817-b_2Z0U/MooseX-Params-0.010-0/blib/lib/MooseX/Params/Util.pm line 316.
when is experimental at /tmp/loop_over_bdir-11817-b_2Z0U/MooseX-Params-0.010-0/blib/lib/MooseX/Params/Util.pm line 318.
t/13-readonly.t ......... ok
Smartmatch is experimental at /tmp/loop_over_bdir-11817-b_2Z0U/MooseX-Params-0.010-0/blib/lib/MooseX/Params/Magic/Wizard.pm line 30.
Smartmatch is experimental at /tmp/loop_over_bdir-11817-b_2Z0U/MooseX-Params-0.010-0/blib/lib/MooseX/Params/Magic/Wizard.pm line 64.
given is experimental at /tmp/loop_over_bdir-11817-b_2Z0U/MooseX-Params-0.010-0/blib/lib/MooseX/Params/Util.pm line 302.
when is experimental at /tmp/loop_over_bdir-11817-b_2Z0U/MooseX-Params-0.010-0/blib/lib/MooseX/Params/Util.pm line 304.
when is experimental at /tmp/loop_over_bdir-11817-b_2Z0U/MooseX-Params-0.010-0/blib/lib/MooseX/Params/Util.pm line 305.
when is experimental at /tmp/loop_over_bdir-11817-b_2Z0U/MooseX-Params-0.010-0/blib/lib/MooseX/Params/Util.pm line 306.
when is experimental at /tmp/loop_over_bdir-11817-b_2Z0U/MooseX-Params-0.010-0/blib/lib/MooseX/Params/Util.pm line 307.
given is experimental at /tmp/loop_over_bdir-11817-b_2Z0U/MooseX-Params-0.010-0/blib/lib/MooseX/Params/Util.pm line 316.
when is experimental at /tmp/loop_over_bdir-11817-b_2Z0U/MooseX-Params-0.010-0/blib/lib/MooseX/Params/Util.pm line 318.
t/99-bugs.t ............. ok
t/release-eol.t ......... skipped: these tests are for release candidate testing
t/release-no-tabs.t ..... skipped: these tests are for release candidate testing
t/release-pod-syntax.t .. skipped: these tests are for release candidate testing

Test Summary Report
-------------------
t/10-returns.t        (Wstat: 65280 Tests: 2 Failed: 0)
  Non-zero exit status: 255
  Parse errors: No plan found in TAP output
t/12-listables.t      (Wstat: 65280 Tests: 6 Failed: 0)
  Non-zero exit status: 255
  Parse errors: No plan found in TAP output
Files=18, Tests=88,  6 wallclock secs ( 0.04 usr  0.08 sys +  5.33 cusr  0.52 csys =  5.97 CPU)
Result: FAIL
Failed 2/18 test programs. 0/88 subtests failed.
Makefile:928: recipe for target 'test_dynamic' failed
make: *** [test_dynamic] Error 255

------------------------------
PREREQUISITES
------------------------------

Prerequisite modules loaded:

requires:

    Module                                       Need Have    
    -------------------------------------------- ---- --------
    Attribute::Lexical                           0    0.004   
    B::Hooks::EndOfScope                         0    0.20    
    Carp                                         0    1.40    
    Class::MOP::Class                            0    2.1801  
    List::Util                                   0    1.45    
    Moose                                        1.24 2.1801  
    Moose::Meta::Method                          0    2.1801  
    Moose::Meta::TypeConstraint::Parameterizable 0    2.1801  
    Moose::Util::TypeConstraints                 0    2.1801  
    Package::Stash                               0.18 0.37    
    parent                                       0    0.234   
    Perl6::Caller                                0    0.100   
    Scalar::Readonly                             0    0.03    
    Scalar::Util                                 0    1.45    
    strict                                       0    1.11    
    Sub::Identify                                0    0.12    
    Sub::Mutate                                  0    0.007   
    Text::CSV_XS                                 0    1.23    
    Try::Tiny                                    0    0.24    
    Variable::Magic                              0    0.59    
    warnings                                     0    1.36    

build_requires:

    Module                                       Need Have    
    -------------------------------------------- ---- --------
    base                                         0    2.23    
    Carp::Always                                 0    0.13    
    File::Find                                   0    1.34    
    File::Temp                                   0    0.2304  
    IO::String                                   0    1.08    
    Test::More                                   0    1.302016
    Test::Most                                   0    0.34    

configure_requires:

    Module                                       Need Have    
    -------------------------------------------- ---- --------
    ExtUtils::MakeMaker                          6.30 7.16    


------------------------------
ENVIRONMENT AND OTHER CONTEXT
------------------------------

Environment variables:

    AUTOMATED_TESTING = 1
    LANG = C
    PATH = /usr/lib/ccache:/home/sand/bin:/usr/local/bin:/usr/lib/ccache:/usr/bin:/bin:/usr/games:/usr/local/perl/bin:/usr/X11/bin:/sbin:/usr/sbin
    PERL5LIB = 
    PERL5OPT = 
    PERL5_CPANPLUS_IS_RUNNING = 30611
    PERL5_CPAN_IS_RUNNING = 30611
    PERL_CANARY_STABILITY_NOPROMPT = 1
    PERL_MM_USE_DEFAULT = 1
    SHELL = /usr/bin/zsh
    TERM = screen

Perl special variables (and OS-specific diagnostics, for MSWin32):

    $^X = /tmp/basesmoker-reloperl-zaAs/bin/perl
    $UID/$EUID = 1005 / 1005
    $GID = 1005 1005
    $EGID = 1005 1005

Perl module toolchain versions installed:

    Module              Have    
    ------------------- --------
    CPAN                2.12    
    CPAN::Meta          2.150005
    Cwd                 3.63    
    ExtUtils::CBuilder  0.280225
    ExtUtils::Command   7.16    
    ExtUtils::Install   2.04    
    ExtUtils::MakeMaker 7.16    
    ExtUtils::Manifest  1.70    
    ExtUtils::ParseXS   3.31    
    File::Spec          3.63    
    JSON                2.90    
    JSON::PP            2.27300 
    Module::Build       0.4218  
    Module::Signature   0.79    
    Parse::CPAN::Meta   1.4417  
    Test::Harness       3.36    
    Test::More          1.302016
    YAML                1.15    
    YAML::Syck          1.29    
    version             0.9916  


--

Summary of my perl5 (revision 5 version 24 subversion 0) configuration:
  Commit id: be2c0c650b028f54e427f2469a59942edfdff8a9
  Platform:
    osname=linux, osvers=4.5.0-2-amd64, archname=x86_64-linux-thread-multi
    uname='linux k93x64sid 4.5.0-2-amd64 #1 smp debian 4.5.3-2 (2016-05-08) x86_64 gnulinux '
    config_args='-Dprefix=/home/sand/src/perl/repoperls/installed-perls/host/k93x64sid/v5.24.0/9af6 -Dmyhostname=k93x64sid -Dinstallusrbinperl=n -Uversiononly -Dusedevel -des -Ui_db -Dlibswanted=cl pthread socket inet nsl gdbm dbm malloc dl ld sun m crypt sec util c cposix posix ucb BSD gdbm_compat -Duseithreads -Uuselongdouble -DDEBUGGING=-g'
    hint=recommended, useposix=true, d_sigaction=define
    useithreads=define, usemultiplicity=define
    use64bitint=define, use64bitall=define, uselongdouble=undef
    usemymalloc=n, bincompat5005=undef
  Compiler:
    cc='cc', ccflags ='-D_REENTRANT -D_GNU_SOURCE -fwrapv -fno-strict-aliasing -pipe -fstack-protector-strong -I/usr/local/include -D_LARGEFILE_SOURCE -D_FILE_OFFSET_BITS=64 -D_FORTIFY_SOURCE=2',
    optimize='-O2 -g',
    cppflags='-D_REENTRANT -D_GNU_SOURCE -fwrapv -fno-strict-aliasing -pipe -fstack-protector-strong -I/usr/local/include'
    ccversion='', gccversion='5.3.1 20160509', gccosandvers=''
    intsize=4, longsize=8, ptrsize=8, doublesize=8, byteorder=12345678, doublekind=3
    d_longlong=define, longlongsize=8, d_longdbl=define, longdblsize=16, longdblkind=3
    ivtype='long', ivsize=8, nvtype='double', nvsize=8, Off_t='off_t', lseeksize=8
    alignbytes=8, prototype=define
  Linker and Libraries:
    ld='cc', ldflags =' -fstack-protector-strong -L/usr/local/lib'
    libpth=/usr/local/lib /usr/lib/gcc/x86_64-linux-gnu/5/include-fixed /usr/include/x86_64-linux-gnu /usr/lib /lib/x86_64-linux-gnu /lib/../lib /usr/lib/x86_64-linux-gnu /usr/lib/../lib /lib
    libs=-lpthread -lnsl -ldl -lm -lcrypt -lutil -lc
    perllibs=-lpthread -lnsl -ldl -lm -lcrypt -lutil -lc
    libc=libc-2.22.so, so=so, useshrplib=false, libperl=libperl.a
    gnulibc_version='2.22'
  Dynamic Linking:
    dlsrc=dl_dlopen.xs, dlext=so, d_dlsymun=undef, ccdlflags='-Wl,-E'
    cccdlflags='-fPIC', lddlflags='-shared -O2 -g -L/usr/local/lib -fstack-protector-strong'


Characteristics of this binary (from libperl): 
  Compile-time options: HAS_TIMES MULTIPLICITY PERLIO_LAYERS
                        PERL_COPY_ON_WRITE PERL_DONT_CREATE_GVSV
                        PERL_HASH_FUNC_ONE_AT_A_TIME_HARD
                        PERL_IMPLICIT_CONTEXT PERL_MALLOC_WRAP
                        PERL_PRESERVE_IVUV PERL_USE_DEVEL USE_64_BIT_ALL
                        USE_64_BIT_INT USE_ITHREADS USE_LARGE_FILES
                        USE_LOCALE USE_LOCALE_COLLATE USE_LOCALE_CTYPE
                        USE_LOCALE_NUMERIC USE_LOCALE_TIME USE_PERLIO
                        USE_PERL_ATOF USE_REENTRANT_API
  Built under linux
  Compiled at Jan  1 1970 00:00:00
  %ENV:
    PERL5LIB=""
    PERL5OPT=""
    PERL5_CPANPLUS_IS_RUNNING="30611"
    PERL5_CPAN_IS_RUNNING="30611"
    PERL_CANARY_STABILITY_NOPROMPT="1"
    PERL_MM_USE_DEFAULT="1"
  @INC:
    /home/sand/src/perl/repoperls/installed-perls/host/k93x64sid/v5.24.0/9af6/lib/site_perl/5.24.0/x86_64-linux-thread-multi
    /home/sand/src/perl/repoperls/installed-perls/host/k93x64sid/v5.24.0/9af6/lib/site_perl/5.24.0
    /home/sand/src/perl/repoperls/installed-perls/host/k93x64sid/v5.24.0/9af6/lib/5.24.0/x86_64-linux-thread-multi
    /home/sand/src/perl/repoperls/installed-perls/host/k93x64sid/v5.24.0/9af6/lib/5.24.0
    .