Report for IO-Async-Loop-UV-0.01

Back
From: metabase:user:320bfe00-2aae-11df-837a-5e0a49663a4f
Subject: FAIL IO-Async-Loop-UV-0.01 v5.17.10 GNU/Linux
Date: 2013-07-28T15:44:00Z

This distribution has been tested as part of the CPAN Testers
project, supporting the Perl programming language.  See
http://wiki.cpantesters.org/ for more information or email
questions to cpan-testers-discuss@perl.org


--
Dear Paul Evans,

This is a computer-generated report for IO-Async-Loop-UV-0.01
on perl 5.17.10, created by CPAN-Reporter-1.2010.

Thank you for uploading your work to CPAN.  However, there was a problem
testing your distribution.

If you think this report is invalid, please consult the CPAN Testers Wiki
for suggestions on how to avoid getting FAIL reports for missing library
or binary dependencies, unsupported operating systems, and so on:

http://wiki.cpantesters.org/wiki/CPANAuthorNotes

Sections of this report:

    * Tester comments
    * Program output
    * Prerequisites
    * Environment and other context

------------------------------
TESTER COMMENTS
------------------------------

Additional comments from tester:

this report is from an automated smoke testing program
and was not reviewed by a human for accuracy

------------------------------
PROGRAM OUTPUT
------------------------------

Output from './Build test':

t/00use.t ........... ok

#   Failed test '$readready after pipe HUP'
#   at /home/sand/src/perl/repoperls/installed-perls/perl/v5.17.10/9980/lib/site_perl/5.17.10/IO/Async/LoopTests.pm line 267.
#          got: '0'
#     expected: '1'
t/01loop-io.t ....... 
Failed 4/21 subtests 
	(less 2 skipped subtests: 15 okay)
t/02loop-timer.t .... ok
t/03loop-signal.t ... ok

#   Failed test 'loop_once(1) with unwatched deferral took at least 0.5 seconds'
#   at /home/sand/src/perl/repoperls/installed-perls/perl/v5.17.10/9980/lib/site_perl/5.17.10/IO/Async/LoopTests.pm line 140.
#     '8.82148742675781e-06'
#         >=
#     '0.5'
# Looks like you failed 1 test of 15.
t/04loop-idle.t ..... 
Dubious, test returned 1 (wstat 256, 0x100)
Failed 1/15 subtests 
t/05loop-child.t .... ok
t/06loop-control.t .. ok
t/99pod.t ........... ok

Test Summary Report
-------------------
t/01loop-io.t     (Wstat: 134 Tests: 18 Failed: 1)
  Failed test:  14
  Non-zero wait status: 134
  Parse errors: Bad plan.  You planned 21 tests but ran 18.
t/04loop-idle.t   (Wstat: 256 Tests: 15 Failed: 1)
  Failed test:  10
  Non-zero exit status: 1
Files=8, Tests=102, 18 wallclock secs ( 0.05 usr  0.01 sys +  0.54 cusr  0.08 csys =  0.68 CPU)
Result: FAIL
Failed 2/8 test programs. 2/102 subtests failed.

------------------------------
PREREQUISITES
------------------------------

Prerequisite modules loaded:

requires:

    Module               Need Have
    -------------------- ---- ----
    IO::Async::Loop      0.49 0.58
    UV                   0.24 0.24

build_requires:

    Module               Need Have
    -------------------- ---- ----
    IO::Async::LoopTests 0.24 0.58
    Test::More           0    0.98


------------------------------
ENVIRONMENT AND OTHER CONTEXT
------------------------------

Environment variables:

    AUTOMATED_TESTING = 1
    LANG = en_US.UTF-8
    LANGUAGE = en_US:en
    PATH = /usr/lib/ccache:/home/sand/bin:/usr/local/bin:/usr/bin:/bin:/usr/bin/X11:/usr/games:/usr/local/perl/bin:/usr/X11/bin:/sbin:/usr/sbin
    PERL5LIB = 
    PERL5OPT = 
    PERL5_CPANPLUS_IS_RUNNING = 11708
    PERL5_CPAN_IS_RUNNING = 11708
    PERL_MM_USE_DEFAULT = 1
    SHELL = /usr/bin/zsh
    TERM = screen

Perl special variables (and OS-specific diagnostics, for MSWin32):

    $^X = /home/sand/src/perl/repoperls/installed-perls/perl/v5.17.10/9980/bin/perl
    $UID/$EUID = 1005 / 1005
    $GID = 1005 1005
    $EGID = 1005 1005

Perl module toolchain versions installed:

    Module              Have    
    ------------------- --------
    CPAN                2.00    
    CPAN::Meta          2.120921
    Cwd                 3.40    
    ExtUtils::CBuilder  0.280209
    ExtUtils::Command   1.17    
    ExtUtils::Install   1.59    
    ExtUtils::MakeMaker 6.73_02 
    ExtUtils::Manifest  1.63    
    ExtUtils::ParseXS   3.18    
    File::Spec          3.40    
    JSON                2.59    
    JSON::PP            2.27202 
    Module::Build       0.4007  
    Module::Signature   0.73    
    Parse::CPAN::Meta   1.4405  
    Test::Harness       3.28    
    Test::More          0.98    
    YAML                0.84    
    YAML::Syck          1.27    
    version             0.9902  


--

Summary of my perl5 (revision 5 version 17 subversion 10) configuration:
  Commit id: 7517f59849785bff313ec053e695f990495f3ab1
  Platform:
    osname=linux, osvers=3.9-1-amd64, archname=x86_64-linux-thread-multi
    uname='linux k83 3.9-1-amd64 #1 smp debian 3.9.8-1 x86_64 gnulinux '
    config_args='-Dprefix=/home/sand/src/perl/repoperls/installed-perls/perl/v5.17.10/9980 -Dmyhostname=k83 -Dinstallusrbinperl=n -Uversiononly -Dusedevel -des -Ui_db -Duseithreads -Uuselongdouble -DDEBUGGING=-g'
    hint=recommended, useposix=true, d_sigaction=define
    useithreads=define, usemultiplicity=define
    useperlio=define, d_sfio=undef, uselargefiles=define, usesocks=undef
    use64bitint=define, use64bitall=define, uselongdouble=undef
    usemymalloc=n, bincompat5005=undef
  Compiler:
    cc='cc', ccflags ='-D_REENTRANT -D_GNU_SOURCE -fno-strict-aliasing -pipe -fstack-protector -I/usr/local/include -D_LARGEFILE_SOURCE -D_FILE_OFFSET_BITS=64',
    optimize='-O2 -g',
    cppflags='-D_REENTRANT -D_GNU_SOURCE -fno-strict-aliasing -pipe -fstack-protector -I/usr/local/include'
    ccversion='', gccversion='4.8.1', gccosandvers=''
    intsize=4, longsize=8, ptrsize=8, doublesize=8, byteorder=12345678
    d_longlong=define, longlongsize=8, d_longdbl=define, longdblsize=16
    ivtype='long', ivsize=8, nvtype='double', nvsize=8, Off_t='off_t', lseeksize=8
    alignbytes=8, prototype=define
  Linker and Libraries:
    ld='cc', ldflags =' -fstack-protector -L/usr/local/lib'
    libpth=/usr/local/lib /lib/x86_64-linux-gnu /lib/../lib /usr/lib/x86_64-linux-gnu /usr/lib/../lib /lib /usr/lib
    libs=-lnsl -lgdbm -ldb -ldl -lm -lcrypt -lutil -lpthread -lc -lgdbm_compat
    perllibs=-lnsl -ldl -lm -lcrypt -lutil -lpthread -lc
    libc=, so=so, useshrplib=false, libperl=libperl.a
    gnulibc_version='2.17'
  Dynamic Linking:
    dlsrc=dl_dlopen.xs, dlext=so, d_dlsymun=undef, ccdlflags='-Wl,-E'
    cccdlflags='-fPIC', lddlflags='-shared -O2 -g -L/usr/local/lib -fstack-protector'


Characteristics of this binary (from libperl): 
  Compile-time options: HAS_TIMES MULTIPLICITY PERLIO_LAYERS
                        PERL_DONT_CREATE_GVSV PERL_IMPLICIT_CONTEXT
                        PERL_MALLOC_WRAP PERL_PRESERVE_IVUV PERL_SAWAMPERSAND
                        PERL_USE_DEVEL USE_64_BIT_ALL USE_64_BIT_INT
                        USE_ITHREADS USE_LARGE_FILES USE_LOCALE
                        USE_LOCALE_COLLATE USE_LOCALE_CTYPE
                        USE_LOCALE_NUMERIC USE_PERLIO USE_PERL_ATOF
                        USE_REENTRANT_API
  Built under linux
  Compiled at Jul  3 2013 04:47:07
  %ENV:
    PERL5LIB=""
    PERL5OPT=""
    PERL5_CPANPLUS_IS_RUNNING="11708"
    PERL5_CPAN_IS_RUNNING="11708"
    PERL_MM_USE_DEFAULT="1"
  @INC:
    /home/sand/src/perl/repoperls/installed-perls/perl/v5.17.10/9980/lib/site_perl/5.17.10/x86_64-linux-thread-multi
    /home/sand/src/perl/repoperls/installed-perls/perl/v5.17.10/9980/lib/site_perl/5.17.10
    /home/sand/src/perl/repoperls/installed-perls/perl/v5.17.10/9980/lib/5.17.10/x86_64-linux-thread-multi
    /home/sand/src/perl/repoperls/installed-perls/perl/v5.17.10/9980/lib/5.17.10
    .