Test-CleanNamespaces v0.24 Perl 5 v5.14.1 x86_64-linux

Status
Fail
From
Nedzad Hrnjica (NHRNJICA)
Dist
Test-CleanNamespaces v0.24
Platform
Perl 5 v5.14.1 x86_64-linux
Date
2022-08-08 23:12:06
ID
858f65a6-176f-11ed-a24e-ad7411f29030
This distribution has been tested as part of the CPAN Testers
project, supporting the Perl programming language.  See
http://wiki.cpantesters.org/ for more information or email
questions to cpan-testers-discuss@perl.org


--
Dear ETHER,

This is a computer-generated report for Test-CleanNamespaces-0.24
on perl 5.14.1, created by App::cpanminus::reporter 0.17 (1.7046).

Thank you for uploading your work to CPAN.  However, there was a problem
testing your distribution.

If you think this report is invalid, please consult the CPAN Testers Wiki
for suggestions on how to avoid getting FAIL reports for missing library
or binary dependencies, unsupported operating systems, and so on:

http://wiki.cpantesters.org/wiki/CPANAuthorNotes

Sections of this report:

    * Tester comments
    * Program output
    * Prerequisites
    * Environment and other context

------------------------------
TESTER COMMENTS
------------------------------

Additional comments from tester:

none provided

------------------------------
PROGRAM OUTPUT
------------------------------

Output from '':

Building and testing Test-CleanNamespaces-0.24
cp lib/Test/CleanNamespaces.pm blib/lib/Test/CleanNamespaces.pm
Manifying 1 pod document
PERL_DL_NONLAZY=1 "/home/liveapp/.plenv/versions/5.14.1/bin/perl5.14.1" "-MExtUtils::Command::MM" "-MTest::Harness" "-e" "undef *Test::Harness::Switches; test_harness(0, 'blib/lib', 'blib/arch')" t/*.t
# 
# Versions for all modules listed in MYMETA.json (including optional ones):
# 
# === Configure Requires ===
# 
#     Module                       Want     Have
#     ------------------------ -------- --------
#     CPAN::Meta::Requirements 2.120620    2.140
#     ExtUtils::MakeMaker           any     7.64
#     Module::Metadata              any 1.000037
# 
# === Build Requires ===
# 
#     Module              Want Have
#     ------------------- ---- ----
#     ExtUtils::MakeMaker  any 7.64
# 
# === Test Requires ===
# 
#     Module                 Want     Have
#     --------------------- ----- --------
#     ExtUtils::MakeMaker     any     7.64
#     File::Spec              any     3.33
#     File::Spec::Functions   any     3.33
#     File::pushd             any    1.016
#     Scalar::Util            any     1.62
#     Sub::Exporter           any    0.988
#     Test::Deep              any    1.130
#     Test::More             0.96 1.302191
#     Test::Needs             any 0.002009
#     Test::Tester            any 1.302191
#     Test::Warnings        0.009    0.031
#     constant                any     1.33
#     if                      any   0.0601
#     lib                     any     0.63
#     namespace::clean        any     0.27
#     overload                any     1.13
#     parent                  any    0.225
# 
# === Test Recommends ===
# 
#     Module         Want     Have
#     ---------- -------- --------
#     CPAN::Meta 2.120900 2.150010
# 
# === Test Suggests ===
# 
#     Module                          Want     Have
#     --------------------------- -------- --------
#     Class::MOP::Class                any  missing
#     Moo                              any 2.005004
#     Moo::Role                        any 2.005004
#     Moose                            any  missing
#     Moose::Exporter                  any  missing
#     Moose::Role                      any  missing
#     MooseX::Role::Parameterized      any  missing
#     Mouse                            any  v2.5.10
#     Mouse::Role                      any  v2.5.10
#     Role::Tiny                  1.003000 2.002004
#     metaclass                        any  missing
# 
# === Runtime Requires ===
# 
#     Module              Want     Have
#     --------------- -------- --------
#     Exporter            5.57     5.74
#     File::Find           any     1.19
#     File::Spec           any     3.33
#     Module::Runtime      any    0.016
#     Package::Stash      0.14     0.40
#     Role::Tiny      1.003000 2.002004
#     Sub::Identify        any     0.14
#     Test::Builder        any 1.302191
#     strict               any     1.04
#     warnings             any     1.12
# 
# === Runtime Recommends ===
# 
#     Module             Want Have
#     ------------------ ---- ----
#     Package::Stash::XS  any 0.30
# 
# === Runtime Suggests ===
# 
#     Module     Want     Have
#     ---------- ---- --------
#     Role::Tiny  any 2.002004
# 
# === Other Modules ===
# 
#     Module             Have
#     --------------- -------
#     Encode             3.19
#     File::Temp       0.2311
#     JSON::PP           4.11
#     Module::Runtime   0.016
#     Pod::Coverage   missing
#     Sub::Name          0.26
#     YAML            missing
#     autodie          2.1001
# 
t/00-report-prereqs.t ......... ok

#   Failed test 'subtest '' of 'Dirty has an unclean namespace - found all uncleaned imports' compare ok'
#   at t/basic.t line 49.
#          got: '1'
#     expected: '0'

#   Failed test 'subtest '' of 'Dirty has an unclean namespace - found all uncleaned imports' compare name'
#   at t/basic.t line 49.
#          got: ''
#     expected: 'Dirty contains no imported functions'

#   Failed test 'Dirty: diagnostic mentions "remaining imports"'
#   at t/basic.t line 58.
#                   ''
#     doesn't match '(?^:remaining imports)'
# got result: [
#   {
#     '_depth' => 6,
#     '_level' => 1,
#     'actual_ok' => 1,
#     'depth' => 1,
#     'diag' => '',
#     'name' => '',
#     'ok' => 1,
#     'reason' => 'failed to load Dirty: Can\'t locate B/Hooks/EndOfScope.pm in @INC (@INC contains: t/lib /home/liveapp/cpantesters.new/5.14.1/.cpanm_temp/work/1660000236.1585127/Test-CleanNamespaces-0.24/blib/lib /home/liveapp/cpantesters.new/5.14.1/.cpanm_temp/work/1660000236.1585127/Test-CleanNamespaces-0.24/blib/arch /home/liveapp/.plenv/versions/5.14.1/lib/perl5/site_perl/5.14.1/x86_64-linux /home/liveapp/.plenv/versions/5.14.1/lib/perl5/site_perl/5.14.1 /home/liveapp/.plenv/versions/5.14.1/lib/perl5/5.14.1/x86_64-linux /home/liveapp/.plenv/versions/5.14.1/lib/perl5/5.14.1 .) at /home/liveapp/.plenv/versions/5.14.1/lib/perl5/site_perl/5.14.1/namespace/clean.pm line 11.
# BEGIN failed--compilation aborted at /home/liveapp/.plenv/versions/5.14.1/lib/perl5/site_perl/5.14.1/namespace/clean.pm line 11.
# Compilation failed in require at t/lib/ExporterModule.pm line 6.
# BEGIN failed--compilation aborted at t/lib/ExporterModule.pm line 6.
# Compilation failed in require at t/lib/Dirty.pm line 5.
# BEGIN failed--compilation aborted at t/lib/Dirty.pm line 5.
# Compilation failed in require at /home/liveapp/.plenv/versions/5.14.1/lib/perl5/site_perl/5.14.1/Module/Runtime.pm line 314.
# ',
#     'type' => 'skip'
#   }
# ]

#   Failed test 'Dirty: diagnostic lists the remaining imports'
#   at t/basic.t line 60.
#                   ''
#     doesn't match '(?^:'stuff'\s+=>\s+'(Sub)?ExporterModule::stuff')'
# got result: [
#   {
#     '_depth' => 6,
#     '_level' => 1,
#     'actual_ok' => 1,
#     'depth' => 1,
#     'diag' => '',
#     'name' => '',
#     'ok' => 1,
#     'reason' => 'failed to load Dirty: Can\'t locate B/Hooks/EndOfScope.pm in @INC (@INC contains: t/lib /home/liveapp/cpantesters.new/5.14.1/.cpanm_temp/work/1660000236.1585127/Test-CleanNamespaces-0.24/blib/lib /home/liveapp/cpantesters.new/5.14.1/.cpanm_temp/work/1660000236.1585127/Test-CleanNamespaces-0.24/blib/arch /home/liveapp/.plenv/versions/5.14.1/lib/perl5/site_perl/5.14.1/x86_64-linux /home/liveapp/.plenv/versions/5.14.1/lib/perl5/site_perl/5.14.1 /home/liveapp/.plenv/versions/5.14.1/lib/perl5/5.14.1/x86_64-linux /home/liveapp/.plenv/versions/5.14.1/lib/perl5/5.14.1 .) at /home/liveapp/.plenv/versions/5.14.1/lib/perl5/site_perl/5.14.1/namespace/clean.pm line 11.
# BEGIN failed--compilation aborted at /home/liveapp/.plenv/versions/5.14.1/lib/perl5/site_perl/5.14.1/namespace/clean.pm line 11.
# Compilation failed in require at t/lib/ExporterModule.pm line 6.
# BEGIN failed--compilation aborted at t/lib/ExporterModule.pm line 6.
# Compilation failed in require at t/lib/Dirty.pm line 5.
# BEGIN failed--compilation aborted at t/lib/Dirty.pm line 5.
# Compilation failed in require at /home/liveapp/.plenv/versions/5.14.1/lib/perl5/site_perl/5.14.1/Module/Runtime.pm line 314.
# ',
#     'type' => 'skip'
#   }
# ]
# got result: [
#   {
#     '_depth' => 6,
#     '_level' => 1,
#     'actual_ok' => 1,
#     'depth' => 1,
#     'diag' => '',
#     'name' => '',
#     'ok' => 1,
#     'reason' => 'failed to load Dirty: Can\'t locate B/Hooks/EndOfScope.pm in @INC (@INC contains: t/lib /home/liveapp/cpantesters.new/5.14.1/.cpanm_temp/work/1660000236.1585127/Test-CleanNamespaces-0.24/blib/lib /home/liveapp/cpantesters.new/5.14.1/.cpanm_temp/work/1660000236.1585127/Test-CleanNamespaces-0.24/blib/arch /home/liveapp/.plenv/versions/5.14.1/lib/perl5/site_perl/5.14.1/x86_64-linux /home/liveapp/.plenv/versions/5.14.1/lib/perl5/site_perl/5.14.1 /home/liveapp/.plenv/versions/5.14.1/lib/perl5/5.14.1/x86_64-linux /home/liveapp/.plenv/versions/5.14.1/lib/perl5/5.14.1 .) at /home/liveapp/.plenv/versions/5.14.1/lib/perl5/site_perl/5.14.1/namespace/clean.pm line 11.
# BEGIN failed--compilation aborted at /home/liveapp/.plenv/versions/5.14.1/lib/perl5/site_perl/5.14.1/namespace/clean.pm line 11.
# Compilation failed in require at t/lib/ExporterModule.pm line 6.
# BEGIN failed--compilation aborted at t/lib/ExporterModule.pm line 6.
# Compilation failed in require at t/lib/Dirty.pm line 5.
# BEGIN failed--compilation aborted at t/lib/Dirty.pm line 5.
# Compilation failed in require at /home/liveapp/.plenv/versions/5.14.1/lib/perl5/site_perl/5.14.1/Module/Runtime.pm line 314.
# ',
#     'type' => 'skip'
#   }
# ]

#   Failed test 'returned false'
#   at t/basic.t line 66.
Can't locate object method "CAN" via package "Dirty" at t/basic.t line 68.
# Tests were run but no plan was declared and done_testing() was not seen.
# Looks like your test exited with 2 just after 20.
t/basic.t ..................... 
Dubious, test returned 2 (wstat 512, 0x200)
Failed 5/20 subtests 
t/class_mop.t ................. skipped: skipping for regular installs, due to possible circular dependency issues
t/clean-namespaces.t .......... ok
t/find_modules.t .............. ok
Can't locate B/Hooks/EndOfScope.pm in @INC (@INC contains: t/lib /home/liveapp/cpantesters.new/5.14.1/.cpanm_temp/work/1660000236.1585127/Test-CleanNamespaces-0.24/blib/lib /home/liveapp/cpantesters.new/5.14.1/.cpanm_temp/work/1660000236.1585127/Test-CleanNamespaces-0.24/blib/arch /home/liveapp/.plenv/versions/5.14.1/lib/perl5/site_perl/5.14.1/x86_64-linux /home/liveapp/.plenv/versions/5.14.1/lib/perl5/site_perl/5.14.1 /home/liveapp/.plenv/versions/5.14.1/lib/perl5/5.14.1/x86_64-linux /home/liveapp/.plenv/versions/5.14.1/lib/perl5/5.14.1 .) at /home/liveapp/.plenv/versions/5.14.1/lib/perl5/site_perl/5.14.1/namespace/clean.pm line 11.
BEGIN failed--compilation aborted at /home/liveapp/.plenv/versions/5.14.1/lib/perl5/site_perl/5.14.1/namespace/clean.pm line 11.
Compilation failed in require at t/lib/MooyClean.pm line 7.
BEGIN failed--compilation aborted at t/lib/MooyClean.pm line 7.
Compilation failed in require at /home/liveapp/.plenv/versions/5.14.1/lib/perl5/site_perl/5.14.1/Module/Runtime.pm line 314.
# Tests were run but no plan was declared and done_testing() was not seen.
# Looks like your test exited with 2 just after 6.
t/moo.t ....................... 
Dubious, test returned 2 (wstat 512, 0x200)
All 6 subtests passed 
t/moose-parameterized-role.t .. skipped: skipping for regular installs, due to possible circular dependency issues
t/moose.t ..................... skipped: skipping for regular installs, due to possible circular dependency issues
Can't locate B/Hooks/EndOfScope.pm in @INC (@INC contains: t/lib /home/liveapp/cpantesters.new/5.14.1/.cpanm_temp/work/1660000236.1585127/Test-CleanNamespaces-0.24/blib/lib /home/liveapp/cpantesters.new/5.14.1/.cpanm_temp/work/1660000236.1585127/Test-CleanNamespaces-0.24/blib/arch /home/liveapp/.plenv/versions/5.14.1/lib/perl5/site_perl/5.14.1/x86_64-linux /home/liveapp/.plenv/versions/5.14.1/lib/perl5/site_perl/5.14.1 /home/liveapp/.plenv/versions/5.14.1/lib/perl5/5.14.1/x86_64-linux /home/liveapp/.plenv/versions/5.14.1/lib/perl5/5.14.1 .) at /home/liveapp/.plenv/versions/5.14.1/lib/perl5/site_perl/5.14.1/namespace/clean.pm line 11.
BEGIN failed--compilation aborted at /home/liveapp/.plenv/versions/5.14.1/lib/perl5/site_perl/5.14.1/namespace/clean.pm line 11.
Compilation failed in require at t/lib/MouseyClean.pm line 7.
BEGIN failed--compilation aborted at t/lib/MouseyClean.pm line 7.
Compilation failed in require at /home/liveapp/.plenv/versions/5.14.1/lib/perl5/site_perl/5.14.1/Module/Runtime.pm line 314.
# Tests were run but no plan was declared and done_testing() was not seen.
# Looks like your test exited with 2 just after 7.
t/mouse.t ..................... 
Dubious, test returned 2 (wstat 512, 0x200)
All 7 subtests passed 
Can't locate B/Hooks/EndOfScope.pm in @INC (@INC contains: t/lib /home/liveapp/cpantesters.new/5.14.1/.cpanm_temp/work/1660000236.1585127/Test-CleanNamespaces-0.24/blib/lib /home/liveapp/cpantesters.new/5.14.1/.cpanm_temp/work/1660000236.1585127/Test-CleanNamespaces-0.24/blib/arch /home/liveapp/.plenv/versions/5.14.1/lib/perl5/site_perl/5.14.1/x86_64-linux /home/liveapp/.plenv/versions/5.14.1/lib/perl5/site_perl/5.14.1 /home/liveapp/.plenv/versions/5.14.1/lib/perl5/5.14.1/x86_64-linux /home/liveapp/.plenv/versions/5.14.1/lib/perl5/5.14.1 .) at /home/liveapp/.plenv/versions/5.14.1/lib/perl5/site_perl/5.14.1/namespace/clean.pm line 11.
BEGIN failed--compilation aborted at /home/liveapp/.plenv/versions/5.14.1/lib/perl5/site_perl/5.14.1/namespace/clean.pm line 11.
Compilation failed in require at t/lib/ExporterModule.pm line 6.
BEGIN failed--compilation aborted at t/lib/ExporterModule.pm line 6.
Compilation failed in require at t/lib/Overloader.pm line 5.
BEGIN failed--compilation aborted at t/lib/Overloader.pm line 5.
Compilation failed in require at /home/liveapp/.plenv/versions/5.14.1/lib/perl5/site_perl/5.14.1/Module/Runtime.pm line 314.
t/overload.t .................. 
Dubious, test returned 2 (wstat 512, 0x200)
No subtests run 
Can't locate B/Hooks/EndOfScope.pm in @INC (@INC contains: t/lib /home/liveapp/cpantesters.new/5.14.1/.cpanm_temp/work/1660000236.1585127/Test-CleanNamespaces-0.24/blib/lib /home/liveapp/cpantesters.new/5.14.1/.cpanm_temp/work/1660000236.1585127/Test-CleanNamespaces-0.24/blib/arch /home/liveapp/.plenv/versions/5.14.1/lib/perl5/site_perl/5.14.1/x86_64-linux /home/liveapp/.plenv/versions/5.14.1/lib/perl5/site_perl/5.14.1 /home/liveapp/.plenv/versions/5.14.1/lib/perl5/5.14.1/x86_64-linux /home/liveapp/.plenv/versions/5.14.1/lib/perl5/5.14.1 .) at /home/liveapp/.plenv/versions/5.14.1/lib/perl5/site_perl/5.14.1/namespace/clean.pm line 11.
BEGIN failed--compilation aborted at /home/liveapp/.plenv/versions/5.14.1/lib/perl5/site_perl/5.14.1/namespace/clean.pm line 11.
Compilation failed in require at t/lib/ExporterModule.pm line 6.
BEGIN failed--compilation aborted at t/lib/ExporterModule.pm line 6.
Compilation failed in require at t/lib/Clean.pm line 5.
BEGIN failed--compilation aborted at t/lib/Clean.pm line 5.
Compilation failed in require at /home/liveapp/.plenv/versions/5.14.1/lib/perl5/site_perl/5.14.1/Module/Runtime.pm line 314.
t/role_tiny.t ................. 
Dubious, test returned 2 (wstat 512, 0x200)
No subtests run 
t/self.t ...................... ok
t/zzz-check-breaks.t .......... ok

Test Summary Report
-------------------
t/basic.t                   (Wstat: 512 (exited 2) Tests: 20 Failed: 5)
  Failed tests:  15-16, 18-20
  Non-zero exit status: 2
  Parse errors: No plan found in TAP output
t/moo.t                     (Wstat: 512 (exited 2) Tests: 6 Failed: 0)
  Non-zero exit status: 2
  Parse errors: No plan found in TAP output
t/mouse.t                   (Wstat: 512 (exited 2) Tests: 7 Failed: 0)
  Non-zero exit status: 2
  Parse errors: No plan found in TAP output
t/overload.t                (Wstat: 512 (exited 2) Tests: 0 Failed: 0)
  Non-zero exit status: 2
  Parse errors: No plan found in TAP output
t/role_tiny.t               (Wstat: 512 (exited 2) Tests: 0 Failed: 0)
  Non-zero exit status: 2
  Parse errors: No plan found in TAP output
Files=13, Tests=43,  1 wallclock secs ( 0.04 usr  0.02 sys +  0.72 cusr  0.11 csys =  0.89 CPU)
Result: FAIL

------------------------------
PREREQUISITES
------------------------------

Prerequisite modules loaded:

runtime:

    Module                   Need     Have    
    ------------------------ -------- --------
    Exporter                 5.57     5.74    
    File::Find               0        1.19    
    File::Spec               0        3.33    
    Module::Runtime          0        0.016   
    Package::Stash           0.14     0.40    
    perl                     5.006    5.014001
    strict                   0        1.04    
    Sub::Identify            0        0.14    
    Test::Builder            0        1.302191
    warnings                 0        1.12    

configure:

    Module                   Need     Have    
    ------------------------ -------- --------
    CPAN::Meta::Requirements 2.120620 2.140   
    ExtUtils::MakeMaker      0        7.64    
    Module::Metadata         0        1.000037
    perl                     5.006    5.014001


------------------------------
ENVIRONMENT AND OTHER CONTEXT
------------------------------

Environment variables:

    LANG = C.UTF-8
    PATH = /home/liveapp/.plenv/versions/5.14.1/bin:/home/liveapp/.plenv/libexec:/home/liveapp/.plenv/plugins/perl-build/bin:/home/liveapp/.plenv/shims:/home/liveapp/.plenv/bin:/usr/local/sbin:/usr/local/bin:/usr/sbin:/usr/bin:/sbin:/bin:/usr/games:/usr/local/games:/snap/bin
    PERL_CPANM_HOME = /home/liveapp/cpantesters.new/5.14.1/.cpanm_temp
    SHELL = /bin/bash
    TERM = xterm-256color

Perl special variables (and OS-specific diagnostics, for MSWin32):

    EGID = 1001 27 1001
    EUID = 1001
    EXECUTABLE_NAME = /home/liveapp/.plenv/versions/5.14.1/bin/perl5.14.1
    GID = 1001 27 1001
    UID = 1001

Perl module toolchain versions installed:

    Module              Have    
    ------------------- --------
    CPAN                1.9600  
    CPAN::Meta          2.150010
    Cwd                 3.36    
    ExtUtils::CBuilder  0.280203
    ExtUtils::Command   7.64    
    ExtUtils::Install   2.06    
    ExtUtils::MakeMaker 7.64    
    ExtUtils::Manifest  1.70    
    ExtUtils::ParseXS   3.44    
    File::Spec          3.33    
    JSON                n/a     
    JSON::PP            4.11    
    Module::Build       0.4231  
    Module::Signature   n/a     
    Parse::CPAN::Meta   2.150010
    Test::Harness       3.44    
    Test::More          1.302191
    YAML                n/a     
    YAML::Syck          n/a     
    version             0.9929  


--

Summary of my perl5 (revision 5 version 14 subversion 1) configuration:
   
  Platform:
    osname=linux, osvers=5.4.0-91-generic, archname=x86_64-linux
    uname='linux supremeadmin 5.4.0-91-generic #102-ubuntu smp fri nov 5 16:31:28 utc 2021 x86_64 x86_64 x86_64 gnulinux '
    config_args='-Dprefix=/home/liveapp/.plenv/versions/5.14.1 -de -Dversiononly -A'eval:scriptdir=/home/liveapp/.plenv/versions/5.14.1/bin''
    hint=recommended, useposix=true, d_sigaction=define
    useithreads=undef, usemultiplicity=undef
    useperlio=define, d_sfio=undef, uselargefiles=define, usesocks=undef
    use64bitint=define, use64bitall=define, uselongdouble=undef
    usemymalloc=n, bincompat5005=undef
  Compiler:
    cc='cc', ccflags ='-fwrapv -fno-strict-aliasing -pipe -fstack-protector -I/usr/local/include -D_LARGEFILE_SOURCE -D_FILE_OFFSET_BITS=64',
    optimize='-O2',
    cppflags='-fwrapv -fno-strict-aliasing -pipe -fstack-protector -I/usr/local/include'
    ccversion='', gccversion='9.4.0', gccosandvers=''
    intsize=4, longsize=8, ptrsize=8, doublesize=8, byteorder=12345678
    d_longlong=define, longlongsize=8, d_longdbl=define, longdblsize=16
    ivtype='long', ivsize=8, nvtype='double', nvsize=8, Off_t='off_t', lseeksize=8
    alignbytes=8, prototype=define
  Linker and Libraries:
    ld='cc', ldflags =' -fstack-protector -L/usr/local/lib'
    libpth=/usr/local/lib /lib/x86_64-linux-gnu /lib/../lib /usr/lib/x86_64-linux-gnu /usr/lib/../lib /lib /usr/lib
    libs=-lnsl -ldl -lm -lcrypt -lutil -lc
    perllibs=-lnsl -ldl -lm -lcrypt -lutil -lc
    libc=libc-2.31.so, so=so, useshrplib=false, libperl=libperl.a
    gnulibc_version='2.31'
  Dynamic Linking:
    dlsrc=dl_dlopen.xs, dlext=so, d_dlsymun=undef, ccdlflags='-Wl,-E'
    cccdlflags='-fPIC', lddlflags='-shared -O2 -L/usr/local/lib -fstack-protector'


Characteristics of this binary (from libperl): 
  Compile-time options: PERL_DONT_CREATE_GVSV PERL_MALLOC_WRAP
                        PERL_PRESERVE_IVUV USE_64_BIT_ALL USE_64_BIT_INT
                        USE_LARGE_FILES USE_PERLIO USE_PERL_ATOF
  Locally applied patches:
	Devel::PatchPerl 2.08
  Built under linux
  Compiled at Aug  8 2022 07:14:45
  %ENV:
    PERL_CPANM_HOME="/home/liveapp/cpantesters.new/5.14.1/.cpanm_temp"
  @INC:
    /home/liveapp/.plenv/versions/5.14.1/lib/perl5/site_perl/5.14.1/x86_64-linux
    /home/liveapp/.plenv/versions/5.14.1/lib/perl5/site_perl/5.14.1
    /home/liveapp/.plenv/versions/5.14.1/lib/perl5/5.14.1/x86_64-linux
    /home/liveapp/.plenv/versions/5.14.1/lib/perl5/5.14.1
    .