Back
From: metabase:user:314402c4-2aae-11df-837a-5e0a49663a4f
Subject: FAIL Expense-Tracker-0.008 v5.16.3 GNU/Linux
Date: 2016-05-22T17:13:37Z
This distribution has been tested as part of the CPAN Testers
project, supporting the Perl programming language. See
http://wiki.cpantesters.org/ for more information or email
questions to cpan-testers-discuss@perl.org
--
Dear Tudor Constantin,
This is a computer-generated report for Expense-Tracker-0.008
on perl 5.16.3, created by CPAN-Reporter-1.2017.
Thank you for uploading your work to CPAN. However, there was a problem
testing your distribution.
If you think this report is invalid, please consult the CPAN Testers Wiki
for suggestions on how to avoid getting FAIL reports for missing library
or binary dependencies, unsupported operating systems, and so on:
http://wiki.cpantesters.org/wiki/CPANAuthorNotes
Sections of this report:
* Tester comments
* Program output
* Prerequisites
* Environment and other context
------------------------------
TESTER COMMENTS
------------------------------
Additional comments from tester:
none provided
------------------------------
PROGRAM OUTPUT
------------------------------
Output from '/usr/bin/make test':
PERL_DL_NONLAZY=1 "/bbbike/perl-5.16.3/bin/perl" "-MExtUtils::Command::MM" "-MTest::Harness" "-e" "undef *Test::Harness::Switches; test_harness(0, 'blib/lib', 'blib/arch')" t/*.t
t/author-critic.t ......... skipped: these tests are for testing by the author
Can't locate object method "secret" via package "ExpenseTracker" at /opt/perl-5.16.3/lib/site_perl/5.16.3/Mojo/Server.pm line 17.
# Looks like your test exited with 255 just after 1.
t/basic.t .................
Dubious, test returned 255 (wstat 65280, 0xff00)
Failed 4/5 subtests
Can't locate object method "secret" via package "ExpenseTracker" at /opt/perl-5.16.3/lib/site_perl/5.16.3/Mojo/Server.pm line 17.
# Tests were run but no plan was declared and done_testing() was not seen.
# Looks like your test exited with 255 just after 1.
t/behaviors.t .............
Dubious, test returned 255 (wstat 65280, 0xff00)
All 1 subtests passed
t/release-pod-coverage.t .. skipped: these tests are for release candidate testing
t/release-pod-syntax.t .... skipped: these tests are for release candidate testing
Test Summary Report
-------------------
t/basic.t (Wstat: 65280 Tests: 1 Failed: 0)
Non-zero exit status: 255
Parse errors: Bad plan. You planned 5 tests but ran 1.
t/behaviors.t (Wstat: 65280 Tests: 1 Failed: 0)
Non-zero exit status: 255
Parse errors: No plan found in TAP output
Files=5, Tests=2, 2 wallclock secs ( 0.02 usr 0.02 sys + 0.92 cusr 0.13 csys = 1.09 CPU)
Result: FAIL
Failed 2/5 test programs. 0/2 subtests failed.
Makefile:920: recipe for target 'test_dynamic' failed
make: *** [test_dynamic] Error 255
------------------------------
PREREQUISITES
------------------------------
Prerequisite modules loaded:
requires:
Module Need Have
----------------------------------- ---- --------
DateTime 0 1.28
DBD::SQLite 0 1.50
DBI 0 1.636
DBIx::Class 0 0.082821
DBIx::Class::Tree::AdjacencyList 0 0
Digest::MD5 0 2.55
File::Find 0 1.20
FindBin::libs 0 2.12
Lingua::EN::Inflect 0 1.899
Lingua::EN::Inflect::Phrase 0 0.18
Mojolicious 0 6.61
Mojolicious::Plugin::Authentication 0 1.29
Mojolicious::Plugin::YamlConfig 0 0.2.1
Test::BDD::Cucumber 0 0.50
YAML 0 1.15
YAML::XS 0 0.62
configure_requires:
Module Need Have
----------------------------------- ---- --------
ExtUtils::MakeMaker 6.30 7.16
------------------------------
ENVIRONMENT AND OTHER CONTEXT
------------------------------
Environment variables:
LANG = C
PATH = /usr/local/bin:/usr/bin:/bin:/usr/local/sbin:/usr/sbin:/sbin:/home/cpansand/bin/linux-gnu:/home/cpansand/bin/sh:/home/cpansand/bin:/usr/games:/home/cpansand/devel:/home/eserte/src/srezic-misc/scripts
PERL5LIB = /home/cpansand/.cpan/build/2016052215/FindBin-libs-2.15-2yuGqM/blib/arch:/home/cpansand/.cpan/build/2016052215/FindBin-libs-2.15-2yuGqM/blib/lib:/home/cpansand/.cpan/build/2016052215/DBIx-Class-Tree-0.03003-g97Nnx/blib/arch:/home/cpansand/.cpan/build/2016052215/DBIx-Class-Tree-0.03003-g97Nnx/blib/lib:/home/cpansand/.cpan/build/2016052215/Mojolicious-Plugin-YamlConfig-0.2.1-fZY_6E/blib/arch:/home/cpansand/.cpan/build/2016052215/Mojolicious-Plugin-YamlConfig-0.2.1-fZY_6E/blib/lib
PERL5OPT =
PERL5_CPANPLUS_IS_RUNNING = 13622
PERL5_CPAN_IS_RUNNING = 13622
PERL5_CPAN_IS_RUNNING_IN_RECURSION = 24135,13622
PERLDOC = -MPod::Perldoc::ToTextOverstrike
PERL_BATCH = yes
PERL_CANARY_STABILITY_NOPROMPT = 1
PERL_CPAN_REPORTER_CONFIG = /run/user/1023/cpansmoker/2016052215/cpanreporter_006_config.ini
PERL_EXTUTILS_AUTOINSTALL = --defaultdeps
SHELL = /bin/zsh
TERM = screen
TMPDIR = /run/user/1023/cpansmoker/2016052215
Perl special variables (and OS-specific diagnostics, for MSWin32):
$^X = /bbbike/perl-5.16.3/bin/perl
$UID/$EUID = 1023 / 1023
$GID = 1023 1023
$EGID = 1023 1023
Perl module toolchain versions installed:
Module Have
------------------- --------
CPAN 1.9800
CPAN::Meta 2.150005
Cwd 3.62
ExtUtils::CBuilder 0.280206
ExtUtils::Command 7.16
ExtUtils::Install 1.58
ExtUtils::MakeMaker 7.16
ExtUtils::Manifest 1.70
ExtUtils::ParseXS 3.30
File::Spec 3.62
JSON 2.90
JSON::PP 2.27400
Module::Build 0.4218
Module::Signature 0.79
Parse::CPAN::Meta 1.4417
Test::Harness 3.36
Test::More 1.302015
YAML 1.15
YAML::Syck 1.29
version 0.9916
--
Summary of my perl5 (revision 5 version 16 subversion 3) configuration:
Platform:
osname=linux, osvers=3.16.0-4-amd64, archname=x86_64-linux
uname='linux eserte 3.16.0-4-amd64 #1 smp debian 3.16.7-ckt25-2 (2016-04-08) x86_64 gnulinux '
config_args='-ds -e -Dprefix=/opt/perl-5.16.3 -Dcf_email=srezic@cpan.org'
hint=recommended, useposix=true, d_sigaction=define
useithreads=undef, usemultiplicity=undef
useperlio=define, d_sfio=undef, uselargefiles=define, usesocks=undef
use64bitint=define, use64bitall=define, uselongdouble=undef
usemymalloc=n, bincompat5005=undef
Compiler:
cc='cc', ccflags ='-fno-strict-aliasing -pipe -fstack-protector -I/usr/local/include -D_LARGEFILE_SOURCE -D_FILE_OFFSET_BITS=64',
optimize='-O2',
cppflags='-fno-strict-aliasing -pipe -fstack-protector -I/usr/local/include'
ccversion='', gccversion='4.9.2', gccosandvers=''
intsize=4, longsize=8, ptrsize=8, doublesize=8, byteorder=12345678
d_longlong=define, longlongsize=8, d_longdbl=define, longdblsize=16
ivtype='long', ivsize=8, nvtype='double', nvsize=8, Off_t='off_t', lseeksize=8
alignbytes=8, prototype=define
Linker and Libraries:
ld='cc', ldflags =' -fstack-protector -L/usr/local/lib'
libpth=/usr/local/lib /lib/x86_64-linux-gnu /lib/../lib /usr/lib/x86_64-linux-gnu /usr/lib/../lib /lib /usr/lib
libs=-lnsl -lgdbm -ldb -ldl -lm -lcrypt -lutil -lc -lgdbm_compat
perllibs=-lnsl -ldl -lm -lcrypt -lutil -lc
libc=libc-2.19.so, so=so, useshrplib=false, libperl=libperl.a
gnulibc_version='2.19'
Dynamic Linking:
dlsrc=dl_dlopen.xs, dlext=so, d_dlsymun=undef, ccdlflags='-Wl,-E'
cccdlflags='-fPIC', lddlflags='-shared -O2 -L/usr/local/lib -fstack-protector'
Characteristics of this binary (from libperl):
Compile-time options: HAS_TIMES PERLIO_LAYERS PERL_DONT_CREATE_GVSV
PERL_MALLOC_WRAP PERL_PRESERVE_IVUV USE_64_BIT_ALL
USE_64_BIT_INT USE_LARGE_FILES USE_LOCALE
USE_LOCALE_COLLATE USE_LOCALE_CTYPE
USE_LOCALE_NUMERIC USE_PERLIO USE_PERL_ATOF
Locally applied patches:
Devel::PatchPerl 1.42
Built under linux
Compiled at May 7 2016 11:11:48
%ENV:
PERL5LIB="/home/cpansand/.cpan/build/2016052215/FindBin-libs-2.15-2yuGqM/blib/arch:/home/cpansand/.cpan/build/2016052215/FindBin-libs-2.15-2yuGqM/blib/lib:/home/cpansand/.cpan/build/2016052215/DBIx-Class-Tree-0.03003-g97Nnx/blib/arch:/home/cpansand/.cpan/build/2016052215/DBIx-Class-Tree-0.03003-g97Nnx/blib/lib:/home/cpansand/.cpan/build/2016052215/Mojolicious-Plugin-YamlConfig-0.2.1-fZY_6E/blib/arch:/home/cpansand/.cpan/build/2016052215/Mojolicious-Plugin-YamlConfig-0.2.1-fZY_6E/blib/lib"
PERL5OPT=""
PERL5_CPANPLUS_IS_RUNNING="13622"
PERL5_CPAN_IS_RUNNING="13622"
PERL5_CPAN_IS_RUNNING_IN_RECURSION="24135,13622"
PERLDOC="-MPod::Perldoc::ToTextOverstrike"
PERL_BATCH="yes"
PERL_CANARY_STABILITY_NOPROMPT="1"
PERL_CPAN_REPORTER_CONFIG="/run/user/1023/cpansmoker/2016052215/cpanreporter_006_config.ini"
PERL_EXTUTILS_AUTOINSTALL="--defaultdeps"
@INC:
/home/cpansand/.cpan/build/2016052215/FindBin-libs-2.15-2yuGqM/blib/arch
/home/cpansand/.cpan/build/2016052215/FindBin-libs-2.15-2yuGqM/blib/lib
/home/cpansand/.cpan/build/2016052215/DBIx-Class-Tree-0.03003-g97Nnx/blib/arch
/home/cpansand/.cpan/build/2016052215/DBIx-Class-Tree-0.03003-g97Nnx/blib/lib
/home/cpansand/.cpan/build/2016052215/Mojolicious-Plugin-YamlConfig-0.2.1-fZY_6E/blib/arch
/home/cpansand/.cpan/build/2016052215/Mojolicious-Plugin-YamlConfig-0.2.1-fZY_6E/blib/lib
/opt/perl-5.16.3/lib/site_perl/5.16.3/x86_64-linux
/opt/perl-5.16.3/lib/site_perl/5.16.3
/opt/perl-5.16.3/lib/5.16.3/x86_64-linux
/opt/perl-5.16.3/lib/5.16.3
.