FSM-Basic v0.20 Perl 5 v5.12.5 i86pc-solaris-thread-multi-64
- Status
- Fail
- From
- Chris Williams (BINGOS)
- Dist
-
FSM-Basic v0.20
- Platform
- Perl 5 v5.12.5 i86pc-solaris-thread-multi-64
- Date
- 2020-10-20 07:40:26
- ID
- 84f43a8c-12a7-11eb-a9f9-f9eb91108de4
This distribution has been tested as part of the CPAN Testers
project, supporting the Perl programming language. See
http://wiki.cpantesters.org/ for more information or email
questions to cpan-testers-discuss@perl.org
--
Dear FDULAU,
This is a computer-generated error report created automatically by
CPANPLUS, version 0.9908. Testers personal comments may appear
at the end of this report.
Thank you for uploading your work to CPAN. However, it appears that
there were some problems testing your distribution.
TEST RESULTS:
Below is the error stack from stage 'make test':
PERL_DL_NONLAZY=1 "/home/cpan/pit/thr/perl-5.12.5/bin/perl" "-MExtUtils::Command::MM" "-MTest::Harness" "-e" "undef *Test::Harness::Switches; test_harness(0, 'blib/lib', 'blib/arch')" t/*.t
# Testing FSM::Basic 0.20, Perl 5.012005, /home/cpan/pit/thr/perl-5.12.5/bin/perl
t/00-load.t ................. ok
t/01-cat.t .................. ok
t/01-catRAND.t .............. ok
t/01-catSEQ.t ............... ok
t/01-catWRAND.t ............. ok
# Failed test at t/01-exec.t line 47.
ping: unknown host __2__
# Failed test at t/01-exec.t line 50.
# Looks like you failed 2 tests of 2.
t/01-exec.t .................
Dubious, test returned 2 (wstat 512, 0x200)
Failed 2/2 subtests
t/01-final.t ................ ok
t/01-matching.t ............. ok
t/01-notmatching.t .......... ok
t/01-toomuch_notmatching.t .. ok
t/manifest.t ................ skipped: Author tests not required for installation
t/pod-coverage.t ............ skipped: Author tests not required for installation
t/pod.t ..................... skipped: Author tests not required for installation
Test Summary Report
-------------------
t/01-exec.t (Wstat: 512 Tests: 2 Failed: 2)
Failed tests: 1-2
Non-zero exit status: 2
Files=13, Tests=15, 7 wallclock secs ( 0.08 usr 0.06 sys + 5.03 cusr 1.56 csys = 6.73 CPU)
Result: FAIL
Failed 1/13 test programs. 2/15 subtests failed.
*** Error code 255
make: Fatal error: Command failed for target `test_dynamic'
PREREQUISITES:
Here is a list of prerequisites you specified and versions we
managed to load:
Module Name Have Want
Test::More 1.302181 0
autovivification 0.18 0
Perl module toolchain versions installed:
Module Name Have
CPANPLUS 0.9908
CPANPLUS::Dist::Build 0.90
Cwd 3.75
ExtUtils::CBuilder 0.280234
ExtUtils::Command 7.48
ExtUtils::Install 2.18
ExtUtils::MakeMaker 7.48
ExtUtils::Manifest 1.72
ExtUtils::ParseXS 3.35
File::Spec 3.75
Module::Build 0.4231
Pod::Parser 1.37
Pod::Simple 3.14
Test2 1.302181
Test::Harness 3.42
Test::More 1.302181
version 0.9928
******************************** NOTE ********************************
The comments above are created mechanically, possibly without manual
checking by the sender. As there are many people performing automatic
tests on each upload to CPAN, it is likely that you will receive
identical messages about the same problem.
If you believe that the message is mistaken, please reply to the first
one with correction and/or additional informations, and do not take
it personally. We appreciate your patience. :)
**********************************************************************
Additional comments:
This report was machine-generated by CPANPLUS::Dist::YACSmoke 1.08.
Powered by minismokebox version 0.68
CPANPLUS is prefering Build.PL
------------------------------
ENVIRONMENT AND OTHER CONTEXT
------------------------------
Environment variables:
AUTOMATED_TESTING = 1
LANG = en_GB.UTF-8
NONINTERACTIVE_TESTING = 1
PATH = /usr/bin:/usr/sbin:/sbin:/opt/ooce/bin:/usr/gnu/bin
PERL5LIB = /home/cpan/pit/jail/ISWYw1irF9/lib/perl5:/home/cpan/pit/thr/conf/perl-5.12.5/.cpanplus/5.12.5/build/QofCVR8Dvi/FSM-Basic-0.20/blib/lib:/home/cpan/pit/thr/conf/perl-5.12.5/.cpanplus/5.12.5/build/QofCVR8Dvi/FSM-Basic-0.20/blib/arch
PERL5_CPANPLUS_IS_RUNNING = 4700
PERL5_CPANPLUS_IS_VERSION = 0.9908
PERL5_MINISMOKEBOX = 0.68
PERL5_YACSMOKE_BASE = /home/cpan/pit/thr/conf/perl-5.12.5
PERL_EXTUTILS_AUTOINSTALL = --defaultdeps
PERL_LOCAL_LIB_ROOT = /home/cpan/pit/jail/ISWYw1irF9
PERL_MB_OPT = --install_base "/home/cpan/pit/jail/ISWYw1irF9"
PERL_MM_OPT = INSTALL_BASE=/home/cpan/pit/jail/ISWYw1irF9
PERL_MM_USE_DEFAULT = 1
SHELL = /bin/bash
TERM = screen
Perl special variables (and OS-specific diagnostics, for MSWin32):
Perl: $^X = /home/cpan/pit/thr/perl-5.12.5/bin/perl
UID: $< = 101
EUID: $> = 101
GID: $( = 101 101
EGID: $) = 101 101
-------------------------------
--
Summary of my perl5 (revision 5 version 12 subversion 5) configuration:
Platform:
osname=solaris, osvers=2.11, archname=i86pc-solaris-thread-multi-64
uname='sunos ouzel 5.11 omnios-r151034-0d278a0cc5 i86pc i386 i86pc '
config_args='-des -Dprefix=/home/cpan/pit/thr/perl-5.12.5 -Dusethreads -Duse64bitall -Dcc=gcc'
hint=recommended, useposix=true, d_sigaction=define
useithreads=define, usemultiplicity=define
useperlio=define, d_sfio=undef, uselargefiles=define, usesocks=undef
use64bitint=define, use64bitall=define, uselongdouble=undef
usemymalloc=n, bincompat5005=undef
Compiler:
cc='gcc', ccflags ='-D_REENTRANT -m64 -fwrapv -fno-strict-aliasing -pipe -fstack-protector -D_LARGEFILE_SOURCE -D_FILE_OFFSET_BITS=64 -DPERL_USE_SAFE_PUTENV',
optimize='-O',
cppflags='-D_REENTRANT -m64 -fwrapv -fno-strict-aliasing -pipe -fstack-protector'
ccversion='', gccversion='9.3.0', gccosandvers=''
intsize=4, longsize=8, ptrsize=8, doublesize=8, byteorder=12345678
d_longlong=define, longlongsize=8, d_longdbl=define, longdblsize=16
ivtype='long', ivsize=8, nvtype='double', nvsize=8, Off_t='off_t', lseeksize=8
alignbytes=8, prototype=define
Linker and Libraries:
ld='gcc', ldflags =' -m64 -fstack-protector -L/usr/gnu/lib '
libpth=/usr/gnu/lib /usr/lib /usr/ccs/lib
libs=-lsocket -lnsl -ldl -lm -lpthread -lc
perllibs=-lsocket -lnsl -ldl -lm -lpthread -lc
libc=/lib/libc.so, so=so, useshrplib=true, libperl=libperl.so
gnulibc_version=''
Dynamic Linking:
dlsrc=dl_dlopen.xs, dlext=so, d_dlsymun=undef, ccdlflags=' -R /home/cpan/pit/thr/perl-5.12.5/lib/5.12.5/i86pc-solaris-thread-multi-64/CORE'
cccdlflags='-fPIC', lddlflags=' -shared -m64 -L/usr/gnu/lib -fstack-protector'
Characteristics of this binary (from libperl):
Compile-time options: MULTIPLICITY PERL_DONT_CREATE_GVSV
PERL_IMPLICIT_CONTEXT PERL_MALLOC_WRAP
PERL_USE_SAFE_PUTENV USE_64_BIT_ALL USE_64_BIT_INT
USE_ITHREADS USE_LARGE_FILES USE_PERLIO USE_PERL_ATOF
USE_REENTRANT_API
Locally applied patches:
Devel::PatchPerl 2.00
Built under solaris
Compiled at Aug 19 2020 23:02:15
%ENV:
PERL5LIB="/home/cpan/pit/jail/ISWYw1irF9/lib/perl5:/home/cpan/pit/thr/conf/perl-5.12.5/.cpanplus/5.12.5/build/QofCVR8Dvi/FSM-Basic-0.20/blib/lib:/home/cpan/pit/thr/conf/perl-5.12.5/.cpanplus/5.12.5/build/QofCVR8Dvi/FSM-Basic-0.20/blib/arch"
PERL5_CPANPLUS_IS_RUNNING="4700"
PERL5_CPANPLUS_IS_VERSION="0.9908"
PERL5_MINISMOKEBOX="0.68"
PERL5_YACSMOKE_BASE="/home/cpan/pit/thr/conf/perl-5.12.5"
PERL_EXTUTILS_AUTOINSTALL="--defaultdeps"
PERL_LOCAL_LIB_ROOT="/home/cpan/pit/jail/ISWYw1irF9"
PERL_MB_OPT="--install_base "/home/cpan/pit/jail/ISWYw1irF9""
PERL_MM_OPT="INSTALL_BASE=/home/cpan/pit/jail/ISWYw1irF9"
PERL_MM_USE_DEFAULT="1"
@INC:
/home/cpan/pit/jail/ISWYw1irF9/lib/perl5/5.12.5/i86pc-solaris-thread-multi-64
/home/cpan/pit/jail/ISWYw1irF9/lib/perl5/5.12.5
/home/cpan/pit/jail/ISWYw1irF9/lib/perl5/i86pc-solaris-thread-multi-64
/home/cpan/pit/jail/ISWYw1irF9/lib/perl5
/home/cpan/pit/thr/conf/perl-5.12.5/.cpanplus/5.12.5/build/QofCVR8Dvi/FSM-Basic-0.20/blib/lib
/home/cpan/pit/thr/conf/perl-5.12.5/.cpanplus/5.12.5/build/QofCVR8Dvi/FSM-Basic-0.20/blib/arch
/home/cpan/pit/thr/perl-5.12.5/lib/site_perl/5.12.5/i86pc-solaris-thread-multi-64
/home/cpan/pit/thr/perl-5.12.5/lib/site_perl/5.12.5
/home/cpan/pit/thr/perl-5.12.5/lib/5.12.5/i86pc-solaris-thread-multi-64
/home/cpan/pit/thr/perl-5.12.5/lib/5.12.5
.