Regexp-Grammars v1.052 Perl 5 v5.18.3 armv7l-linux-thread-multi

Status
Fail
From
Nigel Horne
Dist
Regexp-Grammars v1.052
Platform
Perl 5 v5.18.3 armv7l-linux-thread-multi
Date
2019-08-13 07:11:06
ID
846b0bcc-bd99-11e9-8ef1-a95301cf0b95
This distribution has been tested as part of the CPAN Testers
project, supporting the Perl programming language.  See
http://wiki.cpantesters.org/ for more information or email
questions to cpan-testers-discuss@perl.org


--
Dear Damian Conway,

This is a computer-generated report for Regexp-Grammars-1.052
on perl 5.18.3, created by CPAN-Reporter-1.2018.

Thank you for uploading your work to CPAN.  However, there was a problem
testing your distribution.

If you think this report is invalid, please consult the CPAN Testers Wiki
for suggestions on how to avoid getting FAIL reports for missing library
or binary dependencies, unsupported operating systems, and so on:

http://wiki.cpantesters.org/wiki/CPANAuthorNotes

Sections of this report:

    * Tester comments
    * Program output
    * Prerequisites
    * Environment and other context

------------------------------
TESTER COMMENTS
------------------------------

Additional comments from tester:

this report is from an automated smoke testing program
and was not reviewed by a human for accuracy

------------------------------
PROGRAM OUTPUT
------------------------------

Output from './Build test':

Warning: Regexp::Grammars is unsupported
         under Perl 5.18.0 through 5.18.3 due to a bug
         in regex parsing under those versions.

         Please upgrade to Perl 5.18.4 or later, or revert to
         Perl 5.16 or earlier.
 at t/aliased_subpatterns.t line 6.
BEGIN failed--compilation aborted at t/aliased_subpatterns.t line 6.
Warning: Regexp::Grammars is unsupported
         under Perl 5.18.0 through 5.18.3 due to a bug
         in regex parsing under those versions.

         Please upgrade to Perl 5.18.4 or later, or revert to
         Perl 5.16 or earlier.
 at t/00.load.t line 3.
BEGIN failed--compilation aborted at t/00.load.t line 3.
# Looks like your test exited with 255 before it could output anything.
t/00.load.t ............................ 
Dubious, test returned 255 (wstat 65280, 0xff00)
Failed 1/1 subtests 
t/aliased_subpatterns.t ................ skipped: (no reason given)
Warning: Regexp::Grammars is unsupported
         under Perl 5.18.0 through 5.18.3 due to a bug
         in regex parsing under those versions.

         Please upgrade to Perl 5.18.4 or later, or revert to
         Perl 5.16 or earlier.
 at t/alias_literal.t line 6.
BEGIN failed--compilation aborted at t/alias_literal.t line 6.
t/alias_literal.t ...................... skipped: (no reason given)
Warning: Regexp::Grammars is unsupported
         under Perl 5.18.0 through 5.18.3 due to a bug
         in regex parsing under those versions.

         Please upgrade to Perl 5.18.4 or later, or revert to
         Perl 5.16 or earlier.
 at t/arg.t line 8.
BEGIN failed--compilation aborted at t/arg.t line 8.
t/arg.t ................................ 
Dubious, test returned 255 (wstat 65280, 0xff00)
No subtests run 
Warning: Regexp::Grammars is unsupported
         under Perl 5.18.0 through 5.18.3 due to a bug
         in regex parsing under those versions.

         Please upgrade to Perl 5.18.4 or later, or revert to
         Perl 5.16 or earlier.
 at t/backref.t line 6.
BEGIN failed--compilation aborted at t/backref.t line 6.
t/backref.t ............................ skipped: (no reason given)
Warning: Regexp::Grammars is unsupported
         under Perl 5.18.0 through 5.18.3 due to a bug
         in regex parsing under those versions.

         Please upgrade to Perl 5.18.4 or later, or revert to
         Perl 5.16 or earlier.
 at t/backref_ARG.t line 7.
BEGIN failed--compilation aborted at t/backref_ARG.t line 7.
t/backref_ARG.t ........................ skipped: (no reason given)
Warning: Regexp::Grammars is unsupported
         under Perl 5.18.0 through 5.18.3 due to a bug
         in regex parsing under those versions.

         Please upgrade to Perl 5.18.4 or later, or revert to
         Perl 5.16 or earlier.
 at t/autoflatten.t line 6.
BEGIN failed--compilation aborted at t/autoflatten.t line 6.
t/autoflatten.t ........................ skipped: (no reason given)
Warning: Regexp::Grammars is unsupported
         under Perl 5.18.0 through 5.18.3 due to a bug
         in regex parsing under those versions.

         Please upgrade to Perl 5.18.4 or later, or revert to
         Perl 5.16 or earlier.
 at t/charnames.t line 5.
BEGIN failed--compilation aborted at t/charnames.t line 5.
t/charnames.t .......................... skipped: (no reason given)
Warning: Regexp::Grammars is unsupported
         under Perl 5.18.0 through 5.18.3 due to a bug
         in regex parsing under those versions.

         Please upgrade to Perl 5.18.4 or later, or revert to
         Perl 5.16 or earlier.
 at t/class_accessor.t line 17.
BEGIN failed--compilation aborted at t/class_accessor.t line 17.
# Looks like your test exited with 255 before it could output anything.
t/class_accessor.t ..................... 
Dubious, test returned 255 (wstat 65280, 0xff00)
Failed 2/2 subtests 
Warning: Regexp::Grammars is unsupported
         under Perl 5.18.0 through 5.18.3 due to a bug
         in regex parsing under those versions.

         Please upgrade to Perl 5.18.4 or later, or revert to
         Perl 5.16 or earlier.
 at t/charset.t line 7.
BEGIN failed--compilation aborted at t/charset.t line 7.
t/charset.t ............................ 
Dubious, test returned 255 (wstat 65280, 0xff00)
No subtests run 
Warning: Regexp::Grammars is unsupported
         under Perl 5.18.0 through 5.18.3 due to a bug
         in regex parsing under those versions.

         Please upgrade to Perl 5.18.4 or later, or revert to
         Perl 5.16 or earlier.
 at t/clear_actions.t line 22.
BEGIN failed--compilation aborted at t/clear_actions.t line 22.
# Looks like your test exited with 255 before it could output anything.
t/clear_actions.t ...................... 
Dubious, test returned 255 (wstat 65280, 0xff00)
Failed 2/2 subtests 
Warning: Regexp::Grammars is unsupported
         under Perl 5.18.0 through 5.18.3 due to a bug
         in regex parsing under those versions.

         Please upgrade to Perl 5.18.4 or later, or revert to
         Perl 5.16 or earlier.
 at t/comment.t line 6.
BEGIN failed--compilation aborted at t/comment.t line 6.
t/comment.t ............................ skipped: (no reason given)
Warning: Regexp::Grammars is unsupported
         under Perl 5.18.0 through 5.18.3 due to a bug
         in regex parsing under those versions.

         Please upgrade to Perl 5.18.4 or later, or revert to
         Perl 5.16 or earlier.
 at t/data_structure.t line 19.
BEGIN failed--compilation aborted at t/data_structure.t line 19.
t/data_structure.t ..................... 
Dubious, test returned 255 (wstat 65280, 0xff00)
No subtests run 
Warning: Regexp::Grammars is unsupported
         under Perl 5.18.0 through 5.18.3 due to a bug
         in regex parsing under those versions.

         Please upgrade to Perl 5.18.4 or later, or revert to
         Perl 5.16 or earlier.
 at t/error.t line 8.
BEGIN failed--compilation aborted at t/error.t line 8.
t/error.t .............................. skipped: (no reason given)
Warning: Regexp::Grammars is unsupported
         under Perl 5.18.0 through 5.18.3 due to a bug
         in regex parsing under those versions.

         Please upgrade to Perl 5.18.4 or later, or revert to
         Perl 5.16 or earlier.
 at t/error_non_backtracking.t line 8.
BEGIN failed--compilation aborted at t/error_non_backtracking.t line 8.
t/error_non_backtracking.t ............. skipped: (no reason given)
Warning: Regexp::Grammars is unsupported
         under Perl 5.18.0 through 5.18.3 due to a bug
         in regex parsing under those versions.

         Please upgrade to Perl 5.18.4 or later, or revert to
         Perl 5.16 or earlier.
 at t/error_non_hash_based.t line 8.
BEGIN failed--compilation aborted at t/error_non_hash_based.t line 8.
t/error_non_hash_based.t ............... skipped: (no reason given)
Warning: Regexp::Grammars is unsupported
         under Perl 5.18.0 through 5.18.3 due to a bug
         in regex parsing under those versions.

         Please upgrade to Perl 5.18.4 or later, or revert to
         Perl 5.16 or earlier.
 at t/error_translate.t line 32.
BEGIN failed--compilation aborted at t/error_translate.t line 32.
t/error_translate.t .................... skipped: (no reason given)
Warning: Regexp::Grammars is unsupported
         under Perl 5.18.0 through 5.18.3 due to a bug
         in regex parsing under those versions.

         Please upgrade to Perl 5.18.4 or later, or revert to
         Perl 5.16 or earlier.
 at t/fwdref.t line 6.
BEGIN failed--compilation aborted at t/fwdref.t line 6.
t/fwdref.t ............................. skipped: (no reason given)
Warning: Regexp::Grammars is unsupported
         under Perl 5.18.0 through 5.18.3 due to a bug
         in regex parsing under those versions.

         Please upgrade to Perl 5.18.4 or later, or revert to
         Perl 5.16 or earlier.
 at t/fatal.t line 19.
BEGIN failed--compilation aborted at t/fatal.t line 19.
t/fatal.t .............................. 
Dubious, test returned 255 (wstat 65280, 0xff00)
No subtests run 
Warning: Regexp::Grammars is unsupported
         under Perl 5.18.0 through 5.18.3 due to a bug
         in regex parsing under those versions.

         Please upgrade to Perl 5.18.4 or later, or revert to
         Perl 5.16 or earlier.
 at t/grammar.t line 6.
BEGIN failed--compilation aborted at t/grammar.t line 6.
t/grammar.t ............................ skipped: (no reason given)
Warning: Regexp::Grammars is unsupported
         under Perl 5.18.0 through 5.18.3 due to a bug
         in regex parsing under those versions.

         Please upgrade to Perl 5.18.4 or later, or revert to
         Perl 5.16 or earlier.
 at t/hash_redef.t line 14.
BEGIN failed--compilation aborted at t/hash_redef.t line 14.
t/hash_redef.t ......................... 
Dubious, test returned 255 (wstat 65280, 0xff00)
No subtests run 
Warning: Regexp::Grammars is unsupported
         under Perl 5.18.0 through 5.18.3 due to a bug
         in regex parsing under those versions.

         Please upgrade to Perl 5.18.4 or later, or revert to
         Perl 5.16 or earlier.
 at t/grammar_polymorphism.t line 6.
BEGIN failed--compilation aborted at t/grammar_polymorphism.t line 6.
t/grammar_polymorphism.t ............... skipped: (no reason given)
Warning: Regexp::Grammars is unsupported
         under Perl 5.18.0 through 5.18.3 due to a bug
         in regex parsing under those versions.

         Please upgrade to Perl 5.18.4 or later, or revert to
         Perl 5.16 or earlier.
 at t/hash.t line 15.
BEGIN failed--compilation aborted at t/hash.t line 15.
t/hash.t ............................... 
Dubious, test returned 255 (wstat 65280, 0xff00)
No subtests run 
Warning: Regexp::Grammars is unsupported
         under Perl 5.18.0 through 5.18.3 due to a bug
         in regex parsing under those versions.

         Please upgrade to Perl 5.18.4 or later, or revert to
         Perl 5.16 or earlier.
 at t/hash_redef_local.t line 14.
BEGIN failed--compilation aborted at t/hash_redef_local.t line 14.
t/hash_redef_local.t ................... 
Dubious, test returned 255 (wstat 65280, 0xff00)
No subtests run 
Warning: Regexp::Grammars is unsupported
         under Perl 5.18.0 through 5.18.3 due to a bug
         in regex parsing under those versions.

         Please upgrade to Perl 5.18.4 or later, or revert to
         Perl 5.16 or earlier.
 at t/inline_computation.t line 9.
BEGIN failed--compilation aborted at t/inline_computation.t line 9.
t/inline_computation.t ................. skipped: (no reason given)
Warning: Regexp::Grammars is unsupported
         under Perl 5.18.0 through 5.18.3 due to a bug
         in regex parsing under those versions.

         Please upgrade to Perl 5.18.4 or later, or revert to
         Perl 5.16 or earlier.
 at t/inline_computation_handler.t line 38.
BEGIN failed--compilation aborted at t/inline_computation_handler.t line 38.
t/inline_computation_handler.t ......... skipped: (no reason given)
Warning: Regexp::Grammars is unsupported
         under Perl 5.18.0 through 5.18.3 due to a bug
         in regex parsing under those versions.

         Please upgrade to Perl 5.18.4 or later, or revert to
         Perl 5.16 or earlier.
 at t/inline_computation_obj_handler.t line 38.
BEGIN failed--compilation aborted at t/inline_computation_obj_handler.t line 38.
t/inline_computation_obj_handler.t ..... skipped: (no reason given)
Warning: Regexp::Grammars is unsupported
         under Perl 5.18.0 through 5.18.3 due to a bug
         in regex parsing under those versions.

         Please upgrade to Perl 5.18.4 or later, or revert to
         Perl 5.16 or earlier.
 at t/local_ws.t line 6.
BEGIN failed--compilation aborted at t/local_ws.t line 6.
t/local_ws.t ........................... skipped: (no reason given)
Warning: Regexp::Grammars is unsupported
         under Perl 5.18.0 through 5.18.3 due to a bug
         in regex parsing under those versions.

         Please upgrade to Perl 5.18.4 or later, or revert to
         Perl 5.16 or earlier.
 at t/minimize_bug.t line 3.
BEGIN failed--compilation aborted at t/minimize_bug.t line 3.
t/minimize_bug.t ....................... 
Dubious, test returned 255 (wstat 65280, 0xff00)
No subtests run 
Warning: Regexp::Grammars is unsupported
         under Perl 5.18.0 through 5.18.3 due to a bug
         in regex parsing under those versions.

         Please upgrade to Perl 5.18.4 or later, or revert to
         Perl 5.16 or earlier.
 at t/matchline.t line 7.
BEGIN failed--compilation aborted at t/matchline.t line 7.
t/matchline.t .......................... skipped: (no reason given)
Warning: Regexp::Grammars is unsupported
         under Perl 5.18.0 through 5.18.3 due to a bug
         in regex parsing under those versions.

         Please upgrade to Perl 5.18.4 or later, or revert to
         Perl 5.16 or earlier.
 at t/lookaheads.t line 6.
BEGIN failed--compilation aborted at t/lookaheads.t line 6.
t/lookaheads.t ......................... skipped: (no reason given)
Warning: Regexp::Grammars is unsupported
         under Perl 5.18.0 through 5.18.3 due to a bug
         in regex parsing under those versions.

         Please upgrade to Perl 5.18.4 or later, or revert to
         Perl 5.16 or earlier.
 at t/matchpos.t line 7.
BEGIN failed--compilation aborted at t/matchpos.t line 7.
t/matchpos.t ........................... skipped: (no reason given)
Warning: Regexp::Grammars is unsupported
         under Perl 5.18.0 through 5.18.3 due to a bug
         in regex parsing under those versions.

         Please upgrade to Perl 5.18.4 or later, or revert to
         Perl 5.16 or earlier.
 at t/missing_slash_x.t line 4.
BEGIN failed--compilation aborted at t/missing_slash_x.t line 4.
t/missing_slash_x.t .................... skipped: (no reason given)
Warning: Regexp::Grammars is unsupported
         under Perl 5.18.0 through 5.18.3 due to a bug
         in regex parsing under those versions.

         Please upgrade to Perl 5.18.4 or later, or revert to
         Perl 5.16 or earlier.
 at t/neg_lookahead.t line 6.
BEGIN failed--compilation aborted at t/neg_lookahead.t line 6.
t/neg_lookahead.t ...................... skipped: (no reason given)
Warning: Regexp::Grammars is unsupported
         under Perl 5.18.0 through 5.18.3 due to a bug
         in regex parsing under those versions.

         Please upgrade to Perl 5.18.4 or later, or revert to
         Perl 5.16 or earlier.
 at t/new.t line 17.
BEGIN failed--compilation aborted at t/new.t line 17.
# Looks like your test exited with 255 before it could output anything.
t/new.t ................................ 
Dubious, test returned 255 (wstat 65280, 0xff00)
Failed 2/2 subtests 
Warning: Regexp::Grammars is unsupported
         under Perl 5.18.0 through 5.18.3 due to a bug
         in regex parsing under those versions.

         Please upgrade to Perl 5.18.4 or later, or revert to
         Perl 5.16 or earlier.
 at t/new_init.t line 45.
BEGIN failed--compilation aborted at t/new_init.t line 45.
# Looks like your test exited with 255 before it could output anything.
t/new_init.t ........................... 
Dubious, test returned 255 (wstat 65280, 0xff00)
Failed 2/2 subtests 
Warning: Regexp::Grammars is unsupported
         under Perl 5.18.0 through 5.18.3 due to a bug
         in regex parsing under those versions.

         Please upgrade to Perl 5.18.4 or later, or revert to
         Perl 5.16 or earlier.
 at t/new_init_limited_autoload.t line 42.
BEGIN failed--compilation aborted at t/new_init_limited_autoload.t line 42.
# Looks like your test exited with 255 before it could output anything.
t/new_init_limited_autoload.t .......... 
Dubious, test returned 255 (wstat 65280, 0xff00)
Failed 2/2 subtests 
Warning: Regexp::Grammars is unsupported
         under Perl 5.18.0 through 5.18.3 due to a bug
         in regex parsing under those versions.

         Please upgrade to Perl 5.18.4 or later, or revert to
         Perl 5.16 or earlier.
 at t/new_init_autoload.t line 39.
BEGIN failed--compilation aborted at t/new_init_autoload.t line 39.
# Looks like your test exited with 255 before it could output anything.
t/new_init_autoload.t .................. 
Dubious, test returned 255 (wstat 65280, 0xff00)
Failed 2/2 subtests 
Warning: Regexp::Grammars is unsupported
         under Perl 5.18.0 through 5.18.3 due to a bug
         in regex parsing under those versions.

         Please upgrade to Perl 5.18.4 or later, or revert to
         Perl 5.16 or earlier.
 at t/new_init_limited_autoload_warn.t line 42.
BEGIN failed--compilation aborted at t/new_init_limited_autoload_warn.t line 42.
# Looks like your test exited with 255 before it could output anything.
t/new_init_limited_autoload_warn.t ..... 
Dubious, test returned 255 (wstat 65280, 0xff00)
Failed 2/2 subtests 
Warning: Regexp::Grammars is unsupported
         under Perl 5.18.0 through 5.18.3 due to a bug
         in regex parsing under those versions.

         Please upgrade to Perl 5.18.4 or later, or revert to
         Perl 5.16 or earlier.
 at t/no_context.t line 20.
BEGIN failed--compilation aborted at t/no_context.t line 20.
t/no_context.t ......................... 
Dubious, test returned 255 (wstat 65280, 0xff00)
No subtests run 
Warning: Regexp::Grammars is unsupported
         under Perl 5.18.0 through 5.18.3 due to a bug
         in regex parsing under those versions.

         Please upgrade to Perl 5.18.4 or later, or revert to
         Perl 5.16 or earlier.
 at t/no_context_counterlocal.t line 20.
BEGIN failed--compilation aborted at t/no_context_counterlocal.t line 20.
t/no_context_counterlocal.t ............ 
Dubious, test returned 255 (wstat 65280, 0xff00)
No subtests run 
Warning: Regexp::Grammars is unsupported
         under Perl 5.18.0 through 5.18.3 due to a bug
         in regex parsing under those versions.

         Please upgrade to Perl 5.18.4 or later, or revert to
         Perl 5.16 or earlier.
 at t/no_context_local.t line 19.
BEGIN failed--compilation aborted at t/no_context_local.t line 19.
t/no_context_local.t ................... 
Dubious, test returned 255 (wstat 65280, 0xff00)
No subtests run 
Warning: Regexp::Grammars is unsupported
         under Perl 5.18.0 through 5.18.3 due to a bug
         in regex parsing under those versions.

         Please upgrade to Perl 5.18.4 or later, or revert to
         Perl 5.16 or earlier.
 at t/no_context_named_capture.t line 6.
BEGIN failed--compilation aborted at t/no_context_named_capture.t line 6.
t/no_context_named_capture.t ........... 
Dubious, test returned 255 (wstat 65280, 0xff00)
No subtests run 
Warning: Regexp::Grammars is unsupported
         under Perl 5.18.0 through 5.18.3 due to a bug
         in regex parsing under those versions.

         Please upgrade to Perl 5.18.4 or later, or revert to
         Perl 5.16 or earlier.
 at t/non_backtracking.t line 6.
BEGIN failed--compilation aborted at t/non_backtracking.t line 6.
t/non_backtracking.t ................... skipped: (no reason given)
Warning: Regexp::Grammars is unsupported
         under Perl 5.18.0 through 5.18.3 due to a bug
         in regex parsing under those versions.

         Please upgrade to Perl 5.18.4 or later, or revert to
         Perl 5.16 or earlier.
 at t/obj_rename.t line 7.
BEGIN failed--compilation aborted at t/obj_rename.t line 7.
t/obj_rename.t ......................... 
Dubious, test returned 255 (wstat 65280, 0xff00)
No subtests run 
Warning: Regexp::Grammars is unsupported
         under Perl 5.18.0 through 5.18.3 due to a bug
         in regex parsing under those versions.

         Please upgrade to Perl 5.18.4 or later, or revert to
         Perl 5.16 or earlier.
 at t/one_liner.t line 4.
BEGIN failed--compilation aborted at t/one_liner.t line 4.
t/one_liner.t .......................... skipped: (no reason given)
Warning: Regexp::Grammars is unsupported
         under Perl 5.18.0 through 5.18.3 due to a bug
         in regex parsing under those versions.

         Please upgrade to Perl 5.18.4 or later, or revert to
         Perl 5.16 or earlier.
 at t/moose.t line 30.
BEGIN failed--compilation aborted at t/moose.t line 30.
t/moose.t .............................. skipped: (no reason given)
Warning: Regexp::Grammars is unsupported
         under Perl 5.18.0 through 5.18.3 due to a bug
         in regex parsing under those versions.

         Please upgrade to Perl 5.18.4 or later, or revert to
         Perl 5.16 or earlier.
 at t/repop_ws.t line 4.
BEGIN failed--compilation aborted at t/repop_ws.t line 4.
t/repop_ws.t ........................... 
Dubious, test returned 255 (wstat 65280, 0xff00)
No subtests run 
Warning: Regexp::Grammars is unsupported
         under Perl 5.18.0 through 5.18.3 due to a bug
         in regex parsing under those versions.

         Please upgrade to Perl 5.18.4 or later, or revert to
         Perl 5.16 or earlier.
 at t/pseudovars.t line 7.
BEGIN failed--compilation aborted at t/pseudovars.t line 7.
t/pseudovars.t ......................... 
Dubious, test returned 255 (wstat 65280, 0xff00)
No subtests run 
Warning: Regexp::Grammars is unsupported
         under Perl 5.18.0 through 5.18.3 due to a bug
         in regex parsing under those versions.

         Please upgrade to Perl 5.18.4 or later, or revert to
         Perl 5.16 or earlier.
 at t/seplist.t line 6.
BEGIN failed--compilation aborted at t/seplist.t line 6.
t/seplist.t ............................ skipped: (no reason given)
Warning: Regexp::Grammars is unsupported
         under Perl 5.18.0 through 5.18.3 due to a bug
         in regex parsing under those versions.

         Please upgrade to Perl 5.18.4 or later, or revert to
         Perl 5.16 or earlier.
 at t/seplist_countedhash_0.t line 7.
BEGIN failed--compilation aborted at t/seplist_countedhash_0.t line 7.
t/seplist_countedhash_0.t .............. 
Dubious, test returned 255 (wstat 65280, 0xff00)
No subtests run 
Warning: Regexp::Grammars is unsupported
         under Perl 5.18.0 through 5.18.3 due to a bug
         in regex parsing under those versions.

         Please upgrade to Perl 5.18.4 or later, or revert to
         Perl 5.16 or earlier.
 at t/seplist_countedhash_0_.t line 7.
BEGIN failed--compilation aborted at t/seplist_countedhash_0_.t line 7.
t/seplist_countedhash_0_.t ............. 
Dubious, test returned 255 (wstat 65280, 0xff00)
No subtests run 
Warning: Regexp::Grammars is unsupported
         under Perl 5.18.0 through 5.18.3 due to a bug
         in regex parsing under those versions.

         Please upgrade to Perl 5.18.4 or later, or revert to
         Perl 5.16 or earlier.
 at t/seplist_countedhash_0_1.t line 6.
BEGIN failed--compilation aborted at t/seplist_countedhash_0_1.t line 6.
t/seplist_countedhash_0_1.t ............ skipped: (no reason given)
t/pod.t ................................ ok
Warning: Regexp::Grammars is unsupported
         under Perl 5.18.0 through 5.18.3 due to a bug
         in regex parsing under those versions.

         Please upgrade to Perl 5.18.4 or later, or revert to
         Perl 5.16 or earlier.
 at t/seplist_countedhash_0_N.t line 7.
BEGIN failed--compilation aborted at t/seplist_countedhash_0_N.t line 7.
t/seplist_countedhash_0_N.t ............ 
Dubious, test returned 255 (wstat 65280, 0xff00)
No subtests run 
Warning: Regexp::Grammars is unsupported
         under Perl 5.18.0 through 5.18.3 due to a bug
         in regex parsing under those versions.

         Please upgrade to Perl 5.18.4 or later, or revert to
         Perl 5.16 or earlier.
 at t/seplist_countedhash_1_.t line 6.
BEGIN failed--compilation aborted at t/seplist_countedhash_1_.t line 6.
t/seplist_countedhash_1_.t ............. skipped: (no reason given)
Warning: Regexp::Grammars is unsupported
         under Perl 5.18.0 through 5.18.3 due to a bug
         in regex parsing under those versions.

         Please upgrade to Perl 5.18.4 or later, or revert to
         Perl 5.16 or earlier.
 at t/seplist_countedhash_1.t line 7.
BEGIN failed--compilation aborted at t/seplist_countedhash_1.t line 7.
t/seplist_countedhash_1.t .............. 
Dubious, test returned 255 (wstat 65280, 0xff00)
No subtests run 
Warning: Regexp::Grammars is unsupported
         under Perl 5.18.0 through 5.18.3 due to a bug
         in regex parsing under those versions.

         Please upgrade to Perl 5.18.4 or later, or revert to
         Perl 5.16 or earlier.
 at t/seplist_countedhash_1_N.t line 7.
BEGIN failed--compilation aborted at t/seplist_countedhash_1_N.t line 7.
t/seplist_countedhash_1_N.t ............ 
Dubious, test returned 255 (wstat 65280, 0xff00)
No subtests run 
Warning: Regexp::Grammars is unsupported
         under Perl 5.18.0 through 5.18.3 due to a bug
         in regex parsing under those versions.

         Please upgrade to Perl 5.18.4 or later, or revert to
         Perl 5.16 or earlier.
 at t/seplist_countedhash_M_.t line 7.
BEGIN failed--compilation aborted at t/seplist_countedhash_M_.t line 7.
t/seplist_countedhash_M_.t ............. 
Dubious, test returned 255 (wstat 65280, 0xff00)
No subtests run 
Warning: Regexp::Grammars is unsupported
         under Perl 5.18.0 through 5.18.3 due to a bug
         in regex parsing under those versions.

         Please upgrade to Perl 5.18.4 or later, or revert to
         Perl 5.16 or earlier.
 at t/seplist_countedhash_M_N.t line 7.
BEGIN failed--compilation aborted at t/seplist_countedhash_M_N.t line 7.
t/seplist_countedhash_M_N.t ............ 
Dubious, test returned 255 (wstat 65280, 0xff00)
No subtests run 
Warning: Regexp::Grammars is unsupported
         under Perl 5.18.0 through 5.18.3 due to a bug
         in regex parsing under those versions.

         Please upgrade to Perl 5.18.4 or later, or revert to
         Perl 5.16 or earlier.
 at t/seplist_countedhash_N.t line 7.
BEGIN failed--compilation aborted at t/seplist_countedhash_N.t line 7.
t/seplist_countedhash_N.t .............. 
Dubious, test returned 255 (wstat 65280, 0xff00)
No subtests run 
Warning: Regexp::Grammars is unsupported
         under Perl 5.18.0 through 5.18.3 due to a bug
         in regex parsing under those versions.

         Please upgrade to Perl 5.18.4 or later, or revert to
         Perl 5.16 or earlier.
 at t/seplist_greediness.t line 6.
BEGIN failed--compilation aborted at t/seplist_greediness.t line 6.
t/seplist_greediness.t ................. skipped: (no reason given)
Warning: Regexp::Grammars is unsupported
         under Perl 5.18.0 through 5.18.3 due to a bug
         in regex parsing under those versions.

         Please upgrade to Perl 5.18.4 or later, or revert to
         Perl 5.16 or earlier.
 at t/seplist_plushash.t line 6.
BEGIN failed--compilation aborted at t/seplist_plushash.t line 6.
t/seplist_plushash.t ................... skipped: (no reason given)
Warning: Regexp::Grammars is unsupported
         under Perl 5.18.0 through 5.18.3 due to a bug
         in regex parsing under those versions.

         Please upgrade to Perl 5.18.4 or later, or revert to
         Perl 5.16 or earlier.
 at t/seplist_questionmark.t line 6.
BEGIN failed--compilation aborted at t/seplist_questionmark.t line 6.
t/seplist_questionmark.t ............... skipped: (no reason given)
Warning: Regexp::Grammars is unsupported
         under Perl 5.18.0 through 5.18.3 due to a bug
         in regex parsing under those versions.

         Please upgrade to Perl 5.18.4 or later, or revert to
         Perl 5.16 or earlier.
 at t/seplist_rawhash.t line 6.
BEGIN failed--compilation aborted at t/seplist_rawhash.t line 6.
t/seplist_rawhash.t .................... skipped: (no reason given)
Warning: Regexp::Grammars is unsupported
         under Perl 5.18.0 through 5.18.3 due to a bug
         in regex parsing under those versions.

         Please upgrade to Perl 5.18.4 or later, or revert to
         Perl 5.16 or earlier.
 at t/seplist_starhash.t line 7.
BEGIN failed--compilation aborted at t/seplist_starhash.t line 7.
t/seplist_starhash.t ................... 
Dubious, test returned 255 (wstat 65280, 0xff00)
No subtests run 
Warning: Regexp::Grammars is unsupported
         under Perl 5.18.0 through 5.18.3 due to a bug
         in regex parsing under those versions.

         Please upgrade to Perl 5.18.4 or later, or revert to
         Perl 5.16 or earlier.
 at t/seplist_trailing__countedhash_0.t line 7.
BEGIN failed--compilation aborted at t/seplist_trailing__countedhash_0.t line 7.
t/seplist_trailing__countedhash_0.t .... 
Dubious, test returned 255 (wstat 65280, 0xff00)
No subtests run 
Warning: Regexp::Grammars is unsupported
         under Perl 5.18.0 through 5.18.3 due to a bug
         in regex parsing under those versions.

         Please upgrade to Perl 5.18.4 or later, or revert to
         Perl 5.16 or earlier.
 at t/seplist_trailing__countedhash_0_1.t line 6.
BEGIN failed--compilation aborted at t/seplist_trailing__countedhash_0_1.t line 6.
Warning: Regexp::Grammars is unsupported
         under Perl 5.18.0 through 5.18.3 due to a bug
         in regex parsing under those versions.

         Please upgrade to Perl 5.18.4 or later, or revert to
         Perl 5.16 or earlier.
 at t/seplist_trailing__countedhash_0_.t line 7.
BEGIN failed--compilation aborted at t/seplist_trailing__countedhash_0_.t line 7.
t/seplist_trailing__countedhash_0_.t ... 
Dubious, test returned 255 (wstat 65280, 0xff00)
No subtests run 
t/seplist_trailing__countedhash_0_1.t .. skipped: (no reason given)
Warning: Regexp::Grammars is unsupported
         under Perl 5.18.0 through 5.18.3 due to a bug
         in regex parsing under those versions.

         Please upgrade to Perl 5.18.4 or later, or revert to
         Perl 5.16 or earlier.
 at t/seplist_trailing__countedhash_0_N.t line 7.
BEGIN failed--compilation aborted at t/seplist_trailing__countedhash_0_N.t line 7.
t/seplist_trailing__countedhash_0_N.t .. 
Dubious, test returned 255 (wstat 65280, 0xff00)
No subtests run 
Warning: Regexp::Grammars is unsupported
         under Perl 5.18.0 through 5.18.3 due to a bug
         in regex parsing under those versions.

         Please upgrade to Perl 5.18.4 or later, or revert to
         Perl 5.16 or earlier.
 at t/seplist_trailing__countedhash_1.t line 7.
BEGIN failed--compilation aborted at t/seplist_trailing__countedhash_1.t line 7.
t/seplist_trailing__countedhash_1.t .... 
Dubious, test returned 255 (wstat 65280, 0xff00)
No subtests run 
Warning: Regexp::Grammars is unsupported
         under Perl 5.18.0 through 5.18.3 due to a bug
         in regex parsing under those versions.

         Please upgrade to Perl 5.18.4 or later, or revert to
         Perl 5.16 or earlier.
 at t/seplist_trailing__countedhash_1_.t line 6.
BEGIN failed--compilation aborted at t/seplist_trailing__countedhash_1_.t line 6.
t/seplist_trailing__countedhash_1_.t ... skipped: (no reason given)
Warning: Regexp::Grammars is unsupported
         under Perl 5.18.0 through 5.18.3 due to a bug
         in regex parsing under those versions.

         Please upgrade to Perl 5.18.4 or later, or revert to
         Perl 5.16 or earlier.
 at t/seplist_trailing__countedhash_1_N.t line 7.
BEGIN failed--compilation aborted at t/seplist_trailing__countedhash_1_N.t line 7.
t/seplist_trailing__countedhash_1_N.t .. 
Dubious, test returned 255 (wstat 65280, 0xff00)
No subtests run 
Warning: Regexp::Grammars is unsupported
         under Perl 5.18.0 through 5.18.3 due to a bug
         in regex parsing under those versions.

         Please upgrade to Perl 5.18.4 or later, or revert to
         Perl 5.16 or earlier.
 at t/seplist_trailing__countedhash_M_N.t line 7.
BEGIN failed--compilation aborted at t/seplist_trailing__countedhash_M_N.t line 7.
t/seplist_trailing__countedhash_M_N.t .. 
Dubious, test returned 255 (wstat 65280, 0xff00)
No subtests run 
Warning: Regexp::Grammars is unsupported
         under Perl 5.18.0 through 5.18.3 due to a bug
         in regex parsing under those versions.

         Please upgrade to Perl 5.18.4 or later, or revert to
         Perl 5.16 or earlier.
 at t/seplist_trailing__countedhash_M_.t line 7.
BEGIN failed--compilation aborted at t/seplist_trailing__countedhash_M_.t line 7.
t/seplist_trailing__countedhash_M_.t ... 
Dubious, test returned 255 (wstat 65280, 0xff00)
No subtests run 
Warning: Regexp::Grammars is unsupported
         under Perl 5.18.0 through 5.18.3 due to a bug
         in regex parsing under those versions.

         Please upgrade to Perl 5.18.4 or later, or revert to
         Perl 5.16 or earlier.
 at t/seplist_trailing__countedhash_N.t line 7.
BEGIN failed--compilation aborted at t/seplist_trailing__countedhash_N.t line 7.
t/seplist_trailing__countedhash_N.t .... 
Dubious, test returned 255 (wstat 65280, 0xff00)
No subtests run 
Warning: Regexp::Grammars is unsupported
         under Perl 5.18.0 through 5.18.3 due to a bug
         in regex parsing under those versions.

         Please upgrade to Perl 5.18.4 or later, or revert to
         Perl 5.16 or earlier.
 at t/seplist_trailing__greediness.t line 6.
BEGIN failed--compilation aborted at t/seplist_trailing__greediness.t line 6.
t/seplist_trailing__greediness.t ....... skipped: (no reason given)
Warning: Regexp::Grammars is unsupported
         under Perl 5.18.0 through 5.18.3 due to a bug
         in regex parsing under those versions.

         Please upgrade to Perl 5.18.4 or later, or revert to
         Perl 5.16 or earlier.
 at t/seplist_trailing__plushash.t line 6.
BEGIN failed--compilation aborted at t/seplist_trailing__plushash.t line 6.
t/seplist_trailing__plushash.t ......... skipped: (no reason given)
Warning: Regexp::Grammars is unsupported
         under Perl 5.18.0 through 5.18.3 due to a bug
         in regex parsing under those versions.

         Please upgrade to Perl 5.18.4 or later, or revert to
         Perl 5.16 or earlier.
 at t/seplist_trailing__questionmark.t line 6.
BEGIN failed--compilation aborted at t/seplist_trailing__questionmark.t line 6.
t/seplist_trailing__questionmark.t ..... skipped: (no reason given)
Warning: Regexp::Grammars is unsupported
         under Perl 5.18.0 through 5.18.3 due to a bug
         in regex parsing under those versions.

         Please upgrade to Perl 5.18.4 or later, or revert to
         Perl 5.16 or earlier.
 at t/seplist_trailing__rawhash.t line 6.
BEGIN failed--compilation aborted at t/seplist_trailing__rawhash.t line 6.
t/seplist_trailing__rawhash.t .......... skipped: (no reason given)
Warning: Regexp::Grammars is unsupported
         under Perl 5.18.0 through 5.18.3 due to a bug
         in regex parsing under those versions.

         Please upgrade to Perl 5.18.4 or later, or revert to
         Perl 5.16 or earlier.
 at t/top_is_token.t line 4.
BEGIN failed--compilation aborted at t/top_is_token.t line 4.
t/top_is_token.t ....................... skipped: (no reason given)
Warning: Regexp::Grammars is unsupported
         under Perl 5.18.0 through 5.18.3 due to a bug
         in regex parsing under those versions.

         Please upgrade to Perl 5.18.4 or later, or revert to
         Perl 5.16 or earlier.
 at t/seplist_trailing__starhash.t line 7.
BEGIN failed--compilation aborted at t/seplist_trailing__starhash.t line 7.
t/seplist_trailing__starhash.t ......... 
Dubious, test returned 255 (wstat 65280, 0xff00)
No subtests run 
Warning: Regexp::Grammars is unsupported
         under Perl 5.18.0 through 5.18.3 due to a bug
         in regex parsing under those versions.

         Please upgrade to Perl 5.18.4 or later, or revert to
         Perl 5.16 or earlier.
 at t/ws_redefine.t line 6.
BEGIN failed--compilation aborted at t/ws_redefine.t line 6.
t/ws_redefine.t ........................ 
Dubious, test returned 255 (wstat 65280, 0xff00)
No subtests run 

Test Summary Report
-------------------
t/00.load.t                          (Wstat: 65280 Tests: 0 Failed: 0)
  Non-zero exit status: 255
  Parse errors: Bad plan.  You planned 1 tests but ran 0.
t/aliased_subpatterns.t              (Wstat: 65280 Tests: 0 Failed: 0)
  Non-zero exit status: 255
t/alias_literal.t                    (Wstat: 65280 Tests: 0 Failed: 0)
  Non-zero exit status: 255
t/arg.t                              (Wstat: 65280 Tests: 0 Failed: 0)
  Non-zero exit status: 255
  Parse errors: No plan found in TAP output
t/backref.t                          (Wstat: 65280 Tests: 0 Failed: 0)
  Non-zero exit status: 255
t/backref_ARG.t                      (Wstat: 65280 Tests: 0 Failed: 0)
  Non-zero exit status: 255
t/autoflatten.t                      (Wstat: 65280 Tests: 0 Failed: 0)
  Non-zero exit status: 255
t/charnames.t                        (Wstat: 65280 Tests: 0 Failed: 0)
  Non-zero exit status: 255
t/class_accessor.t                   (Wstat: 65280 Tests: 0 Failed: 0)
  Non-zero exit status: 255
  Parse errors: Bad plan.  You planned 2 tests but ran 0.
t/charset.t                          (Wstat: 65280 Tests: 0 Failed: 0)
  Non-zero exit status: 255
  Parse errors: No plan found in TAP output
t/clear_actions.t                    (Wstat: 65280 Tests: 0 Failed: 0)
  Non-zero exit status: 255
  Parse errors: Bad plan.  You planned 2 tests but ran 0.
t/comment.t                          (Wstat: 65280 Tests: 0 Failed: 0)
  Non-zero exit status: 255
t/data_structure.t                   (Wstat: 65280 Tests: 0 Failed: 0)
  Non-zero exit status: 255
  Parse errors: No plan found in TAP output
t/error.t                            (Wstat: 65280 Tests: 0 Failed: 0)
  Non-zero exit status: 255
t/error_non_backtracking.t           (Wstat: 65280 Tests: 0 Failed: 0)
  Non-zero exit status: 255
t/error_non_hash_based.t             (Wstat: 65280 Tests: 0 Failed: 0)
  Non-zero exit status: 255
t/error_translate.t                  (Wstat: 65280 Tests: 0 Failed: 0)
  Non-zero exit status: 255
t/fwdref.t                           (Wstat: 65280 Tests: 0 Failed: 0)
  Non-zero exit status: 255
t/fatal.t                            (Wstat: 65280 Tests: 0 Failed: 0)
  Non-zero exit status: 255
  Parse errors: No plan found in TAP output
t/grammar.t                          (Wstat: 65280 Tests: 0 Failed: 0)
  Non-zero exit status: 255
t/hash_redef.t                       (Wstat: 65280 Tests: 0 Failed: 0)
  Non-zero exit status: 255
  Parse errors: No plan found in TAP output
t/grammar_polymorphism.t             (Wstat: 65280 Tests: 0 Failed: 0)
  Non-zero exit status: 255
t/hash.t                             (Wstat: 65280 Tests: 0 Failed: 0)
  Non-zero exit status: 255
  Parse errors: No plan found in TAP output
t/hash_redef_local.t                 (Wstat: 65280 Tests: 0 Failed: 0)
  Non-zero exit status: 255
  Parse errors: No plan found in TAP output
t/inline_computation.t               (Wstat: 65280 Tests: 0 Failed: 0)
  Non-zero exit status: 255
t/inline_computation_handler.t       (Wstat: 65280 Tests: 0 Failed: 0)
  Non-zero exit status: 255
t/inline_computation_obj_handler.t   (Wstat: 65280 Tests: 0 Failed: 0)
  Non-zero exit status: 255
t/local_ws.t                         (Wstat: 65280 Tests: 0 Failed: 0)
  Non-zero exit status: 255
t/minimize_bug.t                     (Wstat: 65280 Tests: 0 Failed: 0)
  Non-zero exit status: 255
  Parse errors: No plan found in TAP output
t/matchline.t                        (Wstat: 65280 Tests: 0 Failed: 0)
  Non-zero exit status: 255
t/lookaheads.t                       (Wstat: 65280 Tests: 0 Failed: 0)
  Non-zero exit status: 255
t/matchpos.t                         (Wstat: 65280 Tests: 0 Failed: 0)
  Non-zero exit status: 255
t/missing_slash_x.t                  (Wstat: 65280 Tests: 0 Failed: 0)
  Non-zero exit status: 255
t/neg_lookahead.t                    (Wstat: 65280 Tests: 0 Failed: 0)
  Non-zero exit status: 255
t/new.t                              (Wstat: 65280 Tests: 0 Failed: 0)
  Non-zero exit status: 255
  Parse errors: Bad plan.  You planned 2 tests but ran 0.
t/new_init.t                         (Wstat: 65280 Tests: 0 Failed: 0)
  Non-zero exit status: 255
  Parse errors: Bad plan.  You planned 2 tests but ran 0.
t/new_init_limited_autoload.t        (Wstat: 65280 Tests: 0 Failed: 0)
  Non-zero exit status: 255
  Parse errors: Bad plan.  You planned 2 tests but ran 0.
t/new_init_autoload.t                (Wstat: 65280 Tests: 0 Failed: 0)
  Non-zero exit status: 255
  Parse errors: Bad plan.  You planned 2 tests but ran 0.
t/new_init_limited_autoload_warn.t   (Wstat: 65280 Tests: 0 Failed: 0)
  Non-zero exit status: 255
  Parse errors: Bad plan.  You planned 2 tests but ran 0.
t/no_context.t                       (Wstat: 65280 Tests: 0 Failed: 0)
  Non-zero exit status: 255
  Parse errors: No plan found in TAP output
t/no_context_counterlocal.t          (Wstat: 65280 Tests: 0 Failed: 0)
  Non-zero exit status: 255
  Parse errors: No plan found in TAP output
t/no_context_local.t                 (Wstat: 65280 Tests: 0 Failed: 0)
  Non-zero exit status: 255
  Parse errors: No plan found in TAP output
t/no_context_named_capture.t         (Wstat: 65280 Tests: 0 Failed: 0)
  Non-zero exit status: 255
  Parse errors: No plan found in TAP output
t/non_backtracking.t                 (Wstat: 65280 Tests: 0 Failed: 0)
  Non-zero exit status: 255
t/obj_rename.t                       (Wstat: 65280 Tests: 0 Failed: 0)
  Non-zero exit status: 255
  Parse errors: No plan found in TAP output
t/one_liner.t                        (Wstat: 65280 Tests: 0 Failed: 0)
  Non-zero exit status: 255
t/moose.t                            (Wstat: 65280 Tests: 0 Failed: 0)
  Non-zero exit status: 255
t/repop_ws.t                         (Wstat: 65280 Tests: 0 Failed: 0)
  Non-zero exit status: 255
  Parse errors: No plan found in TAP output
t/pseudovars.t                       (Wstat: 65280 Tests: 0 Failed: 0)
  Non-zero exit status: 255
  Parse errors: No plan found in TAP output
t/seplist.t                          (Wstat: 65280 Tests: 0 Failed: 0)
  Non-zero exit status: 255
t/seplist_countedhash_0.t            (Wstat: 65280 Tests: 0 Failed: 0)
  Non-zero exit status: 255
  Parse errors: No plan found in TAP output
t/seplist_countedhash_0_.t           (Wstat: 65280 Tests: 0 Failed: 0)
  Non-zero exit status: 255
  Parse errors: No plan found in TAP output
t/seplist_countedhash_0_1.t          (Wstat: 65280 Tests: 0 Failed: 0)
  Non-zero exit status: 255
t/seplist_countedhash_0_N.t          (Wstat: 65280 Tests: 0 Failed: 0)
  Non-zero exit status: 255
  Parse errors: No plan found in TAP output
t/seplist_countedhash_1_.t           (Wstat: 65280 Tests: 0 Failed: 0)
  Non-zero exit status: 255
t/seplist_countedhash_1.t            (Wstat: 65280 Tests: 0 Failed: 0)
  Non-zero exit status: 255
  Parse errors: No plan found in TAP output
t/seplist_countedhash_1_N.t          (Wstat: 65280 Tests: 0 Failed: 0)
  Non-zero exit status: 255
  Parse errors: No plan found in TAP output
t/seplist_countedhash_M_.t           (Wstat: 65280 Tests: 0 Failed: 0)
  Non-zero exit status: 255
  Parse errors: No plan found in TAP output
t/seplist_countedhash_M_N.t          (Wstat: 65280 Tests: 0 Failed: 0)
  Non-zero exit status: 255
  Parse errors: No plan found in TAP output
t/seplist_countedhash_N.t            (Wstat: 65280 Tests: 0 Failed: 0)
  Non-zero exit status: 255
  Parse errors: No plan found in TAP output
t/seplist_greediness.t               (Wstat: 65280 Tests: 0 Failed: 0)
  Non-zero exit status: 255
t/seplist_plushash.t                 (Wstat: 65280 Tests: 0 Failed: 0)
  Non-zero exit status: 255
t/seplist_questionmark.t             (Wstat: 65280 Tests: 0 Failed: 0)
  Non-zero exit status: 255
t/seplist_rawhash.t                  (Wstat: 65280 Tests: 0 Failed: 0)
  Non-zero exit status: 255
t/seplist_starhash.t                 (Wstat: 65280 Tests: 0 Failed: 0)
  Non-zero exit status: 255
  Parse errors: No plan found in TAP output
t/seplist_trailing__countedhash_0.t  (Wstat: 65280 Tests: 0 Failed: 0)
  Non-zero exit status: 255
  Parse errors: No plan found in TAP output
t/seplist_trailing__countedhash_0_.t (Wstat: 65280 Tests: 0 Failed: 0)
  Non-zero exit status: 255
  Parse errors: No plan found in TAP output
t/seplist_trailing__countedhash_0_1.t (Wstat: 65280 Tests: 0 Failed: 0)
  Non-zero exit status: 255
t/seplist_trailing__countedhash_0_N.t (Wstat: 65280 Tests: 0 Failed: 0)
  Non-zero exit status: 255
  Parse errors: No plan found in TAP output
t/seplist_trailing__countedhash_1.t  (Wstat: 65280 Tests: 0 Failed: 0)
  Non-zero exit status: 255
  Parse errors: No plan found in TAP output
t/seplist_trailing__countedhash_1_.t (Wstat: 65280 Tests: 0 Failed: 0)
  Non-zero exit status: 255
t/seplist_trailing__countedhash_1_N.t (Wstat: 65280 Tests: 0 Failed: 0)
  Non-zero exit status: 255
  Parse errors: No plan found in TAP output
t/seplist_trailing__countedhash_M_N.t (Wstat: 65280 Tests: 0 Failed: 0)
  Non-zero exit status: 255
  Parse errors: No plan found in TAP output
t/seplist_trailing__countedhash_M_.t (Wstat: 65280 Tests: 0 Failed: 0)
  Non-zero exit status: 255
  Parse errors: No plan found in TAP output
t/seplist_trailing__countedhash_N.t  (Wstat: 65280 Tests: 0 Failed: 0)
  Non-zero exit status: 255
  Parse errors: No plan found in TAP output
t/seplist_trailing__greediness.t     (Wstat: 65280 Tests: 0 Failed: 0)
  Non-zero exit status: 255
t/seplist_trailing__plushash.t       (Wstat: 65280 Tests: 0 Failed: 0)
  Non-zero exit status: 255
t/seplist_trailing__questionmark.t   (Wstat: 65280 Tests: 0 Failed: 0)
  Non-zero exit status: 255
t/seplist_trailing__rawhash.t        (Wstat: 65280 Tests: 0 Failed: 0)
  Non-zero exit status: 255
t/top_is_token.t                     (Wstat: 65280 Tests: 0 Failed: 0)
  Non-zero exit status: 255
t/seplist_trailing__starhash.t       (Wstat: 65280 Tests: 0 Failed: 0)
  Non-zero exit status: 255
  Parse errors: No plan found in TAP output
t/ws_redefine.t                      (Wstat: 65280 Tests: 0 Failed: 0)
  Non-zero exit status: 255
  Parse errors: No plan found in TAP output
Files=83, Tests=1, 26 wallclock secs ( 1.66 usr  0.45 sys + 66.03 cusr 15.90 csys = 84.04 CPU)
Result: FAIL
Failed 82/83 test programs. 0/1 subtests failed.

------------------------------
PREREQUISITES
------------------------------

Prerequisite modules loaded:

requires:

    Module              Need    Have    
    ------------------- ------- --------
    B::Hooks::Parser    0.16    0.21    
    perl                v5.10.0 5.018003
    Test::More          0       1.302136
    version             0       0.9902  

configure_requires:

    Module              Need    Have    
    ------------------- ------- --------
    ExtUtils::MakeMaker 0       7.30    


------------------------------
ENVIRONMENT AND OTHER CONTEXT
------------------------------

Environment variables:

    AUTOMATED_TESTING = 1
    HARNESS_OPTIONS = j4
    LANG = en_GB.UTF-8
    PATH = /home/njh/perl5/perlbrew/bin:/home/njh/perl5/perlbrew/perls/perl-5.18.3/bin:/usr/bin:/bin:/home/njh/src/njh/smoker/bin
    PERL5LIB = /var/tmp/build/B-Hooks-Parser-0.21-4/blib/arch:/var/tmp/build/B-Hooks-Parser-0.21-4/blib/lib:/var/tmp/build/B-Hooks-OP-Check-0.22-16/blib/arch:/var/tmp/build/B-Hooks-OP-Check-0.22-16/blib/lib:/var/tmp/build/ExtUtils-Depends-0.8000-15/blib/arch:/var/tmp/build/ExtUtils-Depends-0.8000-15/blib/lib:/var/tmp/build/Nodejs-Util-0.012-11/blib/arch:/var/tmp/build/Nodejs-Util-0.012-11/blib/lib:/var/tmp/build/IPC-System-Options-0.331-11/blib/arch:/var/tmp/build/IPC-System-Options-0.331-11/blib/lib:/var/tmp/build/String-ShellQuote-1.04-11/blib/arch:/var/tmp/build/String-ShellQuote-1.04-11/blib/lib:/var/tmp/build/Proc-ChildError-0.04-11/blib/arch:/var/tmp/build/Proc-ChildError-0.04-11/blib/lib:/var/tmp/build/Mo-0.40-0/blib/arch:/var/tmp/build/Mo-0.40-0/blib/lib:/var/tmp/build/Data-Dump-Color-0.241-4/blib/arch:/var/tmp/build/Data-Dump-Color-0.241-4/blib/lib:/var/tmp/build/Scalar-Util-LooksLikeNumber-1.39.2-4/blib/arch:/var/tmp/build/Scalar-Util-LooksLikeNumber-1.39.2-4/blib/lib
    PERL5OPT = 
    PERL5_CPANPLUS_IS_RUNNING = 22622
    PERL5_CPAN_IS_RUNNING = 22622
    PERL5_CPAN_IS_RUNNING_IN_RECURSION = 22581,22622
    PERLBREW_HOME = /home/njh/.perlbrew
    PERLBREW_MANPATH = /home/njh/perl5/perlbrew/perls/perl-5.18.3/man
    PERLBREW_PATH = /home/njh/perl5/perlbrew/bin:/home/njh/perl5/perlbrew/perls/perl-5.18.3/bin
    PERLBREW_PERL = perl-5.18.3
    PERLBREW_ROOT = /home/njh/perl5/perlbrew
    PERLBREW_SHELLRC_VERSION = 0.84
    PERLBREW_VERSION = 0.84
    SHELL = /bin/sh
    TEMP = /tmp/user/1000
    TMPDIR = /tmp/user/1000/testwrapper.22605

Perl special variables (and OS-specific diagnostics, for MSWin32):

    $^X = /mnt/nas/home/pi2/njh/perl5/perlbrew/perls/perl-5.18.3/bin/perl
    $UID/$EUID = 1000 / 1000
    $GID = 1000 4 20 24 25 27 29 30 44 46 60 100 101 108 995 997 998 999 1000
    $EGID = 1000 4 20 24 25 27 29 30 44 46 60 100 101 108 995 997 998 999 1000

Perl module toolchain versions installed:

    Module              Have    
    ------------------- --------
    CPAN                2.16    
    CPAN::Meta          2.150010
    Cwd                 3.40    
    ExtUtils::CBuilder  0.280224
    ExtUtils::Command   7.30    
    ExtUtils::Install   2.06    
    ExtUtils::MakeMaker 7.30    
    ExtUtils::Manifest  1.70    
    ExtUtils::ParseXS   3.30    
    File::Spec          3.40    
    JSON                4.02    
    JSON::PP            2.27400 
    Module::Build       0.4224  
    Module::Signature   n/a     
    Parse::CPAN::Meta   2.150010
    Test::Harness       3.36    
    Test::More          1.302136
    YAML                1.28    
    YAML::Syck          1.30    
    version             0.9902  


--

Summary of my perl5 (revision 5 version 18 subversion 3) configuration:
   
  Platform:
    osname=linux, osvers=4.4.32-v7+, archname=armv7l-linux-thread-multi
    uname='linux pi2 4.4.32-v7+ #924 smp tue nov 15 18:11:28 gmt 2016 armv7l gnulinux '
    config_args='-de -Dprefix=/home/njh/perl5/perlbrew/perls/perl-5.18.3 -Duseithreads -Dusemultiplicity -Dusedevel -Accflags=-O2 -W -Wformat=2 -Wswitch -Wshadow -Wwrite-strings -Wuninitialized -Wall -pipe -fomit-frame-pointer -D_FORTIFY_SOURCE=2 -Wpointer-arith -Wstrict-prototypes -fstack-protector -Wstack-protector -Wextra -Wbad-function-cast -Wcast-align -Wcast-qual -Wdisabled-optimization -Wendif-labels -Wfloat-equal -Wformat-nonliteral -Winline -Wmissing-declarations -Wmissing-prototypes -Wnested-externs -Wpointer-arith -Wundef -Wformat-security -mtune=native -march=native -mfpu=vfp -mfloat-abi=hard -Aeval:scriptdir=/home/njh/perl5/perlbrew/perls/perl-5.18.3/bin'
    hint=recommended, useposix=true, d_sigaction=define
    useithreads=define, usemultiplicity=define
    useperlio=define, d_sfio=undef, uselargefiles=define, usesocks=undef
    use64bitint=undef, use64bitall=undef, uselongdouble=undef
    usemymalloc=n, bincompat5005=undef
  Compiler:
    cc='cc', ccflags ='-D_REENTRANT -D_GNU_SOURCE -O2 -W -Wformat=2 -Wswitch -Wshadow -Wwrite-strings -Wuninitialized -Wall -pipe -fomit-frame-pointer -D_FORTIFY_SOURCE=2 -Wpointer-arith -Wstrict-prototypes -fstack-protector -Wstack-protector -Wextra -Wbad-function-cast -Wcast-align -Wcast-qual -Wdisabled-optimization -Wendif-labels -Wfloat-equal -Wformat-nonliteral -Winline -Wmissing-declarations -Wmissing-prototypes -Wnested-externs -Wpointer-arith -Wundef -Wformat-security -mtune=native -march=native -mfpu=vfp -mfloat-abi=hard -fno-strict-aliasing -I/usr/local/include -D_LARGEFILE_SOURCE -D_FILE_OFFSET_BITS=64',
    optimize='-O2',
    cppflags='-D_REENTRANT -D_GNU_SOURCE -O2 -W -Wformat=2 -Wswitch -Wshadow -Wwrite-strings -Wuninitialized -Wall -pipe -fomit-frame-pointer -D_FORTIFY_SOURCE=2 -Wpointer-arith -Wstrict-prototypes -fstack-protector -Wstack-protector -Wextra -Wbad-function-cast -Wcast-align -Wcast-qual -Wdisabled-optimization -Wendif-labels -Wfloat-equal -Wformat-nonliteral -Winline -Wmissing-declarations -Wmissing-prototypes -Wnested-externs -Wpointer-arith -Wundef -Wformat-security -mtune=native -march=native -mfpu=vfp -mfloat-abi=hard -fno-strict-aliasing -I/usr/local/include'
    ccversion='', gccversion='4.9.2', gccosandvers=''
    intsize=4, longsize=4, ptrsize=4, doublesize=8, byteorder=1234
    d_longlong=define, longlongsize=8, d_longdbl=define, longdblsize=8
    ivtype='long', ivsize=4, nvtype='double', nvsize=8, Off_t='off_t', lseeksize=8
    alignbytes=8, prototype=define
  Linker and Libraries:
    ld='cc', ldflags =' -fstack-protector -L/usr/local/lib'
    libpth=/usr/local/lib /lib/arm-linux-gnueabihf /lib /usr/lib/arm-linux-gnueabihf /usr/lib
    libs=-lnsl -lgdbm -ldb -ldl -lm -lcrypt -lutil -lpthread -lc -lgdbm_compat
    perllibs=-lnsl -ldl -lm -lcrypt -lutil -lpthread -lc
    libc=libc-2.19.so, so=so, useshrplib=false, libperl=libperl.a
    gnulibc_version='2.19'
  Dynamic Linking:
    dlsrc=dl_dlopen.xs, dlext=so, d_dlsymun=undef, ccdlflags='-Wl,-E'
    cccdlflags='-fPIC', lddlflags='-shared -O2 -L/usr/local/lib -fstack-protector'


Characteristics of this binary (from libperl): 
  Compile-time options: HAS_TIMES MULTIPLICITY PERLIO_LAYERS
                        PERL_DONT_CREATE_GVSV
                        PERL_HASH_FUNC_ONE_AT_A_TIME_HARD
                        PERL_IMPLICIT_CONTEXT PERL_MALLOC_WRAP
                        PERL_PRESERVE_IVUV PERL_SAWAMPERSAND PERL_USE_DEVEL
                        USE_ITHREADS USE_LARGE_FILES USE_LOCALE
                        USE_LOCALE_COLLATE USE_LOCALE_CTYPE
                        USE_LOCALE_NUMERIC USE_PERLIO USE_PERL_ATOF
                        USE_REENTRANT_API
  Built under linux
  Compiled at Dec  8 2016 09:40:58
  %ENV:
    PERL5LIB="/var/tmp/build/B-Hooks-Parser-0.21-4/blib/arch:/var/tmp/build/B-Hooks-Parser-0.21-4/blib/lib:/var/tmp/build/B-Hooks-OP-Check-0.22-16/blib/arch:/var/tmp/build/B-Hooks-OP-Check-0.22-16/blib/lib:/var/tmp/build/ExtUtils-Depends-0.8000-15/blib/arch:/var/tmp/build/ExtUtils-Depends-0.8000-15/blib/lib:/var/tmp/build/Nodejs-Util-0.012-11/blib/arch:/var/tmp/build/Nodejs-Util-0.012-11/blib/lib:/var/tmp/build/IPC-System-Options-0.331-11/blib/arch:/var/tmp/build/IPC-System-Options-0.331-11/blib/lib:/var/tmp/build/String-ShellQuote-1.04-11/blib/arch:/var/tmp/build/String-ShellQuote-1.04-11/blib/lib:/var/tmp/build/Proc-ChildError-0.04-11/blib/arch:/var/tmp/build/Proc-ChildError-0.04-11/blib/lib:/var/tmp/build/Mo-0.40-0/blib/arch:/var/tmp/build/Mo-0.40-0/blib/lib:/var/tmp/build/Data-Dump-Color-0.241-4/blib/arch:/var/tmp/build/Data-Dump-Color-0.241-4/blib/lib:/var/tmp/build/Scalar-Util-LooksLikeNumber-1.39.2-4/blib/arch:/var/tmp/build/Scalar-Util-LooksLikeNumber-1.39.2-4/blib/lib"
    PERL5OPT=""
    PERL5_CPANPLUS_IS_RUNNING="22622"
    PERL5_CPAN_IS_RUNNING="22622"
    PERL5_CPAN_IS_RUNNING_IN_RECURSION="22581,22622"
    PERLBREW_HOME="/home/njh/.perlbrew"
    PERLBREW_MANPATH="/home/njh/perl5/perlbrew/perls/perl-5.18.3/man"
    PERLBREW_PATH="/home/njh/perl5/perlbrew/bin:/home/njh/perl5/perlbrew/perls/perl-5.18.3/bin"
    PERLBREW_PERL="perl-5.18.3"
    PERLBREW_ROOT="/home/njh/perl5/perlbrew"
    PERLBREW_SHELLRC_VERSION="0.84"
    PERLBREW_VERSION="0.84"
  @INC:
    /var/tmp/build/B-Hooks-Parser-0.21-4/blib/arch
    /var/tmp/build/B-Hooks-Parser-0.21-4/blib/lib
    /var/tmp/build/B-Hooks-OP-Check-0.22-16/blib/arch
    /var/tmp/build/B-Hooks-OP-Check-0.22-16/blib/lib
    /var/tmp/build/ExtUtils-Depends-0.8000-15/blib/arch
    /var/tmp/build/ExtUtils-Depends-0.8000-15/blib/lib
    /var/tmp/build/Nodejs-Util-0.012-11/blib/arch
    /var/tmp/build/Nodejs-Util-0.012-11/blib/lib
    /var/tmp/build/IPC-System-Options-0.331-11/blib/arch
    /var/tmp/build/IPC-System-Options-0.331-11/blib/lib
    /var/tmp/build/String-ShellQuote-1.04-11/blib/arch
    /var/tmp/build/String-ShellQuote-1.04-11/blib/lib
    /var/tmp/build/Proc-ChildError-0.04-11/blib/arch
    /var/tmp/build/Proc-ChildError-0.04-11/blib/lib
    /var/tmp/build/Mo-0.40-0/blib/arch
    /var/tmp/build/Mo-0.40-0/blib/lib
    /var/tmp/build/Data-Dump-Color-0.241-4/blib/arch
    /var/tmp/build/Data-Dump-Color-0.241-4/blib/lib
    /var/tmp/build/Scalar-Util-LooksLikeNumber-1.39.2-4/blib/arch
    /var/tmp/build/Scalar-Util-LooksLikeNumber-1.39.2-4/blib/lib
    /home/njh/perl5/perlbrew/perls/perl-5.18.3/lib/site_perl/5.18.3/armv7l-linux-thread-multi
    /home/njh/perl5/perlbrew/perls/perl-5.18.3/lib/site_perl/5.18.3
    /home/njh/perl5/perlbrew/perls/perl-5.18.3/lib/5.18.3/armv7l-linux-thread-multi
    /home/njh/perl5/perlbrew/perls/perl-5.18.3/lib/5.18.3
    .