Report for PPerl-0.25

Back
From: metabase:user:30f0bd62-2aae-11df-837a-5e0a49663a4f
Subject: FAIL PPerl-0.25 v5.16.2 NetBSD
Date: 2013-01-03T09:54:07Z

This distribution has been tested as part of the CPAN Testers
project, supporting the Perl programming language.  See
http://wiki.cpantesters.org/ for more information or email
questions to cpan-testers-discuss@perl.org


--
Dear MSERGEANT,

This is a computer-generated report for PPerl-0.25
on perl 5.16.2, created by CPAN-Reporter-1.2006.

Thank you for uploading your work to CPAN.  However, there was a problem
testing your distribution.

If you think this report is invalid, please consult the CPAN Testers Wiki
for suggestions on how to avoid getting FAIL reports for missing library
or binary dependencies, unsupported operating systems, and so on:

http://wiki.cpantesters.org/wiki/CPANAuthorNotes

Sections of this report:

    * Tester comments
    * Program output
    * Prerequisites
    * Environment and other context

------------------------------
TESTER COMMENTS
------------------------------

Additional comments from tester:

this report is from an automated smoke testing program
and was not reviewed by a human for accuracy

------------------------------
PROGRAM OUTPUT
------------------------------

Output from '/usr/bin/make test':

PERL_DL_NONLAZY=1 /home/sts/cpansmoke/perl-5.16.2/bin/perl "-MExtUtils::Command::MM" "-e" "test_harness(0, 'blib/lib', 'blib/arch')" t/*.t
t/00stevens.t ........ ok
t/01basic.t .......... ok
t/02usage.t .......... ok
Use of "goto" to jump into a construct is deprecated at t/cat.plx line 7, <> line 7.
Use of "goto" to jump into a construct is deprecated at t/cat.plx line 7, <> line 7.
Use of "goto" to jump into a construct is deprecated at t/cat.plx line 7, <> line 7.
Use of "goto" to jump into a construct is deprecated at t/cat.plx line 7, <> line 7.
Use of "goto" to jump into a construct is deprecated at t/cat.plx line 7, <> line 7.
Use of "goto" to jump into a construct is deprecated at t/cat.plx line 7, <> line 7.
t/03cat.t ............ ok
Use of "goto" to jump into a construct is deprecated at t/args.plx line 5.
Use of "goto" to jump into a construct is deprecated at t/args.plx line 5.
Use of "goto" to jump into a construct is deprecated at t/env.plx line 5.
Use of "goto" to jump into a construct is deprecated at t/env.plx line 5.
t/04args.t ........... ok
Use of "goto" to jump into a construct is deprecated at t/cwd.plx line 7.
Use of "goto" to jump into a construct is deprecated at t/cwd.plx line 7.
t/05cwd.t ............ ok
# Test 6 got: "Use of \"goto\" to jump into a construct is deprecated at /var/tmp//pperl13305a line 53.\n" (t/06exit_die.t at line 18)
#   Expected: ""
#  t/06exit_die.t line 18 is: ok($out, "");
# Test 8 got: "foo at t/spammy.plx line 7.\nUse of \"goto\" to jump into a construct is deprecated at /var/tmp//pperl13305a line 53.\n" (t/06exit_die.t at line 22)
#   Expected: "foo at t/spammy.plx line 7.\n"
#  t/06exit_die.t line 22 is: ok($out, "foo at t/spammy.plx line 7.\n");
t/06exit_die.t ....... 
Failed 2/8 subtests 
Use of "goto" to jump into a construct is deprecated at /var/tmp//pperl05301a line 53.
t/07djbish.t ......... ok
Use of "goto" to jump into a construct is deprecated at t/fork.plx line 13.
Use of "goto" to jump into a construct is deprecated at t/fork.plx line 13.
Use of "goto" to jump into a construct is deprecated at t/fork.plx line 13.
Use of "goto" to jump into a construct is deprecated at t/fork.plx line 13.
Use of "goto" to jump into a construct is deprecated at t/fork.plx line 13.
Use of "goto" to jump into a construct is deprecated at t/fork.plx line 13.
Use of "goto" to jump into a construct is deprecated at t/fork.plx line 13.
Use of "goto" to jump into a construct is deprecated at t/fork.plx line 13.
Use of "goto" to jump into a construct is deprecated at t/fork.plx line 13.
Use of "goto" to jump into a construct is deprecated at t/fork.plx line 13.
t/08fork.t ........... ok
# Test 1 got: "Use of \"goto\" to jump into a construct is deprecated at t/taint_pperl.plx line 13.\nInsecure dependency in open while running with -T switch at t/taint_pperl.plx line 4.\n" (t/09taint.t at line 7)
#   Expected: "Insecure dependency in open while running with -T switch at t/taint_pperl.plx line 4.\n"
#  t/09taint.t line 7 is: ok($err, "Insecure dependency in open while running with -T switch at t/taint_pperl.plx line 4.\n");
t/09taint.t .......... 
Failed 1/1 subtests 
# Test 1 got: "Use of \"goto\" to jump into a construct is deprecated at t/tie.plx line 14.\n'foo' => 'foo''bar' => 'baz'\n" (t/10tie.t at line 18)
#   Expected: "'foo' => 'foo''bar' => 'baz'\n"
#  t/10tie.t line 18 is:     ok(`./pperl t/tie.plx $db 2>&1`, $shouldbe);
# Test 2 got: "Use of \"goto\" to jump into a construct is deprecated at t/tie.plx line 14.\n'foo' => 'foo''bar' => 'baz'\n" (t/10tie.t at line 18 fail #2)
#   Expected: "'foo' => 'foo''bar' => 'baz'\n"
# Test 3 got: "Use of \"goto\" to jump into a construct is deprecated at t/tie.plx line 14.\n'foo' => 'foo''bar' => 'baz'\n" (t/10tie.t at line 18 fail #3)
#   Expected: "'foo' => 'foo''bar' => 'baz'\n"
# Test 4 got: "Use of \"goto\" to jump into a construct is deprecated at t/tie.plx line 14.\n'foo' => 'foo''bar' => 'baz'\n" (t/10tie.t at line 18 fail #4)
#   Expected: "'foo' => 'foo''bar' => 'baz'\n"
# Test 5 got: "Use of \"goto\" to jump into a construct is deprecated at t/tie.plx line 14.\n'foo' => 'foo''bar' => 'baz'\n" (t/10tie.t at line 18 fail #5)
#   Expected: "'foo' => 'foo''bar' => 'baz'\n"
# Test 6 got: "Use of \"goto\" to jump into a construct is deprecated at t/tie.plx line 14.\n'foo' => 'foo''bar' => 'baz'\n" (t/10tie.t at line 18 fail #6)
#   Expected: "'foo' => 'foo''bar' => 'baz'\n"
# Test 7 got: "Use of \"goto\" to jump into a construct is deprecated at t/tie.plx line 14.\n'foo' => 'foo''bar' => 'baz'\n" (t/10tie.t at line 18 fail #7)
#   Expected: "'foo' => 'foo''bar' => 'baz'\n"
# Test 8 got: "Use of \"goto\" to jump into a construct is deprecated at t/tie.plx line 14.\n'foo' => 'foo''bar' => 'baz'\n" (t/10tie.t at line 18 fail #8)
#   Expected: "'foo' => 'foo''bar' => 'baz'\n"
# Test 9 got: "Use of \"goto\" to jump into a construct is deprecated at t/tie.plx line 14.\n'foo' => 'foo''bar' => 'baz'\n" (t/10tie.t at line 18 fail #9)
#   Expected: "'foo' => 'foo''bar' => 'baz'\n"
# Test 10 got: "Use of \"goto\" to jump into a construct is deprecated at t/tie.plx line 14.\n'foo' => 'foo''bar' => 'baz'\n" (t/10tie.t at line 18 fail #10)
#    Expected: "'foo' => 'foo''bar' => 'baz'\n"
t/10tie.t ............ 
Failed 10/10 subtests 
Use of "goto" to jump into a construct is deprecated at /var/tmp//pperl17197a line 53.
Use of "goto" to jump into a construct is deprecated at t/autoclose.plx line 14.
Use of "goto" to jump into a construct is deprecated at t/autoclose.plx line 14.
t/11autoclose.t ...... ok
Use of "goto" to jump into a construct is deprecated at t/signals.plx line 19.
Use of "goto" to jump into a construct is deprecated at t/signals.plx line 19.
t/12signals.t ........ ok
Use of "goto" to jump into a construct is deprecated at t/pid.plx line 4.
# Test 2 got: "8085\n" (t/13pid.t at line 12 fail #2)
#   Expected: "2623\n"
#  t/13pid.t line 12 is:     ok ($answer, "$child\n");
Use of "goto" to jump into a construct is deprecated at t/pid.plx line 4.
# Test 3 got: "8085\n" (t/13pid.t at line 12 fail #3)
#   Expected: "28348\n"
Use of "goto" to jump into a construct is deprecated at t/pid.plx line 4.
# Test 4 got: "8085\n" (t/13pid.t at line 12 fail #4)
#   Expected: "17261\n"
t/13pid.t ............ 
Failed 3/4 subtests 
Use of "goto" to jump into a construct is deprecated at t/data.plx line 5, <DATA> line 5.
Use of "goto" to jump into a construct is deprecated at t/data.plx line 5, <DATA> line 5.
Use of "goto" to jump into a construct is deprecated at t/data.plx line 5, <DATA> line 10.
Use of "goto" to jump into a construct is deprecated at t/data.plx line 5, <DATA> line 10.
Use of "goto" to jump into a construct is deprecated at t/data.plx line 5, <DATA> line 15.
Use of "goto" to jump into a construct is deprecated at t/data.plx line 5, <DATA> line 20.
t/14data.t ........... ok
Use of "goto" to jump into a construct is deprecated at t/punctuation.plx line 57.
Use of "goto" to jump into a construct is deprecated at t/punctuation.plx line 57.
Use of "goto" to jump into a construct is deprecated at t/punctuation.plx line 57.
Use of "goto" to jump into a construct is deprecated at t/punctuation.plx line 57.
t/15punctuation.t .... ok
Use of "goto" to jump into a construct is deprecated at t/oops.plx line 9.
Use of "goto" to jump into a construct is deprecated at t/oops.plx line 9.
Use of "goto" to jump into a construct is deprecated at t/oops.plx line 9.
t/16oops.t ........... ok
Use of "goto" to jump into a construct is deprecated at t/dickvd.plx line 6.
Use of "goto" to jump into a construct is deprecated at t/dickvd.plx line 6.
t/17dickvd.t ......... ok
Use of "goto" to jump into a construct is deprecated at modified.plx line 4.
Use of "goto" to jump into a construct is deprecated at modified.plx line 4.
t/18modified.t ....... ok
Use of "goto" to jump into a construct is deprecated at /var/tmp//pperl00339a line 78.
t/19invoke_djbish.t .. ok
Use of "goto" to jump into a construct is deprecated at /var/tmp//pperl22106a line 78.
t/20invoke_cat.t ..... ok

Test Summary Report
-------------------
t/06exit_die.t     (Wstat: 0 Tests: 8 Failed: 2)
  Failed tests:  6, 8
t/09taint.t        (Wstat: 0 Tests: 1 Failed: 1)
  Failed test:  1
t/10tie.t          (Wstat: 0 Tests: 10 Failed: 10)
  Failed tests:  1-10
t/13pid.t          (Wstat: 0 Tests: 4 Failed: 3)
  Failed tests:  2-4
Files=21, Tests=292, 14 wallclock secs ( 0.23 usr  0.12 sys +  3.94 cusr  1.73 csys =  6.02 CPU)
Result: FAIL
Failed 4/21 test programs. 16/292 subtests failed.
*** Error code 255

Stop.
make: stopped in /home/sts/cpansmoke/perl-5.16.2/cpan/build/PPerl-0.25-pi4k3O

------------------------------
PREREQUISITES
------------------------------

Prerequisite modules loaded:

build_requires:

    Module              Need Have
    ------------------- ---- ----
    ExtUtils::MakeMaker 0    6.64


------------------------------
ENVIRONMENT AND OTHER CONTEXT
------------------------------

Environment variables:

    AUTOMATED_TESTING = 1
    PATH = /home/sts/bin:/bin:/sbin:/usr/bin:/usr/sbin:/usr/X11R7/bin:/usr/X11R6/bin:/usr/pkg/bin:/usr/pkg/sbin:/usr/games:/usr/local/bin:/usr/local/sbin
    PERL5LIB = 
    PERL5OPT = 
    PERL5_CPANPLUS_IS_RUNNING = 17652
    PERL5_CPAN_IS_RUNNING = 17652
    PERL5_CPAN_IS_RUNNING_IN_RECURSION = 645,17652
    PERL_CR_SMOKER_CURRENT = Kwiki-PPerl-0.01
    PERL_EXTUTILS_AUTOINSTALL = --defaultdeps
    PERL_MM_USE_DEFAULT = 1
    SHELL = /usr/pkg/bin/bash
    TERM = screen
    TMPDIR = /home/sts/cpansmoke/tmp

Perl special variables (and OS-specific diagnostics, for MSWin32):

    $^X = /home/sts/cpansmoke/perl-5.16.2/bin/perl
    $UID/$EUID = 1000 / 1000
    $GID = 100 100 0
    $EGID = 100 100 0

Perl module toolchain versions installed:

    Module              Have    
    ------------------- --------
    CPAN                1.9800  
    CPAN::Meta          2.120630
    Cwd                 3.39_02 
    ExtUtils::CBuilder  0.280206
    ExtUtils::Command   1.17    
    ExtUtils::Install   1.58    
    ExtUtils::MakeMaker 6.64    
    ExtUtils::Manifest  1.61    
    ExtUtils::ParseXS   3.16    
    File::Spec          3.39_02 
    JSON                2.53    
    JSON::PP            2.27200 
    Module::Build       0.39_01 
    Module::Signature   n/a     
    Parse::CPAN::Meta   1.4402  
    Test::Harness       3.23    
    Test::More          0.98    
    YAML                n/a     
    YAML::Syck          n/a     
    version             0.99    


--

Summary of my perl5 (revision 5 version 16 subversion 2) configuration:
   
  Platform:
    osname=netbsd, osvers=6.0, archname=i386-netbsd-thread-multi
    uname='netbsd cpansmoke2 6.0 netbsd 6.0 (xen3_domu) i386 '
    config_args='-des -Dusethreads -Dprefix=/home/sts/cpansmoke/perl-5.16.2'
    hint=recommended, useposix=true, d_sigaction=define
    useithreads=define, usemultiplicity=define
    useperlio=define, d_sfio=undef, uselargefiles=define, usesocks=undef
    use64bitint=undef, use64bitall=undef, uselongdouble=undef
    usemymalloc=n, bincompat5005=undef
  Compiler:
    cc='cc', ccflags ='-fno-strict-aliasing -pipe -fstack-protector -I/usr/pkg/include',
    optimize='-O',
    cppflags='-fno-strict-aliasing -pipe -fstack-protector -I/usr/pkg/include'
    ccversion='', gccversion='4.5.3', gccosandvers=''
    intsize=4, longsize=4, ptrsize=4, doublesize=8, byteorder=1234
    d_longlong=define, longlongsize=8, d_longdbl=define, longdblsize=12
    ivtype='long', ivsize=4, nvtype='double', nvsize=8, Off_t='off_t', lseeksize=8
    alignbytes=4, prototype=define
  Linker and Libraries:
    ld='cc', ldflags =' -Wl,-rpath,/usr/pkg/lib -Wl,-rpath,/usr/local/lib -fstack-protector -L/usr/pkg/lib'
    libpth=/usr/pkg/lib /lib /usr/lib
    libs=-lm -lcrypt -lutil -lc -lposix -lpthread
    perllibs=-lm -lcrypt -lutil -lc -lposix -lpthread
    libc=/lib/libc.so, so=so, useshrplib=false, libperl=libperl.a
    gnulibc_version=''
  Dynamic Linking:
    dlsrc=dl_dlopen.xs, dlext=so, d_dlsymun=undef, ccdlflags='-Wl,-E '
    cccdlflags='-DPIC -fPIC ', lddlflags='--whole-archive -shared  -L/usr/pkg/lib -fstack-protector'


Characteristics of this binary (from libperl): 
  Compile-time options: HAS_TIMES MULTIPLICITY PERLIO_LAYERS
                        PERL_DONT_CREATE_GVSV PERL_IMPLICIT_CONTEXT
                        PERL_MALLOC_WRAP PERL_PRESERVE_IVUV USE_ITHREADS
                        USE_LARGE_FILES USE_LOCALE USE_LOCALE_COLLATE
                        USE_LOCALE_CTYPE USE_LOCALE_NUMERIC USE_PERLIO
                        USE_PERL_ATOF USE_REENTRANT_API
  Built under netbsd
  Compiled at Nov 27 2012 15:10:18
  %ENV:
    PERL5LIB=""
    PERL5OPT=""
    PERL5_CPANPLUS_IS_RUNNING="17652"
    PERL5_CPAN_IS_RUNNING="17652"
    PERL5_CPAN_IS_RUNNING_IN_RECURSION="645,17652"
    PERL_CR_SMOKER_CURRENT="Kwiki-PPerl-0.01"
    PERL_EXTUTILS_AUTOINSTALL="--defaultdeps"
    PERL_MM_USE_DEFAULT="1"
  @INC:
    /home/sts/cpansmoke/perl-5.16.2/lib/site_perl/5.16.2/i386-netbsd-thread-multi
    /home/sts/cpansmoke/perl-5.16.2/lib/site_perl/5.16.2
    /home/sts/cpansmoke/perl-5.16.2/lib/5.16.2/i386-netbsd-thread-multi
    /home/sts/cpansmoke/perl-5.16.2/lib/5.16.2
    .