Crypto-Exchange-Binance-Spot-API v0.05 Perl 5 v5.16.3 amd64-freebsd-thread-multi

Status
Fail
From
Slaven Rezić
Dist
Crypto-Exchange-Binance-Spot-API v0.05
Platform
Perl 5 v5.16.3 amd64-freebsd-thread-multi
Date
2021-04-28 05:35:17
ID
83c3e226-a7e3-11eb-aa01-337c1f24ea8f
This distribution has been tested as part of the CPAN Testers
project, supporting the Perl programming language.  See
http://wiki.cpantesters.org/ for more information or email
questions to cpan-testers-discuss@perl.org


--
Dear Michael Vu,

This is a computer-generated report for Crypto-Exchange-Binance-Spot-API-0.05
on perl 5.16.3, created by CPAN-Reporter-1.2018.

Thank you for uploading your work to CPAN.  However, there was a problem
testing your distribution.

If you think this report is invalid, please consult the CPAN Testers Wiki
for suggestions on how to avoid getting FAIL reports for missing library
or binary dependencies, unsupported operating systems, and so on:

http://wiki.cpantesters.org/wiki/CPANAuthorNotes

Sections of this report:

    * Tester comments
    * Program output
    * Prerequisites
    * Environment and other context

------------------------------
TESTER COMMENTS
------------------------------

Additional comments from tester:

none provided

------------------------------
PROGRAM OUTPUT
------------------------------

Output from '/usr/bin/make test':

PERL_DL_NONLAZY=1 "/usr/perl5.16.3t/bin/perl" "-MExtUtils::Command::MM" "-MTest::Harness" "-e" "undef *Test::Harness::Switches; test_harness(0, 'blib/lib', 'blib/arch')" t/*.t
Not a CODE reference at /usr/perl5.16.3t/lib/site_perl/5.16.3/Crypto/API.pm line 138, <DATA> line 1.
t/001-prices.t ........... 
Dubious, test returned 255 (wstat 65280, 0xff00)
No subtests run 
Not a CODE reference at /usr/perl5.16.3t/lib/site_perl/5.16.3/Crypto/API.pm line 138, <DATA> line 1.
t/002-balance.t .......... 
Dubious, test returned 255 (wstat 65280, 0xff00)
No subtests run 
Not a CODE reference at /usr/perl5.16.3t/lib/site_perl/5.16.3/Crypto/API.pm line 138, <DATA> line 1.
t/003-open-orders.t ...... 
Dubious, test returned 255 (wstat 65280, 0xff00)
No subtests run 
Not a CODE reference at /usr/perl5.16.3t/lib/site_perl/5.16.3/Crypto/API.pm line 138, <DATA> line 1.
t/004-list-all-orders.t .. 
Dubious, test returned 255 (wstat 65280, 0xff00)
No subtests run 
Use of uninitialized value $_ in uc at /usr/home/cpansand/.cpan/build/2021042802/Crypto-Exchange-Binance-Spot-API-0.05-2/blib/lib/Crypto/Exchange/Binance/Spot/API.pm line 120, <DATA> line 1.
Use of uninitialized value $_ in uc at /usr/home/cpansand/.cpan/build/2021042802/Crypto-Exchange-Binance-Spot-API-0.05-2/blib/lib/Crypto/Exchange/Binance/Spot/API.pm line 120, <DATA> line 1.

#   Failed test at t/005-buy_sell.t line 74.
#                   'Not a CODE reference at /usr/perl5.16.3t/lib/site_perl/5.16.3/Crypto/API.pm line 138, <DATA> line 1.
# '
#     doesn't match '(?^i:Missing Argument: (?:price|pair|amount))'

#   Failed test at t/005-buy_sell.t line 78.
#                   'Not a CODE reference at /usr/perl5.16.3t/lib/site_perl/5.16.3/Crypto/API.pm line 138, <DATA> line 1.
# '
#     doesn't match '(?^i:Missing Argument: (?:price|pair|amount))'

#   Failed test at t/005-buy_sell.t line 80.
#                   'Not a CODE reference at /usr/perl5.16.3t/lib/site_perl/5.16.3/Crypto/API.pm line 138, <DATA> line 1.
# '
#     doesn't match '(?^i:Missing Argument: (?:price|pair|amount))'
Not a CODE reference at /usr/perl5.16.3t/lib/site_perl/5.16.3/Crypto/API.pm line 138, <DATA> line 1.
# Tests were run but no plan was declared and done_testing() was not seen.
# Looks like your test exited with 255 just after 3.
t/005-buy_sell.t ......... 
Dubious, test returned 255 (wstat 65280, 0xff00)
Failed 3/3 subtests 

Test Summary Report
-------------------
t/001-prices.t         (Wstat: 65280 Tests: 0 Failed: 0)
  Non-zero exit status: 255
  Parse errors: No plan found in TAP output
t/002-balance.t        (Wstat: 65280 Tests: 0 Failed: 0)
  Non-zero exit status: 255
  Parse errors: No plan found in TAP output
t/003-open-orders.t    (Wstat: 65280 Tests: 0 Failed: 0)
  Non-zero exit status: 255
  Parse errors: No plan found in TAP output
t/004-list-all-orders.t (Wstat: 65280 Tests: 0 Failed: 0)
  Non-zero exit status: 255
  Parse errors: No plan found in TAP output
t/005-buy_sell.t       (Wstat: 65280 Tests: 3 Failed: 3)
  Failed tests:  1-3
  Non-zero exit status: 255
  Parse errors: No plan found in TAP output
Files=5, Tests=3,  4 wallclock secs ( 0.02 usr  0.02 sys +  1.79 cusr  0.22 csys =  2.05 CPU)
Result: FAIL
Failed 5/5 test programs. 3/3 subtests failed.
*** [test_dynamic] Error code 255

Stop in /usr/home/cpansand/.cpan/build/2021042802/Crypto-Exchange-Binance-Spot-API-0.05-2.

------------------------------
PREREQUISITES
------------------------------

Prerequisite modules loaded:

requires:

    Module                Need Have
    --------------------- ---- ----
    Crypto::Exchange::API 0    0.01
    DateTime              0    1.54

build_requires:

    Module                Need Have
    --------------------- ---- ----
    ExtUtils::MakeMaker   0    7.58

configure_requires:

    Module                Need Have
    --------------------- ---- ----
    ExtUtils::MakeMaker   0    7.58


------------------------------
ENVIRONMENT AND OTHER CONTEXT
------------------------------

Environment variables:

    LC_ALL = de_DE.ISO8859-1
    PATH = /usr/local/bin:/usr/bin:/bin:/usr/local/sbin:/usr/sbin:/sbin:/home/cpansand/bin/freebsd9.3:/home/cpansand/bin/sh:/home/cpansand/bin:/usr/games:/home/cpansand/devel:/usr/home/eserte/src/srezic-misc/scripts
    PERL5LIB = 
    PERL5OPT = 
    PERL5_CPANPLUS_IS_RUNNING = 94133
    PERL5_CPAN_IS_RUNNING = 94133
    PERL5_CPAN_IS_RUNNING_IN_RECURSION = 93656,94133
    PERLDOC = -MPod::Perldoc::ToTextOverstrike
    PERL_BATCH = yes
    PERL_CANARY_STABILITY_NOPROMPT = 1
    PERL_CPAN_REPORTER_CONFIG = /var/tmp/cpansmoker-1023/2021042802/cpanreporter_000_config.ini
    PERL_EXTUTILS_AUTOINSTALL = --defaultdeps
    PERL_USE_UNSAFE_INC = 1
    SHELL = /usr/local/bin/zsh
    TERM = screen
    TMPDIR = /var/tmp/cpansmoker-1023/2021042802

Perl special variables (and OS-specific diagnostics, for MSWin32):

    $^X = /usr/perl5.16.3t/bin/perl
    $UID/$EUID = 1023 / 1023
    $GID = 1023 1023
    $EGID = 1023 1023

Perl module toolchain versions installed:

    Module              Have    
    ------------------- --------
    CPAN                2.27    
    CPAN::Meta          2.150010
    Cwd                 3.75    
    ExtUtils::CBuilder  0.280231
    ExtUtils::Command   7.58    
    ExtUtils::Install   2.20    
    ExtUtils::MakeMaker 7.58    
    ExtUtils::Manifest  1.73    
    ExtUtils::ParseXS   3.35    
    File::Spec          3.75    
    JSON                4.03    
    JSON::PP            4.05    
    Module::Build       0.4231  
    Module::Signature   0.86    
    Parse::CPAN::Meta   2.150010
    Test::Harness       3.42    
    Test::More          1.302183
    YAML                1.30    
    YAML::Syck          1.33    
    version             0.9929  


--

Summary of my perl5 (revision 5 version 16 subversion 3) configuration:
   
  Platform:
    osname=freebsd, osvers=9.2-release-p4, archname=amd64-freebsd-thread-multi
    uname='freebsd cvrsnica-freebsd-92 9.2-release-p4 freebsd 9.2-release-p4 #0: tue apr 8 18:08:22 utc 2014 root@amd64-builder.daemonology.net:usrobjusrsrcsysgeneric amd64 '
    config_args='-ds -e -Dprefix=/usr/perl5.16.3t -Dusethreads'
    hint=recommended, useposix=true, d_sigaction=define
    useithreads=define, usemultiplicity=define
    useperlio=define, d_sfio=undef, uselargefiles=define, usesocks=undef
    use64bitint=define, use64bitall=define, uselongdouble=undef
    usemymalloc=n, bincompat5005=undef
  Compiler:
    cc='cc', ccflags ='-DHAS_FPSETMASK -DHAS_FLOATINGPOINT_H -fno-strict-aliasing -pipe -fstack-protector -I/usr/local/include',
    optimize='-O',
    cppflags='-DHAS_FPSETMASK -DHAS_FLOATINGPOINT_H -fno-strict-aliasing -pipe -fstack-protector -I/usr/local/include'
    ccversion='', gccversion='4.2.1 20070831 patched [FreeBSD]', gccosandvers=''
    intsize=4, longsize=8, ptrsize=8, doublesize=8, byteorder=12345678
    d_longlong=define, longlongsize=8, d_longdbl=define, longdblsize=16
    ivtype='long', ivsize=8, nvtype='double', nvsize=8, Off_t='off_t', lseeksize=8
    alignbytes=8, prototype=define
  Linker and Libraries:
    ld='cc', ldflags ='-pthread -Wl,-E  -fstack-protector -L/usr/local/lib'
    libpth=/usr/lib /usr/local/lib
    libs=-lgdbm -lm -lcrypt
    perllibs=-lm -lcrypt
    libc=, so=so, useshrplib=false, libperl=libperl.a
    gnulibc_version=''
  Dynamic Linking:
    dlsrc=dl_dlopen.xs, dlext=so, d_dlsymun=undef, ccdlflags=' '
    cccdlflags='-DPIC -fPIC', lddlflags='-shared  -L/usr/local/lib -fstack-protector'


Characteristics of this binary (from libperl): 
  Compile-time options: HAS_TIMES MULTIPLICITY PERLIO_LAYERS
                        PERL_DONT_CREATE_GVSV PERL_IMPLICIT_CONTEXT
                        PERL_MALLOC_WRAP PERL_PRESERVE_IVUV USE_64_BIT_ALL
                        USE_64_BIT_INT USE_ITHREADS USE_LARGE_FILES
                        USE_LOCALE USE_LOCALE_COLLATE USE_LOCALE_CTYPE
                        USE_LOCALE_NUMERIC USE_PERLIO USE_PERL_ATOF
                        USE_REENTRANT_API
  Built under freebsd
  Compiled at May 16 2014 07:49:48
  %ENV:
    PERL5LIB=""
    PERL5OPT=""
    PERL5_CPANPLUS_IS_RUNNING="94133"
    PERL5_CPAN_IS_RUNNING="94133"
    PERL5_CPAN_IS_RUNNING_IN_RECURSION="93656,94133"
    PERLDOC="-MPod::Perldoc::ToTextOverstrike"
    PERL_BATCH="yes"
    PERL_CANARY_STABILITY_NOPROMPT="1"
    PERL_CPAN_REPORTER_CONFIG="/var/tmp/cpansmoker-1023/2021042802/cpanreporter_000_config.ini"
    PERL_EXTUTILS_AUTOINSTALL="--defaultdeps"
    PERL_USE_UNSAFE_INC="1"
  @INC:
    /usr/perl5.16.3t/lib/site_perl/5.16.3/amd64-freebsd-thread-multi
    /usr/perl5.16.3t/lib/site_perl/5.16.3
    /usr/perl5.16.3t/lib/5.16.3/amd64-freebsd-thread-multi
    /usr/perl5.16.3t/lib/5.16.3
    .