Back
From: metabase:user:322078bc-2aae-11df-837a-5e0a49663a4f
Subject: NA Config-IniHashReadDeep-0.02 v5.10.1 NetBSD
Date: 2010-11-23T11:55:06Z
This distribution has been tested as part of the CPAN Testers
project, supporting the Perl programming language. See
http://wiki.cpantesters.org/ for more information or email
questions to cpan-testers-discuss@perl.org
--
Dear AHERNIT,
This is a computer-generated error report created automatically by
CPANPLUS, version 0.9010. Testers personal comments may appear
at the end of this report.
Thank you for uploading your work to CPAN. However, it appears that
there were some problems testing your distribution.
TEST RESULTS:
Below is the error stack from stage 'make test':
[MSG] [Tue Nov 23 11:55:05 2010] cp lib/Config/IniHashReadDeep.pm blib/lib/Config/IniHashReadDeep.pm
Manifying blib/man3/Config::IniHashReadDeep.3
[ERROR] [Tue Nov 23 11:55:06 2010] MAKE TEST failed: No such file or directory PERL_DL_NONLAZY=1 /home/cpan/pit/thr/perl-5.10.1/bin/perl "-MExtUtils::Command::MM" "-e" "test_harness(0, 'blib/lib', 'blib/arch')" t/*.t
# Failed test 'Config::IniHash compiles'
# at t/01_compile.t line 16.
# Failed test 'Config::IniHashReadDeep compiles'
# at t/01_compile.t line 16.
# Looks like you failed 2 tests of 2.
t/01_compile.t .........
Dubious, test returned 2 (wstat 512, 0x200)
Failed 2/2 subtests
Can't locate Config/IniHash.pm in @INC (@INC contains: ../lib lib /home/cpan/pit/thr/conf/perl-5.10.1/.cpanplus/5.10.1/build/Config-IniHashReadDeep/blib/lib /home/cpan/pit/thr/conf/perl-5.10.1/.cpanplus/5.10.1/build/Config-IniHashReadDeep/blib/arch /home/cpan/pit/thr/perl-5.10.1/lib/5.10.1/i386-netbsd-thread-multi /home/cpan/pit/thr/perl-5.10.1/lib/5.10.1 /home/cpan/pit/thr/perl-5.10.1/lib/site_perl/5.10.1/i386-netbsd-thread-multi /home/cpan/pit/thr/perl-5.10.1/lib/site_perl/5.10.1 .) at lib/Config/IniHashReadDeep.pm line 8.
BEGIN failed--compilation aborted at lib/Config/IniHashReadDeep.pm line 8.
Compilation failed in require at t/02_load.t line 7.
BEGIN failed--compilation aborted at t/02_load.t line 7.
t/02_load.t ............
Dubious, test returned 2 (wstat 512, 0x200)
No subtests run
Can't locate Config/IniHash.pm in @INC (@INC contains: ../lib lib /home/cpan/pit/thr/conf/perl-5.10.1/.cpanplus/5.10.1/build/Config-IniHashReadDeep/blib/lib /home/cpan/pit/thr/conf/perl-5.10.1/.cpanplus/5.10.1/build/Config-IniHashReadDeep/blib/arch /home/cpan/pit/thr/perl-5.10.1/lib/5.10.1/i386-netbsd-thread-multi /home/cpan/pit/thr/perl-5.10.1/lib/5.10.1 /home/cpan/pit/thr/perl-5.10.1/lib/site_perl/5.10.1/i386-netbsd-thread-multi /home/cpan/pit/thr/perl-5.10.1/lib/site_perl/5.10.1 .) at lib/Config/IniHashReadDeep.pm line 8.
BEGIN failed--compilation aborted at lib/Config/IniHashReadDeep.pm line 8.
Compilation failed in require at t/03_loadunderscore.t line 7.
BEGIN failed--compilation aborted at t/03_loadunderscore.t line 7.
t/03_loadunderscore.t ..
Dubious, test returned 2 (wstat 512, 0x200)
No subtests run
Can't locate Config/IniHash.pm in @INC (@INC contains: ../lib lib /home/cpan/pit/thr/conf/perl-5.10.1/.cpanplus/5.10.1/build/Config-IniHashReadDeep/blib/lib /home/cpan/pit/thr/conf/perl-5.10.1/.cpanplus/5.10.1/build/Config-IniHashReadDeep/blib/arch /home/cpan/pit/thr/perl-5.10.1/lib/5.10.1/i386-netbsd-thread-multi /home/cpan/pit/thr/perl-5.10.1/lib/5.10.1 /home/cpan/pit/thr/perl-5.10.1/lib/site_perl/5.10.1/i386-netbsd-thread-multi /home/cpan/pit/thr/perl-5.10.1/lib/site_perl/5.10.1 .) at lib/Config/IniHashReadDeep.pm line 8.
BEGIN failed--compilation aborted at lib/Config/IniHashReadDeep.pm line 8.
Compilation failed in require at t/04_loadimport.t line 7.
BEGIN failed--compilation aborted at t/04_loadimport.t line 7.
t/04_loadimport.t ......
Dubious, test returned 2 (wstat 512, 0x200)
No subtests run
Test Summary Report
-------------------
t/01_compile.t (Wstat: 512 Tests: 2 Failed: 2)
Failed tests: 1-2
Non-zero exit status: 2
t/02_load.t (Wstat: 512 Tests: 0 Failed: 0)
Non-zero exit status: 2
Parse errors: No plan found in TAP output
t/03_loadunderscore.t (Wstat: 512 Tests: 0 Failed: 0)
Non-zero exit status: 2
Parse errors: No plan found in TAP output
t/04_loadimport.t (Wstat: 512 Tests: 0 Failed: 0)
Non-zero exit status: 2
Parse errors: No plan found in TAP output
Files=4, Tests=2, 1 wallclock secs ( 0.04 usr 0.15 sys + 0.09 cusr 0.20 csys = 0.48 CPU)
Result: FAIL
Failed 4/4 test programs. 2/2 subtests failed.
*** Error code 2
Stop.
make: stopped in /home/cpan/pit/thr/conf/perl-5.10.1/.cpanplus/5.10.1/build/Config-IniHashReadDeep
[MSG] [Tue Nov 23 11:55:06 2010] DEFAULT 'proceed_on_test_failure' HANDLER RETURNING 'sub return value'
******************************** NOTE ********************************
The comments above are created mechanically, possibly without manual
checking by the sender. As there are many people performing automatic
tests on each upload to CPAN, it is likely that you will receive
identical messages about the same problem.
If you believe that the message is mistaken, please reply to the first
one with correction and/or additional informations, and do not take
it personally. We appreciate your patience. :)
**********************************************************************
Additional comments:
This report was machine-generated by CPANPLUS::Dist::YACSmoke 0.58.
Powered by minismokebox version 0.36
------------------------------
ENVIRONMENT AND OTHER CONTEXT
------------------------------
Environment variables:
AUTOMATED_TESTING = 1
PATH = /home/cpan/bin:/bin:/sbin:/usr/bin:/usr/sbin:/usr/X11R7/bin:/usr/X11R6/bin:/usr/pkg/bin:/usr/pkg/sbin:/usr/games:/usr/local/bin:/usr/local/sbin
PERL5LIB = :/home/cpan/pit/thr/conf/perl-5.10.1/.cpanplus/5.10.1/build/Config-IniHashReadDeep/blib/lib:/home/cpan/pit/thr/conf/perl-5.10.1/.cpanplus/5.10.1/build/Config-IniHashReadDeep/blib/arch
PERL5_CPANPLUS_IS_RUNNING = 13736
PERL5_CPANPLUS_IS_VERSION = 0.9010
PERL5_MINISMOKEBOX = 0.36
PERL5_YACSMOKE_BASE = /home/cpan/pit/thr/conf/perl-5.10.1
PERL_EXTUTILS_AUTOINSTALL = --defaultdeps
PERL_MM_USE_DEFAULT = 1
SHELL = /usr/pkg/bin/bash
TERM = screen
Perl special variables (and OS-specific diagnostics, for MSWin32):
Perl: $^X = /home/cpan/pit/thr/perl-5.10.1/bin/perl
UID: $< = 1000
EUID: $> = 1000
GID: $( = 100 100
EGID: $) = 100 100
-------------------------------
--
Summary of my perl5 (revision 5 version 10 subversion 1) configuration:
Platform:
osname=netbsd, osvers=5.0.2, archname=i386-netbsd-thread-multi
uname='netbsd neville.bingosnet.co.uk 5.0.2 netbsd 5.0.2 (generic) #0: sat feb 6 17:53:27 utc 2010 builds@b7.netbsd.org:homebuildsabnetbsd-5-0-2-releasei386201002061851z-objhomebuildsabnetbsd-5-0-2-releasesrcsysarchi386compilegeneric i386 '
config_args='-des -Dprefix=/home/cpan/pit/thr/perl-5.10.1 -Dusemallocwrap=y -Dusemymalloc=n -Dusethreads'
hint=recommended, useposix=true, d_sigaction=define
useithreads=define, usemultiplicity=define
useperlio=define, d_sfio=undef, uselargefiles=define, usesocks=undef
use64bitint=undef, use64bitall=undef, uselongdouble=undef
usemymalloc=n, bincompat5005=undef
Compiler:
cc='cc', ccflags ='-fno-strict-aliasing -pipe -fstack-protector -I/usr/pkg/include',
optimize='-O',
cppflags='-fno-strict-aliasing -pipe -fstack-protector -I/usr/pkg/include'
ccversion='', gccversion='4.1.3 20080704 prerelease (NetBSD nb2 20081120)', gccosandvers=''
intsize=4, longsize=4, ptrsize=4, doublesize=8, byteorder=1234
d_longlong=define, longlongsize=8, d_longdbl=define, longdblsize=12
ivtype='long', ivsize=4, nvtype='double', nvsize=8, Off_t='off_t', lseeksize=8
alignbytes=4, prototype=define
Linker and Libraries:
ld='cc', ldflags =' -Wl,-rpath,/usr/pkg/lib -Wl,-rpath,/usr/local/lib -fstack-protector -L/usr/pkg/lib'
libpth=/usr/pkg/lib /lib /usr/lib
libs=-lm -lcrypt -lutil -lc -lposix -lpthread
perllibs=-lm -lcrypt -lutil -lc -lposix -lpthread
libc=/lib/libc.so, so=so, useshrplib=false, libperl=libperl.a
gnulibc_version=''
Dynamic Linking:
dlsrc=dl_dlopen.xs, dlext=so, d_dlsymun=undef, ccdlflags='-Wl,-E '
cccdlflags='-DPIC -fPIC ', lddlflags='--whole-archive -shared -L/usr/pkg/lib -fstack-protector'
Characteristics of this binary (from libperl):
Compile-time options: MULTIPLICITY PERL_DONT_CREATE_GVSV
PERL_IMPLICIT_CONTEXT PERL_MALLOC_WRAP USE_ITHREADS
USE_LARGE_FILES USE_PERLIO USE_REENTRANT_API
Built under netbsd
Compiled at Jul 25 2010 16:57:03
%ENV:
PERL5LIB=":/home/cpan/pit/thr/conf/perl-5.10.1/.cpanplus/5.10.1/build/Config-IniHashReadDeep/blib/lib:/home/cpan/pit/thr/conf/perl-5.10.1/.cpanplus/5.10.1/build/Config-IniHashReadDeep/blib/arch"
PERL5_CPANPLUS_IS_RUNNING="13736"
PERL5_CPANPLUS_IS_VERSION="0.9010"
PERL5_MINISMOKEBOX="0.36"
PERL5_YACSMOKE_BASE="/home/cpan/pit/thr/conf/perl-5.10.1"
PERL_EXTUTILS_AUTOINSTALL="--defaultdeps"
PERL_MM_USE_DEFAULT="1"
@INC:
/home/cpan/pit/thr/conf/perl-5.10.1/.cpanplus/5.10.1/build/Config-IniHashReadDeep/blib/lib
/home/cpan/pit/thr/conf/perl-5.10.1/.cpanplus/5.10.1/build/Config-IniHashReadDeep/blib/arch
/home/cpan/pit/thr/perl-5.10.1/lib/5.10.1/i386-netbsd-thread-multi
/home/cpan/pit/thr/perl-5.10.1/lib/5.10.1
/home/cpan/pit/thr/perl-5.10.1/lib/site_perl/5.10.1/i386-netbsd-thread-multi
/home/cpan/pit/thr/perl-5.10.1/lib/site_perl/5.10.1
.