Test-Module-Runnable v0.2.2 Perl 5 v5.24.1 x86_64-linux-thread-multi

Status
Fail
From
Nigel Horne
Dist
Test-Module-Runnable v0.2.2
Platform
Perl 5 v5.24.1 x86_64-linux-thread-multi
Date
2017-10-15 13:48:24
ID
8381d68e-b1af-11e7-9be1-bbe64cf6c7cd
This distribution has been tested as part of the CPAN Testers
project, supporting the Perl programming language.  See
http://wiki.cpantesters.org/ for more information or email
questions to cpan-testers-discuss@perl.org


--
Dear David Duncan Ross Palmer,

This is a computer-generated report for Test-Module-Runnable-0.2.2
on perl 5.24.1, created by CPAN-Reporter-1.2018.

Thank you for uploading your work to CPAN.  However, there was a problem
testing your distribution.

If you think this report is invalid, please consult the CPAN Testers Wiki
for suggestions on how to avoid getting FAIL reports for missing library
or binary dependencies, unsupported operating systems, and so on:

http://wiki.cpantesters.org/wiki/CPANAuthorNotes

Sections of this report:

    * Tester comments
    * Program output
    * Prerequisites
    * Environment and other context

------------------------------
TESTER COMMENTS
------------------------------

Additional comments from tester:

this report is from an automated smoke testing program
and was not reviewed by a human for accuracy

------------------------------
PROGRAM OUTPUT
------------------------------

Output from '/usr/bin/make test':

PERL_DL_NONLAZY=1 "/home/njh/perl5/perlbrew/perls/perl-5.24.1/bin/perl" "-MExtUtils::Command::MM" "-MTest::Harness" "-e" "undef *Test::Harness::Switches; test_harness(0, 'blib/lib', 'blib/arch')" t/*.t
t/podchecker.t .. ok
t/version.t ..... ok
t/getopts.t ..... ok

        #   Failed test 'result 662310720 not seen previously'
        #   at t/lib/Private/Test/Module/Runnable/unique.pm line 104.
        #          got: '0'
        #     expected: ''
        # Looks like you failed 1 test of 5.

    #   Failed test 'trial iteration 1/500'
    #   at t/lib/Private/Test/Module/Runnable/unique.pm line 126.

        #   Failed test 'result 964848591 not seen previously'
        #   at t/lib/Private/Test/Module/Runnable/unique.pm line 104.
        #          got: '0'
        #     expected: ''
        # Looks like you failed 1 test of 5.

    #   Failed test 'trial iteration 2/500'
    #   at t/lib/Private/Test/Module/Runnable/unique.pm line 126.

        #   Failed test 'result 524681158 not seen previously'
        #   at t/lib/Private/Test/Module/Runnable/unique.pm line 104.
        #          got: '0'
        #     expected: ''
        # Looks like you failed 1 test of 5.

    #   Failed test 'trial iteration 3/500'
    #   at t/lib/Private/Test/Module/Runnable/unique.pm line 126.

        #   Failed test 'result 41076257 not seen previously'
        #   at t/lib/Private/Test/Module/Runnable/unique.pm line 104.
        #          got: '0'
        #     expected: ''
        # Looks like you failed 1 test of 5.

    #   Failed test 'trial iteration 4/500'
    #   at t/lib/Private/Test/Module/Runnable/unique.pm line 126.

        #   Failed test 'result 852207156 not seen previously'
        #   at t/lib/Private/Test/Module/Runnable/unique.pm line 104.
        #          got: '0'
        #     expected: ''
        # Looks like you failed 1 test of 5.

    #   Failed test 'trial iteration 5/500'
    #   at t/lib/Private/Test/Module/Runnable/unique.pm line 126.

        #   Failed test 'result 942710957 not seen previously'
        #   at t/lib/Private/Test/Module/Runnable/unique.pm line 104.
        #          got: '0'
        #     expected: ''
        # Looks like you failed 1 test of 5.

    #   Failed test 'trial iteration 6/500'
    #   at t/lib/Private/Test/Module/Runnable/unique.pm line 126.

        #   Failed test 'result 468625582 not seen previously'
        #   at t/lib/Private/Test/Module/Runnable/unique.pm line 104.
        #          got: '0'
        #     expected: ''
        # Looks like you failed 1 test of 5.

    #   Failed test 'trial iteration 7/500'
    #   at t/lib/Private/Test/Module/Runnable/unique.pm line 126.

        #   Failed test 'result 782587481 not seen previously'
        #   at t/lib/Private/Test/Module/Runnable/unique.pm line 104.
        #          got: '0'
        #     expected: ''
        # Looks like you failed 1 test of 5.

    #   Failed test 'trial iteration 8/500'
    #   at t/lib/Private/Test/Module/Runnable/unique.pm line 126.

        #   Failed test 'result 674991018 not seen previously'
        #   at t/lib/Private/Test/Module/Runnable/unique.pm line 104.
        #          got: '0'
        #     expected: ''
        # Looks like you failed 1 test of 5.

    #   Failed test 'trial iteration 9/500'
    #   at t/lib/Private/Test/Module/Runnable/unique.pm line 126.

        #   Failed test 'result 213390745 not seen previously'
        #   at t/lib/Private/Test/Module/Runnable/unique.pm line 104.
        #          got: '0'
        #     expected: ''
        # Looks like you failed 1 test of 5.

    #   Failed test 'trial iteration 10/500'
    #   at t/lib/Private/Test/Module/Runnable/unique.pm line 126.

        #   Failed test 'result 532201236 not seen previously'
        #   at t/lib/Private/Test/Module/Runnable/unique.pm line 104.
        #          got: '0'
        #     expected: ''
t/tester.t ...... ok
        # Looks like you failed 1 test of 5.

    #   Failed test 'trial iteration 11/500'
    #   at t/lib/Private/Test/Module/Runnable/unique.pm line 126.

        #   Failed test 'result 12020115 not seen previously'
        #   at t/lib/Private/Test/Module/Runnable/unique.pm line 104.
        #          got: '0'
        #     expected: ''
        # Looks like you failed 1 test of 5.

    #   Failed test 'trial iteration 12/500'
    #   at t/lib/Private/Test/Module/Runnable/unique.pm line 126.

        #   Failed test 'result 229046792 not seen previously'
        #   at t/lib/Private/Test/Module/Runnable/unique.pm line 104.
        #          got: '0'
        #     expected: ''
        # Looks like you failed 1 test of 5.

    #   Failed test 'trial iteration 13/500'
    #   at t/lib/Private/Test/Module/Runnable/unique.pm line 126.

        #   Failed test 'result 899184804 not seen previously'
        #   at t/lib/Private/Test/Module/Runnable/unique.pm line 104.
        #          got: '0'
        #     expected: ''
        # Looks like you failed 1 test of 5.

    #   Failed test 'trial iteration 14/500'
    #   at t/lib/Private/Test/Module/Runnable/unique.pm line 126.

        #   Failed test 'result 359879679 not seen previously'
        #   at t/lib/Private/Test/Module/Runnable/unique.pm line 104.
        #          got: '0'
        #     expected: ''
        # Looks like you failed 1 test of 5.

    #   Failed test 'trial iteration 15/500'
    #   at t/lib/Private/Test/Module/Runnable/unique.pm line 126.

        #   Failed test 'result 169304141 not seen previously'
        #   at t/lib/Private/Test/Module/Runnable/unique.pm line 104.
        #          got: '0'
        #     expected: ''
        # Looks like you failed 1 test of 5.

    #   Failed test 'trial iteration 16/500'
    #   at t/lib/Private/Test/Module/Runnable/unique.pm line 126.

        #   Failed test 'result 805300425 not seen previously'
        #   at t/lib/Private/Test/Module/Runnable/unique.pm line 104.
        #          got: '0'
        #     expected: ''
        # Looks like you failed 1 test of 5.

    #   Failed test 'trial iteration 17/500'
    #   at t/lib/Private/Test/Module/Runnable/unique.pm line 126.

        #   Failed test 'result 73371871 not seen previously'
        #   at t/lib/Private/Test/Module/Runnable/unique.pm line 104.
        #          got: '0'
        #     expected: ''
        # Looks like you failed 1 test of 5.

    #   Failed test 'trial iteration 18/500'
    #   at t/lib/Private/Test/Module/Runnable/unique.pm line 126.

        #   Failed test 'result 574487066 not seen previously'
        #   at t/lib/Private/Test/Module/Runnable/unique.pm line 104.
        #          got: '0'
        #     expected: ''
        # Looks like you failed 1 test of 5.

    #   Failed test 'trial iteration 19/500'
    #   at t/lib/Private/Test/Module/Runnable/unique.pm line 126.

        #   Failed test 'result 106379346 not seen previously'
        #   at t/lib/Private/Test/Module/Runnable/unique.pm line 104.
        #          got: '0'
        #     expected: ''
        # Looks like you failed 1 test of 5.

    #   Failed test 'trial iteration 20/500'
    #   at t/lib/Private/Test/Module/Runnable/unique.pm line 126.

        #   Failed test 'result 508581015 not seen previously'
        #   at t/lib/Private/Test/Module/Runnable/unique.pm line 104.
        #          got: '0'
        #     expected: ''
        # Looks like you failed 1 test of 5.

    #   Failed test 'trial iteration 21/500'
    #   at t/lib/Private/Test/Module/Runnable/unique.pm line 126.

        #   Failed test 'result 508105154 not seen previously'
        #   at t/lib/Private/Test/Module/Runnable/unique.pm line 104.
        #          got: '0'
        #     expected: ''
        # Looks like you failed 1 test of 5.

    #   Failed test 'trial iteration 22/500'
    #   at t/lib/Private/Test/Module/Runnable/unique.pm line 126.

        #   Failed test 'result 422871656 not seen previously'
        #   at t/lib/Private/Test/Module/Runnable/unique.pm line 104.
        #          got: '0'
        #     expected: ''
        # Looks like you failed 1 test of 5.

    #   Failed test 'trial iteration 23/500'
    #   at t/lib/Private/Test/Module/Runnable/unique.pm line 126.

        #   Failed test 'result 351805200 not seen previously'
        #   at t/lib/Private/Test/Module/Runnable/unique.pm line 104.
        #          got: '0'
        #     expected: ''
        # Looks like you failed 1 test of 5.

    #   Failed test 'trial iteration 24/500'
    #   at t/lib/Private/Test/Module/Runnable/unique.pm line 126.

        #   Failed test 'result 225194700 not seen previously'
        #   at t/lib/Private/Test/Module/Runnable/unique.pm line 104.
        #          got: '0'
        #     expected: ''
        # Looks like you failed 1 test of 5.

    #   Failed test 'trial iteration 25/500'
    #   at t/lib/Private/Test/Module/Runnable/unique.pm line 126.

        #   Failed test 'result 599981379 not seen previously'
        #   at t/lib/Private/Test/Module/Runnable/unique.pm line 104.
        #          got: '0'
        #     expected: ''
        # Looks like you failed 1 test of 5.

    #   Failed test 'trial iteration 26/500'
    #   at t/lib/Private/Test/Module/Runnable/unique.pm line 126.

        #   Failed test 'result 45896068 not seen previously'
        #   at t/lib/Private/Test/Module/Runnable/unique.pm line 104.
        #          got: '0'
        #     expected: ''
        # Looks like you failed 1 test of 5.

    #   Failed test 'trial iteration 27/500'
    #   at t/lib/Private/Test/Module/Runnable/unique.pm line 126.

        #   Failed test 'result 476871148 not seen previously'
        #   at t/lib/Private/Test/Module/Runnable/unique.pm line 104.
        #          got: '0'
        #     expected: ''
        # Looks like you failed 1 test of 5.

    #   Failed test 'trial iteration 28/500'
    #   at t/lib/Private/Test/Module/Runnable/unique.pm line 126.

        #   Failed test 'result 134717654 not seen previously'
        #   at t/lib/Private/Test/Module/Runnable/unique.pm line 104.
        #          got: '0'
        #     expected: ''
        # Looks like you failed 1 test of 5.

    #   Failed test 'trial iteration 29/500'
    #   at t/lib/Private/Test/Module/Runnable/unique.pm line 126.

        #   Failed test 'result 137944120 not seen previously'
        #   at t/lib/Private/Test/Module/Runnable/unique.pm line 104.
        #          got: '0'
        #     expected: ''
        # Looks like you failed 1 test of 5.

    #   Failed test 'trial iteration 30/500'
    #   at t/lib/Private/Test/Module/Runnable/unique.pm line 126.

        #   Failed test 'result 561058484 not seen previously'
        #   at t/lib/Private/Test/Module/Runnable/unique.pm line 104.
        #          got: '0'
        #     expected: ''
        # Looks like you failed 1 test of 5.

    #   Failed test 'trial iteration 31/500'
    #   at t/lib/Private/Test/Module/Runnable/unique.pm line 126.

        #   Failed test 'result 376327430 not seen previously'
        #   at t/lib/Private/Test/Module/Runnable/unique.pm line 104.
        #          got: '0'
        #     expected: ''
        # Looks like you failed 1 test of 5.

    #   Failed test 'trial iteration 32/500'
    #   at t/lib/Private/Test/Module/Runnable/unique.pm line 126.

        #   Failed test 'result 96663512 not seen previously'
        #   at t/lib/Private/Test/Module/Runnable/unique.pm line 104.
        #          got: '0'
        #     expected: ''
        # Looks like you failed 1 test of 5.

    #   Failed test 'trial iteration 33/500'
    #   at t/lib/Private/Test/Module/Runnable/unique.pm line 126.

        #   Failed test 'result 378659128 not seen previously'
        #   at t/lib/Private/Test/Module/Runnable/unique.pm line 104.
        #          got: '0'
        #     expected: ''
        # Looks like you failed 1 test of 5.

    #   Failed test 'trial iteration 34/500'
    #   at t/lib/Private/Test/Module/Runnable/unique.pm line 126.

        #   Failed test 'result 654214238 not seen previously'
        #   at t/lib/Private/Test/Module/Runnable/unique.pm line 104.
        #          got: '0'
        #     expected: ''
        # Looks like you failed 1 test of 5.

    #   Failed test 'trial iteration 35/500'
    #   at t/lib/Private/Test/Module/Runnable/unique.pm line 126.

        #   Failed test 'result 555760525 not seen previously'
        #   at t/lib/Private/Test/Module/Runnable/unique.pm line 104.
        #          got: '0'
        #     expected: ''
        # Looks like you failed 1 test of 5.

    #   Failed test 'trial iteration 36/500'
    #   at t/lib/Private/Test/Module/Runnable/unique.pm line 126.

        #   Failed test 'result 508446691 not seen previously'
        #   at t/lib/Private/Test/Module/Runnable/unique.pm line 104.
        #          got: '0'
        #     expected: ''
        # Looks like you failed 1 test of 5.

    #   Failed test 'trial iteration 37/500'
    #   at t/lib/Private/Test/Module/Runnable/unique.pm line 126.

        #   Failed test 'result 173555945 not seen previously'
        #   at t/lib/Private/Test/Module/Runnable/unique.pm line 104.
        #          got: '0'
        #     expected: ''
        # Looks like you failed 1 test of 5.

    #   Failed test 'trial iteration 38/500'
    #   at t/lib/Private/Test/Module/Runnable/unique.pm line 126.

        #   Failed test 'result 643642478 not seen previously'
        #   at t/lib/Private/Test/Module/Runnable/unique.pm line 104.
        #          got: '0'
        #     expected: ''
        # Looks like you failed 1 test of 5.

    #   Failed test 'trial iteration 39/500'
    #   at t/lib/Private/Test/Module/Runnable/unique.pm line 126.

        #   Failed test 'result 203340583 not seen previously'
        #   at t/lib/Private/Test/Module/Runnable/unique.pm line 104.
        #          got: '0'
        #     expected: ''
        # Looks like you failed 1 test of 5.

    #   Failed test 'trial iteration 40/500'
    #   at t/lib/Private/Test/Module/Runnable/unique.pm line 126.

        #   Failed test 'result 181704745 not seen previously'
        #   at t/lib/Private/Test/Module/Runnable/unique.pm line 104.
        #          got: '0'
        #     expected: ''
        # Looks like you failed 1 test of 5.

    #   Failed test 'trial iteration 41/500'
    #   at t/lib/Private/Test/Module/Runnable/unique.pm line 126.

        #   Failed test 'result 290964827 not seen previously'
        #   at t/lib/Private/Test/Module/Runnable/unique.pm line 104.
        #          got: '0'
        #     expected: ''
        # Looks like you failed 1 test of 5.

    #   Failed test 'trial iteration 42/500'
    #   at t/lib/Private/Test/Module/Runnable/unique.pm line 126.

        #   Failed test 'result 439652064 not seen previously'
        #   at t/lib/Private/Test/Module/Runnable/unique.pm line 104.
        #          got: '0'
        #     expected: ''
        # Looks like you failed 1 test of 5.

    #   Failed test 'trial iteration 43/500'
    #   at t/lib/Private/Test/Module/Runnable/unique.pm line 126.

        #   Failed test 'result 784334859 not seen previously'
        #   at t/lib/Private/Test/Module/Runnable/unique.pm line 104.
        #          got: '0'
        #     expected: ''
        # Looks like you failed 1 test of 5.

    #   Failed test 'trial iteration 44/500'
    #   at t/lib/Private/Test/Module/Runnable/unique.pm line 126.

        #   Failed test 'result 549442771 not seen previously'
        #   at t/lib/Private/Test/Module/Runnable/unique.pm line 104.
        #          got: '0'
        #     expected: ''
        # Looks like you failed 1 test of 5.

    #   Failed test 'trial iteration 45/500'
    #   at t/lib/Private/Test/Module/Runnable/unique.pm line 126.

        #   Failed test 'result 253417583 not seen previously'
        #   at t/lib/Private/Test/Module/Runnable/unique.pm line 104.
        #          got: '0'
        #     expected: ''
        # Looks like you failed 1 test of 5.

    #   Failed test 'trial iteration 46/500'
    #   at t/lib/Private/Test/Module/Runnable/unique.pm line 126.

        #   Failed test 'result 613741953 not seen previously'
        #   at t/lib/Private/Test/Module/Runnable/unique.pm line 104.
        #          got: '0'
        #     expected: ''
        # Looks like you failed 1 test of 5.

    #   Failed test 'trial iteration 47/500'
    #   at t/lib/Private/Test/Module/Runnable/unique.pm line 126.

        #   Failed test 'result 641200292 not seen previously'
        #   at t/lib/Private/Test/Module/Runnable/unique.pm line 104.
        #          got: '0'
        #     expected: ''
        # Looks like you failed 1 test of 5.

    #   Failed test 'trial iteration 48/500'
    #   at t/lib/Private/Test/Module/Runnable/unique.pm line 126.

        #   Failed test 'result 54628991 not seen previously'
        #   at t/lib/Private/Test/Module/Runnable/unique.pm line 104.
        #          got: '0'
        #     expected: ''
        # Looks like you failed 1 test of 5.

    #   Failed test 'trial iteration 49/500'
    #   at t/lib/Private/Test/Module/Runnable/unique.pm line 126.

        #   Failed test 'result 887076824 not seen previously'
        #   at t/lib/Private/Test/Module/Runnable/unique.pm line 104.
        #          got: '0'
        #     expected: ''
        # Looks like you failed 1 test of 5.

    #   Failed test 'trial iteration 50/500'
    #   at t/lib/Private/Test/Module/Runnable/unique.pm line 126.

        #   Failed test 'result 3844285 not seen previously'
        #   at t/lib/Private/Test/Module/Runnable/unique.pm line 104.
        #          got: '0'
        #     expected: ''
        # Looks like you failed 1 test of 5.

    #   Failed test 'trial iteration 51/500'
    #   at t/lib/Private/Test/Module/Runnable/unique.pm line 126.

        #   Failed test 'result 9653914 not seen previously'
        #   at t/lib/Private/Test/Module/Runnable/unique.pm line 104.
        #          got: '0'
        #     expected: ''
        # Looks like you failed 1 test of 5.

    #   Failed test 'trial iteration 52/500'
    #   at t/lib/Private/Test/Module/Runnable/unique.pm line 126.

        #   Failed test 'result 917935530 not seen previously'
        #   at t/lib/Private/Test/Module/Runnable/unique.pm line 104.
        #          got: '0'
        #     expected: ''
        # Looks like you failed 1 test of 5.

    #   Failed test 'trial iteration 53/500'
    #   at t/lib/Private/Test/Module/Runnable/unique.pm line 126.

        #   Failed test 'result 795886959 not seen previously'
        #   at t/lib/Private/Test/Module/Runnable/unique.pm line 104.
        #          got: '0'
        #     expected: ''
        # Looks like you failed 1 test of 5.

    #   Failed test 'trial iteration 54/500'
    #   at t/lib/Private/Test/Module/Runnable/unique.pm line 126.

        #   Failed test 'result 210328554 not seen previously'
        #   at t/lib/Private/Test/Module/Runnable/unique.pm line 104.
        #          got: '0'
        #     expected: ''
        # Looks like you failed 1 test of 5.

    #   Failed test 'trial iteration 55/500'
    #   at t/lib/Private/Test/Module/Runnable/unique.pm line 126.

        #   Failed test 'result 511911011 not seen previously'
        #   at t/lib/Private/Test/Module/Runnable/unique.pm line 104.
        #          got: '0'
        #     expected: ''
        # Looks like you failed 1 test of 5.

    #   Failed test 'trial iteration 56/500'
    #   at t/lib/Private/Test/Module/Runnable/unique.pm line 126.

        #   Failed test 'result 2540213 not seen previously'
        #   at t/lib/Private/Test/Module/Runnable/unique.pm line 104.
        #          got: '0'
        #     expected: ''
        # Looks like you failed 1 test of 5.

    #   Failed test 'trial iteration 57/500'
    #   at t/lib/Private/Test/Module/Runnable/unique.pm line 126.

        #   Failed test 'result 331503507 not seen previously'
        #   at t/lib/Private/Test/Module/Runnable/unique.pm line 104.
        #          got: '0'
        #     expected: ''
        # Looks like you failed 1 test of 5.

    #   Failed test 'trial iteration 58/500'
    #   at t/lib/Private/Test/Module/Runnable/unique.pm line 126.

        #   Failed test 'result 728302971 not seen previously'
        #   at t/lib/Private/Test/Module/Runnable/unique.pm line 104.
        #          got: '0'
        #     expected: ''
        # Looks like you failed 1 test of 5.

    #   Failed test 'trial iteration 59/500'
    #   at t/lib/Private/Test/Module/Runnable/unique.pm line 126.

        #   Failed test 'result 492941718 not seen previously'
        #   at t/lib/Private/Test/Module/Runnable/unique.pm line 104.
        #          got: '0'
        #     expected: ''
        # Looks like you failed 1 test of 5.

    #   Failed test 'trial iteration 60/500'
    #   at t/lib/Private/Test/Module/Runnable/unique.pm line 126.

        #   Failed test 'result 129666364 not seen previously'
        #   at t/lib/Private/Test/Module/Runnable/unique.pm line 104.
        #          got: '0'
        #     expected: ''
        # Looks like you failed 1 test of 5.

    #   Failed test 'trial iteration 61/500'
    #   at t/lib/Private/Test/Module/Runnable/unique.pm line 126.

        #   Failed test 'result 551081693 not seen previously'
        #   at t/lib/Private/Test/Module/Runnable/unique.pm line 104.
        #          got: '0'
        #     expected: ''
        # Looks like you failed 1 test of 5.

    #   Failed test 'trial iteration 62/500'
    #   at t/lib/Private/Test/Module/Runnable/unique.pm line 126.

        #   Failed test 'result 765509619 not seen previously'
        #   at t/lib/Private/Test/Module/Runnable/unique.pm line 104.
        #          got: '0'
        #     expected: ''
        # Looks like you failed 1 test of 5.

    #   Failed test 'trial iteration 63/500'
    #   at t/lib/Private/Test/Module/Runnable/unique.pm line 126.

        #   Failed test 'result 95416199 not seen previously'
        #   at t/lib/Private/Test/Module/Runnable/unique.pm line 104.
        #          got: '0'
        #     expected: ''
        # Looks like you failed 1 test of 5.

    #   Failed test 'trial iteration 64/500'
    #   at t/lib/Private/Test/Module/Runnable/unique.pm line 126.

        #   Failed test 'result 720346315 not seen previously'
        #   at t/lib/Private/Test/Module/Runnable/unique.pm line 104.
        #          got: '0'
        #     expected: ''
        # Looks like you failed 1 test of 5.

    #   Failed test 'trial iteration 65/500'
    #   at t/lib/Private/Test/Module/Runnable/unique.pm line 126.

        #   Failed test 'result 623942142 not seen previously'
        #   at t/lib/Private/Test/Module/Runnable/unique.pm line 104.
        #          got: '0'
        #     expected: ''
        # Looks like you failed 1 test of 5.

    #   Failed test 'trial iteration 66/500'
    #   at t/lib/Private/Test/Module/Runnable/unique.pm line 126.

        #   Failed test 'result 415093698 not seen previously'
        #   at t/lib/Private/Test/Module/Runnable/unique.pm line 104.
        #          got: '0'
        #     expected: ''
        # Looks like you failed 1 test of 5.

    #   Failed test 'trial iteration 67/500'
    #   at t/lib/Private/Test/Module/Runnable/unique.pm line 126.

        #   Failed test 'result 185900863 not seen previously'
        #   at t/lib/Private/Test/Module/Runnable/unique.pm line 104.
        #          got: '0'
        #     expected: ''
        # Looks like you failed 1 test of 5.

    #   Failed test 'trial iteration 68/500'
    #   at t/lib/Private/Test/Module/Runnable/unique.pm line 126.

        #   Failed test 'result 895383044 not seen previously'
        #   at t/lib/Private/Test/Module/Runnable/unique.pm line 104.
        #          got: '0'
        #     expected: ''
        # Looks like you failed 1 test of 5.

    #   Failed test 'trial iteration 69/500'
    #   at t/lib/Private/Test/Module/Runnable/unique.pm line 126.

        #   Failed test 'result 165957620 not seen previously'
        #   at t/lib/Private/Test/Module/Runnable/unique.pm line 104.
        #          got: '0'
        #     expected: ''
        # Looks like you failed 1 test of 5.

    #   Failed test 'trial iteration 70/500'
    #   at t/lib/Private/Test/Module/Runnable/unique.pm line 126.

        #   Failed test 'result 395179277 not seen previously'
        #   at t/lib/Private/Test/Module/Runnable/unique.pm line 104.
        #          got: '0'
        #     expected: ''
        # Looks like you failed 1 test of 5.

    #   Failed test 'trial iteration 71/500'
    #   at t/lib/Private/Test/Module/Runnable/unique.pm line 126.

        #   Failed test 'result 751372071 not seen previously'
        #   at t/lib/Private/Test/Module/Runnable/unique.pm line 104.
        #          got: '0'
        #     expected: ''
        # Looks like you failed 1 test of 5.

    #   Failed test 'trial iteration 72/500'
    #   at t/lib/Private/Test/Module/Runnable/unique.pm line 126.

        #   Failed test 'result 333411209 not seen previously'
        #   at t/lib/Private/Test/Module/Runnable/unique.pm line 104.
        #          got: '0'
        #     expected: ''
        # Looks like you failed 1 test of 5.

    #   Failed test 'trial iteration 73/500'
    #   at t/lib/Private/Test/Module/Runnable/unique.pm line 126.

        #   Failed test 'result 813821535 not seen previously'
        #   at t/lib/Private/Test/Module/Runnable/unique.pm line 104.
        #          got: '0'
        #     expected: ''
        # Looks like you failed 1 test of 5.

    #   Failed test 'trial iteration 74/500'
    #   at t/lib/Private/Test/Module/Runnable/unique.pm line 126.

        #   Failed test 'result 92074890 not seen previously'
        #   at t/lib/Private/Test/Module/Runnable/unique.pm line 104.
        #          got: '0'
        #     expected: ''
        # Looks like you failed 1 test of 5.

    #   Failed test 'trial iteration 75/500'
    #   at t/lib/Private/Test/Module/Runnable/unique.pm line 126.

        #   Failed test 'result 174393761 not seen previously'
        #   at t/lib/Private/Test/Module/Runnable/unique.pm line 104.
        #          got: '0'
        #     expected: ''
        # Looks like you failed 1 test of 5.

    #   Failed test 'trial iteration 76/500'
    #   at t/lib/Private/Test/Module/Runnable/unique.pm line 126.

        #   Failed test 'result 21206412 not seen previously'
        #   at t/lib/Private/Test/Module/Runnable/unique.pm line 104.
        #          got: '0'
        #     expected: ''
        # Looks like you failed 1 test of 5.

    #   Failed test 'trial iteration 77/500'
    #   at t/lib/Private/Test/Module/Runnable/unique.pm line 126.

        #   Failed test 'result 782393037 not seen previously'
        #   at t/lib/Private/Test/Module/Runnable/unique.pm line 104.
        #          got: '0'
        #     expected: ''
        # Looks like you failed 1 test of 5.

    #   Failed test 'trial iteration 78/500'
    #   at t/lib/Private/Test/Module/Runnable/unique.pm line 126.

        #   Failed test 'result 913757242 not seen previously'
        #   at t/lib/Private/Test/Module/Runnable/unique.pm line 104.
        #          got: '0'
        #     expected: ''
        # Looks like you failed 1 test of 5.

    #   Failed test 'trial iteration 79/500'
    #   at t/lib/Private/Test/Module/Runnable/unique.pm line 126.

        #   Failed test 'result 501150270 not seen previously'
        #   at t/lib/Private/Test/Module/Runnable/unique.pm line 104.
        #          got: '0'
        #     expected: ''
        # Looks like you failed 1 test of 5.

    #   Failed test 'trial iteration 80/500'
    #   at t/lib/Private/Test/Module/Runnable/unique.pm line 126.

        #   Failed test 'result 113967733 not seen previously'
        #   at t/lib/Private/Test/Module/Runnable/unique.pm line 104.
        #          got: '0'
        #     expected: ''
        # Looks like you failed 1 test of 5.

    #   Failed test 'trial iteration 81/500'
    #   at t/lib/Private/Test/Module/Runnable/unique.pm line 126.

        #   Failed test 'result 224916445 not seen previously'
        #   at t/lib/Private/Test/Module/Runnable/unique.pm line 104.
        #          got: '0'
        #     expected: ''
        # Looks like you failed 1 test of 5.

    #   Failed test 'trial iteration 82/500'
    #   at t/lib/Private/Test/Module/Runnable/unique.pm line 126.

        #   Failed test 'result 690860754 not seen previously'
        #   at t/lib/Private/Test/Module/Runnable/unique.pm line 104.
        #          got: '0'
        #     expected: ''
        # Looks like you failed 1 test of 5.

    #   Failed test 'trial iteration 83/500'
    #   at t/lib/Private/Test/Module/Runnable/unique.pm line 126.

        #   Failed test 'result 963349549 not seen previously'
        #   at t/lib/Private/Test/Module/Runnable/unique.pm line 104.
        #          got: '0'
        #     expected: ''
        # Looks like you failed 1 test of 5.

    #   Failed test 'trial iteration 84/500'
    #   at t/lib/Private/Test/Module/Runnable/unique.pm line 126.

        #   Failed test 'result 117336188 not seen previously'
        #   at t/lib/Private/Test/Module/Runnable/unique.pm line 104.
        #          got: '0'
        #     expected: ''
        # Looks like you failed 1 test of 5.

    #   Failed test 'trial iteration 85/500'
    #   at t/lib/Private/Test/Module/Runnable/unique.pm line 126.

        #   Failed test 'result 501561128 not seen previously'
        #   at t/lib/Private/Test/Module/Runnable/unique.pm line 104.
        #          got: '0'
        #     expected: ''
        # Looks like you failed 1 test of 5.

    #   Failed test 'trial iteration 86/500'
    #   at t/lib/Private/Test/Module/Runnable/unique.pm line 126.

        #   Failed test 'result 972679648 not seen previously'
        #   at t/lib/Private/Test/Module/Runnable/unique.pm line 104.
        #          got: '0'
        #     expected: ''
        # Looks like you failed 1 test of 5.

    #   Failed test 'trial iteration 87/500'
    #   at t/lib/Private/Test/Module/Runnable/unique.pm line 126.

        #   Failed test 'result 267853879 not seen previously'
        #   at t/lib/Private/Test/Module/Runnable/unique.pm line 104.
        #          got: '0'
        #     expected: ''
        # Looks like you failed 1 test of 5.

    #   Failed test 'trial iteration 88/500'
    #   at t/lib/Private/Test/Module/Runnable/unique.pm line 126.

        #   Failed test 'result 496668664 not seen previously'
        #   at t/lib/Private/Test/Module/Runnable/unique.pm line 104.
        #          got: '0'
        #     expected: ''
        # Looks like you failed 1 test of 5.

    #   Failed test 'trial iteration 89/500'
    #   at t/lib/Private/Test/Module/Runnable/unique.pm line 126.

        #   Failed test 'result 285523244 not seen previously'
        #   at t/lib/Private/Test/Module/Runnable/unique.pm line 104.
        #          got: '0'
        #     expected: ''
        # Looks like you failed 1 test of 5.

    #   Failed test 'trial iteration 90/500'
    #   at t/lib/Private/Test/Module/Runnable/unique.pm line 126.

        #   Failed test 'result 927738501 not seen previously'
        #   at t/lib/Private/Test/Module/Runnable/unique.pm line 104.
        #          got: '0'
        #     expected: ''
        # Looks like you failed 1 test of 5.

    #   Failed test 'trial iteration 91/500'
    #   at t/lib/Private/Test/Module/Runnable/unique.pm line 126.

        #   Failed test 'result 582419307 not seen previously'
        #   at t/lib/Private/Test/Module/Runnable/unique.pm line 104.
        #          got: '0'
        #     expected: ''
        # Looks like you failed 1 test of 5.

    #   Failed test 'trial iteration 92/500'
    #   at t/lib/Private/Test/Module/Runnable/unique.pm line 126.

        #   Failed test 'result 179945762 not seen previously'
        #   at t/lib/Private/Test/Module/Runnable/unique.pm line 104.
        #          got: '0'
        #     expected: ''
        # Looks like you failed 1 test of 5.

    #   Failed test 'trial iteration 93/500'
    #   at t/lib/Private/Test/Module/Runnable/unique.pm line 126.

        #   Failed test 'result 142599607 not seen previously'
        #   at t/lib/Private/Test/Module/Runnable/unique.pm line 104.
        #          got: '0'
        #     expected: ''
        # Looks like you failed 1 test of 5.

    #   Failed test 'trial iteration 94/500'
    #   at t/lib/Private/Test/Module/Runnable/unique.pm line 126.

        #   Failed test 'result 247501510 not seen previously'
        #   at t/lib/Private/Test/Module/Runnable/unique.pm line 104.
        #          got: '0'
        #     expected: ''
        # Looks like you failed 1 test of 5.

    #   Failed test 'trial iteration 95/500'
    #   at t/lib/Private/Test/Module/Runnable/unique.pm line 126.

        #   Failed test 'result 418420264 not seen previously'
        #   at t/lib/Private/Test/Module/Runnable/unique.pm line 104.
        #          got: '0'
        #     expected: ''
        # Looks like you failed 1 test of 5.

    #   Failed test 'trial iteration 96/500'
    #   at t/lib/Private/Test/Module/Runnable/unique.pm line 126.

        #   Failed test 'result 644160793 not seen previously'
        #   at t/lib/Private/Test/Module/Runnable/unique.pm line 104.
        #          got: '0'
        #     expected: ''
        # Looks like you failed 1 test of 5.

    #   Failed test 'trial iteration 97/500'
    #   at t/lib/Private/Test/Module/Runnable/unique.pm line 126.

        #   Failed test 'result 420037916 not seen previously'
        #   at t/lib/Private/Test/Module/Runnable/unique.pm line 104.
        #          got: '0'
        #     expected: ''
        # Looks like you failed 1 test of 5.

    #   Failed test 'trial iteration 98/500'
    #   at t/lib/Private/Test/Module/Runnable/unique.pm line 126.

        #   Failed test 'result 996090882 not seen previously'
        #   at t/lib/Private/Test/Module/Runnable/unique.pm line 104.
        #          got: '0'
        #     expected: ''
        # Looks like you failed 1 test of 5.

    #   Failed test 'trial iteration 99/500'
    #   at t/lib/Private/Test/Module/Runnable/unique.pm line 126.

        #   Failed test 'result 328816377 not seen previously'
        #   at t/lib/Private/Test/Module/Runnable/unique.pm line 104.
        #          got: '0'
        #     expected: ''
        # Looks like you failed 1 test of 5.

    #   Failed test 'trial iteration 100/500'
    #   at t/lib/Private/Test/Module/Runnable/unique.pm line 126.

        #   Failed test 'result 834748611 not seen previously'
        #   at t/lib/Private/Test/Module/Runnable/unique.pm line 104.
        #          got: '0'
        #     expected: ''
        # Looks like you failed 1 test of 5.

    #   Failed test 'trial iteration 101/500'
    #   at t/lib/Private/Test/Module/Runnable/unique.pm line 126.

        #   Failed test 'result 99563177 not seen previously'
        #   at t/lib/Private/Test/Module/Runnable/unique.pm line 104.
        #          got: '0'
        #     expected: ''
        # Looks like you failed 1 test of 5.

    #   Failed test 'trial iteration 102/500'
    #   at t/lib/Private/Test/Module/Runnable/unique.pm line 126.

        #   Failed test 'result 979915761 not seen previously'
        #   at t/lib/Private/Test/Module/Runnable/unique.pm line 104.
        #          got: '0'
        #     expected: ''
        # Looks like you failed 1 test of 5.

    #   Failed test 'trial iteration 103/500'
    #   at t/lib/Private/Test/Module/Runnable/unique.pm line 126.

        #   Failed test 'result 229423296 not seen previously'
        #   at t/lib/Private/Test/Module/Runnable/unique.pm line 104.
        #          got: '0'
        #     expected: ''
        # Looks like you failed 1 test of 5.

    #   Failed test 'trial iteration 104/500'
    #   at t/lib/Private/Test/Module/Runnable/unique.pm line 126.

        #   Failed test 'result 865324906 not seen previously'
        #   at t/lib/Private/Test/Module/Runnable/unique.pm line 104.
        #          got: '0'
        #     expected: ''
        # Looks like you failed 1 test of 5.

    #   Failed test 'trial iteration 105/500'
    #   at t/lib/Private/Test/Module/Runnable/unique.pm line 126.

        #   Failed test 'result 599378985 not seen previously'
        #   at t/lib/Private/Test/Module/Runnable/unique.pm line 104.
        #          got: '0'
        #     expected: ''
        # Looks like you failed 1 test of 5.

    #   Failed test 'trial iteration 106/500'
    #   at t/lib/Private/Test/Module/Runnable/unique.pm line 126.

        #   Failed test 'result 613445385 not seen previously'
        #   at t/lib/Private/Test/Module/Runnable/unique.pm line 104.
        #          got: '0'
        #     expected: ''
        # Looks like you failed 1 test of 5.

    #   Failed test 'trial iteration 107/500'
    #   at t/lib/Private/Test/Module/Runnable/unique.pm line 126.

        #   Failed test 'result 331942612 not seen previously'
        #   at t/lib/Private/Test/Module/Runnable/unique.pm line 104.
        #          got: '0'
        #     expected: ''
        # Looks like you failed 1 test of 5.

    #   Failed test 'trial iteration 108/500'
    #   at t/lib/Private/Test/Module/Runnable/unique.pm line 126.

        #   Failed test 'result 660601848 not seen previously'
        #   at t/lib/Private/Test/Module/Runnable/unique.pm line 104.
        #          got: '0'
        #     expected: ''
        # Looks like you failed 1 test of 5.

    #   Failed test 'trial iteration 109/500'
    #   at t/lib/Private/Test/Module/Runnable/unique.pm line 126.

        #   Failed test 'result 257870962 not seen previously'
        #   at t/lib/Private/Test/Module/Runnable/unique.pm line 104.
        #          got: '0'
        #     expected: ''
        # Looks like you failed 1 test of 5.

    #   Failed test 'trial iteration 110/500'
    #   at t/lib/Private/Test/Module/Runnable/unique.pm line 126.

        #   Failed test 'result 818689120 not seen previously'
        #   at t/lib/Private/Test/Module/Runnable/unique.pm line 104.
        #          got: '0'
        #     expected: ''
        # Looks like you failed 1 test of 5.

    #   Failed test 'trial iteration 111/500'
    #   at t/lib/Private/Test/Module/Runnable/unique.pm line 126.

        #   Failed test 'result 906976566 not seen previously'
        #   at t/lib/Private/Test/Module/Runnable/unique.pm line 104.
        #          got: '0'
        #     expected: ''
        # Looks like you failed 1 test of 5.

    #   Failed test 'trial iteration 112/500'
    #   at t/lib/Private/Test/Module/Runnable/unique.pm line 126.

        #   Failed test 'result 646832304 not seen previously'
        #   at t/lib/Private/Test/Module/Runnable/unique.pm line 104.
        #          got: '0'
        #     expected: ''
        # Looks like you failed 1 test of 5.

    #   Failed test 'trial iteration 113/500'
    #   at t/lib/Private/Test/Module/Runnable/unique.pm line 126.

        #   Failed test 'result 570549597 not seen previously'
        #   at t/lib/Private/Test/Module/Runnable/unique.pm line 104.
        #          got: '0'
        #     expected: ''
        # Looks like you failed 1 test of 5.

    #   Failed test 'trial iteration 114/500'
    #   at t/lib/Private/Test/Module/Runnable/unique.pm line 126.

        #   Failed test 'result 557091734 not seen previously'
        #   at t/lib/Private/Test/Module/Runnable/unique.pm line 104.
        #          got: '0'
        #     expected: ''
        # Looks like you failed 1 test of 5.

    #   Failed test 'trial iteration 115/500'
    #   at t/lib/Private/Test/Module/Runnable/unique.pm line 126.

        #   Failed test 'result 23815444 not seen previously'
        #   at t/lib/Private/Test/Module/Runnable/unique.pm line 104.
        #          got: '0'
        #     expected: ''
        # Looks like you failed 1 test of 5.

    #   Failed test 'trial iteration 116/500'
    #   at t/lib/Private/Test/Module/Runnable/unique.pm line 126.

        #   Failed test 'result 547645162 not seen previously'
        #   at t/lib/Private/Test/Module/Runnable/unique.pm line 104.
        #          got: '0'
        #     expected: ''
        # Looks like you failed 1 test of 5.

    #   Failed test 'trial iteration 117/500'
    #   at t/lib/Private/Test/Module/Runnable/unique.pm line 126.

        #   Failed test 'result 869937631 not seen previously'
        #   at t/lib/Private/Test/Module/Runnable/unique.pm line 104.
        #          got: '0'
        #     expected: ''
        # Looks like you failed 1 test of 5.

    #   Failed test 'trial iteration 118/500'
    #   at t/lib/Private/Test/Module/Runnable/unique.pm line 126.

        #   Failed test 'result 697460307 not seen previously'
        #   at t/lib/Private/Test/Module/Runnable/unique.pm line 104.
        #          got: '0'
        #     expected: ''
        # Looks like you failed 1 test of 5.

    #   Failed test 'trial iteration 119/500'
    #   at t/lib/Private/Test/Module/Runnable/unique.pm line 126.

        #   Failed test 'result 831178259 not seen previously'
        #   at t/lib/Private/Test/Module/Runnable/unique.pm line 104.
        #          got: '0'
        #     expected: ''
        # Looks like you failed 1 test of 5.

    #   Failed test 'trial iteration 120/500'
    #   at t/lib/Private/Test/Module/Runnable/unique.pm line 126.

        #   Failed test 'result 922926295 not seen previously'
        #   at t/lib/Private/Test/Module/Runnable/unique.pm line 104.
        #          got: '0'
        #     expected: ''
        # Looks like you failed 1 test of 5.

    #   Failed test 'trial iteration 121/500'
    #   at t/lib/Private/Test/Module/Runnable/unique.pm line 126.

        #   Failed test 'result 489734474 not seen previously'
        #   at t/lib/Private/Test/Module/Runnable/unique.pm line 104.
        #          got: '0'
        #     expected: ''
        # Looks like you failed 1 test of 5.

    #   Failed test 'trial iteration 122/500'
    #   at t/lib/Private/Test/Module/Runnable/unique.pm line 126.

        #   Failed test 'result 69279659 not seen previously'
        #   at t/lib/Private/Test/Module/Runnable/unique.pm line 104.
        #          got: '0'
        #     expected: ''
        # Looks like you failed 1 test of 5.

    #   Failed test 'trial iteration 123/500'
    #   at t/lib/Private/Test/Module/Runnable/unique.pm line 126.

        #   Failed test 'result 29974716 not seen previously'
        #   at t/lib/Private/Test/Module/Runnable/unique.pm line 104.
        #          got: '0'
        #     expected: ''
        # Looks like you failed 1 test of 5.

    #   Failed test 'trial iteration 124/500'
    #   at t/lib/Private/Test/Module/Runnable/unique.pm line 126.

        #   Failed test 'result 486856283 not seen previously'
        #   at t/lib/Private/Test/Module/Runnable/unique.pm line 104.
        #          got: '0'
        #     expected: ''
        # Looks like you failed 1 test of 5.

    #   Failed test 'trial iteration 125/500'
    #   at t/lib/Private/Test/Module/Runnable/unique.pm line 126.

        #   Failed test 'result 9403497 not seen previously'
        #   at t/lib/Private/Test/Module/Runnable/unique.pm line 104.
        #          got: '0'
        #     expected: ''
        # Looks like you failed 1 test of 5.

    #   Failed test 'trial iteration 126/500'
    #   at t/lib/Private/Test/Module/Runnable/unique.pm line 126.

        #   Failed test 'result 437541525 not seen previously'
        #   at t/lib/Private/Test/Module/Runnable/unique.pm line 104.
        #          got: '0'
        #     expected: ''
        # Looks like you failed 1 test of 5.

    #   Failed test 'trial iteration 127/500'
    #   at t/lib/Private/Test/Module/Runnable/unique.pm line 126.

        #   Failed test 'result 766827436 not seen previously'
        #   at t/lib/Private/Test/Module/Runnable/unique.pm line 104.
        #          got: '0'
        #     expected: ''
        # Looks like you failed 1 test of 5.

    #   Failed test 'trial iteration 128/500'
    #   at t/lib/Private/Test/Module/Runnable/unique.pm line 126.

        #   Failed test 'result 478844947 not seen previously'
        #   at t/lib/Private/Test/Module/Runnable/unique.pm line 104.
        #          got: '0'
        #     expected: ''
        # Looks like you failed 1 test of 5.

    #   Failed test 'trial iteration 129/500'
    #   at t/lib/Private/Test/Module/Runnable/unique.pm line 126.

        #   Failed test 'result 668679089 not seen previously'
        #   at t/lib/Private/Test/Module/Runnable/unique.pm line 104.
        #          got: '0'
        #     expected: ''
        # Looks like you failed 1 test of 5.

    #   Failed test 'trial iteration 130/500'
    #   at t/lib/Private/Test/Module/Runnable/unique.pm line 126.

        #   Failed test 'result 416329208 not seen previously'
        #   at t/lib/Private/Test/Module/Runnable/unique.pm line 104.
        #          got: '0'
        #     expected: ''
        # Looks like you failed 1 test of 5.

    #   Failed test 'trial iteration 131/500'
    #   at t/lib/Private/Test/Module/Runnable/unique.pm line 126.

        #   Failed test 'result 957462327 not seen previously'
        #   at t/lib/Private/Test/Module/Runnable/unique.pm line 104.
        #          got: '0'
        #     expected: ''
        # Looks like you failed 1 test of 5.

    #   Failed test 'trial iteration 132/500'
    #   at t/lib/Private/Test/Module/Runnable/unique.pm line 126.

        #   Failed test 'result 536536868 not seen previously'
        #   at t/lib/Private/Test/Module/Runnable/unique.pm line 104.
        #          got: '0'
        #     expected: ''
        # Looks like you failed 1 test of 5.

    #   Failed test 'trial iteration 133/500'
    #   at t/lib/Private/Test/Module/Runnable/unique.pm line 126.

        #   Failed test 'result 724355436 not seen previously'
        #   at t/lib/Private/Test/Module/Runnable/unique.pm line 104.
        #          got: '0'
        #     expected: ''
        # Looks like you failed 1 test of 5.

    #   Failed test 'trial iteration 134/500'
    #   at t/lib/Private/Test/Module/Runnable/unique.pm line 126.

        #   Failed test 'result 870309349 not seen previously'
        #   at t/lib/Private/Test/Module/Runnable/unique.pm line 104.
        #          got: '0'
        #     expected: ''
        # Looks like you failed 1 test of 5.

    #   Failed test 'trial iteration 135/500'
    #   at t/lib/Private/Test/Module/Runnable/unique.pm line 126.

        #   Failed test 'result 884680504 not seen previously'
        #   at t/lib/Private/Test/Module/Runnable/unique.pm line 104.
        #          got: '0'
        #     expected: ''
        # Looks like you failed 1 test of 5.

    #   Failed test 'trial iteration 136/500'
    #   at t/lib/Private/Test/Module/Runnable/unique.pm line 126.

        #   Failed test 'result 60059141 not seen previously'
        #   at t/lib/Private/Test/Module/Runnable/unique.pm line 104.
        #          got: '0'
        #     expected: ''
        # Looks like you failed 1 test of 5.

    #   Failed test 'trial iteration 137/500'
    #   at t/lib/Private/Test/Module/Runnable/unique.pm line 126.

        #   Failed test 'result 410699909 not seen previously'
        #   at t/lib/Private/Test/Module/Runnable/unique.pm line 104.
        #          got: '0'
        #     expected: ''
        # Looks like you failed 1 test of 5.

    #   Failed test 'trial iteration 138/500'
    #   at t/lib/Private/Test/Module/Runnable/unique.pm line 126.

        #   Failed test 'result 445556199 not seen previously'
        #   at t/lib/Private/Test/Module/Runnable/unique.pm line 104.
        #          got: '0'
        #     expected: ''
        # Looks like you failed 1 test of 5.

    #   Failed test 'trial iteration 139/500'
    #   at t/lib/Private/Test/Module/Runnable/unique.pm line 126.

        #   Failed test 'result 49631728 not seen previously'
        #   at t/lib/Private/Test/Module/Runnable/unique.pm line 104.
        #          got: '0'
        #     expected: ''
        # Looks like you failed 1 test of 5.

    #   Failed test 'trial iteration 140/500'
    #   at t/lib/Private/Test/Module/Runnable/unique.pm line 126.

        #   Failed test 'result 966125547 not seen previously'
        #   at t/lib/Private/Test/Module/Runnable/unique.pm line 104.
        #          got: '0'
        #     expected: ''
        # Looks like you failed 1 test of 5.

    #   Failed test 'trial iteration 141/500'
    #   at t/lib/Private/Test/Module/Runnable/unique.pm line 126.

        #   Failed test 'result 292157047 not seen previously'
        #   at t/lib/Private/Test/Module/Runnable/unique.pm line 104.
        #          got: '0'
        #     expected: ''
        # Looks like you failed 1 test of 5.

    #   Failed test 'trial iteration 142/500'
    #   at t/lib/Private/Test/Module/Runnable/unique.pm line 126.

        #   Failed test 'result 536466550 not seen previously'
        #   at t/lib/Private/Test/Module/Runnable/unique.pm line 104.
        #          got: '0'
        #     expected: ''
        # Looks like you failed 1 test of 5.

    #   Failed test 'trial iteration 143/500'
    #   at t/lib/Private/Test/Module/Runnable/unique.pm line 126.

        #   Failed test 'result 571305758 not seen previously'
        #   at t/lib/Private/Test/Module/Runnable/unique.pm line 104.
        #          got: '0'
        #     expected: ''
        # Looks like you failed 1 test of 5.

    #   Failed test 'trial iteration 144/500'
    #   at t/lib/Private/Test/Module/Runnable/unique.pm line 126.

        #   Failed test 'result 842507828 not seen previously'
        #   at t/lib/Private/Test/Module/Runnable/unique.pm line 104.
        #          got: '0'
        #     expected: ''
        # Looks like you failed 1 test of 5.

    #   Failed test 'trial iteration 145/500'
    #   at t/lib/Private/Test/Module/Runnable/unique.pm line 126.

        #   Failed test 'result 460526165 not seen previously'
        #   at t/lib/Private/Test/Module/Runnable/unique.pm line 104.
        #          got: '0'
        #     expected: ''
        # Looks like you failed 1 test of 5.

    #   Failed test 'trial iteration 146/500'
    #   at t/lib/Private/Test/Module/Runnable/unique.pm line 126.

        #   Failed test 'result 199735691 not seen previously'
        #   at t/lib/Private/Test/Module/Runnable/unique.pm line 104.
        #          got: '0'
        #     expected: ''
        # Looks like you failed 1 test of 5.

    #   Failed test 'trial iteration 147/500'
    #   at t/lib/Private/Test/Module/Runnable/unique.pm line 126.

        #   Failed test 'result 701958442 not seen previously'
        #   at t/lib/Private/Test/Module/Runnable/unique.pm line 104.
        #          got: '0'
        #     expected: ''
        # Looks like you failed 1 test of 5.

    #   Failed test 'trial iteration 148/500'
    #   at t/lib/Private/Test/Module/Runnable/unique.pm line 126.

        #   Failed test 'result 738867663 not seen previously'
        #   at t/lib/Private/Test/Module/Runnable/unique.pm line 104.
        #          got: '0'
        #     expected: ''
        # Looks like you failed 1 test of 5.

    #   Failed test 'trial iteration 149/500'
    #   at t/lib/Private/Test/Module/Runnable/unique.pm line 126.

        #   Failed test 'result 41982993 not seen previously'
        #   at t/lib/Private/Test/Module/Runnable/unique.pm line 104.
        #          got: '0'
        #     expected: ''
        # Looks like you failed 1 test of 5.

    #   Failed test 'trial iteration 150/500'
    #   at t/lib/Private/Test/Module/Runnable/unique.pm line 126.

        #   Failed test 'result 438401622 not seen previously'
        #   at t/lib/Private/Test/Module/Runnable/unique.pm line 104.
        #          got: '0'
        #     expected: ''
        # Looks like you failed 1 test of 5.

    #   Failed test 'trial iteration 151/500'
    #   at t/lib/Private/Test/Module/Runnable/unique.pm line 126.

        #   Failed test 'result 170632903 not seen previously'
        #   at t/lib/Private/Test/Module/Runnable/unique.pm line 104.
        #          got: '0'
        #     expected: ''
        # Looks like you failed 1 test of 5.

    #   Failed test 'trial iteration 152/500'
    #   at t/lib/Private/Test/Module/Runnable/unique.pm line 126.

        #   Failed test 'result 408270190 not seen previously'
        #   at t/lib/Private/Test/Module/Runnable/unique.pm line 104.
        #          got: '0'
        #     expected: ''
        # Looks like you failed 1 test of 5.

    #   Failed test 'trial iteration 153/500'
    #   at t/lib/Private/Test/Module/Runnable/unique.pm line 126.

        #   Failed test 'result 421275137 not seen previously'
        #   at t/lib/Private/Test/Module/Runnable/unique.pm line 104.
        #          got: '0'
        #     expected: ''
        # Looks like you failed 1 test of 5.

    #   Failed test 'trial iteration 154/500'
    #   at t/lib/Private/Test/Module/Runnable/unique.pm line 126.

        #   Failed test 'result 520896709 not seen previously'
        #   at t/lib/Private/Test/Module/Runnable/unique.pm line 104.
        #          got: '0'
        #     expected: ''
        # Looks like you failed 1 test of 5.

    #   Failed test 'trial iteration 155/500'
    #   at t/lib/Private/Test/Module/Runnable/unique.pm line 126.

        #   Failed test 'result 388686808 not seen previously'
        #   at t/lib/Private/Test/Module/Runnable/unique.pm line 104.
        #          got: '0'
        #     expected: ''
        # Looks like you failed 1 test of 5.

    #   Failed test 'trial iteration 156/500'
    #   at t/lib/Private/Test/Module/Runnable/unique.pm line 126.

        #   Failed test 'result 562254061 not seen previously'
        #   at t/lib/Private/Test/Module/Runnable/unique.pm line 104.
        #          got: '0'
        #     expected: ''
        # Looks like you failed 1 test of 5.

    #   Failed test 'trial iteration 157/500'
    #   at t/lib/Private/Test/Module/Runnable/unique.pm line 126.

        #   Failed test 'result 55879097 not seen previously'
        #   at t/lib/Private/Test/Module/Runnable/unique.pm line 104.
        #          got: '0'
        #     expected: ''
        # Looks like you failed 1 test of 5.

    #   Failed test 'trial iteration 158/500'
    #   at t/lib/Private/Test/Module/Runnable/unique.pm line 126.

        #   Failed test 'result 897068175 not seen previously'
        #   at t/lib/Private/Test/Module/Runnable/unique.pm line 104.
        #          got: '0'
        #     expected: ''
        # Looks like you failed 1 test of 5.

    #   Failed test 'trial iteration 159/500'
    #   at t/lib/Private/Test/Module/Runnable/unique.pm line 126.

        #   Failed test 'result 996583542 not seen previously'
        #   at t/lib/Private/Test/Module/Runnable/unique.pm line 104.
        #          got: '0'
        #     expected: ''
        # Looks like you failed 1 test of 5.

    #   Failed test 'trial iteration 160/500'
    #   at t/lib/Private/Test/Module/Runnable/unique.pm line 126.

        #   Failed test 'result 266622197 not seen previously'
        #   at t/lib/Private/Test/Module/Runnable/unique.pm line 104.
        #          got: '0'
        #     expected: ''
        # Looks like you failed 1 test of 5.

    #   Failed test 'trial iteration 161/500'
    #   at t/lib/Private/Test/Module/Runnable/unique.pm line 126.

        #   Failed test 'result 602214538 not seen previously'
        #   at t/lib/Private/Test/Module/Runnable/unique.pm line 104.
        #          got: '0'
        #     expected: ''
        # Looks like you failed 1 test of 5.

    #   Failed test 'trial iteration 162/500'
    #   at t/lib/Private/Test/Module/Runnable/unique.pm line 126.

        #   Failed test 'result 103561745 not seen previously'
        #   at t/lib/Private/Test/Module/Runnable/unique.pm line 104.
        #          got: '0'
        #     expected: ''
        # Looks like you failed 1 test of 5.

    #   Failed test 'trial iteration 163/500'
    #   at t/lib/Private/Test/Module/Runnable/unique.pm line 126.

        #   Failed test 'result 637062201 not seen previously'
        #   at t/lib/Private/Test/Module/Runnable/unique.pm line 104.
        #          got: '0'
        #     expected: ''
        # Looks like you failed 1 test of 5.

    #   Failed test 'trial iteration 164/500'
    #   at t/lib/Private/Test/Module/Runnable/unique.pm line 126.

        #   Failed test 'result 708774099 not seen previously'
        #   at t/lib/Private/Test/Module/Runnable/unique.pm line 104.
        #          got: '0'
        #     expected: ''
        # Looks like you failed 1 test of 5.

    #   Failed test 'trial iteration 165/500'
    #   at t/lib/Private/Test/Module/Runnable/unique.pm line 126.

        #   Failed test 'result 685146255 not seen previously'
        #   at t/lib/Private/Test/Module/Runnable/unique.pm line 104.
        #          got: '0'
        #     expected: ''
        # Looks like you failed 1 test of 5.

    #   Failed test 'trial iteration 166/500'
    #   at t/lib/Private/Test/Module/Runnable/unique.pm line 126.

        #   Failed test 'result 296251590 not seen previously'
        #   at t/lib/Private/Test/Module/Runnable/unique.pm line 104.
        #          got: '0'
        #     expected: ''
        # Looks like you failed 1 test of 5.

    #   Failed test 'trial iteration 167/500'
    #   at t/lib/Private/Test/Module/Runnable/unique.pm line 126.

        #   Failed test 'result 183707696 not seen previously'
        #   at t/lib/Private/Test/Module/Runnable/unique.pm line 104.
        #          got: '0'
        #     expected: ''
        # Looks like you failed 1 test of 5.

    #   Failed test 'trial iteration 168/500'
    #   at t/lib/Private/Test/Module/Runnable/unique.pm line 126.

        #   Failed test 'result 262182903 not seen previously'
        #   at t/lib/Private/Test/Module/Runnable/unique.pm line 104.
        #          got: '0'
        #     expected: ''
        # Looks like you failed 1 test of 5.

    #   Failed test 'trial iteration 169/500'
    #   at t/lib/Private/Test/Module/Runnable/unique.pm line 126.

        #   Failed test 'result 152567096 not seen previously'
        #   at t/lib/Private/Test/Module/Runnable/unique.pm line 104.
        #          got: '0'
        #     expected: ''
        # Looks like you failed 1 test of 5.

    #   Failed test 'trial iteration 170/500'
    #   at t/lib/Private/Test/Module/Runnable/unique.pm line 126.

        #   Failed test 'result 642114850 not seen previously'
        #   at t/lib/Private/Test/Module/Runnable/unique.pm line 104.
        #          got: '0'
        #     expected: ''
        # Looks like you failed 1 test of 5.

    #   Failed test 'trial iteration 171/500'
    #   at t/lib/Private/Test/Module/Runnable/unique.pm line 126.

        #   Failed test 'result 304062085 not seen previously'
        #   at t/lib/Private/Test/Module/Runnable/unique.pm line 104.
        #          got: '0'
        #     expected: ''
        # Looks like you failed 1 test of 5.

    #   Failed test 'trial iteration 172/500'
    #   at t/lib/Private/Test/Module/Runnable/unique.pm line 126.

        #   Failed test 'result 689410851 not seen previously'
        #   at t/lib/Private/Test/Module/Runnable/unique.pm line 104.
        #          got: '0'
        #     expected: ''
        # Looks like you failed 1 test of 5.

    #   Failed test 'trial iteration 173/500'
    #   at t/lib/Private/Test/Module/Runnable/unique.pm line 126.

        #   Failed test 'result 226072841 not seen previously'
        #   at t/lib/Private/Test/Module/Runnable/unique.pm line 104.
        #          got: '0'
        #     expected: ''
        # Looks like you failed 1 test of 5.

    #   Failed test 'trial iteration 174/500'
    #   at t/lib/Private/Test/Module/Runnable/unique.pm line 126.

        #   Failed test 'result 384785696 not seen previously'
        #   at t/lib/Private/Test/Module/Runnable/unique.pm line 104.
        #          got: '0'
        #     expected: ''
        # Looks like you failed 1 test of 5.

    #   Failed test 'trial iteration 175/500'
    #   at t/lib/Private/Test/Module/Runnable/unique.pm line 126.

        #   Failed test 'result 201540436 not seen previously'
        #   at t/lib/Private/Test/Module/Runnable/unique.pm line 104.
        #          got: '0'
        #     expected: ''
        # Looks like you failed 1 test of 5.

    #   Failed test 'trial iteration 176/500'
    #   at t/lib/Private/Test/Module/Runnable/unique.pm line 126.

        #   Failed test 'result 919863598 not seen previously'
        #   at t/lib/Private/Test/Module/Runnable/unique.pm line 104.
        #          got: '0'
        #     expected: ''
        # Looks like you failed 1 test of 5.

    #   Failed test 'trial iteration 177/500'
    #   at t/lib/Private/Test/Module/Runnable/unique.pm line 126.

        #   Failed test 'result 9464050 not seen previously'
        #   at t/lib/Private/Test/Module/Runnable/unique.pm line 104.
        #          got: '0'
        #     expected: ''
        # Looks like you failed 1 test of 5.

    #   Failed test 'trial iteration 178/500'
    #   at t/lib/Private/Test/Module/Runnable/unique.pm line 126.

        #   Failed test 'result 557802508 not seen previously'
        #   at t/lib/Private/Test/Module/Runnable/unique.pm line 104.
        #          got: '0'
        #     expected: ''
        # Looks like you failed 1 test of 5.

    #   Failed test 'trial iteration 179/500'
    #   at t/lib/Private/Test/Module/Runnable/unique.pm line 126.

        #   Failed test 'result 559953256 not seen previously'
        #   at t/lib/Private/Test/Module/Runnable/unique.pm line 104.
        #          got: '0'
        #     expected: ''
        # Looks like you failed 1 test of 5.

    #   Failed test 'trial iteration 180/500'
    #   at t/lib/Private/Test/Module/Runnable/unique.pm line 126.

        #   Failed test 'result 648439295 not seen previously'
        #   at t/lib/Private/Test/Module/Runnable/unique.pm line 104.
        #          got: '0'
        #     expected: ''
        # Looks like you failed 1 test of 5.

    #   Failed test 'trial iteration 181/500'
    #   at t/lib/Private/Test/Module/Runnable/unique.pm line 126.

        #   Failed test 'result 287516814 not seen previously'
        #   at t/lib/Private/Test/Module/Runnable/unique.pm line 104.
        #          got: '0'
        #     expected: ''
        # Looks like you failed 1 test of 5.

    #   Failed test 'trial iteration 182/500'
    #   at t/lib/Private/Test/Module/Runnable/unique.pm line 126.

        #   Failed test 'result 851227532 not seen previously'
        #   at t/lib/Private/Test/Module/Runnable/unique.pm line 104.
        #          got: '0'
        #     expected: ''
        # Looks like you failed 1 test of 5.

    #   Failed test 'trial iteration 183/500'
    #   at t/lib/Private/Test/Module/Runnable/unique.pm line 126.

        #   Failed test 'result 148431840 not seen previously'
        #   at t/lib/Private/Test/Module/Runnable/unique.pm line 104.
        #          got: '0'
        #     expected: ''
        # Looks like you failed 1 test of 5.

    #   Failed test 'trial iteration 184/500'
    #   at t/lib/Private/Test/Module/Runnable/unique.pm line 126.

        #   Failed test 'result 890590782 not seen previously'
        #   at t/lib/Private/Test/Module/Runnable/unique.pm line 104.
        #          got: '0'
        #     expected: ''
        # Looks like you failed 1 test of 5.

    #   Failed test 'trial iteration 185/500'
    #   at t/lib/Private/Test/Module/Runnable/unique.pm line 126.

        #   Failed test 'result 142255795 not seen previously'
        #   at t/lib/Private/Test/Module/Runnable/unique.pm line 104.
        #          got: '0'
        #     expected: ''
        # Looks like you failed 1 test of 5.

    #   Failed test 'trial iteration 186/500'
    #   at t/lib/Private/Test/Module/Runnable/unique.pm line 126.

        #   Failed test 'result 287941714 not seen previously'
        #   at t/lib/Private/Test/Module/Runnable/unique.pm line 104.
        #          got: '0'
        #     expected: ''
        # Looks like you failed 1 test of 5.

    #   Failed test 'trial iteration 187/500'
    #   at t/lib/Private/Test/Module/Runnable/unique.pm line 126.

        #   Failed test 'result 663666771 not seen previously'
        #   at t/lib/Private/Test/Module/Runnable/unique.pm line 104.
        #          got: '0'
        #     expected: ''
        # Looks like you failed 1 test of 5.

    #   Failed test 'trial iteration 188/500'
    #   at t/lib/Private/Test/Module/Runnable/unique.pm line 126.

        #   Failed test 'result 40471094 not seen previously'
        #   at t/lib/Private/Test/Module/Runnable/unique.pm line 104.
        #          got: '0'
        #     expected: ''
        # Looks like you failed 1 test of 5.

    #   Failed test 'trial iteration 189/500'
    #   at t/lib/Private/Test/Module/Runnable/unique.pm line 126.

        #   Failed test 'result 352565331 not seen previously'
        #   at t/lib/Private/Test/Module/Runnable/unique.pm line 104.
        #          got: '0'
        #     expected: ''
        # Looks like you failed 1 test of 5.

    #   Failed test 'trial iteration 190/500'
    #   at t/lib/Private/Test/Module/Runnable/unique.pm line 126.

        #   Failed test 'result 85693542 not seen previously'
        #   at t/lib/Private/Test/Module/Runnable/unique.pm line 104.
        #          got: '0'
        #     expected: ''
        # Looks like you failed 1 test of 5.

    #   Failed test 'trial iteration 191/500'
    #   at t/lib/Private/Test/Module/Runnable/unique.pm line 126.

        #   Failed test 'result 261892478 not seen previously'
        #   at t/lib/Private/Test/Module/Runnable/unique.pm line 104.
        #          got: '0'
        #     expected: ''
        # Looks like you failed 1 test of 5.

    #   Failed test 'trial iteration 192/500'
    #   at t/lib/Private/Test/Module/Runnable/unique.pm line 126.

        #   Failed test 'result 182281697 not seen previously'
        #   at t/lib/Private/Test/Module/Runnable/unique.pm line 104.
        #          got: '0'
        #     expected: ''
        # Looks like you failed 1 test of 5.

    #   Failed test 'trial iteration 193/500'
    #   at t/lib/Private/Test/Module/Runnable/unique.pm line 126.

        #   Failed test 'result 810739502 not seen previously'
        #   at t/lib/Private/Test/Module/Runnable/unique.pm line 104.
        #          got: '0'
        #     expected: ''
        # Looks like you failed 1 test of 5.

    #   Failed test 'trial iteration 194/500'
    #   at t/lib/Private/Test/Module/Runnable/unique.pm line 126.

        #   Failed test 'result 273230055 not seen previously'
        #   at t/lib/Private/Test/Module/Runnable/unique.pm line 104.
        #          got: '0'
        #     expected: ''
        # Looks like you failed 1 test of 5.

    #   Failed test 'trial iteration 195/500'
    #   at t/lib/Private/Test/Module/Runnable/unique.pm line 126.

        #   Failed test 'result 826896044 not seen previously'
        #   at t/lib/Private/Test/Module/Runnable/unique.pm line 104.
        #          got: '0'
        #     expected: ''
        # Looks like you failed 1 test of 5.

    #   Failed test 'trial iteration 196/500'
    #   at t/lib/Private/Test/Module/Runnable/unique.pm line 126.

        #   Failed test 'result 749322376 not seen previously'
        #   at t/lib/Private/Test/Module/Runnable/unique.pm line 104.
        #          got: '0'
        #     expected: ''
        # Looks like you failed 1 test of 5.

    #   Failed test 'trial iteration 197/500'
    #   at t/lib/Private/Test/Module/Runnable/unique.pm line 126.

        #   Failed test 'result 787476181 not seen previously'
        #   at t/lib/Private/Test/Module/Runnable/unique.pm line 104.
        #          got: '0'
        #     expected: ''
        # Looks like you failed 1 test of 5.

    #   Failed test 'trial iteration 198/500'
    #   at t/lib/Private/Test/Module/Runnable/unique.pm line 126.

        #   Failed test 'result 400005902 not seen previously'
        #   at t/lib/Private/Test/Module/Runnable/unique.pm line 104.
        #          got: '0'
        #     expected: ''
        # Looks like you failed 1 test of 5.

    #   Failed test 'trial iteration 199/500'
    #   at t/lib/Private/Test/Module/Runnable/unique.pm line 126.

        #   Failed test 'result 435035741 not seen previously'
        #   at t/lib/Private/Test/Module/Runnable/unique.pm line 104.
        #          got: '0'
        #     expected: ''
        # Looks like you failed 1 test of 5.

    #   Failed test 'trial iteration 200/500'
    #   at t/lib/Private/Test/Module/Runnable/unique.pm line 126.

        #   Failed test 'result 787309009 not seen previously'
        #   at t/lib/Private/Test/Module/Runnable/unique.pm line 104.
        #          got: '0'
        #     expected: ''
        # Looks like you failed 1 test of 5.

    #   Failed test 'trial iteration 201/500'
    #   at t/lib/Private/Test/Module/Runnable/unique.pm line 126.

        #   Failed test 'result 71465081 not seen previously'
        #   at t/lib/Private/Test/Module/Runnable/unique.pm line 104.
        #          got: '0'
        #     expected: ''
        # Looks like you failed 1 test of 5.

    #   Failed test 'trial iteration 202/500'
    #   at t/lib/Private/Test/Module/Runnable/unique.pm line 126.

        #   Failed test 'result 588622880 not seen previously'
        #   at t/lib/Private/Test/Module/Runnable/unique.pm line 104.
        #          got: '0'
        #     expected: ''
        # Looks like you failed 1 test of 5.

    #   Failed test 'trial iteration 203/500'
    #   at t/lib/Private/Test/Module/Runnable/unique.pm line 126.

        #   Failed test 'result 206987715 not seen previously'
        #   at t/lib/Private/Test/Module/Runnable/unique.pm line 104.
        #          got: '0'
        #     expected: ''
        # Looks like you failed 1 test of 5.

    #   Failed test 'trial iteration 204/500'
    #   at t/lib/Private/Test/Module/Runnable/unique.pm line 126.

        #   Failed test 'result 313163763 not seen previously'
        #   at t/lib/Private/Test/Module/Runnable/unique.pm line 104.
        #          got: '0'
        #     expected: ''
        # Looks like you failed 1 test of 5.

    #   Failed test 'trial iteration 205/500'
    #   at t/lib/Private/Test/Module/Runnable/unique.pm line 126.

        #   Failed test 'result 83331981 not seen previously'
        #   at t/lib/Private/Test/Module/Runnable/unique.pm line 104.
        #          got: '0'
        #     expected: ''
        # Looks like you failed 1 test of 5.

    #   Failed test 'trial iteration 206/500'
    #   at t/lib/Private/Test/Module/Runnable/unique.pm line 126.

        #   Failed test 'result 489992977 not seen previously'
        #   at t/lib/Private/Test/Module/Runnable/unique.pm line 104.
        #          got: '0'
        #     expected: ''
        # Looks like you failed 1 test of 5.

    #   Failed test 'trial iteration 207/500'
    #   at t/lib/Private/Test/Module/Runnable/unique.pm line 126.

        #   Failed test 'result 912487371 not seen previously'
        #   at t/lib/Private/Test/Module/Runnable/unique.pm line 104.
        #          got: '0'
        #     expected: ''
        # Looks like you failed 1 test of 5.

    #   Failed test 'trial iteration 208/500'
    #   at t/lib/Private/Test/Module/Runnable/unique.pm line 126.

        #   Failed test 'result 650699025 not seen previously'
        #   at t/lib/Private/Test/Module/Runnable/unique.pm line 104.
        #          got: '0'
        #     expected: ''
        # Looks like you failed 1 test of 5.

    #   Failed test 'trial iteration 209/500'
    #   at t/lib/Private/Test/Module/Runnable/unique.pm line 126.

        #   Failed test 'result 564132421 not seen previously'
        #   at t/lib/Private/Test/Module/Runnable/unique.pm line 104.
        #          got: '0'
        #     expected: ''
        # Looks like you failed 1 test of 5.

    #   Failed test 'trial iteration 210/500'
    #   at t/lib/Private/Test/Module/Runnable/unique.pm line 126.

        #   Failed test 'result 629062953 not seen previously'
        #   at t/lib/Private/Test/Module/Runnable/unique.pm line 104.
        #          got: '0'
        #     expected: ''
        # Looks like you failed 1 test of 5.

    #   Failed test 'trial iteration 211/500'
    #   at t/lib/Private/Test/Module/Runnable/unique.pm line 126.

        #   Failed test 'result 343108912 not seen previously'
        #   at t/lib/Private/Test/Module/Runnable/unique.pm line 104.
        #          got: '0'
        #     expected: ''
        # Looks like you failed 1 test of 5.

    #   Failed test 'trial iteration 212/500'
    #   at t/lib/Private/Test/Module/Runnable/unique.pm line 126.

        #   Failed test 'result 331544654 not seen previously'
        #   at t/lib/Private/Test/Module/Runnable/unique.pm line 104.
        #          got: '0'
        #     expected: ''
        # Looks like you failed 1 test of 5.

    #   Failed test 'trial iteration 213/500'
    #   at t/lib/Private/Test/Module/Runnable/unique.pm line 126.

        #   Failed test 'result 429314567 not seen previously'
        #   at t/lib/Private/Test/Module/Runnable/unique.pm line 104.
        #          got: '0'
        #     expected: ''
        # Looks like you failed 1 test of 5.

    #   Failed test 'trial iteration 214/500'
    #   at t/lib/Private/Test/Module/Runnable/unique.pm line 126.

        #   Failed test 'result 592733192 not seen previously'
        #   at t/lib/Private/Test/Module/Runnable/unique.pm line 104.
        #          got: '0'
        #     expected: ''
        # Looks like you failed 1 test of 5.

    #   Failed test 'trial iteration 215/500'
    #   at t/lib/Private/Test/Module/Runnable/unique.pm line 126.

        #   Failed test 'result 754171617 not seen previously'
        #   at t/lib/Private/Test/Module/Runnable/unique.pm line 104.
        #          got: '0'
        #     expected: ''
        # Looks like you failed 1 test of 5.

    #   Failed test 'trial iteration 216/500'
    #   at t/lib/Private/Test/Module/Runnable/unique.pm line 126.

        #   Failed test 'result 662565619 not seen previously'
        #   at t/lib/Private/Test/Module/Runnable/unique.pm line 104.
        #          got: '0'
        #     expected: ''
        # Looks like you failed 1 test of 5.

    #   Failed test 'trial iteration 217/500'
    #   at t/lib/Private/Test/Module/Runnable/unique.pm line 126.

        #   Failed test 'result 689194439 not seen previously'
        #   at t/lib/Private/Test/Module/Runnable/unique.pm line 104.
        #          got: '0'
        #     expected: ''
        # Looks like you failed 1 test of 5.

    #   Failed test 'trial iteration 218/500'
    #   at t/lib/Private/Test/Module/Runnable/unique.pm line 126.

        #   Failed test 'result 383418299 not seen previously'
        #   at t/lib/Private/Test/Module/Runnable/unique.pm line 104.
        #          got: '0'
        #     expected: ''
        # Looks like you failed 1 test of 5.

    #   Failed test 'trial iteration 219/500'
    #   at t/lib/Private/Test/Module/Runnable/unique.pm line 126.

        #   Failed test 'result 155838642 not seen previously'
        #   at t/lib/Private/Test/Module/Runnable/unique.pm line 104.
        #          got: '0'
        #     expected: ''
        # Looks like you failed 1 test of 5.

    #   Failed test 'trial iteration 220/500'
    #   at t/lib/Private/Test/Module/Runnable/unique.pm line 126.

        #   Failed test 'result 447266652 not seen previously'
        #   at t/lib/Private/Test/Module/Runnable/unique.pm line 104.
        #          got: '0'
        #     expected: ''
        # Looks like you failed 1 test of 5.

    #   Failed test 'trial iteration 221/500'
    #   at t/lib/Private/Test/Module/Runnable/unique.pm line 126.

        #   Failed test 'result 811233662 not seen previously'
        #   at t/lib/Private/Test/Module/Runnable/unique.pm line 104.
        #          got: '0'
        #     expected: ''
        # Looks like you failed 1 test of 5.

    #   Failed test 'trial iteration 222/500'
    #   at t/lib/Private/Test/Module/Runnable/unique.pm line 126.

        #   Failed test 'result 616726958 not seen previously'
        #   at t/lib/Private/Test/Module/Runnable/unique.pm line 104.
        #          got: '0'
        #     expected: ''
        # Looks like you failed 1 test of 5.

    #   Failed test 'trial iteration 223/500'
    #   at t/lib/Private/Test/Module/Runnable/unique.pm line 126.

        #   Failed test 'result 101672499 not seen previously'
        #   at t/lib/Private/Test/Module/Runnable/unique.pm line 104.
        #          got: '0'
        #     expected: ''
        # Looks like you failed 1 test of 5.

    #   Failed test 'trial iteration 224/500'
    #   at t/lib/Private/Test/Module/Runnable/unique.pm line 126.

        #   Failed test 'result 503789911 not seen previously'
        #   at t/lib/Private/Test/Module/Runnable/unique.pm line 104.
        #          got: '0'
        #     expected: ''
        # Looks like you failed 1 test of 5.

    #   Failed test 'trial iteration 225/500'
    #   at t/lib/Private/Test/Module/Runnable/unique.pm line 126.

        #   Failed test 'result 648131959 not seen previously'
        #   at t/lib/Private/Test/Module/Runnable/unique.pm line 104.
        #          got: '0'
        #     expected: ''
        # Looks like you failed 1 test of 5.

    #   Failed test 'trial iteration 226/500'
    #   at t/lib/Private/Test/Module/Runnable/unique.pm line 126.

        #   Failed test 'result 608304286 not seen previously'
        #   at t/lib/Private/Test/Module/Runnable/unique.pm line 104.
        #          got: '0'
        #     expected: ''
        # Looks like you failed 1 test of 5.

    #   Failed test 'trial iteration 227/500'
    #   at t/lib/Private/Test/Module/Runnable/unique.pm line 126.

        #   Failed test 'result 967245041 not seen previously'
        #   at t/lib/Private/Test/Module/Runnable/unique.pm line 104.
        #          got: '0'
        #     expected: ''
        # Looks like you failed 1 test of 5.

    #   Failed test 'trial iteration 228/500'
    #   at t/lib/Private/Test/Module/Runnable/unique.pm line 126.

        #   Failed test 'result 519713785 not seen previously'
        #   at t/lib/Private/Test/Module/Runnable/unique.pm line 104.
        #          got: '0'
        #     expected: ''
        # Looks like you failed 1 test of 5.

    #   Failed test 'trial iteration 229/500'
    #   at t/lib/Private/Test/Module/Runnable/unique.pm line 126.

        #   Failed test 'result 704920365 not seen previously'
        #   at t/lib/Private/Test/Module/Runnable/unique.pm line 104.
        #          got: '0'
        #     expected: ''
        # Looks like you failed 1 test of 5.

    #   Failed test 'trial iteration 230/500'
    #   at t/lib/Private/Test/Module/Runnable/unique.pm line 126.

        #   Failed test 'result 504426579 not seen previously'
        #   at t/lib/Private/Test/Module/Runnable/unique.pm line 104.
        #          got: '0'
        #     expected: ''
        # Looks like you failed 1 test of 5.

    #   Failed test 'trial iteration 231/500'
    #   at t/lib/Private/Test/Module/Runnable/unique.pm line 126.

        #   Failed test 'result 759407736 not seen previously'
        #   at t/lib/Private/Test/Module/Runnable/unique.pm line 104.
        #          got: '0'
        #     expected: ''
        # Looks like you failed 1 test of 5.

    #   Failed test 'trial iteration 232/500'
    #   at t/lib/Private/Test/Module/Runnable/unique.pm line 126.

        #   Failed test 'result 725713488 not seen previously'
        #   at t/lib/Private/Test/Module/Runnable/unique.pm line 104.
        #          got: '0'
        #     expected: ''
        # Looks like you failed 1 test of 5.

    #   Failed test 'trial iteration 233/500'
    #   at t/lib/Private/Test/Module/Runnable/unique.pm line 126.

        #   Failed test 'result 459468082 not seen previously'
        #   at t/lib/Private/Test/Module/Runnable/unique.pm line 104.
        #          got: '0'
        #     expected: ''
        # Looks like you failed 1 test of 5.

    #   Failed test 'trial iteration 234/500'
    #   at t/lib/Private/Test/Module/Runnable/unique.pm line 126.

        #   Failed test 'result 648036258 not seen previously'
        #   at t/lib/Private/Test/Module/Runnable/unique.pm line 104.
        #          got: '0'
        #     expected: ''
        # Looks like you failed 1 test of 5.

    #   Failed test 'trial iteration 235/500'
    #   at t/lib/Private/Test/Module/Runnable/unique.pm line 126.

        #   Failed test 'result 866674346 not seen previously'
        #   at t/lib/Private/Test/Module/Runnable/unique.pm line 104.
        #          got: '0'
        #     expected: ''
        # Looks like you failed 1 test of 5.

    #   Failed test 'trial iteration 236/500'
    #   at t/lib/Private/Test/Module/Runnable/unique.pm line 126.

        #   Failed test 'result 736129993 not seen previously'
        #   at t/lib/Private/Test/Module/Runnable/unique.pm line 104.
        #          got: '0'
        #     expected: ''
        # Looks like you failed 1 test of 5.

    #   Failed test 'trial iteration 237/500'
    #   at t/lib/Private/Test/Module/Runnable/unique.pm line 126.

        #   Failed test 'result 91322656 not seen previously'
        #   at t/lib/Private/Test/Module/Runnable/unique.pm line 104.
        #          got: '0'
        #     expected: ''
        # Looks like you failed 1 test of 5.

    #   Failed test 'trial iteration 238/500'
    #   at t/lib/Private/Test/Module/Runnable/unique.pm line 126.

        #   Failed test 'result 224249374 not seen previously'
        #   at t/lib/Private/Test/Module/Runnable/unique.pm line 104.
        #          got: '0'
        #     expected: ''
        # Looks like you failed 1 test of 5.

    #   Failed test 'trial iteration 239/500'
    #   at t/lib/Private/Test/Module/Runnable/unique.pm line 126.

        #   Failed test 'result 111641947 not seen previously'
        #   at t/lib/Private/Test/Module/Runnable/unique.pm line 104.
        #          got: '0'
        #     expected: ''
        # Looks like you failed 1 test of 5.

    #   Failed test 'trial iteration 240/500'
    #   at t/lib/Private/Test/Module/Runnable/unique.pm line 126.

        #   Failed test 'result 402620831 not seen previously'
        #   at t/lib/Private/Test/Module/Runnable/unique.pm line 104.
        #          got: '0'
        #     expected: ''
        # Looks like you failed 1 test of 5.

    #   Failed test 'trial iteration 241/500'
    #   at t/lib/Private/Test/Module/Runnable/unique.pm line 126.

        #   Failed test 'result 986441223 not seen previously'
        #   at t/lib/Private/Test/Module/Runnable/unique.pm line 104.
        #          got: '0'
        #     expected: ''
        # Looks like you failed 1 test of 5.

    #   Failed test 'trial iteration 242/500'
    #   at t/lib/Private/Test/Module/Runnable/unique.pm line 126.

        #   Failed test 'result 737779384 not seen previously'
        #   at t/lib/Private/Test/Module/Runnable/unique.pm line 104.
        #          got: '0'
        #     expected: ''
        # Looks like you failed 1 test of 5.

    #   Failed test 'trial iteration 243/500'
    #   at t/lib/Private/Test/Module/Runnable/unique.pm line 126.

        #   Failed test 'result 146891459 not seen previously'
        #   at t/lib/Private/Test/Module/Runnable/unique.pm line 104.
        #          got: '0'
        #     expected: ''
        # Looks like you failed 1 test of 5.

    #   Failed test 'trial iteration 244/500'
    #   at t/lib/Private/Test/Module/Runnable/unique.pm line 126.

        #   Failed test 'result 443467184 not seen previously'
        #   at t/lib/Private/Test/Module/Runnable/unique.pm line 104.
        #          got: '0'
        #     expected: ''
        # Looks like you failed 1 test of 5.

    #   Failed test 'trial iteration 245/500'
    #   at t/lib/Private/Test/Module/Runnable/unique.pm line 126.

        #   Failed test 'result 958616620 not seen previously'
        #   at t/lib/Private/Test/Module/Runnable/unique.pm line 104.
        #          got: '0'
        #     expected: ''
        # Looks like you failed 1 test of 5.

    #   Failed test 'trial iteration 246/500'
    #   at t/lib/Private/Test/Module/Runnable/unique.pm line 126.

        #   Failed test 'result 83144587 not seen previously'
        #   at t/lib/Private/Test/Module/Runnable/unique.pm line 104.
        #          got: '0'
        #     expected: ''
        # Looks like you failed 1 test of 5.

    #   Failed test 'trial iteration 247/500'
    #   at t/lib/Private/Test/Module/Runnable/unique.pm line 126.

        #   Failed test 'result 936404786 not seen previously'
        #   at t/lib/Private/Test/Module/Runnable/unique.pm line 104.
        #          got: '0'
        #     expected: ''
        # Looks like you failed 1 test of 5.

    #   Failed test 'trial iteration 248/500'
    #   at t/lib/Private/Test/Module/Runnable/unique.pm line 126.

        #   Failed test 'result 60044367 not seen previously'
        #   at t/lib/Private/Test/Module/Runnable/unique.pm line 104.
        #          got: '0'
        #     expected: ''
        # Looks like you failed 1 test of 5.

    #   Failed test 'trial iteration 249/500'
    #   at t/lib/Private/Test/Module/Runnable/unique.pm line 126.

        #   Failed test 'result 216357566 not seen previously'
        #   at t/lib/Private/Test/Module/Runnable/unique.pm line 104.
        #          got: '0'
        #     expected: ''
        # Looks like you failed 1 test of 5.

    #   Failed test 'trial iteration 250/500'
    #   at t/lib/Private/Test/Module/Runnable/unique.pm line 126.

        #   Failed test 'result 374032684 not seen previously'
        #   at t/lib/Private/Test/Module/Runnable/unique.pm line 104.
        #          got: '0'
        #     expected: ''
        # Looks like you failed 1 test of 5.

    #   Failed test 'trial iteration 251/500'
    #   at t/lib/Private/Test/Module/Runnable/unique.pm line 126.

        #   Failed test 'result 465876067 not seen previously'
        #   at t/lib/Private/Test/Module/Runnable/unique.pm line 104.
        #          got: '0'
        #     expected: ''
        # Looks like you failed 1 test of 5.

    #   Failed test 'trial iteration 252/500'
    #   at t/lib/Private/Test/Module/Runnable/unique.pm line 126.

        #   Failed test 'result 425809956 not seen previously'
        #   at t/lib/Private/Test/Module/Runnable/unique.pm line 104.
        #          got: '0'
        #     expected: ''
        # Looks like you failed 1 test of 5.

    #   Failed test 'trial iteration 253/500'
    #   at t/lib/Private/Test/Module/Runnable/unique.pm line 126.

        #   Failed test 'result 676373688 not seen previously'
        #   at t/lib/Private/Test/Module/Runnable/unique.pm line 104.
        #          got: '0'
        #     expected: ''
        # Looks like you failed 1 test of 5.

    #   Failed test 'trial iteration 254/500'
    #   at t/lib/Private/Test/Module/Runnable/unique.pm line 126.

        #   Failed test 'result 500979940 not seen previously'
        #   at t/lib/Private/Test/Module/Runnable/unique.pm line 104.
        #          got: '0'
        #     expected: ''
        # Looks like you failed 1 test of 5.

    #   Failed test 'trial iteration 255/500'
    #   at t/lib/Private/Test/Module/Runnable/unique.pm line 126.

        #   Failed test 'result 248668779 not seen previously'
        #   at t/lib/Private/Test/Module/Runnable/unique.pm line 104.
        #          got: '0'
        #     expected: ''
        # Looks like you failed 1 test of 5.

    #   Failed test 'trial iteration 256/500'
    #   at t/lib/Private/Test/Module/Runnable/unique.pm line 126.

        #   Failed test 'result 352433434 not seen previously'
        #   at t/lib/Private/Test/Module/Runnable/unique.pm line 104.
        #          got: '0'
        #     expected: ''
        # Looks like you failed 1 test of 5.

    #   Failed test 'trial iteration 257/500'
    #   at t/lib/Private/Test/Module/Runnable/unique.pm line 126.

        #   Failed test 'result 516995254 not seen previously'
        #   at t/lib/Private/Test/Module/Runnable/unique.pm line 104.
        #          got: '0'
        #     expected: ''
        # Looks like you failed 1 test of 5.

    #   Failed test 'trial iteration 258/500'
    #   at t/lib/Private/Test/Module/Runnable/unique.pm line 126.

        #   Failed test 'result 739904503 not seen previously'
        #   at t/lib/Private/Test/Module/Runnable/unique.pm line 104.
        #          got: '0'
        #     expected: ''
        # Looks like you failed 1 test of 5.

    #   Failed test 'trial iteration 259/500'
    #   at t/lib/Private/Test/Module/Runnable/unique.pm line 126.

        #   Failed test 'result 851492344 not seen previously'
        #   at t/lib/Private/Test/Module/Runnable/unique.pm line 104.
        #          got: '0'
        #     expected: ''
        # Looks like you failed 1 test of 5.

    #   Failed test 'trial iteration 260/500'
    #   at t/lib/Private/Test/Module/Runnable/unique.pm line 126.

        #   Failed test 'result 201015907 not seen previously'
        #   at t/lib/Private/Test/Module/Runnable/unique.pm line 104.
        #          got: '0'
        #     expected: ''
        # Looks like you failed 1 test of 5.

    #   Failed test 'trial iteration 261/500'
    #   at t/lib/Private/Test/Module/Runnable/unique.pm line 126.

        #   Failed test 'result 627800715 not seen previously'
        #   at t/lib/Private/Test/Module/Runnable/unique.pm line 104.
        #          got: '0'
        #     expected: ''
        # Looks like you failed 1 test of 5.

    #   Failed test 'trial iteration 262/500'
    #   at t/lib/Private/Test/Module/Runnable/unique.pm line 126.

        #   Failed test 'result 994459019 not seen previously'
        #   at t/lib/Private/Test/Module/Runnable/unique.pm line 104.
        #          got: '0'
        #     expected: ''
        # Looks like you failed 1 test of 5.

    #   Failed test 'trial iteration 263/500'
    #   at t/lib/Private/Test/Module/Runnable/unique.pm line 126.

        #   Failed test 'result 907680620 not seen previously'
        #   at t/lib/Private/Test/Module/Runnable/unique.pm line 104.
        #          got: '0'
        #     expected: ''
        # Looks like you failed 1 test of 5.

    #   Failed test 'trial iteration 264/500'
    #   at t/lib/Private/Test/Module/Runnable/unique.pm line 126.

        #   Failed test 'result 140486212 not seen previously'
        #   at t/lib/Private/Test/Module/Runnable/unique.pm line 104.
        #          got: '0'
        #     expected: ''
        # Looks like you failed 1 test of 5.

    #   Failed test 'trial iteration 265/500'
    #   at t/lib/Private/Test/Module/Runnable/unique.pm line 126.

        #   Failed test 'result 362034197 not seen previously'
        #   at t/lib/Private/Test/Module/Runnable/unique.pm line 104.
        #          got: '0'
        #     expected: ''
        # Looks like you failed 1 test of 5.

    #   Failed test 'trial iteration 266/500'
    #   at t/lib/Private/Test/Module/Runnable/unique.pm line 126.

        #   Failed test 'result 232207024 not seen previously'
        #   at t/lib/Private/Test/Module/Runnable/unique.pm line 104.
        #          got: '0'
        #     expected: ''
        # Looks like you failed 1 test of 5.

    #   Failed test 'trial iteration 267/500'
    #   at t/lib/Private/Test/Module/Runnable/unique.pm line 126.

        #   Failed test 'result 659414301 not seen previously'
        #   at t/lib/Private/Test/Module/Runnable/unique.pm line 104.
        #          got: '0'
        #     expected: ''
        # Looks like you failed 1 test of 5.

    #   Failed test 'trial iteration 268/500'
    #   at t/lib/Private/Test/Module/Runnable/unique.pm line 126.

        #   Failed test 'result 665093248 not seen previously'
        #   at t/lib/Private/Test/Module/Runnable/unique.pm line 104.
        #          got: '0'
        #     expected: ''
        # Looks like you failed 1 test of 5.

    #   Failed test 'trial iteration 269/500'
    #   at t/lib/Private/Test/Module/Runnable/unique.pm line 126.

        #   Failed test 'result 268296331 not seen previously'
        #   at t/lib/Private/Test/Module/Runnable/unique.pm line 104.
        #          got: '0'
        #     expected: ''
        # Looks like you failed 1 test of 5.

    #   Failed test 'trial iteration 270/500'
    #   at t/lib/Private/Test/Module/Runnable/unique.pm line 126.

        #   Failed test 'result 880975984 not seen previously'
        #   at t/lib/Private/Test/Module/Runnable/unique.pm line 104.
        #          got: '0'
        #     expected: ''
        # Looks like you failed 1 test of 5.

    #   Failed test 'trial iteration 271/500'
    #   at t/lib/Private/Test/Module/Runnable/unique.pm line 126.

        #   Failed test 'result 357128824 not seen previously'
        #   at t/lib/Private/Test/Module/Runnable/unique.pm line 104.
        #          got: '0'
        #     expected: ''
        # Looks like you failed 1 test of 5.

    #   Failed test 'trial iteration 272/500'
    #   at t/lib/Private/Test/Module/Runnable/unique.pm line 126.

        #   Failed test 'result 201451501 not seen previously'
        #   at t/lib/Private/Test/Module/Runnable/unique.pm line 104.
        #          got: '0'
        #     expected: ''
        # Looks like you failed 1 test of 5.

    #   Failed test 'trial iteration 273/500'
    #   at t/lib/Private/Test/Module/Runnable/unique.pm line 126.

        #   Failed test 'result 65336922 not seen previously'
        #   at t/lib/Private/Test/Module/Runnable/unique.pm line 104.
        #          got: '0'
        #     expected: ''
        # Looks like you failed 1 test of 5.

    #   Failed test 'trial iteration 274/500'
    #   at t/lib/Private/Test/Module/Runnable/unique.pm line 126.

        #   Failed test 'result 853217719 not seen previously'
        #   at t/lib/Private/Test/Module/Runnable/unique.pm line 104.
        #          got: '0'
        #     expected: ''
        # Looks like you failed 1 test of 5.

    #   Failed test 'trial iteration 275/500'
    #   at t/lib/Private/Test/Module/Runnable/unique.pm line 126.

        #   Failed test 'result 119102924 not seen previously'
        #   at t/lib/Private/Test/Module/Runnable/unique.pm line 104.
        #          got: '0'
        #     expected: ''
        # Looks like you failed 1 test of 5.

    #   Failed test 'trial iteration 276/500'
    #   at t/lib/Private/Test/Module/Runnable/unique.pm line 126.

        #   Failed test 'result 73970285 not seen previously'
        #   at t/lib/Private/Test/Module/Runnable/unique.pm line 104.
        #          got: '0'
        #     expected: ''
        # Looks like you failed 1 test of 5.

    #   Failed test 'trial iteration 277/500'
    #   at t/lib/Private/Test/Module/Runnable/unique.pm line 126.

        #   Failed test 'result 342043526 not seen previously'
        #   at t/lib/Private/Test/Module/Runnable/unique.pm line 104.
        #          got: '0'
        #     expected: ''
        # Looks like you failed 1 test of 5.

    #   Failed test 'trial iteration 278/500'
    #   at t/lib/Private/Test/Module/Runnable/unique.pm line 126.

        #   Failed test 'result 131759409 not seen previously'
        #   at t/lib/Private/Test/Module/Runnable/unique.pm line 104.
        #          got: '0'
        #     expected: ''
        # Looks like you failed 1 test of 5.

    #   Failed test 'trial iteration 279/500'
    #   at t/lib/Private/Test/Module/Runnable/unique.pm line 126.

        #   Failed test 'result 531869637 not seen previously'
        #   at t/lib/Private/Test/Module/Runnable/unique.pm line 104.
        #          got: '0'
        #     expected: ''
        # Looks like you failed 1 test of 5.

    #   Failed test 'trial iteration 280/500'
    #   at t/lib/Private/Test/Module/Runnable/unique.pm line 126.

        #   Failed test 'result 794965072 not seen previously'
        #   at t/lib/Private/Test/Module/Runnable/unique.pm line 104.
        #          got: '0'
        #     expected: ''
        # Looks like you failed 1 test of 5.

    #   Failed test 'trial iteration 281/500'
    #   at t/lib/Private/Test/Module/Runnable/unique.pm line 126.

        #   Failed test 'result 393007480 not seen previously'
        #   at t/lib/Private/Test/Module/Runnable/unique.pm line 104.
        #          got: '0'
        #     expected: ''
        # Looks like you failed 1 test of 5.

    #   Failed test 'trial iteration 282/500'
    #   at t/lib/Private/Test/Module/Runnable/unique.pm line 126.

        #   Failed test 'result 602025957 not seen previously'
        #   at t/lib/Private/Test/Module/Runnable/unique.pm line 104.
        #          got: '0'
        #     expected: ''
        # Looks like you failed 1 test of 5.

    #   Failed test 'trial iteration 283/500'
    #   at t/lib/Private/Test/Module/Runnable/unique.pm line 126.

        #   Failed test 'result 158295324 not seen previously'
        #   at t/lib/Private/Test/Module/Runnable/unique.pm line 104.
        #          got: '0'
        #     expected: ''
        # Looks like you failed 1 test of 5.

    #   Failed test 'trial iteration 284/500'
    #   at t/lib/Private/Test/Module/Runnable/unique.pm line 126.

        #   Failed test 'result 919694085 not seen previously'
        #   at t/lib/Private/Test/Module/Runnable/unique.pm line 104.
        #          got: '0'
        #     expected: ''
        # Looks like you failed 1 test of 5.

    #   Failed test 'trial iteration 285/500'
    #   at t/lib/Private/Test/Module/Runnable/unique.pm line 126.

        #   Failed test 'result 333084986 not seen previously'
        #   at t/lib/Private/Test/Module/Runnable/unique.pm line 104.
        #          got: '0'
        #     expected: ''
        # Looks like you failed 1 test of 5.

    #   Failed test 'trial iteration 286/500'
    #   at t/lib/Private/Test/Module/Runnable/unique.pm line 126.

        #   Failed test 'result 878852371 not seen previously'
        #   at t/lib/Private/Test/Module/Runnable/unique.pm line 104.
        #          got: '0'
        #     expected: ''
        # Looks like you failed 1 test of 5.

    #   Failed test 'trial iteration 287/500'
    #   at t/lib/Private/Test/Module/Runnable/unique.pm line 126.

        #   Failed test 'result 661222203 not seen previously'
        #   at t/lib/Private/Test/Module/Runnable/unique.pm line 104.
        #          got: '0'
        #     expected: ''
        # Looks like you failed 1 test of 5.

    #   Failed test 'trial iteration 288/500'
    #   at t/lib/Private/Test/Module/Runnable/unique.pm line 126.

        #   Failed test 'result 702493066 not seen previously'
        #   at t/lib/Private/Test/Module/Runnable/unique.pm line 104.
        #          got: '0'
        #     expected: ''
        # Looks like you failed 1 test of 5.

    #   Failed test 'trial iteration 289/500'
    #   at t/lib/Private/Test/Module/Runnable/unique.pm line 126.

        #   Failed test 'result 532506976 not seen previously'
        #   at t/lib/Private/Test/Module/Runnable/unique.pm line 104.
        #          got: '0'
        #     expected: ''
        # Looks like you failed 1 test of 5.

    #   Failed test 'trial iteration 290/500'
    #   at t/lib/Private/Test/Module/Runnable/unique.pm line 126.

        #   Failed test 'result 28703279 not seen previously'
        #   at t/lib/Private/Test/Module/Runnable/unique.pm line 104.
        #          got: '0'
        #     expected: ''
        # Looks like you failed 1 test of 5.

    #   Failed test 'trial iteration 291/500'
    #   at t/lib/Private/Test/Module/Runnable/unique.pm line 126.

        #   Failed test 'result 783380157 not seen previously'
        #   at t/lib/Private/Test/Module/Runnable/unique.pm line 104.
        #          got: '0'
        #     expected: ''
        # Looks like you failed 1 test of 5.

    #   Failed test 'trial iteration 292/500'
    #   at t/lib/Private/Test/Module/Runnable/unique.pm line 126.

        #   Failed test 'result 731728543 not seen previously'
        #   at t/lib/Private/Test/Module/Runnable/unique.pm line 104.
        #          got: '0'
        #     expected: ''
        # Looks like you failed 1 test of 5.

    #   Failed test 'trial iteration 293/500'
    #   at t/lib/Private/Test/Module/Runnable/unique.pm line 126.

        #   Failed test 'result 353304308 not seen previously'
        #   at t/lib/Private/Test/Module/Runnable/unique.pm line 104.
        #          got: '0'
        #     expected: ''
        # Looks like you failed 1 test of 5.

    #   Failed test 'trial iteration 294/500'
    #   at t/lib/Private/Test/Module/Runnable/unique.pm line 126.

        #   Failed test 'result 311921234 not seen previously'
        #   at t/lib/Private/Test/Module/Runnable/unique.pm line 104.
        #          got: '0'
        #     expected: ''
        # Looks like you failed 1 test of 5.

    #   Failed test 'trial iteration 295/500'
    #   at t/lib/Private/Test/Module/Runnable/unique.pm line 126.

        #   Failed test 'result 426383032 not seen previously'
        #   at t/lib/Private/Test/Module/Runnable/unique.pm line 104.
        #          got: '0'
        #     expected: ''
        # Looks like you failed 1 test of 5.

    #   Failed test 'trial iteration 296/500'
    #   at t/lib/Private/Test/Module/Runnable/unique.pm line 126.

        #   Failed test 'result 160212779 not seen previously'
        #   at t/lib/Private/Test/Module/Runnable/unique.pm line 104.
        #          got: '0'
        #     expected: ''
        # Looks like you failed 1 test of 5.

    #   Failed test 'trial iteration 297/500'
    #   at t/lib/Private/Test/Module/Runnable/unique.pm line 126.

        #   Failed test 'result 789705835 not seen previously'
        #   at t/lib/Private/Test/Module/Runnable/unique.pm line 104.
        #          got: '0'
        #     expected: ''
        # Looks like you failed 1 test of 5.

    #   Failed test 'trial iteration 298/500'
    #   at t/lib/Private/Test/Module/Runnable/unique.pm line 126.

        #   Failed test 'result 799106194 not seen previously'
        #   at t/lib/Private/Test/Module/Runnable/unique.pm line 104.
        #          got: '0'
        #     expected: ''
        # Looks like you failed 1 test of 5.

    #   Failed test 'trial iteration 299/500'
    #   at t/lib/Private/Test/Module/Runnable/unique.pm line 126.

        #   Failed test 'result 411197631 not seen previously'
        #   at t/lib/Private/Test/Module/Runnable/unique.pm line 104.
        #          got: '0'
        #     expected: ''
        # Looks like you failed 1 test of 5.

    #   Failed test 'trial iteration 300/500'
    #   at t/lib/Private/Test/Module/Runnable/unique.pm line 126.

        #   Failed test 'result 213904772 not seen previously'
        #   at t/lib/Private/Test/Module/Runnable/unique.pm line 104.
        #          got: '0'
        #     expected: ''
        # Looks like you failed 1 test of 5.

    #   Failed test 'trial iteration 301/500'
    #   at t/lib/Private/Test/Module/Runnable/unique.pm line 126.

        #   Failed test 'result 576962720 not seen previously'
        #   at t/lib/Private/Test/Module/Runnable/unique.pm line 104.
        #          got: '0'
        #     expected: ''
        # Looks like you failed 1 test of 5.

    #   Failed test 'trial iteration 302/500'
    #   at t/lib/Private/Test/Module/Runnable/unique.pm line 126.

        #   Failed test 'result 88580834 not seen previously'
        #   at t/lib/Private/Test/Module/Runnable/unique.pm line 104.
        #          got: '0'
        #     expected: ''
        # Looks like you failed 1 test of 5.

    #   Failed test 'trial iteration 303/500'
    #   at t/lib/Private/Test/Module/Runnable/unique.pm line 126.

        #   Failed test 'result 688298874 not seen previously'
        #   at t/lib/Private/Test/Module/Runnable/unique.pm line 104.
        #          got: '0'
        #     expected: ''
        # Looks like you failed 1 test of 5.

    #   Failed test 'trial iteration 304/500'
    #   at t/lib/Private/Test/Module/Runnable/unique.pm line 126.

        #   Failed test 'result 313168979 not seen previously'
        #   at t/lib/Private/Test/Module/Runnable/unique.pm line 104.
        #          got: '0'
        #     expected: ''
        # Looks like you failed 1 test of 5.

    #   Failed test 'trial iteration 305/500'
    #   at t/lib/Private/Test/Module/Runnable/unique.pm line 126.

        #   Failed test 'result 557604509 not seen previously'
        #   at t/lib/Private/Test/Module/Runnable/unique.pm line 104.
        #          got: '0'
        #     expected: ''
        # Looks like you failed 1 test of 5.

    #   Failed test 'trial iteration 306/500'
    #   at t/lib/Private/Test/Module/Runnable/unique.pm line 126.

        #   Failed test 'result 458940647 not seen previously'
        #   at t/lib/Private/Test/Module/Runnable/unique.pm line 104.
        #          got: '0'
        #     expected: ''
        # Looks like you failed 1 test of 5.

    #   Failed test 'trial iteration 307/500'
    #   at t/lib/Private/Test/Module/Runnable/unique.pm line 126.

        #   Failed test 'result 197216516 not seen previously'
        #   at t/lib/Private/Test/Module/Runnable/unique.pm line 104.
        #          got: '0'
        #     expected: ''
        # Looks like you failed 1 test of 5.

    #   Failed test 'trial iteration 308/500'
    #   at t/lib/Private/Test/Module/Runnable/unique.pm line 126.

        #   Failed test 'result 413709657 not seen previously'
        #   at t/lib/Private/Test/Module/Runnable/unique.pm line 104.
        #          got: '0'
        #     expected: ''
        # Looks like you failed 1 test of 5.

    #   Failed test 'trial iteration 309/500'
    #   at t/lib/Private/Test/Module/Runnable/unique.pm line 126.

        #   Failed test 'result 19917550 not seen previously'
        #   at t/lib/Private/Test/Module/Runnable/unique.pm line 104.
        #          got: '0'
        #     expected: ''
        # Looks like you failed 1 test of 5.

    #   Failed test 'trial iteration 310/500'
    #   at t/lib/Private/Test/Module/Runnable/unique.pm line 126.

        #   Failed test 'result 925869168 not seen previously'
        #   at t/lib/Private/Test/Module/Runnable/unique.pm line 104.
        #          got: '0'
        #     expected: ''
        # Looks like you failed 1 test of 5.

    #   Failed test 'trial iteration 311/500'
    #   at t/lib/Private/Test/Module/Runnable/unique.pm line 126.

        #   Failed test 'result 792376186 not seen previously'
        #   at t/lib/Private/Test/Module/Runnable/unique.pm line 104.
        #          got: '0'
        #     expected: ''
        # Looks like you failed 1 test of 5.

    #   Failed test 'trial iteration 312/500'
    #   at t/lib/Private/Test/Module/Runnable/unique.pm line 126.

        #   Failed test 'result 432801675 not seen previously'
        #   at t/lib/Private/Test/Module/Runnable/unique.pm line 104.
        #          got: '0'
        #     expected: ''
        # Looks like you failed 1 test of 5.

    #   Failed test 'trial iteration 313/500'
    #   at t/lib/Private/Test/Module/Runnable/unique.pm line 126.

        #   Failed test 'result 554555867 not seen previously'
        #   at t/lib/Private/Test/Module/Runnable/unique.pm line 104.
        #          got: '0'
        #     expected: ''
        # Looks like you failed 1 test of 5.

    #   Failed test 'trial iteration 314/500'
    #   at t/lib/Private/Test/Module/Runnable/unique.pm line 126.

        #   Failed test 'result 582787600 not seen previously'
        #   at t/lib/Private/Test/Module/Runnable/unique.pm line 104.
        #          got: '0'
        #     expected: ''
        # Looks like you failed 1 test of 5.

    #   Failed test 'trial iteration 315/500'
    #   at t/lib/Private/Test/Module/Runnable/unique.pm line 126.

        #   Failed test 'result 585704589 not seen previously'
        #   at t/lib/Private/Test/Module/Runnable/unique.pm line 104.
        #          got: '0'
        #     expected: ''
        # Looks like you failed 1 test of 5.

    #   Failed test 'trial iteration 316/500'
    #   at t/lib/Private/Test/Module/Runnable/unique.pm line 126.

        #   Failed test 'result 812981145 not seen previously'
        #   at t/lib/Private/Test/Module/Runnable/unique.pm line 104.
        #          got: '0'
        #     expected: ''
        # Looks like you failed 1 test of 5.

    #   Failed test 'trial iteration 317/500'
    #   at t/lib/Private/Test/Module/Runnable/unique.pm line 126.

        #   Failed test 'result 931375206 not seen previously'
        #   at t/lib/Private/Test/Module/Runnable/unique.pm line 104.
        #          got: '0'
        #     expected: ''
        # Looks like you failed 1 test of 5.

    #   Failed test 'trial iteration 318/500'
    #   at t/lib/Private/Test/Module/Runnable/unique.pm line 126.

        #   Failed test 'result 740699932 not seen previously'
        #   at t/lib/Private/Test/Module/Runnable/unique.pm line 104.
        #          got: '0'
        #     expected: ''
        # Looks like you failed 1 test of 5.

    #   Failed test 'trial iteration 319/500'
    #   at t/lib/Private/Test/Module/Runnable/unique.pm line 126.

        #   Failed test 'result 277694419 not seen previously'
        #   at t/lib/Private/Test/Module/Runnable/unique.pm line 104.
        #          got: '0'
        #     expected: ''
        # Looks like you failed 1 test of 5.

    #   Failed test 'trial iteration 320/500'
    #   at t/lib/Private/Test/Module/Runnable/unique.pm line 126.

        #   Failed test 'result 160449131 not seen previously'
        #   at t/lib/Private/Test/Module/Runnable/unique.pm line 104.
        #          got: '0'
        #     expected: ''
        # Looks like you failed 1 test of 5.

    #   Failed test 'trial iteration 321/500'
    #   at t/lib/Private/Test/Module/Runnable/unique.pm line 126.

        #   Failed test 'result 65174083 not seen previously'
        #   at t/lib/Private/Test/Module/Runnable/unique.pm line 104.
        #          got: '0'
        #     expected: ''
        # Looks like you failed 1 test of 5.

    #   Failed test 'trial iteration 322/500'
    #   at t/lib/Private/Test/Module/Runnable/unique.pm line 126.

        #   Failed test 'result 147109530 not seen previously'
        #   at t/lib/Private/Test/Module/Runnable/unique.pm line 104.
        #          got: '0'
        #     expected: ''
        # Looks like you failed 1 test of 5.

    #   Failed test 'trial iteration 323/500'
    #   at t/lib/Private/Test/Module/Runnable/unique.pm line 126.

        #   Failed test 'result 19423059 not seen previously'
        #   at t/lib/Private/Test/Module/Runnable/unique.pm line 104.
        #          got: '0'
        #     expected: ''
        # Looks like you failed 1 test of 5.

    #   Failed test 'trial iteration 324/500'
    #   at t/lib/Private/Test/Module/Runnable/unique.pm line 126.

        #   Failed test 'result 327711698 not seen previously'
        #   at t/lib/Private/Test/Module/Runnable/unique.pm line 104.
        #          got: '0'
        #     expected: ''
        # Looks like you failed 1 test of 5.

    #   Failed test 'trial iteration 325/500'
    #   at t/lib/Private/Test/Module/Runnable/unique.pm line 126.

        #   Failed test 'result 317008047 not seen previously'
        #   at t/lib/Private/Test/Module/Runnable/unique.pm line 104.
        #          got: '0'
        #     expected: ''
        # Looks like you failed 1 test of 5.

    #   Failed test 'trial iteration 326/500'
    #   at t/lib/Private/Test/Module/Runnable/unique.pm line 126.

        #   Failed test 'result 563566580 not seen previously'
        #   at t/lib/Private/Test/Module/Runnable/unique.pm line 104.
        #          got: '0'
        #     expected: ''
        # Looks like you failed 1 test of 5.

    #   Failed test 'trial iteration 327/500'
    #   at t/lib/Private/Test/Module/Runnable/unique.pm line 126.

        #   Failed test 'result 670929424 not seen previously'
        #   at t/lib/Private/Test/Module/Runnable/unique.pm line 104.
        #          got: '0'
        #     expected: ''
        # Looks like you failed 1 test of 5.

    #   Failed test 'trial iteration 328/500'
    #   at t/lib/Private/Test/Module/Runnable/unique.pm line 126.

        #   Failed test 'result 466187658 not seen previously'
        #   at t/lib/Private/Test/Module/Runnable/unique.pm line 104.
        #          got: '0'
        #     expected: ''
        # Looks like you failed 1 test of 5.

    #   Failed test 'trial iteration 329/500'
    #   at t/lib/Private/Test/Module/Runnable/unique.pm line 126.

        #   Failed test 'result 933716408 not seen previously'
        #   at t/lib/Private/Test/Module/Runnable/unique.pm line 104.
        #          got: '0'
        #     expected: ''
        # Looks like you failed 1 test of 5.

    #   Failed test 'trial iteration 330/500'
    #   at t/lib/Private/Test/Module/Runnable/unique.pm line 126.

        #   Failed test 'result 275827909 not seen previously'
        #   at t/lib/Private/Test/Module/Runnable/unique.pm line 104.
        #          got: '0'
        #     expected: ''
        # Looks like you failed 1 test of 5.

    #   Failed test 'trial iteration 331/500'
    #   at t/lib/Private/Test/Module/Runnable/unique.pm line 126.

        #   Failed test 'result 989539514 not seen previously'
        #   at t/lib/Private/Test/Module/Runnable/unique.pm line 104.
        #          got: '0'
        #     expected: ''
        # Looks like you failed 1 test of 5.

    #   Failed test 'trial iteration 332/500'
    #   at t/lib/Private/Test/Module/Runnable/unique.pm line 126.

        #   Failed test 'result 209544136 not seen previously'
        #   at t/lib/Private/Test/Module/Runnable/unique.pm line 104.
        #          got: '0'
        #     expected: ''
        # Looks like you failed 1 test of 5.

    #   Failed test 'trial iteration 333/500'
    #   at t/lib/Private/Test/Module/Runnable/unique.pm line 126.

        #   Failed test 'result 144491001 not seen previously'
        #   at t/lib/Private/Test/Module/Runnable/unique.pm line 104.
        #          got: '0'
        #     expected: ''
        # Looks like you failed 1 test of 5.

    #   Failed test 'trial iteration 334/500'
    #   at t/lib/Private/Test/Module/Runnable/unique.pm line 126.

        #   Failed test 'result 462466926 not seen previously'
        #   at t/lib/Private/Test/Module/Runnable/unique.pm line 104.
        #          got: '0'
        #     expected: ''
        # Looks like you failed 1 test of 5.

    #   Failed test 'trial iteration 335/500'
    #   at t/lib/Private/Test/Module/Runnable/unique.pm line 126.

        #   Failed test 'result 928982344 not seen previously'
        #   at t/lib/Private/Test/Module/Runnable/unique.pm line 104.
        #          got: '0'
        #     expected: ''
        # Looks like you failed 1 test of 5.

    #   Failed test 'trial iteration 336/500'
    #   at t/lib/Private/Test/Module/Runnable/unique.pm line 126.

        #   Failed test 'result 845377613 not seen previously'
        #   at t/lib/Private/Test/Module/Runnable/unique.pm line 104.
        #          got: '0'
        #     expected: ''
        # Looks like you failed 1 test of 5.

    #   Failed test 'trial iteration 337/500'
    #   at t/lib/Private/Test/Module/Runnable/unique.pm line 126.

        #   Failed test 'result 357575756 not seen previously'
        #   at t/lib/Private/Test/Module/Runnable/unique.pm line 104.
        #          got: '0'
        #     expected: ''
        # Looks like you failed 1 test of 5.

    #   Failed test 'trial iteration 338/500'
    #   at t/lib/Private/Test/Module/Runnable/unique.pm line 126.

        #   Failed test 'result 472882086 not seen previously'
        #   at t/lib/Private/Test/Module/Runnable/unique.pm line 104.
        #          got: '0'
        #     expected: ''
        # Looks like you failed 1 test of 5.

    #   Failed test 'trial iteration 339/500'
    #   at t/lib/Private/Test/Module/Runnable/unique.pm line 126.

        #   Failed test 'result 380868083 not seen previously'
        #   at t/lib/Private/Test/Module/Runnable/unique.pm line 104.
        #          got: '0'
        #     expected: ''
        # Looks like you failed 1 test of 5.

    #   Failed test 'trial iteration 340/500'
    #   at t/lib/Private/Test/Module/Runnable/unique.pm line 126.

        #   Failed test 'result 752676914 not seen previously'
        #   at t/lib/Private/Test/Module/Runnable/unique.pm line 104.
        #          got: '0'
        #     expected: ''
        # Looks like you failed 1 test of 5.

    #   Failed test 'trial iteration 341/500'
    #   at t/lib/Private/Test/Module/Runnable/unique.pm line 126.

        #   Failed test 'result 595990457 not seen previously'
        #   at t/lib/Private/Test/Module/Runnable/unique.pm line 104.
        #          got: '0'
        #     expected: ''
        # Looks like you failed 1 test of 5.

    #   Failed test 'trial iteration 342/500'
    #   at t/lib/Private/Test/Module/Runnable/unique.pm line 126.

        #   Failed test 'result 882962569 not seen previously'
        #   at t/lib/Private/Test/Module/Runnable/unique.pm line 104.
        #          got: '0'
        #     expected: ''
        # Looks like you failed 1 test of 5.

    #   Failed test 'trial iteration 343/500'
    #   at t/lib/Private/Test/Module/Runnable/unique.pm line 126.

        #   Failed test 'result 9348412 not seen previously'
        #   at t/lib/Private/Test/Module/Runnable/unique.pm line 104.
        #          got: '0'
        #     expected: ''
        # Looks like you failed 1 test of 5.

    #   Failed test 'trial iteration 344/500'
    #   at t/lib/Private/Test/Module/Runnable/unique.pm line 126.

        #   Failed test 'result 514542764 not seen previously'
        #   at t/lib/Private/Test/Module/Runnable/unique.pm line 104.
        #          got: '0'
        #     expected: ''
        # Looks like you failed 1 test of 5.

    #   Failed test 'trial iteration 345/500'
    #   at t/lib/Private/Test/Module/Runnable/unique.pm line 126.

        #   Failed test 'result 107623604 not seen previously'
        #   at t/lib/Private/Test/Module/Runnable/unique.pm line 104.
        #          got: '0'
        #     expected: ''
        # Looks like you failed 1 test of 5.

    #   Failed test 'trial iteration 346/500'
    #   at t/lib/Private/Test/Module/Runnable/unique.pm line 126.

        #   Failed test 'result 78250263 not seen previously'
        #   at t/lib/Private/Test/Module/Runnable/unique.pm line 104.
        #          got: '0'
        #     expected: ''
        # Looks like you failed 1 test of 5.

    #   Failed test 'trial iteration 347/500'
    #   at t/lib/Private/Test/Module/Runnable/unique.pm line 126.

        #   Failed test 'result 373209455 not seen previously'
        #   at t/lib/Private/Test/Module/Runnable/unique.pm line 104.
        #          got: '0'
        #     expected: ''
        # Looks like you failed 1 test of 5.

    #   Failed test 'trial iteration 348/500'
    #   at t/lib/Private/Test/Module/Runnable/unique.pm line 126.

        #   Failed test 'result 527278684 not seen previously'
        #   at t/lib/Private/Test/Module/Runnable/unique.pm line 104.
        #          got: '0'
        #     expected: ''
        # Looks like you failed 1 test of 5.

    #   Failed test 'trial iteration 349/500'
    #   at t/lib/Private/Test/Module/Runnable/unique.pm line 126.

        #   Failed test 'result 326864424 not seen previously'
        #   at t/lib/Private/Test/Module/Runnable/unique.pm line 104.
        #          got: '0'
        #     expected: ''
        # Looks like you failed 1 test of 5.

    #   Failed test 'trial iteration 350/500'
    #   at t/lib/Private/Test/Module/Runnable/unique.pm line 126.

        #   Failed test 'result 135482780 not seen previously'
        #   at t/lib/Private/Test/Module/Runnable/unique.pm line 104.
        #          got: '0'
        #     expected: ''
        # Looks like you failed 1 test of 5.

    #   Failed test 'trial iteration 351/500'
    #   at t/lib/Private/Test/Module/Runnable/unique.pm line 126.

        #   Failed test 'result 993549132 not seen previously'
        #   at t/lib/Private/Test/Module/Runnable/unique.pm line 104.
        #          got: '0'
        #     expected: ''
        # Looks like you failed 1 test of 5.

    #   Failed test 'trial iteration 352/500'
    #   at t/lib/Private/Test/Module/Runnable/unique.pm line 126.

        #   Failed test 'result 13718051 not seen previously'
        #   at t/lib/Private/Test/Module/Runnable/unique.pm line 104.
        #          got: '0'
        #     expected: ''
        # Looks like you failed 1 test of 5.

    #   Failed test 'trial iteration 353/500'
    #   at t/lib/Private/Test/Module/Runnable/unique.pm line 126.

        #   Failed test 'result 662494282 not seen previously'
        #   at t/lib/Private/Test/Module/Runnable/unique.pm line 104.
        #          got: '0'
        #     expected: ''
        # Looks like you failed 1 test of 5.

    #   Failed test 'trial iteration 354/500'
    #   at t/lib/Private/Test/Module/Runnable/unique.pm line 126.

        #   Failed test 'result 962233608 not seen previously'
        #   at t/lib/Private/Test/Module/Runnable/unique.pm line 104.
        #          got: '0'
        #     expected: ''
        # Looks like you failed 1 test of 5.

    #   Failed test 'trial iteration 355/500'
    #   at t/lib/Private/Test/Module/Runnable/unique.pm line 126.

        #   Failed test 'result 996477589 not seen previously'
        #   at t/lib/Private/Test/Module/Runnable/unique.pm line 104.
        #          got: '0'
        #     expected: ''
        # Looks like you failed 1 test of 5.

    #   Failed test 'trial iteration 356/500'
    #   at t/lib/Private/Test/Module/Runnable/unique.pm line 126.

        #   Failed test 'result 584144805 not seen previously'
        #   at t/lib/Private/Test/Module/Runnable/unique.pm line 104.
        #          got: '0'
        #     expected: ''
        # Looks like you failed 1 test of 5.

    #   Failed test 'trial iteration 357/500'
    #   at t/lib/Private/Test/Module/Runnable/unique.pm line 126.

        #   Failed test 'result 65809569 not seen previously'
        #   at t/lib/Private/Test/Module/Runnable/unique.pm line 104.
        #          got: '0'
        #     expected: ''
        # Looks like you failed 1 test of 5.

    #   Failed test 'trial iteration 358/500'
    #   at t/lib/Private/Test/Module/Runnable/unique.pm line 126.

        #   Failed test 'result 242427762 not seen previously'
        #   at t/lib/Private/Test/Module/Runnable/unique.pm line 104.
        #          got: '0'
        #     expected: ''
        # Looks like you failed 1 test of 5.

    #   Failed test 'trial iteration 359/500'
    #   at t/lib/Private/Test/Module/Runnable/unique.pm line 126.

        #   Failed test 'result 166490422 not seen previously'
        #   at t/lib/Private/Test/Module/Runnable/unique.pm line 104.
        #          got: '0'
        #     expected: ''
        # Looks like you failed 1 test of 5.

    #   Failed test 'trial iteration 360/500'
    #   at t/lib/Private/Test/Module/Runnable/unique.pm line 126.

        #   Failed test 'result 674158561 not seen previously'
        #   at t/lib/Private/Test/Module/Runnable/unique.pm line 104.
        #          got: '0'
        #     expected: ''
        # Looks like you failed 1 test of 5.

    #   Failed test 'trial iteration 361/500'
    #   at t/lib/Private/Test/Module/Runnable/unique.pm line 126.

        #   Failed test 'result 885503274 not seen previously'
        #   at t/lib/Private/Test/Module/Runnable/unique.pm line 104.
        #          got: '0'
        #     expected: ''
        # Looks like you failed 1 test of 5.

    #   Failed test 'trial iteration 362/500'
    #   at t/lib/Private/Test/Module/Runnable/unique.pm line 126.

        #   Failed test 'result 407374836 not seen previously'
        #   at t/lib/Private/Test/Module/Runnable/unique.pm line 104.
        #          got: '0'
        #     expected: ''
        # Looks like you failed 1 test of 5.

    #   Failed test 'trial iteration 363/500'
    #   at t/lib/Private/Test/Module/Runnable/unique.pm line 126.

        #   Failed test 'result 805463899 not seen previously'
        #   at t/lib/Private/Test/Module/Runnable/unique.pm line 104.
        #          got: '0'
        #     expected: ''
        # Looks like you failed 1 test of 5.

    #   Failed test 'trial iteration 364/500'
    #   at t/lib/Private/Test/Module/Runnable/unique.pm line 126.

        #   Failed test 'result 705211281 not seen previously'
        #   at t/lib/Private/Test/Module/Runnable/unique.pm line 104.
        #          got: '0'
        #     expected: ''
        # Looks like you failed 1 test of 5.

    #   Failed test 'trial iteration 365/500'
    #   at t/lib/Private/Test/Module/Runnable/unique.pm line 126.

        #   Failed test 'result 48917290 not seen previously'
        #   at t/lib/Private/Test/Module/Runnable/unique.pm line 104.
        #          got: '0'
        #     expected: ''
        # Looks like you failed 1 test of 5.

    #   Failed test 'trial iteration 366/500'
    #   at t/lib/Private/Test/Module/Runnable/unique.pm line 126.

        #   Failed test 'result 995321558 not seen previously'
        #   at t/lib/Private/Test/Module/Runnable/unique.pm line 104.
        #          got: '0'
        #     expected: ''
        # Looks like you failed 1 test of 5.

    #   Failed test 'trial iteration 367/500'
    #   at t/lib/Private/Test/Module/Runnable/unique.pm line 126.

        #   Failed test 'result 463398289 not seen previously'
        #   at t/lib/Private/Test/Module/Runnable/unique.pm line 104.
        #          got: '0'
        #     expected: ''
        # Looks like you failed 1 test of 5.

    #   Failed test 'trial iteration 368/500'
    #   at t/lib/Private/Test/Module/Runnable/unique.pm line 126.

        #   Failed test 'result 868310356 not seen previously'
        #   at t/lib/Private/Test/Module/Runnable/unique.pm line 104.
        #          got: '0'
        #     expected: ''
        # Looks like you failed 1 test of 5.

    #   Failed test 'trial iteration 369/500'
    #   at t/lib/Private/Test/Module/Runnable/unique.pm line 126.

        #   Failed test 'result 295743711 not seen previously'
        #   at t/lib/Private/Test/Module/Runnable/unique.pm line 104.
        #          got: '0'
        #     expected: ''
        # Looks like you failed 1 test of 5.

    #   Failed test 'trial iteration 370/500'
    #   at t/lib/Private/Test/Module/Runnable/unique.pm line 126.

        #   Failed test 'result 718202903 not seen previously'
        #   at t/lib/Private/Test/Module/Runnable/unique.pm line 104.
        #          got: '0'
        #     expected: ''
        # Looks like you failed 1 test of 5.

    #   Failed test 'trial iteration 371/500'
    #   at t/lib/Private/Test/Module/Runnable/unique.pm line 126.

        #   Failed test 'result 39503815 not seen previously'
        #   at t/lib/Private/Test/Module/Runnable/unique.pm line 104.
        #          got: '0'
        #     expected: ''
        # Looks like you failed 1 test of 5.

    #   Failed test 'trial iteration 372/500'
    #   at t/lib/Private/Test/Module/Runnable/unique.pm line 126.

        #   Failed test 'result 310674429 not seen previously'
        #   at t/lib/Private/Test/Module/Runnable/unique.pm line 104.
        #          got: '0'
        #     expected: ''
        # Looks like you failed 1 test of 5.

    #   Failed test 'trial iteration 373/500'
    #   at t/lib/Private/Test/Module/Runnable/unique.pm line 126.

        #   Failed test 'result 718577547 not seen previously'
        #   at t/lib/Private/Test/Module/Runnable/unique.pm line 104.
        #          got: '0'
        #     expected: ''
        # Looks like you failed 1 test of 5.

    #   Failed test 'trial iteration 374/500'
    #   at t/lib/Private/Test/Module/Runnable/unique.pm line 126.

        #   Failed test 'result 866210127 not seen previously'
        #   at t/lib/Private/Test/Module/Runnable/unique.pm line 104.
        #          got: '0'
        #     expected: ''
        # Looks like you failed 1 test of 5.

    #   Failed test 'trial iteration 375/500'
    #   at t/lib/Private/Test/Module/Runnable/unique.pm line 126.

        #   Failed test 'result 736022740 not seen previously'
        #   at t/lib/Private/Test/Module/Runnable/unique.pm line 104.
        #          got: '0'
        #     expected: ''
        # Looks like you failed 1 test of 5.

    #   Failed test 'trial iteration 376/500'
    #   at t/lib/Private/Test/Module/Runnable/unique.pm line 126.

        #   Failed test 'result 823201586 not seen previously'
        #   at t/lib/Private/Test/Module/Runnable/unique.pm line 104.
        #          got: '0'
        #     expected: ''
        # Looks like you failed 1 test of 5.

    #   Failed test 'trial iteration 377/500'
    #   at t/lib/Private/Test/Module/Runnable/unique.pm line 126.

        #   Failed test 'result 689006823 not seen previously'
        #   at t/lib/Private/Test/Module/Runnable/unique.pm line 104.
        #          got: '0'
        #     expected: ''
        # Looks like you failed 1 test of 5.

    #   Failed test 'trial iteration 378/500'
    #   at t/lib/Private/Test/Module/Runnable/unique.pm line 126.

        #   Failed test 'result 346065791 not seen previously'
        #   at t/lib/Private/Test/Module/Runnable/unique.pm line 104.
        #          got: '0'
        #     expected: ''
        # Looks like you failed 1 test of 5.

    #   Failed test 'trial iteration 379/500'
    #   at t/lib/Private/Test/Module/Runnable/unique.pm line 126.

        #   Failed test 'result 62974695 not seen previously'
        #   at t/lib/Private/Test/Module/Runnable/unique.pm line 104.
        #          got: '0'
        #     expected: ''
        # Looks like you failed 1 test of 5.

    #   Failed test 'trial iteration 380/500'
    #   at t/lib/Private/Test/Module/Runnable/unique.pm line 126.

        #   Failed test 'result 75847360 not seen previously'
        #   at t/lib/Private/Test/Module/Runnable/unique.pm line 104.
        #          got: '0'
        #     expected: ''
        # Looks like you failed 1 test of 5.

    #   Failed test 'trial iteration 381/500'
    #   at t/lib/Private/Test/Module/Runnable/unique.pm line 126.

        #   Failed test 'result 837895728 not seen previously'
        #   at t/lib/Private/Test/Module/Runnable/unique.pm line 104.
        #          got: '0'
        #     expected: ''
        # Looks like you failed 1 test of 5.

    #   Failed test 'trial iteration 382/500'
    #   at t/lib/Private/Test/Module/Runnable/unique.pm line 126.

        #   Failed test 'result 367695483 not seen previously'
        #   at t/lib/Private/Test/Module/Runnable/unique.pm line 104.
        #          got: '0'
        #     expected: ''
        # Looks like you failed 1 test of 5.

    #   Failed test 'trial iteration 383/500'
    #   at t/lib/Private/Test/Module/Runnable/unique.pm line 126.

        #   Failed test 'result 361089659 not seen previously'
        #   at t/lib/Private/Test/Module/Runnable/unique.pm line 104.
        #          got: '0'
        #     expected: ''
        # Looks like you failed 1 test of 5.

    #   Failed test 'trial iteration 384/500'
    #   at t/lib/Private/Test/Module/Runnable/unique.pm line 126.

        #   Failed test 'result 48920169 not seen previously'
        #   at t/lib/Private/Test/Module/Runnable/unique.pm line 104.
        #          got: '0'
        #     expected: ''
        # Looks like you failed 1 test of 5.

    #   Failed test 'trial iteration 385/500'
    #   at t/lib/Private/Test/Module/Runnable/unique.pm line 126.

        #   Failed test 'result 849523654 not seen previously'
        #   at t/lib/Private/Test/Module/Runnable/unique.pm line 104.
        #          got: '0'
        #     expected: ''
        # Looks like you failed 1 test of 5.

    #   Failed test 'trial iteration 386/500'
    #   at t/lib/Private/Test/Module/Runnable/unique.pm line 126.

        #   Failed test 'result 219633637 not seen previously'
        #   at t/lib/Private/Test/Module/Runnable/unique.pm line 104.
        #          got: '0'
        #     expected: ''
        # Looks like you failed 1 test of 5.

    #   Failed test 'trial iteration 387/500'
    #   at t/lib/Private/Test/Module/Runnable/unique.pm line 126.

        #   Failed test 'result 844468079 not seen previously'
        #   at t/lib/Private/Test/Module/Runnable/unique.pm line 104.
        #          got: '0'
        #     expected: ''
        # Looks like you failed 1 test of 5.

    #   Failed test 'trial iteration 388/500'
    #   at t/lib/Private/Test/Module/Runnable/unique.pm line 126.

        #   Failed test 'result 659517204 not seen previously'
        #   at t/lib/Private/Test/Module/Runnable/unique.pm line 104.
        #          got: '0'
        #     expected: ''
        # Looks like you failed 1 test of 5.

    #   Failed test 'trial iteration 389/500'
    #   at t/lib/Private/Test/Module/Runnable/unique.pm line 126.

        #   Failed test 'result 672264402 not seen previously'
        #   at t/lib/Private/Test/Module/Runnable/unique.pm line 104.
        #          got: '0'
        #     expected: ''
        # Looks like you failed 1 test of 5.

    #   Failed test 'trial iteration 390/500'
    #   at t/lib/Private/Test/Module/Runnable/unique.pm line 126.

        #   Failed test 'result 562442070 not seen previously'
        #   at t/lib/Private/Test/Module/Runnable/unique.pm line 104.
        #          got: '0'
        #     expected: ''
        # Looks like you failed 1 test of 5.

    #   Failed test 'trial iteration 391/500'
    #   at t/lib/Private/Test/Module/Runnable/unique.pm line 126.

        #   Failed test 'result 816519437 not seen previously'
        #   at t/lib/Private/Test/Module/Runnable/unique.pm line 104.
        #          got: '0'
        #     expected: ''
        # Looks like you failed 1 test of 5.

    #   Failed test 'trial iteration 392/500'
    #   at t/lib/Private/Test/Module/Runnable/unique.pm line 126.

        #   Failed test 'result 110602088 not seen previously'
        #   at t/lib/Private/Test/Module/Runnable/unique.pm line 104.
        #          got: '0'
        #     expected: ''
        # Looks like you failed 1 test of 5.

    #   Failed test 'trial iteration 393/500'
    #   at t/lib/Private/Test/Module/Runnable/unique.pm line 126.

        #   Failed test 'result 360126922 not seen previously'
        #   at t/lib/Private/Test/Module/Runnable/unique.pm line 104.
        #          got: '0'
        #     expected: ''
        # Looks like you failed 1 test of 5.

    #   Failed test 'trial iteration 394/500'
    #   at t/lib/Private/Test/Module/Runnable/unique.pm line 126.

        #   Failed test 'result 531224817 not seen previously'
        #   at t/lib/Private/Test/Module/Runnable/unique.pm line 104.
        #          got: '0'
        #     expected: ''
        # Looks like you failed 1 test of 5.

    #   Failed test 'trial iteration 395/500'
    #   at t/lib/Private/Test/Module/Runnable/unique.pm line 126.

        #   Failed test 'result 725643390 not seen previously'
        #   at t/lib/Private/Test/Module/Runnable/unique.pm line 104.
        #          got: '0'
        #     expected: ''
        # Looks like you failed 1 test of 5.

    #   Failed test 'trial iteration 396/500'
    #   at t/lib/Private/Test/Module/Runnable/unique.pm line 126.

        #   Failed test 'result 200449810 not seen previously'
        #   at t/lib/Private/Test/Module/Runnable/unique.pm line 104.
        #          got: '0'
        #     expected: ''
        # Looks like you failed 1 test of 5.

    #   Failed test 'trial iteration 397/500'
    #   at t/lib/Private/Test/Module/Runnable/unique.pm line 126.

        #   Failed test 'result 171958362 not seen previously'
        #   at t/lib/Private/Test/Module/Runnable/unique.pm line 104.
        #          got: '0'
        #     expected: ''
        # Looks like you failed 1 test of 5.

    #   Failed test 'trial iteration 398/500'
    #   at t/lib/Private/Test/Module/Runnable/unique.pm line 126.

        #   Failed test 'result 685686867 not seen previously'
        #   at t/lib/Private/Test/Module/Runnable/unique.pm line 104.
        #          got: '0'
        #     expected: ''
        # Looks like you failed 1 test of 5.

    #   Failed test 'trial iteration 399/500'
    #   at t/lib/Private/Test/Module/Runnable/unique.pm line 126.

        #   Failed test 'result 984720235 not seen previously'
        #   at t/lib/Private/Test/Module/Runnable/unique.pm line 104.
        #          got: '0'
        #     expected: ''
        # Looks like you failed 1 test of 5.

    #   Failed test 'trial iteration 400/500'
    #   at t/lib/Private/Test/Module/Runnable/unique.pm line 126.

        #   Failed test 'result 555362210 not seen previously'
        #   at t/lib/Private/Test/Module/Runnable/unique.pm line 104.
        #          got: '0'
        #     expected: ''
        # Looks like you failed 1 test of 5.

    #   Failed test 'trial iteration 401/500'
    #   at t/lib/Private/Test/Module/Runnable/unique.pm line 126.

        #   Failed test 'result 66283457 not seen previously'
        #   at t/lib/Private/Test/Module/Runnable/unique.pm line 104.
        #          got: '0'
        #     expected: ''
        # Looks like you failed 1 test of 5.

    #   Failed test 'trial iteration 402/500'
    #   at t/lib/Private/Test/Module/Runnable/unique.pm line 126.

        #   Failed test 'result 444927875 not seen previously'
        #   at t/lib/Private/Test/Module/Runnable/unique.pm line 104.
        #          got: '0'
        #     expected: ''
        # Looks like you failed 1 test of 5.

    #   Failed test 'trial iteration 403/500'
    #   at t/lib/Private/Test/Module/Runnable/unique.pm line 126.

        #   Failed test 'result 755184200 not seen previously'
        #   at t/lib/Private/Test/Module/Runnable/unique.pm line 104.
        #          got: '0'
        #     expected: ''
        # Looks like you failed 1 test of 5.

    #   Failed test 'trial iteration 404/500'
    #   at t/lib/Private/Test/Module/Runnable/unique.pm line 126.

        #   Failed test 'result 399821442 not seen previously'
        #   at t/lib/Private/Test/Module/Runnable/unique.pm line 104.
        #          got: '0'
        #     expected: ''
        # Looks like you failed 1 test of 5.

    #   Failed test 'trial iteration 405/500'
    #   at t/lib/Private/Test/Module/Runnable/unique.pm line 126.

        #   Failed test 'result 153097931 not seen previously'
        #   at t/lib/Private/Test/Module/Runnable/unique.pm line 104.
        #          got: '0'
        #     expected: ''
        # Looks like you failed 1 test of 5.

    #   Failed test 'trial iteration 406/500'
    #   at t/lib/Private/Test/Module/Runnable/unique.pm line 126.

        #   Failed test 'result 263230034 not seen previously'
        #   at t/lib/Private/Test/Module/Runnable/unique.pm line 104.
        #          got: '0'
        #     expected: ''
        # Looks like you failed 1 test of 5.

    #   Failed test 'trial iteration 407/500'
    #   at t/lib/Private/Test/Module/Runnable/unique.pm line 126.

        #   Failed test 'result 107302784 not seen previously'
        #   at t/lib/Private/Test/Module/Runnable/unique.pm line 104.
        #          got: '0'
        #     expected: ''
        # Looks like you failed 1 test of 5.

    #   Failed test 'trial iteration 408/500'
    #   at t/lib/Private/Test/Module/Runnable/unique.pm line 126.

        #   Failed test 'result 294857313 not seen previously'
        #   at t/lib/Private/Test/Module/Runnable/unique.pm line 104.
        #          got: '0'
        #     expected: ''
        # Looks like you failed 1 test of 5.

    #   Failed test 'trial iteration 409/500'
    #   at t/lib/Private/Test/Module/Runnable/unique.pm line 126.

        #   Failed test 'result 578549231 not seen previously'
        #   at t/lib/Private/Test/Module/Runnable/unique.pm line 104.
        #          got: '0'
        #     expected: ''
        # Looks like you failed 1 test of 5.

    #   Failed test 'trial iteration 410/500'
    #   at t/lib/Private/Test/Module/Runnable/unique.pm line 126.

        #   Failed test 'result 64562500 not seen previously'
        #   at t/lib/Private/Test/Module/Runnable/unique.pm line 104.
        #          got: '0'
        #     expected: ''
        # Looks like you failed 1 test of 5.

    #   Failed test 'trial iteration 411/500'
    #   at t/lib/Private/Test/Module/Runnable/unique.pm line 126.

        #   Failed test 'result 418942284 not seen previously'
        #   at t/lib/Private/Test/Module/Runnable/unique.pm line 104.
        #          got: '0'
        #     expected: ''
        # Looks like you failed 1 test of 5.

    #   Failed test 'trial iteration 412/500'
    #   at t/lib/Private/Test/Module/Runnable/unique.pm line 126.

        #   Failed test 'result 74739853 not seen previously'
        #   at t/lib/Private/Test/Module/Runnable/unique.pm line 104.
        #          got: '0'
        #     expected: ''
        # Looks like you failed 1 test of 5.

    #   Failed test 'trial iteration 413/500'
    #   at t/lib/Private/Test/Module/Runnable/unique.pm line 126.

        #   Failed test 'result 319052071 not seen previously'
        #   at t/lib/Private/Test/Module/Runnable/unique.pm line 104.
        #          got: '0'
        #     expected: ''
        # Looks like you failed 1 test of 5.

    #   Failed test 'trial iteration 414/500'
    #   at t/lib/Private/Test/Module/Runnable/unique.pm line 126.

        #   Failed test 'result 682578204 not seen previously'
        #   at t/lib/Private/Test/Module/Runnable/unique.pm line 104.
        #          got: '0'
        #     expected: ''
        # Looks like you failed 1 test of 5.

    #   Failed test 'trial iteration 415/500'
    #   at t/lib/Private/Test/Module/Runnable/unique.pm line 126.

        #   Failed test 'result 511852724 not seen previously'
        #   at t/lib/Private/Test/Module/Runnable/unique.pm line 104.
        #          got: '0'
        #     expected: ''
        # Looks like you failed 1 test of 5.

    #   Failed test 'trial iteration 416/500'
    #   at t/lib/Private/Test/Module/Runnable/unique.pm line 126.

        #   Failed test 'result 639678822 not seen previously'
        #   at t/lib/Private/Test/Module/Runnable/unique.pm line 104.
        #          got: '0'
        #     expected: ''
        # Looks like you failed 1 test of 5.

    #   Failed test 'trial iteration 417/500'
    #   at t/lib/Private/Test/Module/Runnable/unique.pm line 126.

        #   Failed test 'result 308350532 not seen previously'
        #   at t/lib/Private/Test/Module/Runnable/unique.pm line 104.
        #          got: '0'
        #     expected: ''
        # Looks like you failed 1 test of 5.

    #   Failed test 'trial iteration 418/500'
    #   at t/lib/Private/Test/Module/Runnable/unique.pm line 126.

        #   Failed test 'result 527843095 not seen previously'
        #   at t/lib/Private/Test/Module/Runnable/unique.pm line 104.
        #          got: '0'
        #     expected: ''
        # Looks like you failed 1 test of 5.

    #   Failed test 'trial iteration 419/500'
    #   at t/lib/Private/Test/Module/Runnable/unique.pm line 126.

        #   Failed test 'result 684268725 not seen previously'
        #   at t/lib/Private/Test/Module/Runnable/unique.pm line 104.
        #          got: '0'
        #     expected: ''
        # Looks like you failed 1 test of 5.

    #   Failed test 'trial iteration 420/500'
    #   at t/lib/Private/Test/Module/Runnable/unique.pm line 126.

        #   Failed test 'result 41649874 not seen previously'
        #   at t/lib/Private/Test/Module/Runnable/unique.pm line 104.
        #          got: '0'
        #     expected: ''
        # Looks like you failed 1 test of 5.

    #   Failed test 'trial iteration 421/500'
    #   at t/lib/Private/Test/Module/Runnable/unique.pm line 126.

        #   Failed test 'result 590329377 not seen previously'
        #   at t/lib/Private/Test/Module/Runnable/unique.pm line 104.
        #          got: '0'
        #     expected: ''
        # Looks like you failed 1 test of 5.

    #   Failed test 'trial iteration 422/500'
    #   at t/lib/Private/Test/Module/Runnable/unique.pm line 126.

        #   Failed test 'result 906357879 not seen previously'
        #   at t/lib/Private/Test/Module/Runnable/unique.pm line 104.
        #          got: '0'
        #     expected: ''
        # Looks like you failed 1 test of 5.

    #   Failed test 'trial iteration 423/500'
    #   at t/lib/Private/Test/Module/Runnable/unique.pm line 126.

        #   Failed test 'result 458935529 not seen previously'
        #   at t/lib/Private/Test/Module/Runnable/unique.pm line 104.
        #          got: '0'
        #     expected: ''
        # Looks like you failed 1 test of 5.

    #   Failed test 'trial iteration 424/500'
    #   at t/lib/Private/Test/Module/Runnable/unique.pm line 126.

        #   Failed test 'result 483530604 not seen previously'
        #   at t/lib/Private/Test/Module/Runnable/unique.pm line 104.
        #          got: '0'
        #     expected: ''
        # Looks like you failed 1 test of 5.

    #   Failed test 'trial iteration 425/500'
    #   at t/lib/Private/Test/Module/Runnable/unique.pm line 126.

        #   Failed test 'result 923596411 not seen previously'
        #   at t/lib/Private/Test/Module/Runnable/unique.pm line 104.
        #          got: '0'
        #     expected: ''
        # Looks like you failed 1 test of 5.

    #   Failed test 'trial iteration 426/500'
    #   at t/lib/Private/Test/Module/Runnable/unique.pm line 126.

        #   Failed test 'result 277678771 not seen previously'
        #   at t/lib/Private/Test/Module/Runnable/unique.pm line 104.
        #          got: '0'
        #     expected: ''
        # Looks like you failed 1 test of 5.

    #   Failed test 'trial iteration 427/500'
    #   at t/lib/Private/Test/Module/Runnable/unique.pm line 126.

        #   Failed test 'result 894695399 not seen previously'
        #   at t/lib/Private/Test/Module/Runnable/unique.pm line 104.
        #          got: '0'
        #     expected: ''
        # Looks like you failed 1 test of 5.

    #   Failed test 'trial iteration 428/500'
    #   at t/lib/Private/Test/Module/Runnable/unique.pm line 126.

        #   Failed test 'result 68301525 not seen previously'
        #   at t/lib/Private/Test/Module/Runnable/unique.pm line 104.
        #          got: '0'
        #     expected: ''
        # Looks like you failed 1 test of 5.

    #   Failed test 'trial iteration 429/500'
    #   at t/lib/Private/Test/Module/Runnable/unique.pm line 126.

        #   Failed test 'result 618231620 not seen previously'
        #   at t/lib/Private/Test/Module/Runnable/unique.pm line 104.
        #          got: '0'
        #     expected: ''
        # Looks like you failed 1 test of 5.

    #   Failed test 'trial iteration 430/500'
    #   at t/lib/Private/Test/Module/Runnable/unique.pm line 126.

        #   Failed test 'result 904811645 not seen previously'
        #   at t/lib/Private/Test/Module/Runnable/unique.pm line 104.
        #          got: '0'
        #     expected: ''
        # Looks like you failed 1 test of 5.

    #   Failed test 'trial iteration 431/500'
    #   at t/lib/Private/Test/Module/Runnable/unique.pm line 126.

        #   Failed test 'result 716298115 not seen previously'
        #   at t/lib/Private/Test/Module/Runnable/unique.pm line 104.
        #          got: '0'
        #     expected: ''
        # Looks like you failed 1 test of 5.

    #   Failed test 'trial iteration 432/500'
    #   at t/lib/Private/Test/Module/Runnable/unique.pm line 126.

        #   Failed test 'result 843154925 not seen previously'
        #   at t/lib/Private/Test/Module/Runnable/unique.pm line 104.
        #          got: '0'
        #     expected: ''
        # Looks like you failed 1 test of 5.

    #   Failed test 'trial iteration 433/500'
    #   at t/lib/Private/Test/Module/Runnable/unique.pm line 126.

        #   Failed test 'result 783479106 not seen previously'
        #   at t/lib/Private/Test/Module/Runnable/unique.pm line 104.
        #          got: '0'
        #     expected: ''
        # Looks like you failed 1 test of 5.

    #   Failed test 'trial iteration 434/500'
    #   at t/lib/Private/Test/Module/Runnable/unique.pm line 126.

        #   Failed test 'result 402363896 not seen previously'
        #   at t/lib/Private/Test/Module/Runnable/unique.pm line 104.
        #          got: '0'
        #     expected: ''
        # Looks like you failed 1 test of 5.

    #   Failed test 'trial iteration 435/500'
    #   at t/lib/Private/Test/Module/Runnable/unique.pm line 126.

        #   Failed test 'result 200544229 not seen previously'
        #   at t/lib/Private/Test/Module/Runnable/unique.pm line 104.
        #          got: '0'
        #     expected: ''
        # Looks like you failed 1 test of 5.

    #   Failed test 'trial iteration 436/500'
    #   at t/lib/Private/Test/Module/Runnable/unique.pm line 126.

        #   Failed test 'result 419091413 not seen previously'
        #   at t/lib/Private/Test/Module/Runnable/unique.pm line 104.
        #          got: '0'
        #     expected: ''
        # Looks like you failed 1 test of 5.

    #   Failed test 'trial iteration 437/500'
    #   at t/lib/Private/Test/Module/Runnable/unique.pm line 126.

        #   Failed test 'result 546021069 not seen previously'
        #   at t/lib/Private/Test/Module/Runnable/unique.pm line 104.
        #          got: '0'
        #     expected: ''
        # Looks like you failed 1 test of 5.

    #   Failed test 'trial iteration 438/500'
    #   at t/lib/Private/Test/Module/Runnable/unique.pm line 126.

        #   Failed test 'result 428135282 not seen previously'
        #   at t/lib/Private/Test/Module/Runnable/unique.pm line 104.
        #          got: '0'
        #     expected: ''
        # Looks like you failed 1 test of 5.

    #   Failed test 'trial iteration 439/500'
    #   at t/lib/Private/Test/Module/Runnable/unique.pm line 126.

        #   Failed test 'result 757270324 not seen previously'
        #   at t/lib/Private/Test/Module/Runnable/unique.pm line 104.
        #          got: '0'
        #     expected: ''
        # Looks like you failed 1 test of 5.

    #   Failed test 'trial iteration 440/500'
    #   at t/lib/Private/Test/Module/Runnable/unique.pm line 126.

        #   Failed test 'result 74227540 not seen previously'
        #   at t/lib/Private/Test/Module/Runnable/unique.pm line 104.
        #          got: '0'
        #     expected: ''
        # Looks like you failed 1 test of 5.

    #   Failed test 'trial iteration 441/500'
    #   at t/lib/Private/Test/Module/Runnable/unique.pm line 126.

        #   Failed test 'result 865920666 not seen previously'
        #   at t/lib/Private/Test/Module/Runnable/unique.pm line 104.
        #          got: '0'
        #     expected: ''
        # Looks like you failed 1 test of 5.

    #   Failed test 'trial iteration 442/500'
    #   at t/lib/Private/Test/Module/Runnable/unique.pm line 126.

        #   Failed test 'result 433483697 not seen previously'
        #   at t/lib/Private/Test/Module/Runnable/unique.pm line 104.
        #          got: '0'
        #     expected: ''
        # Looks like you failed 1 test of 5.

    #   Failed test 'trial iteration 443/500'
    #   at t/lib/Private/Test/Module/Runnable/unique.pm line 126.

        #   Failed test 'result 891705666 not seen previously'
        #   at t/lib/Private/Test/Module/Runnable/unique.pm line 104.
        #          got: '0'
        #     expected: ''
        # Looks like you failed 1 test of 5.

    #   Failed test 'trial iteration 444/500'
    #   at t/lib/Private/Test/Module/Runnable/unique.pm line 126.

        #   Failed test 'result 210971035 not seen previously'
        #   at t/lib/Private/Test/Module/Runnable/unique.pm line 104.
        #          got: '0'
        #     expected: ''
        # Looks like you failed 1 test of 5.

    #   Failed test 'trial iteration 445/500'
    #   at t/lib/Private/Test/Module/Runnable/unique.pm line 126.

        #   Failed test 'result 51079364 not seen previously'
        #   at t/lib/Private/Test/Module/Runnable/unique.pm line 104.
        #          got: '0'
        #     expected: ''
        # Looks like you failed 1 test of 5.

    #   Failed test 'trial iteration 446/500'
    #   at t/lib/Private/Test/Module/Runnable/unique.pm line 126.

        #   Failed test 'result 939609128 not seen previously'
        #   at t/lib/Private/Test/Module/Runnable/unique.pm line 104.
        #          got: '0'
        #     expected: ''
        # Looks like you failed 1 test of 5.

    #   Failed test 'trial iteration 447/500'
    #   at t/lib/Private/Test/Module/Runnable/unique.pm line 126.

        #   Failed test 'result 801658507 not seen previously'
        #   at t/lib/Private/Test/Module/Runnable/unique.pm line 104.
        #          got: '0'
        #     expected: ''
        # Looks like you failed 1 test of 5.

    #   Failed test 'trial iteration 448/500'
    #   at t/lib/Private/Test/Module/Runnable/unique.pm line 126.

        #   Failed test 'result 603950660 not seen previously'
        #   at t/lib/Private/Test/Module/Runnable/unique.pm line 104.
        #          got: '0'
        #     expected: ''
        # Looks like you failed 1 test of 5.

    #   Failed test 'trial iteration 449/500'
    #   at t/lib/Private/Test/Module/Runnable/unique.pm line 126.

        #   Failed test 'result 936475624 not seen previously'
        #   at t/lib/Private/Test/Module/Runnable/unique.pm line 104.
        #          got: '0'
        #     expected: ''
        # Looks like you failed 1 test of 5.

    #   Failed test 'trial iteration 450/500'
    #   at t/lib/Private/Test/Module/Runnable/unique.pm line 126.

        #   Failed test 'result 143679663 not seen previously'
        #   at t/lib/Private/Test/Module/Runnable/unique.pm line 104.
        #          got: '0'
        #     expected: ''
        # Looks like you failed 1 test of 5.

    #   Failed test 'trial iteration 451/500'
    #   at t/lib/Private/Test/Module/Runnable/unique.pm line 126.

        #   Failed test 'result 210741925 not seen previously'
        #   at t/lib/Private/Test/Module/Runnable/unique.pm line 104.
        #          got: '0'
        #     expected: ''
        # Looks like you failed 1 test of 5.

    #   Failed test 'trial iteration 452/500'
    #   at t/lib/Private/Test/Module/Runnable/unique.pm line 126.

        #   Failed test 'result 395748406 not seen previously'
        #   at t/lib/Private/Test/Module/Runnable/unique.pm line 104.
        #          got: '0'
        #     expected: ''
        # Looks like you failed 1 test of 5.

    #   Failed test 'trial iteration 453/500'
    #   at t/lib/Private/Test/Module/Runnable/unique.pm line 126.

        #   Failed test 'result 452512280 not seen previously'
        #   at t/lib/Private/Test/Module/Runnable/unique.pm line 104.
        #          got: '0'
        #     expected: ''
        # Looks like you failed 1 test of 5.

    #   Failed test 'trial iteration 454/500'
    #   at t/lib/Private/Test/Module/Runnable/unique.pm line 126.

        #   Failed test 'result 886922392 not seen previously'
        #   at t/lib/Private/Test/Module/Runnable/unique.pm line 104.
        #          got: '0'
        #     expected: ''
        # Looks like you failed 1 test of 5.

    #   Failed test 'trial iteration 455/500'
    #   at t/lib/Private/Test/Module/Runnable/unique.pm line 126.

        #   Failed test 'result 269962512 not seen previously'
        #   at t/lib/Private/Test/Module/Runnable/unique.pm line 104.
        #          got: '0'
        #     expected: ''
        # Looks like you failed 1 test of 5.

    #   Failed test 'trial iteration 456/500'
    #   at t/lib/Private/Test/Module/Runnable/unique.pm line 126.

        #   Failed test 'result 947830379 not seen previously'
        #   at t/lib/Private/Test/Module/Runnable/unique.pm line 104.
        #          got: '0'
        #     expected: ''
        # Looks like you failed 1 test of 5.

    #   Failed test 'trial iteration 457/500'
    #   at t/lib/Private/Test/Module/Runnable/unique.pm line 126.

        #   Failed test 'result 224101068 not seen previously'
        #   at t/lib/Private/Test/Module/Runnable/unique.pm line 104.
        #          got: '0'
        #     expected: ''
        # Looks like you failed 1 test of 5.

    #   Failed test 'trial iteration 458/500'
    #   at t/lib/Private/Test/Module/Runnable/unique.pm line 126.

        #   Failed test 'result 695989842 not seen previously'
        #   at t/lib/Private/Test/Module/Runnable/unique.pm line 104.
        #          got: '0'
        #     expected: ''
        # Looks like you failed 1 test of 5.

    #   Failed test 'trial iteration 459/500'
    #   at t/lib/Private/Test/Module/Runnable/unique.pm line 126.

        #   Failed test 'result 967634532 not seen previously'
        #   at t/lib/Private/Test/Module/Runnable/unique.pm line 104.
        #          got: '0'
        #     expected: ''
        # Looks like you failed 1 test of 5.

    #   Failed test 'trial iteration 460/500'
    #   at t/lib/Private/Test/Module/Runnable/unique.pm line 126.

        #   Failed test 'result 689492222 not seen previously'
        #   at t/lib/Private/Test/Module/Runnable/unique.pm line 104.
        #          got: '0'
        #     expected: ''
        # Looks like you failed 1 test of 5.

    #   Failed test 'trial iteration 461/500'
    #   at t/lib/Private/Test/Module/Runnable/unique.pm line 126.

        #   Failed test 'result 200881319 not seen previously'
        #   at t/lib/Private/Test/Module/Runnable/unique.pm line 104.
        #          got: '0'
        #     expected: ''
        # Looks like you failed 1 test of 5.

    #   Failed test 'trial iteration 462/500'
    #   at t/lib/Private/Test/Module/Runnable/unique.pm line 126.

        #   Failed test 'result 1784392 not seen previously'
        #   at t/lib/Private/Test/Module/Runnable/unique.pm line 104.
        #          got: '0'
        #     expected: ''
        # Looks like you failed 1 test of 5.

    #   Failed test 'trial iteration 463/500'
    #   at t/lib/Private/Test/Module/Runnable/unique.pm line 126.

        #   Failed test 'result 605536434 not seen previously'
        #   at t/lib/Private/Test/Module/Runnable/unique.pm line 104.
        #          got: '0'
        #     expected: ''
        # Looks like you failed 1 test of 5.

    #   Failed test 'trial iteration 464/500'
    #   at t/lib/Private/Test/Module/Runnable/unique.pm line 126.

        #   Failed test 'result 111132946 not seen previously'
        #   at t/lib/Private/Test/Module/Runnable/unique.pm line 104.
        #          got: '0'
        #     expected: ''
        # Looks like you failed 1 test of 5.

    #   Failed test 'trial iteration 465/500'
    #   at t/lib/Private/Test/Module/Runnable/unique.pm line 126.

        #   Failed test 'result 667057062 not seen previously'
        #   at t/lib/Private/Test/Module/Runnable/unique.pm line 104.
        #          got: '0'
        #     expected: ''
        # Looks like you failed 1 test of 5.

    #   Failed test 'trial iteration 466/500'
    #   at t/lib/Private/Test/Module/Runnable/unique.pm line 126.

        #   Failed test 'result 962299447 not seen previously'
        #   at t/lib/Private/Test/Module/Runnable/unique.pm line 104.
        #          got: '0'
        #     expected: ''
        # Looks like you failed 1 test of 5.

    #   Failed test 'trial iteration 467/500'
    #   at t/lib/Private/Test/Module/Runnable/unique.pm line 126.

        #   Failed test 'result 551909850 not seen previously'
        #   at t/lib/Private/Test/Module/Runnable/unique.pm line 104.
        #          got: '0'
        #     expected: ''
        # Looks like you failed 1 test of 5.

    #   Failed test 'trial iteration 468/500'
    #   at t/lib/Private/Test/Module/Runnable/unique.pm line 126.

        #   Failed test 'result 180880623 not seen previously'
        #   at t/lib/Private/Test/Module/Runnable/unique.pm line 104.
        #          got: '0'
        #     expected: ''
        # Looks like you failed 1 test of 5.

    #   Failed test 'trial iteration 469/500'
    #   at t/lib/Private/Test/Module/Runnable/unique.pm line 126.

        #   Failed test 'result 380219556 not seen previously'
        #   at t/lib/Private/Test/Module/Runnable/unique.pm line 104.
        #          got: '0'
        #     expected: ''
        # Looks like you failed 1 test of 5.

    #   Failed test 'trial iteration 470/500'
    #   at t/lib/Private/Test/Module/Runnable/unique.pm line 126.

        #   Failed test 'result 986862030 not seen previously'
        #   at t/lib/Private/Test/Module/Runnable/unique.pm line 104.
        #          got: '0'
        #     expected: ''
        # Looks like you failed 1 test of 5.

    #   Failed test 'trial iteration 471/500'
    #   at t/lib/Private/Test/Module/Runnable/unique.pm line 126.

        #   Failed test 'result 834352552 not seen previously'
        #   at t/lib/Private/Test/Module/Runnable/unique.pm line 104.
        #          got: '0'
        #     expected: ''
        # Looks like you failed 1 test of 5.

    #   Failed test 'trial iteration 472/500'
    #   at t/lib/Private/Test/Module/Runnable/unique.pm line 126.

        #   Failed test 'result 214772057 not seen previously'
        #   at t/lib/Private/Test/Module/Runnable/unique.pm line 104.
        #          got: '0'
        #     expected: ''
        # Looks like you failed 1 test of 5.

    #   Failed test 'trial iteration 473/500'
    #   at t/lib/Private/Test/Module/Runnable/unique.pm line 126.

        #   Failed test 'result 871301921 not seen previously'
        #   at t/lib/Private/Test/Module/Runnable/unique.pm line 104.
        #          got: '0'
        #     expected: ''
        # Looks like you failed 1 test of 5.

    #   Failed test 'trial iteration 474/500'
    #   at t/lib/Private/Test/Module/Runnable/unique.pm line 126.

        #   Failed test 'result 950507465 not seen previously'
        #   at t/lib/Private/Test/Module/Runnable/unique.pm line 104.
        #          got: '0'
        #     expected: ''
        # Looks like you failed 1 test of 5.

    #   Failed test 'trial iteration 475/500'
    #   at t/lib/Private/Test/Module/Runnable/unique.pm line 126.

        #   Failed test 'result 743540271 not seen previously'
        #   at t/lib/Private/Test/Module/Runnable/unique.pm line 104.
        #          got: '0'
        #     expected: ''
        # Looks like you failed 1 test of 5.

    #   Failed test 'trial iteration 476/500'
    #   at t/lib/Private/Test/Module/Runnable/unique.pm line 126.

        #   Failed test 'result 667719386 not seen previously'
        #   at t/lib/Private/Test/Module/Runnable/unique.pm line 104.
        #          got: '0'
        #     expected: ''
        # Looks like you failed 1 test of 5.

    #   Failed test 'trial iteration 477/500'
    #   at t/lib/Private/Test/Module/Runnable/unique.pm line 126.

        #   Failed test 'result 947215819 not seen previously'
        #   at t/lib/Private/Test/Module/Runnable/unique.pm line 104.
        #          got: '0'
        #     expected: ''
        # Looks like you failed 1 test of 5.

    #   Failed test 'trial iteration 478/500'
    #   at t/lib/Private/Test/Module/Runnable/unique.pm line 126.

        #   Failed test 'result 774278145 not seen previously'
        #   at t/lib/Private/Test/Module/Runnable/unique.pm line 104.
        #          got: '0'
        #     expected: ''
        # Looks like you failed 1 test of 5.

    #   Failed test 'trial iteration 479/500'
    #   at t/lib/Private/Test/Module/Runnable/unique.pm line 126.

        #   Failed test 'result 678316946 not seen previously'
        #   at t/lib/Private/Test/Module/Runnable/unique.pm line 104.
        #          got: '0'
        #     expected: ''
        # Looks like you failed 1 test of 5.

    #   Failed test 'trial iteration 480/500'
    #   at t/lib/Private/Test/Module/Runnable/unique.pm line 126.

        #   Failed test 'result 330887221 not seen previously'
        #   at t/lib/Private/Test/Module/Runnable/unique.pm line 104.
        #          got: '0'
        #     expected: ''
        # Looks like you failed 1 test of 5.

    #   Failed test 'trial iteration 481/500'
    #   at t/lib/Private/Test/Module/Runnable/unique.pm line 126.

        #   Failed test 'result 284098400 not seen previously'
        #   at t/lib/Private/Test/Module/Runnable/unique.pm line 104.
        #          got: '0'
        #     expected: ''
        # Looks like you failed 1 test of 5.

    #   Failed test 'trial iteration 482/500'
    #   at t/lib/Private/Test/Module/Runnable/unique.pm line 126.

        #   Failed test 'result 58335302 not seen previously'
        #   at t/lib/Private/Test/Module/Runnable/unique.pm line 104.
        #          got: '0'
        #     expected: ''
        # Looks like you failed 1 test of 5.

    #   Failed test 'trial iteration 483/500'
    #   at t/lib/Private/Test/Module/Runnable/unique.pm line 126.

        #   Failed test 'result 60932856 not seen previously'
        #   at t/lib/Private/Test/Module/Runnable/unique.pm line 104.
        #          got: '0'
        #     expected: ''
        # Looks like you failed 1 test of 5.

    #   Failed test 'trial iteration 484/500'
    #   at t/lib/Private/Test/Module/Runnable/unique.pm line 126.

        #   Failed test 'result 994487235 not seen previously'
        #   at t/lib/Private/Test/Module/Runnable/unique.pm line 104.
        #          got: '0'
        #     expected: ''
        # Looks like you failed 1 test of 5.

    #   Failed test 'trial iteration 485/500'
    #   at t/lib/Private/Test/Module/Runnable/unique.pm line 126.

        #   Failed test 'result 308427768 not seen previously'
        #   at t/lib/Private/Test/Module/Runnable/unique.pm line 104.
        #          got: '0'
        #     expected: ''
        # Looks like you failed 1 test of 5.

    #   Failed test 'trial iteration 486/500'
    #   at t/lib/Private/Test/Module/Runnable/unique.pm line 126.

        #   Failed test 'result 521350632 not seen previously'
        #   at t/lib/Private/Test/Module/Runnable/unique.pm line 104.
        #          got: '0'
        #     expected: ''
        # Looks like you failed 1 test of 5.

    #   Failed test 'trial iteration 487/500'
    #   at t/lib/Private/Test/Module/Runnable/unique.pm line 126.

        #   Failed test 'result 515624323 not seen previously'
        #   at t/lib/Private/Test/Module/Runnable/unique.pm line 104.
        #          got: '0'
        #     expected: ''
        # Looks like you failed 1 test of 5.

    #   Failed test 'trial iteration 488/500'
    #   at t/lib/Private/Test/Module/Runnable/unique.pm line 126.

        #   Failed test 'result 65130974 not seen previously'
        #   at t/lib/Private/Test/Module/Runnable/unique.pm line 104.
        #          got: '0'
        #     expected: ''
        # Looks like you failed 1 test of 5.

    #   Failed test 'trial iteration 489/500'
    #   at t/lib/Private/Test/Module/Runnable/unique.pm line 126.

        #   Failed test 'result 727148414 not seen previously'
        #   at t/lib/Private/Test/Module/Runnable/unique.pm line 104.
        #          got: '0'
        #     expected: ''
        # Looks like you failed 1 test of 5.

    #   Failed test 'trial iteration 490/500'
    #   at t/lib/Private/Test/Module/Runnable/unique.pm line 126.

        #   Failed test 'result 306273804 not seen previously'
        #   at t/lib/Private/Test/Module/Runnable/unique.pm line 104.
        #          got: '0'
        #     expected: ''
        # Looks like you failed 1 test of 5.

    #   Failed test 'trial iteration 491/500'
    #   at t/lib/Private/Test/Module/Runnable/unique.pm line 126.

        #   Failed test 'result 252481234 not seen previously'
        #   at t/lib/Private/Test/Module/Runnable/unique.pm line 104.
        #          got: '0'
        #     expected: ''
        # Looks like you failed 1 test of 5.

    #   Failed test 'trial iteration 492/500'
    #   at t/lib/Private/Test/Module/Runnable/unique.pm line 126.

        #   Failed test 'result 793648729 not seen previously'
        #   at t/lib/Private/Test/Module/Runnable/unique.pm line 104.
        #          got: '0'
        #     expected: ''
        # Looks like you failed 1 test of 5.

    #   Failed test 'trial iteration 493/500'
    #   at t/lib/Private/Test/Module/Runnable/unique.pm line 126.

        #   Failed test 'result 493611032 not seen previously'
        #   at t/lib/Private/Test/Module/Runnable/unique.pm line 104.
        #          got: '0'
        #     expected: ''
        # Looks like you failed 1 test of 5.

    #   Failed test 'trial iteration 494/500'
    #   at t/lib/Private/Test/Module/Runnable/unique.pm line 126.

        #   Failed test 'result 646947620 not seen previously'
        #   at t/lib/Private/Test/Module/Runnable/unique.pm line 104.
        #          got: '0'
        #     expected: ''
        # Looks like you failed 1 test of 5.

    #   Failed test 'trial iteration 495/500'
    #   at t/lib/Private/Test/Module/Runnable/unique.pm line 126.

        #   Failed test 'result 990428696 not seen previously'
        #   at t/lib/Private/Test/Module/Runnable/unique.pm line 104.
        #          got: '0'
        #     expected: ''
        # Looks like you failed 1 test of 5.

    #   Failed test 'trial iteration 496/500'
    #   at t/lib/Private/Test/Module/Runnable/unique.pm line 126.

        #   Failed test 'result 380690608 not seen previously'
        #   at t/lib/Private/Test/Module/Runnable/unique.pm line 104.
        #          got: '0'
        #     expected: ''
        # Looks like you failed 1 test of 5.

    #   Failed test 'trial iteration 497/500'
    #   at t/lib/Private/Test/Module/Runnable/unique.pm line 126.

        #   Failed test 'result 356425511 not seen previously'
        #   at t/lib/Private/Test/Module/Runnable/unique.pm line 104.
        #          got: '0'
        #     expected: ''
        # Looks like you failed 1 test of 5.

    #   Failed test 'trial iteration 498/500'
    #   at t/lib/Private/Test/Module/Runnable/unique.pm line 126.

        #   Failed test 'result 792985310 not seen previously'
        #   at t/lib/Private/Test/Module/Runnable/unique.pm line 104.
        #          got: '0'
        #     expected: ''
        # Looks like you failed 1 test of 5.

    #   Failed test 'trial iteration 499/500'
    #   at t/lib/Private/Test/Module/Runnable/unique.pm line 126.

        #   Failed test 'result 937570676 not seen previously'
        #   at t/lib/Private/Test/Module/Runnable/unique.pm line 104.
        #          got: '0'
        #     expected: ''
        # Looks like you failed 1 test of 5.

    #   Failed test 'trial iteration 500/500'
    #   at t/lib/Private/Test/Module/Runnable/unique.pm line 126.
    # Looks like you failed 500 tests of 500.

#   Failed test 'testRandom'
#   at /home/njh/.cpan/build/Test-Module-Runnable-0.2.2-34/blib/lib/Test/Module/Runnable/Base.pm line 341.
# Looks like you failed 1 test of 2.
t/unique.t ...... 
Dubious, test returned 1 (wstat 256, 0x100)
Failed 1/2 subtests 

Test Summary Report
-------------------
t/unique.t    (Wstat: 256 Tests: 2 Failed: 1)
  Failed test:  2
  Non-zero exit status: 1
Files=5, Tests=18,  2 wallclock secs ( 0.25 usr  0.02 sys +  1.53 cusr  0.13 csys =  1.93 CPU)
Result: FAIL
Failed 1/5 test programs. 1/18 subtests failed.
Makefile:852: recipe for target 'test_dynamic' failed
make: *** [test_dynamic] Error 1

------------------------------
PREREQUISITES
------------------------------

Prerequisite modules loaded:

requires:

    Module              Need Have    
    ------------------- ---- --------
    Moose               0    2.2005  
    Test::More          0    1.302085

build_requires:

    Module              Need Have    
    ------------------- ---- --------
    List::MoreUtils     0    0.419   
    Moose               0    2.2005  
    Readonly            0    2.05    
    Test::More          0    1.302085

configure_requires:

    Module              Need Have    
    ------------------- ---- --------
    ExtUtils::MakeMaker 0    7.30    


------------------------------
ENVIRONMENT AND OTHER CONTEXT
------------------------------

Environment variables:

    AUTOMATED_TESTING = 1
    HARNESS_OPTIONS = j4
    LANG = en_GB.UTF-8
    LANGUAGE = en_GB:en
    PATH = /home/njh/perl5/perlbrew/bin:/home/njh/perl5/perlbrew/perls/perl-5.24.1/bin:/home/njh/perl5/perlbrew/bin:/usr/bin:/bin
    PERL5LIB = 
    PERL5OPT = 
    PERL5_CPANPLUS_IS_RUNNING = 29087
    PERL5_CPAN_IS_RUNNING = 29087
    PERLBREW_BASHRC_VERSION = 0.80
    PERLBREW_HOME = /home/njh/.perlbrew
    PERLBREW_LIB = 
    PERLBREW_MANPATH = /home/njh/perl5/perlbrew/perls/perl-5.24.1/man
    PERLBREW_PATH = /home/njh/perl5/perlbrew/bin:/home/njh/perl5/perlbrew/perls/perl-5.24.1/bin
    PERLBREW_PERL = perl-5.24.1
    PERLBREW_ROOT = /home/njh/perl5/perlbrew
    PERLBREW_VERSION = 0.80
    PERL_LOCAL_LIB_ROOT = 
    SHELL = /bin/sh

Perl special variables (and OS-specific diagnostics, for MSWin32):

    $^X = /home/njh/perl5/perlbrew/perls/perl-5.24.1/bin/perl
    $UID/$EUID = 1000 / 1000
    $GID = 1000 4 24 25 29 30 44 46 108 112 1000
    $EGID = 1000 4 24 25 29 30 44 46 108 112 1000

Perl module toolchain versions installed:

    Module              Have    
    ------------------- --------
    CPAN                2.16    
    CPAN::Meta          2.150010
    Cwd                 3.63_01 
    ExtUtils::CBuilder  0.280225
    ExtUtils::Command   7.30    
    ExtUtils::Install   2.14    
    ExtUtils::MakeMaker 7.30    
    ExtUtils::Manifest  1.70    
    ExtUtils::ParseXS   3.31    
    File::Spec          3.63_01 
    JSON                2.94    
    JSON::PP            2.94    
    Module::Build       0.4224  
    Module::Signature   n/a     
    Parse::CPAN::Meta   2.150010
    Test::Harness       3.39    
    Test::More          1.302085
    YAML                1.23    
    YAML::Syck          1.30    
    version             0.9918  


--

Summary of my perl5 (revision 5 version 24 subversion 1) configuration:
   
  Platform:
    osname=linux, osvers=4.7.0-1-amd64, archname=x86_64-linux-thread-multi
    uname='linux gateway 4.7.0-1-amd64 #1 smp debian 4.7.5-1 (2016-09-26) x86_64 gnulinux '
    config_args='-de -Dprefix=/home/njh/perl5/perlbrew/perls/perl-5.24.1 -Duseithreads -Dusemultiplicity -Dusedevel -Accflags= -Aeval:scriptdir=/home/njh/perl5/perlbrew/perls/perl-5.24.1/bin'
    hint=recommended, useposix=true, d_sigaction=define
    useithreads=define, usemultiplicity=define
    use64bitint=define, use64bitall=define, uselongdouble=undef
    usemymalloc=n, bincompat5005=undef
  Compiler:
    cc='cc', ccflags ='-D_REENTRANT -D_GNU_SOURCE -fwrapv -fno-strict-aliasing -pipe -fstack-protector-strong -I/usr/local/include -D_LARGEFILE_SOURCE -D_FILE_OFFSET_BITS=64',
    optimize='-O2',
    cppflags='-D_REENTRANT -D_GNU_SOURCE -fwrapv -fno-strict-aliasing -pipe -fstack-protector-strong -I/usr/local/include'
    ccversion='', gccversion='6.2.1 20161124', gccosandvers=''
    intsize=4, longsize=8, ptrsize=8, doublesize=8, byteorder=12345678, doublekind=3
    d_longlong=define, longlongsize=8, d_longdbl=define, longdblsize=16, longdblkind=3
    ivtype='long', ivsize=8, nvtype='double', nvsize=8, Off_t='off_t', lseeksize=8
    alignbytes=8, prototype=define
  Linker and Libraries:
    ld='cc', ldflags =' -fstack-protector-strong -L/usr/local/lib'
    libpth=/usr/local/lib /usr/lib/gcc/x86_64-linux-gnu/6/include-fixed /usr/include/x86_64-linux-gnu /usr/lib /lib/x86_64-linux-gnu /lib/../lib /usr/lib/x86_64-linux-gnu /usr/lib/../lib /lib
    libs=-lpthread -lnsl -lgdbm -ldb -ldl -lm -lcrypt -lutil -lc -lgdbm_compat
    perllibs=-lpthread -lnsl -ldl -lm -lcrypt -lutil -lc
    libc=libc-2.24.so, so=so, useshrplib=false, libperl=libperl.a
    gnulibc_version='2.24'
  Dynamic Linking:
    dlsrc=dl_dlopen.xs, dlext=so, d_dlsymun=undef, ccdlflags='-Wl,-E'
    cccdlflags='-fPIC', lddlflags='-shared -O2 -L/usr/local/lib -fstack-protector-strong'


Characteristics of this binary (from libperl): 
  Compile-time options: HAS_TIMES MULTIPLICITY PERLIO_LAYERS
                        PERL_COPY_ON_WRITE PERL_DONT_CREATE_GVSV
                        PERL_HASH_FUNC_ONE_AT_A_TIME_HARD
                        PERL_IMPLICIT_CONTEXT PERL_MALLOC_WRAP
                        PERL_PRESERVE_IVUV PERL_USE_DEVEL USE_64_BIT_ALL
                        USE_64_BIT_INT USE_ITHREADS USE_LARGE_FILES
                        USE_LOCALE USE_LOCALE_COLLATE USE_LOCALE_CTYPE
                        USE_LOCALE_NUMERIC USE_LOCALE_TIME USE_PERLIO
                        USE_PERL_ATOF USE_REENTRANT_API
  Built under linux
  Compiled at Jan 24 2017 00:39:08
  %ENV:
    PERL5LIB=""
    PERL5OPT=""
    PERL5_CPANPLUS_IS_RUNNING="29087"
    PERL5_CPAN_IS_RUNNING="29087"
    PERLBREW_BASHRC_VERSION="0.80"
    PERLBREW_HOME="/home/njh/.perlbrew"
    PERLBREW_LIB=""
    PERLBREW_MANPATH="/home/njh/perl5/perlbrew/perls/perl-5.24.1/man"
    PERLBREW_PATH="/home/njh/perl5/perlbrew/bin:/home/njh/perl5/perlbrew/perls/perl-5.24.1/bin"
    PERLBREW_PERL="perl-5.24.1"
    PERLBREW_ROOT="/home/njh/perl5/perlbrew"
    PERLBREW_VERSION="0.80"
    PERL_LOCAL_LIB_ROOT=""
  @INC:
    /home/njh/perl5/perlbrew/perls/perl-5.24.1/lib/site_perl/5.24.1/x86_64-linux-thread-multi
    /home/njh/perl5/perlbrew/perls/perl-5.24.1/lib/site_perl/5.24.1
    /home/njh/perl5/perlbrew/perls/perl-5.24.1/lib/5.24.1/x86_64-linux-thread-multi
    /home/njh/perl5/perlbrew/perls/perl-5.24.1/lib/5.24.1
    .